[INFO] cloning repository https://github.com/einkdisplay/ped
[INFO] running `Command { std: "git" "-c" "credential.helper=" "-c" "credential.helper=/workspace/cargo-home/bin/git-credential-null" "clone" "--bare" "https://github.com/einkdisplay/ped" "/workspace/cache/git-repos/https%3A%2F%2Fgithub.com%2Feinkdisplay%2Fped", kill_on_drop: false }`
[INFO] [stderr] Cloning into bare repository '/workspace/cache/git-repos/https%3A%2F%2Fgithub.com%2Feinkdisplay%2Fped'...
[INFO] running `Command { std: "git" "rev-parse" "HEAD", kill_on_drop: false }`
[INFO] [stdout] a59ed23baf80551be8bfd58e01699655c8f8407c
[INFO] testing einkdisplay/ped/a59ed23baf80551be8bfd58e01699655c8f8407c against 1.100.0-beta.1+cargoflags=--release for beta-release-1.100-2
[INFO] running `Command { std: "git" "clone" "/workspace/cache/git-repos/https%3A%2F%2Fgithub.com%2Feinkdisplay%2Fped" "/workspace/builds/worker-3-tc2/source", kill_on_drop: false }`
[INFO] [stderr] Cloning into '/workspace/builds/worker-3-tc2/source'...
[INFO] [stderr] done.
[INFO] removed /workspace/builds/worker-3-tc2/source/.cargo/config.toml
[INFO] started tweaking git repo https://github.com/einkdisplay/ped
[INFO] finished tweaking git repo https://github.com/einkdisplay/ped
[INFO] tweaked toml for git repo https://github.com/einkdisplay/ped written to /workspace/builds/worker-3-tc2/source/Cargo.toml
[INFO] validating manifest of git repo https://github.com/einkdisplay/ped on toolchain 1.100.0-beta.1
[INFO] running `Command { std: CARGO_HOME="/workspace/cargo-home" RUSTUP_HOME="/workspace/rustup-home" "/workspace/cargo-home/bin/cargo" "+1.100.0-beta.1" "metadata" "--manifest-path" "Cargo.toml" "--no-deps", kill_on_drop: false }`
[INFO] crate git repo https://github.com/einkdisplay/ped already has a lockfile, it will not be regenerated
[INFO] running `Command { std: CARGO_HOME="/workspace/cargo-home" RUSTUP_HOME="/workspace/rustup-home" "/workspace/cargo-home/bin/cargo" "+1.100.0-beta.1" "fetch" "--manifest-path" "Cargo.toml", kill_on_drop: false }`
[INFO] [stderr]     Blocking waiting for file lock on package cache
[INFO] [stderr]     Updating git repository `https://github.com/einkdisplay/servo`
[ERROR] error running command: no output for 300 seconds
[INFO] testing einkdisplay/ped/a59ed23baf80551be8bfd58e01699655c8f8407c against 1.100.0-beta.1+cargoflags=--release for beta-release-1.100-2
[INFO] running `Command { std: "git" "clone" "/workspace/cache/git-repos/https%3A%2F%2Fgithub.com%2Feinkdisplay%2Fped" "/workspace/builds/worker-3-tc2/source", kill_on_drop: false }`
[INFO] [stderr] Cloning into '/workspace/builds/worker-3-tc2/source'...
[INFO] [stderr] done.
[INFO] removed /workspace/builds/worker-3-tc2/source/.cargo/config.toml
[INFO] started tweaking git repo https://github.com/einkdisplay/ped
[INFO] finished tweaking git repo https://github.com/einkdisplay/ped
[INFO] tweaked toml for git repo https://github.com/einkdisplay/ped written to /workspace/builds/worker-3-tc2/source/Cargo.toml
[INFO] validating manifest of git repo https://github.com/einkdisplay/ped on toolchain 1.100.0-beta.1
[INFO] running `Command { std: CARGO_HOME="/workspace/cargo-home" RUSTUP_HOME="/workspace/rustup-home" "/workspace/cargo-home/bin/cargo" "+1.100.0-beta.1" "metadata" "--manifest-path" "Cargo.toml" "--no-deps", kill_on_drop: false }`
[INFO] crate git repo https://github.com/einkdisplay/ped already has a lockfile, it will not be regenerated
[INFO] running `Command { std: CARGO_HOME="/workspace/cargo-home" RUSTUP_HOME="/workspace/rustup-home" "/workspace/cargo-home/bin/cargo" "+1.100.0-beta.1" "fetch" "--manifest-path" "Cargo.toml", kill_on_drop: false }`
[INFO] [stderr]     Blocking waiting for file lock on package cache
[INFO] [stderr]     Updating git repository `https://github.com/einkdisplay/servo`
[ERROR] error running command: no output for 300 seconds
[INFO] testing einkdisplay/ped/a59ed23baf80551be8bfd58e01699655c8f8407c against 1.100.0-beta.1+cargoflags=--release for beta-release-1.100-2
[INFO] running `Command { std: "git" "clone" "/workspace/cache/git-repos/https%3A%2F%2Fgithub.com%2Feinkdisplay%2Fped" "/workspace/builds/worker-3-tc2/source", kill_on_drop: false }`
[INFO] [stderr] Cloning into '/workspace/builds/worker-3-tc2/source'...
[INFO] [stderr] done.
[INFO] removed /workspace/builds/worker-3-tc2/source/.cargo/config.toml
[INFO] started tweaking git repo https://github.com/einkdisplay/ped
[INFO] finished tweaking git repo https://github.com/einkdisplay/ped
[INFO] tweaked toml for git repo https://github.com/einkdisplay/ped written to /workspace/builds/worker-3-tc2/source/Cargo.toml
[INFO] validating manifest of git repo https://github.com/einkdisplay/ped on toolchain 1.100.0-beta.1
[INFO] running `Command { std: CARGO_HOME="/workspace/cargo-home" RUSTUP_HOME="/workspace/rustup-home" "/workspace/cargo-home/bin/cargo" "+1.100.0-beta.1" "metadata" "--manifest-path" "Cargo.toml" "--no-deps", kill_on_drop: false }`
[INFO] crate git repo https://github.com/einkdisplay/ped already has a lockfile, it will not be regenerated
[INFO] running `Command { std: CARGO_HOME="/workspace/cargo-home" RUSTUP_HOME="/workspace/rustup-home" "/workspace/cargo-home/bin/cargo" "+1.100.0-beta.1" "fetch" "--manifest-path" "Cargo.toml", kill_on_drop: false }`
[INFO] [stderr]     Blocking waiting for file lock on package cache
[INFO] [stderr]     Updating git repository `https://github.com/einkdisplay/servo`
[ERROR] error running command: no output for 300 seconds
[INFO] testing einkdisplay/ped/a59ed23baf80551be8bfd58e01699655c8f8407c against 1.100.0-beta.1+cargoflags=--release for beta-release-1.100-2
[INFO] running `Command { std: "git" "clone" "/workspace/cache/git-repos/https%3A%2F%2Fgithub.com%2Feinkdisplay%2Fped" "/workspace/builds/worker-3-tc2/source", kill_on_drop: false }`
[INFO] [stderr] Cloning into '/workspace/builds/worker-3-tc2/source'...
[INFO] [stderr] done.
[INFO] removed /workspace/builds/worker-3-tc2/source/.cargo/config.toml
[INFO] started tweaking git repo https://github.com/einkdisplay/ped
[INFO] finished tweaking git repo https://github.com/einkdisplay/ped
[INFO] tweaked toml for git repo https://github.com/einkdisplay/ped written to /workspace/builds/worker-3-tc2/source/Cargo.toml
[INFO] validating manifest of git repo https://github.com/einkdisplay/ped on toolchain 1.100.0-beta.1
[INFO] running `Command { std: CARGO_HOME="/workspace/cargo-home" RUSTUP_HOME="/workspace/rustup-home" "/workspace/cargo-home/bin/cargo" "+1.100.0-beta.1" "metadata" "--manifest-path" "Cargo.toml" "--no-deps", kill_on_drop: false }`
[INFO] crate git repo https://github.com/einkdisplay/ped already has a lockfile, it will not be regenerated
[INFO] running `Command { std: CARGO_HOME="/workspace/cargo-home" RUSTUP_HOME="/workspace/rustup-home" "/workspace/cargo-home/bin/cargo" "+1.100.0-beta.1" "fetch" "--manifest-path" "Cargo.toml", kill_on_drop: false }`
[INFO] [stderr]     Blocking waiting for file lock on package cache
[INFO] [stderr]     Updating git repository `https://github.com/einkdisplay/servo`
[ERROR] error running command: no output for 300 seconds
[INFO] testing einkdisplay/ped/a59ed23baf80551be8bfd58e01699655c8f8407c against 1.100.0-beta.1+cargoflags=--release for beta-release-1.100-2
[INFO] running `Command { std: "git" "clone" "/workspace/cache/git-repos/https%3A%2F%2Fgithub.com%2Feinkdisplay%2Fped" "/workspace/builds/worker-3-tc2/source", kill_on_drop: false }`
[INFO] [stderr] Cloning into '/workspace/builds/worker-3-tc2/source'...
[INFO] [stderr] done.
[INFO] removed /workspace/builds/worker-3-tc2/source/.cargo/config.toml
[INFO] started tweaking git repo https://github.com/einkdisplay/ped
[INFO] finished tweaking git repo https://github.com/einkdisplay/ped
[INFO] tweaked toml for git repo https://github.com/einkdisplay/ped written to /workspace/builds/worker-3-tc2/source/Cargo.toml
[INFO] validating manifest of git repo https://github.com/einkdisplay/ped on toolchain 1.100.0-beta.1
[INFO] running `Command { std: CARGO_HOME="/workspace/cargo-home" RUSTUP_HOME="/workspace/rustup-home" "/workspace/cargo-home/bin/cargo" "+1.100.0-beta.1" "metadata" "--manifest-path" "Cargo.toml" "--no-deps", kill_on_drop: false }`
[INFO] crate git repo https://github.com/einkdisplay/ped already has a lockfile, it will not be regenerated
[INFO] running `Command { std: CARGO_HOME="/workspace/cargo-home" RUSTUP_HOME="/workspace/rustup-home" "/workspace/cargo-home/bin/cargo" "+1.100.0-beta.1" "fetch" "--manifest-path" "Cargo.toml", kill_on_drop: false }`
[INFO] [stderr]     Blocking waiting for file lock on package cache
[INFO] [stderr] error: invalid type: boolean `true`, expected a map
[INFO] [stderr]  --> ../../../cargo-home/git/checkouts/servo-1b3ab822152c4391/9f19a88/python/tidy/tests/lints-configuration/no-workspace/Cargo.toml:8:7
[INFO] [stderr]   |
[INFO] [stderr] 8 | foo = true
[INFO] [stderr]   |       ^^^^
[INFO] [stderr]     Updating crates.io index
[INFO] [stderr]     Updating git repository `https://github.com/servo/stylo`
[INFO] [stderr]     Blocking waiting for file lock on package cache
[INFO] [stderr]  Downloading crates ...
[INFO] [stderr]   Downloaded yeslogic-fontconfig-sys v6.0.1
[INFO] [stderr]   Downloaded wr_malloc_size_of v0.2.2
[INFO] [stderr]   Downloaded webrender_api v0.70.0
[INFO] [stderr]   Downloaded dlib v0.5.3
[INFO] [stderr]   Downloaded zeitstempel v0.2.2
[INFO] [stderr]   Downloaded peek-poke v0.3.0
[INFO] [stderr]   Downloaded malloc_size_of_derive v0.1.3
[INFO] [stderr]   Downloaded zerovec-derive v0.10.4
[INFO] [stderr]   Downloaded app_units v0.7.8
[INFO] [stderr]   Downloaded peek-poke-derive v0.3.0
[INFO] [stderr]   Downloaded webdriver v0.53.0
[INFO] [stderr]   Downloaded smallbitvec v2.6.1
[INFO] [stderr]   Downloaded thin-vec v0.2.19
[INFO] [stderr]   Downloaded cssparser-macros v0.7.0
[INFO] [stderr]   Downloaded uluru v3.1.0
[INFO] [stderr]   Downloaded atomic_refcell v0.1.14
[INFO] [stderr]   Downloaded tracy-rs v0.1.2
[INFO] [stderr]   Downloaded freetype v0.8.0
[INFO] [stderr]   Downloaded foreign-types-macros v0.2.4
[INFO] [stderr]   Downloaded dwrote v0.11.5
[INFO] [stderr]   Downloaded core-text v20.1.0
[INFO] [stderr]   Downloaded wr_glyph_rasterizer v0.70.0
[INFO] [stderr]   Downloaded icu_segmenter v1.5.0
[INFO] [stderr]   Downloaded webrender_build v0.70.0
[INFO] [stderr]   Downloaded topological-sort v0.1.0
[INFO] [stderr]   Downloaded svg_fmt v0.4.5
[INFO] [stderr]   Downloaded plane-split v0.18.0
[INFO] [stderr]   Downloaded glsl-to-cxx v0.70.0
[INFO] [stderr]   Downloaded gleam v0.15.1
[INFO] [stderr]   Downloaded xml-rs v0.8.29
[INFO] [stderr]   Downloaded etagere v0.2.15
[INFO] [stderr]   Downloaded build-parallel v0.1.2
[INFO] [stderr]   Downloaded peniko v0.6.1
[INFO] [stderr]   Downloaded glsl v6.0.2
[INFO] [stderr]   Downloaded vello_cpu v0.2.0
[INFO] [stderr]   Downloaded vello_common v0.2.0
[INFO] [stderr]   Downloaded swgl v0.70.0
[INFO] [stderr]   Downloaded unic-ucd-ident v0.9.0
[INFO] [stderr]   Downloaded webrender v0.70.0
[INFO] [stderr]   Downloaded polycool v0.4.0
[INFO] [stderr]   Downloaded guillotiere v0.7.0
[INFO] [stderr]   Downloaded ordered-channel v1.2.0
[INFO] [stderr]   Downloaded glifo v0.3.0
[INFO] [stderr]   Downloaded font-types v0.12.4
[INFO] [stderr]   Downloaded urlpattern v0.3.0
[INFO] [stderr]   Downloaded color v0.3.3
[INFO] [stderr]   Downloaded kurbo v0.13.1
[INFO] [stderr]   Downloaded fearless_simd v0.4.1
[INFO] [stderr]   Downloaded skrifa v0.44.0
[INFO] [stderr]   Downloaded read-fonts v0.41.0
[INFO] [stderr]   Downloaded glslopt v0.1.14
[INFO] [stderr]   Downloaded resvg v0.48.1
[INFO] [stderr]   Downloaded usvg v0.48.1
[INFO] [stderr]   Downloaded tiny-skia-path v0.12.0
[INFO] [stderr]   Downloaded unicode-vo v0.1.0
[INFO] [stderr]   Downloaded taffy v0.14.0
[INFO] [stderr]   Downloaded icu_segmenter_data v1.5.1
[INFO] [stderr]   Downloaded data-url v0.3.2
[INFO] [stderr]   Downloaded svgtypes v0.16.1
[INFO] [stderr]   Downloaded roxmltree v0.21.1
[INFO] [stderr]   Downloaded fontdb v0.24.0
[INFO] [stderr]   Downloaded memmap2 v0.9.11
[INFO] [stderr]   Downloaded imagesize v0.15.0
[INFO] [stderr]   Downloaded harfrust v0.12.0
[INFO] [stderr]   Downloaded tiny-skia v0.12.0
[INFO] [stderr]   Downloaded keyboard-types v0.8.3
[INFO] [stderr]   Downloaded ipc-channel v0.23.0
[INFO] [stderr]   Downloaded cookie v0.18.2
[INFO] [stderr]   Downloaded content-security-policy v0.8.2
[INFO] [stderr]   Downloaded accesskit v0.24.1
[INFO] [stderr]   Downloaded mach2 v0.6.0
[INFO] [stderr]   Downloaded imgref v1.12.3
[INFO] [stderr]   Downloaded exr v1.74.2
[INFO] [stderr]   Downloaded wayland-sys v0.31.11
[INFO] [stderr]   Downloaded inventory v0.3.24
[INFO] [stderr]   Downloaded surfman v0.13.0
[INFO] [stderr]   Downloaded objc2-metal v0.3.2
[INFO] [stderr]   Downloaded objc2-core-video v0.3.2
[INFO] [stderr]   Downloaded glow v0.17.0
[INFO] [stderr]   Downloaded sea-query-derive v1.0.0
[INFO] [stderr]   Downloaded sea-query-rusqlite v0.8.0
[INFO] [stderr]   Downloaded realfft v3.5.0
[INFO] [stderr]   Downloaded transpose v0.2.3
[INFO] [stderr]   Downloaded xml5ever v0.39.0
[INFO] [stderr]   Downloaded mozjs v0.25.0
[INFO] [stderr]   Downloaded strength_reduce v0.2.4
[INFO] [stderr]   Downloaded rsqlite-vfs v0.1.1
[INFO] [stderr]   Downloaded hashlink v0.11.1
[INFO] [stderr]   Downloaded speexdsp-resampler v0.1.0
[INFO] [stderr]   Downloaded rusqlite v0.38.0
[INFO] [stderr]   Downloaded primal-check v0.3.4
[INFO] [stderr]   Downloaded read-fonts v0.43.3
[INFO] [stderr]   Downloaded sponge-cursor v0.1.0
[INFO] [stderr]   Downloaded sea-query v1.0.2
[INFO] [stderr]   Downloaded swapper v0.1.0
[INFO] [stderr]   Downloaded rustfft v6.4.1
[INFO] [stderr]   Downloaded icu_time v2.1.1
[INFO] [stderr]   Downloaded icu_time_data v2.1.1
[INFO] [stderr]   Downloaded ixdtf v0.6.6
[INFO] [stderr]   Downloaded icu_decimal_data v2.1.1
[INFO] [stderr]   Downloaded icu_casemap_data v2.1.1
[INFO] [stderr]   Downloaded arraystring v0.3.0
[INFO] [stderr]   Downloaded calendrical_calculations v0.2.4
[INFO] [stderr]   Downloaded icu_provider_adapters v2.1.1
[INFO] [stderr]   Downloaded icu_plurals v2.1.1
[INFO] [stderr]   Downloaded icu_plurals_data v2.1.1
[INFO] [stderr]   Downloaded fixed_decimal v0.7.2
[INFO] [stderr]   Downloaded icu_list v2.1.1
[INFO] [stderr]   Downloaded icu_pattern v0.4.2
[INFO] [stderr]   Downloaded icu_decimal v2.1.1
[INFO] [stderr]   Downloaded ohos-deviceinfo-sys v0.1.7
[INFO] [stderr]   Downloaded chardetng v1.0.0
[INFO] [stderr]   Downloaded icu_casemap v2.1.1
[INFO] [stderr]   Downloaded icu_list_data v2.1.1
[INFO] [stderr]   Downloaded encoding_c v0.9.8
[INFO] [stderr]   Downloaded icu_experimental v0.4.0
[INFO] [stderr]   Downloaded icu_datetime v2.1.1
[INFO] [stderr]   Downloaded encoding_c_mem v0.2.6
[INFO] [stderr]   Downloaded icu_capi v2.1.2
[INFO] [stderr]   Downloaded clang-sys v1.9.1
[INFO] [stderr]   Downloaded xml v1.4.0
[INFO] [stderr]   Downloaded buf-read-ext v0.4.0
[INFO] [stderr]   Downloaded wuff-capi v0.2.0
[INFO] [stderr]   Downloaded alloc-stdlib v0.2.4
[INFO] [stderr]   Downloaded nom-rfc8288 v0.4.0
[INFO] [stderr]   Downloaded nom-language v0.1.0
[INFO] [stderr]   Downloaded keccak v0.2.2
[INFO] [stderr]   Downloaded cpubits v0.1.1
[INFO] [stderr]   Downloaded wuff v0.2.9
[INFO] [stderr]   Downloaded itertools v0.15.0
[INFO] [stderr]   Downloaded fontsan v0.7.0
[INFO] [stderr]   Downloaded brotli-decompressor v5.0.3
[INFO] [stderr]   Downloaded skrifa v0.46.2
[INFO] [stderr]   Downloaded icu_collator_data v2.1.1
[INFO] [stderr]   Downloaded crypto-bigint v0.7.5
[INFO] [stderr]   Downloaded tungstenite v0.30.0
[INFO] [stderr]   Downloaded icu_collator v2.1.2
[INFO] [stderr]   Downloaded rustls-platform-verifier v0.7.0
[INFO] [stderr]   Downloaded webpki-root-certs v1.0.9
[INFO] [stderr]   Downloaded icu_datetime_data v2.1.2
[INFO] [stderr]   Downloaded icu_segmenter v2.1.2
[INFO] [stderr]   Downloaded libsqlite3-sys v0.36.0
[INFO] [stderr]   Downloaded jni-macros v0.22.4
[INFO] [stderr]   Downloaded compression-core v0.4.32
[INFO] [stderr]   Downloaded gaol v0.2.1
[INFO] [stderr]   Downloaded compression-codecs v0.4.38
[INFO] [stderr]   Downloaded ohos-sys-opaque-types v0.1.11
[INFO] [stderr]   Downloaded simd_cesu8 v1.2.0
[INFO] [stderr]   Downloaded combine v4.6.8
[INFO] [stderr]   Downloaded jni v0.22.4
[INFO] [stderr]   Downloaded env_logger v0.11.11
[INFO] [stderr]   Downloaded imsz v0.4.1
[INFO] [stderr]   Downloaded ohos-window-sys v0.1.7
[INFO] [stderr]   Downloaded defmt-parser v1.0.0
[INFO] [stderr]   Downloaded env_filter v2.0.0
[INFO] [stderr]   Downloaded ohos-media-sys v0.1.1
[INFO] [stderr]   Downloaded jiff-static v0.2.35
[INFO] [stderr]   Downloaded defmt v1.1.1
[INFO] [stderr]   Downloaded rand_jitter v0.5.0
[INFO] [stderr]   Downloaded harfbuzz-sys v0.8.0
[INFO] [stderr]   Downloaded quick_cache v0.7.0
[INFO] [stderr]   Downloaded portable-atomic-util v0.2.7
[INFO] [stderr]   Downloaded defmt-macros v1.1.1
[INFO] [stderr]   Downloaded async-compression v0.4.43
[INFO] [stderr]   Downloaded jiff-core v0.1.0
[INFO] [stderr]   Downloaded async-tungstenite v0.35.0
[INFO] [stderr]   Downloaded yuv v0.8.17
[INFO] [stderr]   Downloaded sqlite-wasm-rs v0.5.5
[INFO] [stderr]   Downloaded jiff v0.2.35
[INFO] [stderr]   Downloaded brotli v8.0.4
[INFO] [stderr]   Downloaded icu_segmenter_data v2.1.1
[INFO] [stderr]   Downloaded fst v0.4.7
[INFO] [stderr]   Downloaded icu_experimental_data v0.4.1
[INFO] running `Command { std: "docker" "create" "-v" "/var/lib/crater-agent-workspace/builds/worker-3-tc2/source:/opt/rustwide/workdir:ro,Z" "-v" "/var/lib/crater-agent-workspace/builds/worker-3-tc2/target:/opt/rustwide/target:rw,Z" "-v" "/var/lib/crater-agent-workspace/cargo-home:/opt/rustwide/cargo-home:ro,Z" "-v" "/var/lib/crater-agent-workspace/rustup-home:/opt/rustwide/rustup-home:ro,Z" "-m" "1610612736" "--network" "none" "ghcr.io/rust-lang/crates-build-env/linux@sha256:77db811e55d90add9212f6832c23229e3de5f1c1f9905e8cb07319ea15df73ac" "sleep" "infinity", kill_on_drop: false }`
[INFO] [stdout] b5fdc176227e93f1b3a19c73e2de46d4d6073fe89c863021e718e0893e61a851
[INFO] running `Command { std: "docker" "start" "b5fdc176227e93f1b3a19c73e2de46d4d6073fe89c863021e718e0893e61a851", kill_on_drop: false }`
[INFO] running `Command { std: "docker" "inspect" "b5fdc176227e93f1b3a19c73e2de46d4d6073fe89c863021e718e0893e61a851", kill_on_drop: false }`
[INFO] running `Command { std: "docker" "exec" "-e" "SOURCE_DIR=/opt/rustwide/workdir" "-e" "CARGO_HOME=/opt/rustwide/cargo-home" "-e" "RUSTUP_HOME=/opt/rustwide/rustup-home" "-e" "CARGO_TARGET_DIR=/opt/rustwide/target" "-w" "/opt/rustwide/workdir" "--user" "0:0" "b5fdc176227e93f1b3a19c73e2de46d4d6073fe89c863021e718e0893e61a851" "/opt/rustwide/cargo-home/bin/cargo" "+1.100.0-beta.1" "metadata" "--no-deps" "--format-version=1", kill_on_drop: false }`
[INFO] running `Command { std: "docker" "inspect" "b5fdc176227e93f1b3a19c73e2de46d4d6073fe89c863021e718e0893e61a851", kill_on_drop: false }`
[INFO] running `Command { std: "docker" "exec" "-e" "SOURCE_DIR=/opt/rustwide/workdir" "-e" "CARGO_HOME=/opt/rustwide/cargo-home" "-e" "RUSTUP_HOME=/opt/rustwide/rustup-home" "-e" "CARGO_TARGET_DIR=/opt/rustwide/target" "-e" "CARGO_INCREMENTAL=0" "-e" "RUST_BACKTRACE=full" "-e" "RUSTFLAGS=--cap-lints=warn" "-e" "RUSTDOCFLAGS=--cap-lints=warn" "-w" "/opt/rustwide/workdir" "--user" "0:0" "b5fdc176227e93f1b3a19c73e2de46d4d6073fe89c863021e718e0893e61a851" "/opt/rustwide/cargo-home/bin/cargo" "+1.100.0-beta.1" "build" "--frozen" "--message-format=json" "--release", kill_on_drop: false }`
[INFO] [stderr] error: invalid type: boolean `true`, expected a map
[INFO] [stderr]  --> ../cargo-home/git/checkouts/servo-1b3ab822152c4391/9f19a88/python/tidy/tests/lints-configuration/no-workspace/Cargo.toml:8:7
[INFO] [stderr]   |
[INFO] [stderr] 8 | foo = true
[INFO] [stderr]   |       ^^^^
[INFO] [stderr]    Compiling unicode-ident v1.0.24
[INFO] [stderr]    Compiling proc-macro2 v1.0.107
[INFO] [stderr]    Compiling quote v1.0.47
[INFO] [stderr]    Compiling libc v0.2.189
[INFO] [stderr]    Compiling serde_core v1.0.229
[INFO] [stderr]    Compiling serde v1.0.229
[INFO] [stderr]    Compiling cfg-if v1.0.4
[INFO] [stderr]    Compiling shlex v2.0.1
[INFO] [stderr]    Compiling find-msvc-tools v0.1.11
[INFO] [stderr]    Compiling pkg-config v0.3.34
[INFO] [stderr]    Compiling stable_deref_trait v1.2.1
[INFO] [stderr]    Compiling fastrand v2.5.0
[INFO] [stderr]    Compiling autocfg v1.5.1
[INFO] [stderr]    Compiling log v0.4.34
[INFO] [stderr]    Compiling memchr v2.8.3
[INFO] [stderr]    Compiling num-traits v0.2.19
[INFO] [stderr]    Compiling bitflags v2.13.1
[INFO] [stderr]    Compiling writeable v0.6.4
[INFO] [stderr]    Compiling once_cell v1.21.4
[INFO] [stderr]    Compiling syn v3.0.4
[INFO] [stderr]    Compiling syn v2.0.119
[INFO] [stderr]    Compiling winnow v1.0.4
[INFO] [stderr]    Compiling litemap v0.8.3
[INFO] [stderr]    Compiling jobserver v0.1.35
[INFO] [stderr]    Compiling cc v1.4.4
[INFO] [stderr]    Compiling rustix v1.1.4
[INFO] [stderr]    Compiling siphasher v1.0.3
[INFO] [stderr]    Compiling phf_shared v0.13.1
[INFO] [stderr]    Compiling version_check v0.9.5
[INFO] [stderr]    Compiling itoa v1.0.18
[INFO] [stderr]    Compiling phf_generator v0.13.1
[INFO] [stderr]    Compiling heck v0.5.0
[INFO] [stderr]    Compiling icu_properties_data v2.1.2
[INFO] [stderr]    Compiling zmij v1.0.23
[INFO] [stderr]    Compiling vcpkg v0.2.15
[INFO] [stderr]    Compiling toml_parser v1.1.3+spec-1.1.0
[INFO] [stderr]    Compiling typenum v1.20.1
[INFO] [stderr]    Compiling crossbeam-utils v0.8.22
[INFO] [stderr]    Compiling serde_spanned v1.1.1
[INFO] [stderr]    Compiling foldhash v0.2.0
[INFO] [stderr]    Compiling phf_codegen v0.13.1
[INFO] [stderr]    Compiling hashbrown v0.17.1
[INFO] [stderr]    Compiling equivalent v1.0.2
[INFO] [stderr]    Compiling arrayvec v0.7.8
[INFO] [stderr]    Compiling parking_lot_core v0.9.12
[INFO] [stderr]    Compiling pin-project-lite v0.2.17
[INFO] [stderr]    Compiling minimal-lexical v0.2.1
[INFO] [stderr]    Compiling scopeguard v1.2.0
[INFO] [stderr]    Compiling simd-adler32 v0.3.10
[INFO] [stderr]    Compiling nom v7.1.3
[INFO] [stderr]    Compiling libz-sys v1.1.29
[INFO] [stderr]    Compiling adler2 v2.0.1
[INFO] [stderr]    Compiling new_debug_unreachable v1.0.6
[INFO] [stderr]    Compiling indexmap v2.14.1
[INFO] [stderr]    Compiling fnv v1.0.7
[INFO] [stderr]    Compiling precomputed-hash v0.1.1
[INFO] [stderr]    Compiling libm v0.2.16
[INFO] [stderr]    Compiling crc32fast v1.5.1
[INFO] [stderr]    Compiling ident_case v1.0.1
[INFO] [stderr]    Compiling string_cache_codegen v0.6.1
[INFO] [stderr]    Compiling mio v1.2.2
[INFO] [stderr]    Compiling utf8_iter v1.0.4
[INFO] [stderr]    Compiling rayon-core v1.13.0
[INFO] [stderr]    Compiling miniz_oxide v0.9.1
[INFO] [stderr]    Compiling socket2 v0.6.5
[INFO] [stderr]    Compiling same-file v1.0.6
[INFO] [stderr]    Compiling khronos_api v3.1.0
[INFO] [stderr]    Compiling icu_normalizer_data v2.1.1
[INFO] [stderr]    Compiling thiserror v2.0.20
[INFO] [stderr]    Compiling walkdir v2.5.0
[INFO] [stderr]    Compiling synstructure v0.13.2
[INFO] [stderr]    Compiling darling_core v0.20.11
[INFO] [stderr]    Compiling flate2 v1.1.10
[INFO] [stderr]    Compiling toml_datetime v1.1.1+spec-1.1.0
[INFO] [stderr]    Compiling generic-array v0.14.7
[INFO] [stderr]    Compiling rand_core v0.10.1
[INFO] [stderr]    Compiling crossbeam-epoch v0.9.20
[INFO] [stderr]    Compiling either v1.18.0
[INFO] [stderr]    Compiling xml-rs v0.8.29
[INFO] [stderr]    Compiling core_maths v0.1.1
[INFO] [stderr]    Compiling getrandom v0.4.3
[INFO] [stderr]    Compiling crossbeam-deque v0.8.7
[INFO] [stderr]    Compiling percent-encoding v2.3.2
[INFO] [stderr]    Compiling miniz_oxide v0.8.9
[INFO] [stderr]    Compiling polycool v0.4.0
[INFO] [stderr]    Compiling rustc-hash v2.1.3
[INFO] [stderr]    Compiling dtoa v1.0.11
[INFO] [stderr]    Compiling dtoa-short v0.3.5
[INFO] [stderr]    Compiling gl_generator v0.14.0
[INFO] [stderr]    Compiling serde_derive v1.0.229
[INFO] [stderr]    Compiling zerofrom-derive v0.1.7
[INFO] [stderr]    Compiling displaydoc v0.2.7
[INFO] [stderr]    Compiling yoke-derive v0.8.2
[INFO] [stderr]    Compiling zerovec-derive v0.11.6
[INFO] [stderr]    Compiling bytemuck_derive v1.12.0
[INFO] [stderr]    Compiling thiserror-impl v2.0.20
[INFO] [stderr]    Compiling phf_macros v0.13.1
[INFO] [stderr]    Compiling phf v0.13.1
[INFO] [stderr]    Compiling yoke-derive v0.7.5
[INFO] [stderr]    Compiling zerofrom v0.1.8
[INFO] [stderr]    Compiling tokio-macros v2.7.2
[INFO] [stderr]    Compiling yoke v0.8.3
[INFO] [stderr]    Compiling zerovec-derive v0.10.4
[INFO] [stderr]    Compiling zerovec v0.11.8
[INFO] [stderr]    Compiling zerotrie v0.2.5
[INFO] [stderr]    Compiling bytemuck v1.25.2
[INFO] [stderr]    Compiling darling_macro v0.20.11
[INFO] [stderr]    Compiling derive_more-impl v2.1.1
[INFO] [stderr]    Compiling yoke v0.7.5
[INFO] [stderr]    Compiling font-types v0.12.4
[INFO] [stderr]    Compiling darling v0.20.11
[INFO] [stderr]    Compiling cssparser-macros v0.7.0
[INFO] [stderr]    Compiling web_atoms v0.2.6
[INFO] [stderr]    Compiling fdeflate v0.3.7
[INFO] [stderr]    Compiling zerovec v0.10.4
[INFO] [stderr]    Compiling freetype-sys v0.23.0 (https://github.com/einkdisplay/freetype-sys?branch=master#05a04c8d)
[INFO] [stderr]    Compiling aho-corasick v1.1.5
[INFO] [stderr]    Compiling writeable v0.5.5
[INFO] [stderr]    Compiling regex-syntax v0.8.11
[INFO] [stderr]    Compiling tinystr v0.8.4
[INFO] [stderr]    Compiling potential_utf v0.1.6
[INFO] [stderr]    Compiling icu_locale_core v2.3.0
[INFO] [stderr]    Compiling icu_collections v2.1.1
[INFO] [stderr]    Compiling lazy_static v1.5.0
[INFO] [stderr]    Compiling litemap v0.7.5
[INFO] [stderr]    Compiling webrender_build v0.70.0
[INFO] [stderr]    Compiling tinystr v0.7.6
[INFO] [stderr] error: failed to run custom build command for `freetype-sys v0.23.0 (https://github.com/einkdisplay/freetype-sys?branch=master#05a04c8d)`
[INFO] [stderr] note: To improve backtraces for build dependencies, set the CARGO_PROFILE_RELEASE_BUILD_OVERRIDE_DEBUG=true environment variable to enable debug information generation.
[INFO] [stderr] 
[INFO] [stderr] Caused by:
[INFO] [stderr]   process didn't exit successfully: `/opt/rustwide/target/release/build/freetype-sys/207fa7ec0a9d6d9c/out/build_script_build` (exit status: 101)
[INFO] [stderr]   --- stderr
[INFO] [stderr] 
[INFO] [stderr]   thread 'main' (1862) panicked at /opt/rustwide/cargo-home/git/checkouts/freetype-sys-84a7e153d5006b45/05a04c8/build.rs:32:6:
[INFO] [stderr]   called `Result::unwrap()` on an `Err` value: Os { code: 30, kind: ReadOnlyFilesystem, message: "Read-only file system" }
[INFO] [stderr]   stack backtrace:
[INFO] [stderr]      0:     0x5c0364046f41 - <unknown>
[INFO] [stderr]      1:     0x5c036405bfea - <unknown>
[INFO] [stderr]      2:     0x5c036404d2dc - <unknown>
[INFO] [stderr]      3:     0x5c036401fe76 - <unknown>
[INFO] [stderr]      4:     0x5c036403e591 - <unknown>
[INFO] [stderr]      5:     0x5c036403e74b - <unknown>
[INFO] [stderr]      6:     0x5c036401ff22 - <unknown>
[INFO] [stderr]      7:     0x5c0364018a09 - <unknown>
[INFO] [stderr]      8:     0x5c0364020c0d - <unknown>
[INFO] [stderr]      9:     0x5c036405c75c - <unknown>
[INFO] [stderr]     10:     0x5c036405c532 - <unknown>
[INFO] [stderr]     11:     0x5c0363f80919 - <unknown>
[INFO] [stderr]     12:     0x5c0363f81d7b - <unknown>
[INFO] [stderr]     13:     0x5c0363f7fb6e - <unknown>
[INFO] [stderr]     14:     0x5c0363f7ff59 - <unknown>
[INFO] [stderr]     15:     0x5c036403d898 - <unknown>
[INFO] [stderr]     16:     0x5c0363f7fa91 - <unknown>
[INFO] [stderr]     17:     0x5c0363f81e55 - <unknown>
[INFO] [stderr]     18:     0x759a16696601 - <unknown>
[INFO] [stderr]     19:     0x759a16696718 - __libc_start_main
[INFO] [stderr]     20:     0x5c0363f7efb5 - <unknown>
[INFO] [stderr]     21:                0x0 - <unknown>
[INFO] [stderr] warning: build failed, waiting for other jobs to finish...
[INFO] running `Command { std: "docker" "inspect" "b5fdc176227e93f1b3a19c73e2de46d4d6073fe89c863021e718e0893e61a851", kill_on_drop: false }`
[INFO] running `Command { std: "docker" "rm" "-f" "b5fdc176227e93f1b3a19c73e2de46d4d6073fe89c863021e718e0893e61a851", kill_on_drop: false }`
[INFO] [stdout] b5fdc176227e93f1b3a19c73e2de46d4d6073fe89c863021e718e0893e61a851
