[INFO] cloning repository https://github.com/alexeirojas87/cerberus
[INFO] running `Command { std: "git" "-c" "credential.helper=" "-c" "credential.helper=/workspace/cargo-home/bin/git-credential-null" "clone" "--bare" "https://github.com/alexeirojas87/cerberus" "/workspace/cache/git-repos/https%3A%2F%2Fgithub.com%2Falexeirojas87%2Fcerberus", kill_on_drop: false }`
[INFO] [stderr] Cloning into bare repository '/workspace/cache/git-repos/https%3A%2F%2Fgithub.com%2Falexeirojas87%2Fcerberus'...
[INFO] running `Command { std: "git" "rev-parse" "HEAD", kill_on_drop: false }`
[INFO] [stdout] a3ead818214f5c86185d740363b6c90122ccec4e
[INFO] testing alexeirojas87/cerberus against 1.100.0-beta.1+cargoflags=--release for beta-release-1.100-2
[INFO] running `Command { std: "git" "clone" "/workspace/cache/git-repos/https%3A%2F%2Fgithub.com%2Falexeirojas87%2Fcerberus" "/workspace/builds/worker-0-tc2/source", kill_on_drop: false }`
[INFO] [stderr] Cloning into '/workspace/builds/worker-0-tc2/source'...
[INFO] [stderr] done.
[INFO] started tweaking git repo https://github.com/alexeirojas87/cerberus
[INFO] removed 0 missing tests
[INFO] finished tweaking git repo https://github.com/alexeirojas87/cerberus
[INFO] tweaked toml for git repo https://github.com/alexeirojas87/cerberus written to /workspace/builds/worker-0-tc2/source/Cargo.toml
[INFO] validating manifest of git repo https://github.com/alexeirojas87/cerberus on toolchain 1.100.0-beta.1
[INFO] running `Command { std: CARGO_HOME="/workspace/cargo-home" RUSTUP_HOME="/workspace/rustup-home" "/workspace/cargo-home/bin/cargo" "+1.100.0-beta.1" "metadata" "--manifest-path" "Cargo.toml" "--no-deps", kill_on_drop: false }`
[INFO] crate git repo https://github.com/alexeirojas87/cerberus already has a lockfile, it will not be regenerated
[INFO] running `Command { std: CARGO_HOME="/workspace/cargo-home" RUSTUP_HOME="/workspace/rustup-home" "/workspace/cargo-home/bin/cargo" "+1.100.0-beta.1" "fetch" "--manifest-path" "Cargo.toml", kill_on_drop: false }`
[INFO] [stderr] warning: missing `[lints]` to inherit `[workspace.lints]`
[INFO] [stderr]   --> Cargo.toml
[INFO] [stderr]    = note: `cargo::missing_lints_inheritance` is set to `warn` by default
[INFO] [stderr] help: to inherit `workspace.lints, add:
[INFO] [stderr]    |
[INFO] [stderr] 71 ~ unsafe_code = "forbid"
[INFO] [stderr] 72 + [lints]
[INFO] [stderr] 73 + workspace = true
[INFO] [stderr]    |
[INFO] [stderr] help: to clarify your intent to not inherit, add:
[INFO] [stderr]    |
[INFO] [stderr] 71 ~ unsafe_code = "forbid"
[INFO] [stderr] 72 + [lints]
[INFO] [stderr]    |
[INFO] [stderr] warning: `cerberus-hardening` (manifest) generated 1 warning
[INFO] [stderr]     Blocking waiting for file lock on package cache
[INFO] [stderr]     Blocking waiting for file lock on package cache
[INFO] [stderr]  Downloading crates ...
[INFO] [stderr]   Downloaded asn1-rs v0.7.2
[INFO] [stderr]   Downloaded asn1-rs-impl v0.2.0
[INFO] [stderr]   Downloaded asn1-rs-derive v0.6.0
[INFO] [stderr]   Downloaded wasm-bindgen-futures v0.4.77
[INFO] [stderr]   Downloaded oid-registry v0.8.1
[INFO] [stderr]   Downloaded zerovec-derive v0.11.4
[INFO] [stderr]   Downloaded data-encoding v2.11.1
[INFO] [stderr]   Downloaded icu_provider v2.3.0
[INFO] [stderr]   Downloaded bit-vec v0.9.1
[INFO] [stderr]   Downloaded fallible-iterator v0.3.0
[INFO] [stderr]   Downloaded ipnet v2.12.1
[INFO] [stderr]   Downloaded hashlink v0.9.1
[INFO] [stderr]   Downloaded der-parser v10.0.0
[INFO] [stderr]   Downloaded cc v1.4.3
[INFO] [stderr]   Downloaded zvariant_utils v4.1.0
[INFO] [stderr]   Downloaded yasna v0.6.0
[INFO] [stderr]   Downloaded zvariant_derive v5.14.0
[INFO] [stderr]   Downloaded x509-parser v0.18.1
[INFO] [stderr]   Downloaded uuid v1.24.1
[INFO] [stderr]   Downloaded openssl-sys v0.9.117
[INFO] [stderr]   Downloaded quinn v0.11.11
[INFO] [stderr]   Downloaded rcgen v0.14.9
[INFO] [stderr]   Downloaded zerovec v0.11.7
[INFO] [stderr]   Downloaded notify-rust v4.18.0
[INFO] [stderr]   Downloaded zvariant v5.14.0
[INFO] [stderr]   Downloaded blocking v1.6.2
[INFO] [stderr]   Downloaded rusqlite v0.31.0
[INFO] [stderr]   Downloaded hyper v1.11.0
[INFO] [stderr]   Downloaded tauri-winrt-notification v0.7.3
[INFO] [stderr]   Downloaded quinn-proto v0.11.16
[INFO] [stderr]   Downloaded openssl v0.10.81
[INFO] [stderr]   Downloaded web-sys v0.3.104
[INFO] [stderr]   Downloaded libredox v0.1.20
[INFO] [stderr]   Downloaded clap v4.6.6
[INFO] [stderr]   Downloaded clap_builder v4.6.6
[INFO] [stderr]   Downloaded vectorscan v0.1.0
[INFO] [stderr]   Downloaded clap_derive v4.6.4
[INFO] [stderr]   Downloaded libsqlite3-sys v0.28.0
[INFO] running `Command { std: "docker" "create" "-v" "/var/lib/crater-agent-workspace/builds/worker-0-tc2/source:/opt/rustwide/workdir:ro,Z" "-v" "/var/lib/crater-agent-workspace/builds/worker-0-tc2/target:/opt/rustwide/target:rw,Z" "-v" "/var/lib/crater-agent-workspace/cargo-home:/opt/rustwide/cargo-home:ro,Z" "-v" "/var/lib/crater-agent-workspace/rustup-home:/opt/rustwide/rustup-home:ro,Z" "-m" "1610612736" "--network" "none" "ghcr.io/rust-lang/crates-build-env/linux@sha256:77db811e55d90add9212f6832c23229e3de5f1c1f9905e8cb07319ea15df73ac" "sleep" "infinity", kill_on_drop: false }`
[INFO] [stdout] 507a346a5f6242ec4e838cc131246006f21210122a64af8c8ff3f1d6b24086dd
[INFO] running `Command { std: "docker" "start" "507a346a5f6242ec4e838cc131246006f21210122a64af8c8ff3f1d6b24086dd", kill_on_drop: false }`
[INFO] running `Command { std: "docker" "inspect" "507a346a5f6242ec4e838cc131246006f21210122a64af8c8ff3f1d6b24086dd", kill_on_drop: false }`
[INFO] running `Command { std: "docker" "exec" "-e" "SOURCE_DIR=/opt/rustwide/workdir" "-e" "CARGO_HOME=/opt/rustwide/cargo-home" "-e" "RUSTUP_HOME=/opt/rustwide/rustup-home" "-e" "CARGO_TARGET_DIR=/opt/rustwide/target" "-w" "/opt/rustwide/workdir" "--user" "0:0" "507a346a5f6242ec4e838cc131246006f21210122a64af8c8ff3f1d6b24086dd" "/opt/rustwide/cargo-home/bin/cargo" "+1.100.0-beta.1" "metadata" "--no-deps" "--format-version=1", kill_on_drop: false }`
[INFO] running `Command { std: "docker" "inspect" "507a346a5f6242ec4e838cc131246006f21210122a64af8c8ff3f1d6b24086dd", kill_on_drop: false }`
[INFO] running `Command { std: "docker" "exec" "-e" "SOURCE_DIR=/opt/rustwide/workdir" "-e" "CARGO_HOME=/opt/rustwide/cargo-home" "-e" "RUSTUP_HOME=/opt/rustwide/rustup-home" "-e" "CARGO_TARGET_DIR=/opt/rustwide/target" "-e" "CARGO_INCREMENTAL=0" "-e" "RUST_BACKTRACE=full" "-e" "RUSTFLAGS=--cap-lints=warn" "-e" "RUSTDOCFLAGS=--cap-lints=warn" "-w" "/opt/rustwide/workdir" "--user" "0:0" "507a346a5f6242ec4e838cc131246006f21210122a64af8c8ff3f1d6b24086dd" "/opt/rustwide/cargo-home/bin/cargo" "+1.100.0-beta.1" "build" "--frozen" "--message-format=json" "--release", kill_on_drop: false }`
[INFO] [stderr] warning: missing `[lints]` to inherit `[workspace.lints]`
[INFO] [stderr]   --> Cargo.toml
[INFO] [stderr]    = note: `cargo::missing_lints_inheritance` is set to `warn` by default
[INFO] [stderr] help: to inherit `workspace.lints, add:
[INFO] [stderr]    |
[INFO] [stderr] 71 ~ unsafe_code = "forbid"
[INFO] [stderr] 72 + [lints]
[INFO] [stderr] 73 + workspace = true
[INFO] [stderr]    |
[INFO] [stderr] help: to clarify your intent to not inherit, add:
[INFO] [stderr]    |
[INFO] [stderr] 71 ~ unsafe_code = "forbid"
[INFO] [stderr] 72 + [lints]
[INFO] [stderr]    |
[INFO] [stderr] warning: `cerberus-hardening` (manifest) generated 1 warning
[INFO] [stderr]    Compiling cerberus-hardening v0.1.0 (/opt/rustwide/workdir)
[INFO] [stderr]     Finished `release` profile [optimized] target(s) in 0.15s
[INFO] running `Command { std: "docker" "inspect" "507a346a5f6242ec4e838cc131246006f21210122a64af8c8ff3f1d6b24086dd", kill_on_drop: false }`
[INFO] running `Command { std: "docker" "exec" "-e" "SOURCE_DIR=/opt/rustwide/workdir" "-e" "CARGO_HOME=/opt/rustwide/cargo-home" "-e" "RUSTUP_HOME=/opt/rustwide/rustup-home" "-e" "CARGO_TARGET_DIR=/opt/rustwide/target" "-e" "CARGO_INCREMENTAL=0" "-e" "RUST_BACKTRACE=full" "-e" "RUSTFLAGS=--cap-lints=warn" "-e" "RUSTDOCFLAGS=--cap-lints=warn" "-w" "/opt/rustwide/workdir" "--user" "0:0" "507a346a5f6242ec4e838cc131246006f21210122a64af8c8ff3f1d6b24086dd" "/opt/rustwide/cargo-home/bin/cargo" "+1.100.0-beta.1" "test" "--frozen" "--no-run" "--message-format=json" "--release", kill_on_drop: false }`
[INFO] [stderr] warning: missing `[lints]` to inherit `[workspace.lints]`
[INFO] [stderr]   --> Cargo.toml
[INFO] [stderr]    = note: `cargo::missing_lints_inheritance` is set to `warn` by default
[INFO] [stderr] help: to inherit `workspace.lints, add:
[INFO] [stderr]    |
[INFO] [stderr] 71 ~ unsafe_code = "forbid"
[INFO] [stderr] 72 + [lints]
[INFO] [stderr] 73 + workspace = true
[INFO] [stderr]    |
[INFO] [stderr] help: to clarify your intent to not inherit, add:
[INFO] [stderr]    |
[INFO] [stderr] 71 ~ unsafe_code = "forbid"
[INFO] [stderr] 72 + [lints]
[INFO] [stderr]    |
[INFO] [stderr] warning: `cerberus-hardening` (manifest) generated 1 warning
[INFO] [stderr]    Compiling proc-macro2 v1.0.107
[INFO] [stderr]    Compiling quote v1.0.47
[INFO] [stderr]    Compiling find-msvc-tools v0.1.11
[INFO] [stderr]    Compiling memchr v2.8.3
[INFO] [stderr]    Compiling libc v0.2.189
[INFO] [stderr]    Compiling smallvec v1.15.2
[INFO] [stderr]    Compiling vcpkg v0.2.15
[INFO] [stderr]    Compiling pkg-config v0.3.34
[INFO] [stderr]    Compiling cc v1.4.3
[INFO] [stderr]    Compiling bytes v1.12.1
[INFO] [stderr]    Compiling zeroize v1.9.0
[INFO] [stderr]    Compiling serde_core v1.0.229
[INFO] [stderr]    Compiling num-traits v0.2.19
[INFO] [stderr]    Compiling serde v1.0.229
[INFO] [stderr]    Compiling syn v3.0.3
[INFO] [stderr]    Compiling syn v2.0.119
[INFO] [stderr]    Compiling futures-sink v0.3.34
[INFO] [stderr]    Compiling typenum v1.20.1
[INFO] [stderr]    Compiling parking_lot_core v0.9.12
[INFO] [stderr]    Compiling errno v0.3.14
[INFO] [stderr]    Compiling socket2 v0.6.5
[INFO] [stderr]    Compiling signal-hook-registry v1.4.8
[INFO] [stderr]    Compiling mio v1.2.2
[INFO] [stderr]    Compiling parking_lot v0.12.5
[INFO] [stderr]    Compiling openssl-sys v0.9.117
[INFO] [stderr]    Compiling getrandom v0.2.17
[INFO] [stderr]    Compiling litemap v0.8.3
[INFO] [stderr]    Compiling writeable v0.6.4
[INFO] [stderr]    Compiling ring v0.17.14
[INFO] [stderr]    Compiling generic-array v0.14.7
[INFO] [stderr]    Compiling http v1.5.0
[INFO] [stderr]    Compiling rustls-pki-types v1.15.1
[INFO] [stderr]    Compiling bitflags v2.13.1
[INFO] [stderr]    Compiling icu_properties_data v2.3.0
[INFO] [stderr]    Compiling icu_normalizer_data v2.3.0
[INFO] [stderr]    Compiling num-conv v0.2.2
[INFO] [stderr]    Compiling time-core v0.1.9
[INFO] [stderr]    Compiling slab v0.4.12
[INFO] [stderr]    Compiling time-macros v0.2.32
[INFO] [stderr]    Compiling futures-util v0.3.34
[INFO] [stderr]    Compiling crypto-common v0.1.7
[INFO] [stderr]    Compiling http-body v1.1.0
[INFO] [stderr]    Compiling block-buffer v0.10.4
[INFO] [stderr]    Compiling aho-corasick v1.1.5
[INFO] [stderr]    Compiling foreign-types-shared v0.1.1
[INFO] [stderr]    Compiling openssl v0.10.81
[INFO] [stderr]    Compiling zerocopy v0.8.56
[INFO] [stderr]    Compiling minimal-lexical v0.2.1
[INFO] [stderr]    Compiling nom v7.1.3
[INFO] [stderr]    Compiling synstructure v0.13.2
[INFO] [stderr]    Compiling displaydoc v0.2.7
[INFO] [stderr]    Compiling zerovec-derive v0.11.4
[INFO] [stderr]    Compiling tokio-macros v2.7.2
[INFO] [stderr]    Compiling serde_derive v1.0.229
[INFO] [stderr]    Compiling regex-automata v0.4.18
[INFO] [stderr]    Compiling tokio v1.53.1
[INFO] [stderr]    Compiling thiserror-impl v2.0.20
[INFO] [stderr]    Compiling time v0.3.55
[INFO] [stderr]    Compiling zerofrom-derive v0.1.7
[INFO] [stderr]    Compiling yoke-derive v0.8.2
[INFO] [stderr]    Compiling zerofrom v0.1.8
[INFO] [stderr]    Compiling tracing-attributes v0.1.31
[INFO] [stderr]    Compiling yoke v0.8.3
[INFO] [stderr]    Compiling zerovec v0.11.7
[INFO] [stderr]    Compiling zerotrie v0.2.5
[INFO] [stderr]    Compiling tinystr v0.8.4
[INFO] [stderr]    Compiling potential_utf v0.1.6
[INFO] [stderr]    Compiling tracing v0.1.44
[INFO] [stderr]    Compiling icu_collections v2.3.0
[INFO] [stderr]    Compiling icu_locale_core v2.3.0
[INFO] [stderr]    Compiling openssl-macros v0.1.1
[INFO] [stderr]    Compiling foreign-types v0.3.2
[INFO] [stderr]    Compiling digest v0.10.7
[INFO] [stderr]    Compiling futures-channel v0.3.34
[INFO] [stderr]    Compiling ahash v0.8.12
[INFO] [stderr]    Compiling subtle v2.6.1
[INFO] [stderr]    Compiling zmij v1.0.23
[INFO] [stderr]    Compiling native-tls v0.2.18
[INFO] [stderr]    Compiling icu_provider v2.3.0
[INFO] [stderr]    Compiling thiserror v2.0.20
[INFO] [stderr]    Compiling icu_properties v2.3.0
[INFO] [stderr]    Compiling icu_normalizer v2.3.0
[INFO] [stderr]    Compiling idna_adapter v1.2.2
[INFO] [stderr]    Compiling hyper v1.11.0
[INFO] [stderr]    Compiling asn1-rs-impl v0.2.0
[INFO] [stderr]    Compiling asn1-rs-derive v0.6.0
[INFO] [stderr]    Compiling rusticata-macros v4.1.0
[INFO] [stderr]    Compiling serde_json v1.0.151
[INFO] [stderr]    Compiling getrandom v0.4.3
[INFO] [stderr]    Compiling ipnet v2.12.1
[INFO] [stderr]    Compiling asn1-rs v0.7.2
[INFO] [stderr]    Compiling hyper-util v0.1.20
[INFO] [stderr]    Compiling idna v1.1.0
[INFO] [stderr]    Compiling curve25519-dalek v4.1.3
[INFO] [stderr]    Compiling sha2 v0.10.9
[INFO] [stderr]    Compiling num-integer v0.1.47
[INFO] [stderr]    Compiling libsqlite3-sys v0.28.0
[INFO] [stderr]    Compiling unsafe-libyaml v0.2.11
[INFO] [stderr]    Compiling rustls v0.23.43
[INFO] [stderr]    Compiling oid-registry v0.8.1
[INFO] [stderr]    Compiling tower v0.5.3
[INFO] [stderr]    Compiling num-bigint v0.4.8
[INFO] [stderr]    Compiling serde_yaml v0.9.34+deprecated
[INFO] [stderr]    Compiling url v2.5.8
[INFO] [stderr]    Compiling hashbrown v0.14.5
[INFO] [stderr]    Compiling tokio-native-tls v0.3.1
[INFO] [stderr]    Compiling rustls-webpki v0.103.14
[INFO] [stderr]    Compiling regex v1.13.1
[INFO] [stderr]    Compiling curve25519-dalek-derive v0.1.1
[INFO] [stderr]    Compiling http-body-util v0.1.5
[INFO] [stderr]    Compiling ed25519 v2.2.3
[INFO] [stderr]    Compiling hyper-tls v0.6.0
[INFO] [stderr]    Compiling chrono v0.4.45
[INFO] [stderr]    Compiling cerberus-engine v0.1.0 (/opt/rustwide/workdir/crates/cerberus-engine)
[INFO] [stderr]    Compiling uuid v1.24.1
[INFO] [stderr]    Compiling der-parser v10.0.0
[INFO] [stderr]    Compiling hashlink v0.9.1
[INFO] [stderr]    Compiling tower-http v0.6.11
[INFO] [stderr]    Compiling serde_urlencoded v0.7.1
[INFO] [stderr]    Compiling fallible-iterator v0.3.0
[INFO] [stderr]    Compiling fallible-streaming-iterator v0.1.9
[INFO] [stderr]    Compiling data-encoding v2.11.1
[INFO] [stderr]    Compiling reqwest v0.12.28
[INFO] [stderr]    Compiling ed25519-dalek v2.2.0
[INFO] [stderr]    Compiling x509-parser v0.18.1
[INFO] [stderr]    Compiling matchers v0.2.0
[INFO] [stderr]    Compiling yasna v0.6.0
[INFO] [stderr]    Compiling pem v3.0.6
[INFO] [stderr]    Compiling tokio-rustls v0.26.4
[INFO] [stderr]    Compiling webpki-roots v1.0.9
[INFO] [stderr]    Compiling thread_local v1.1.10
[INFO] [stderr]    Compiling hex v0.4.3
[INFO] [stderr]    Compiling tracing-subscriber v0.3.23
[INFO] [stderr]    Compiling cerberus-packs v0.1.0 (/opt/rustwide/workdir/crates/cerberus-packs)
[INFO] [stderr]    Compiling hyper-rustls v0.27.9
[INFO] [stderr]    Compiling rcgen v0.14.9
[INFO] [stderr]    Compiling rustls-pemfile v2.2.0
[INFO] [stderr]    Compiling rusqlite v0.31.0
[INFO] [stderr]    Compiling cerberus-store v0.1.0 (/opt/rustwide/workdir/crates/cerberus-store)
[INFO] [stderr]    Compiling cerberus-proxy v0.1.0 (/opt/rustwide/workdir/crates/cerberus-proxy)
[INFO] [stderr]    Compiling cerberus-hardening v0.1.0 (/opt/rustwide/workdir)
[INFO] [stderr]     Finished `release` profile [optimized] target(s) in 2m 33s
[INFO] running `Command { std: "docker" "inspect" "507a346a5f6242ec4e838cc131246006f21210122a64af8c8ff3f1d6b24086dd", kill_on_drop: false }`
[INFO] running `Command { std: "docker" "exec" "-e" "SOURCE_DIR=/opt/rustwide/workdir" "-e" "CARGO_HOME=/opt/rustwide/cargo-home" "-e" "RUSTUP_HOME=/opt/rustwide/rustup-home" "-e" "CARGO_TARGET_DIR=/opt/rustwide/target" "-e" "CARGO_INCREMENTAL=0" "-e" "RUST_BACKTRACE=full" "-e" "RUSTFLAGS=--cap-lints=warn" "-e" "RUSTDOCFLAGS=--cap-lints=warn" "-w" "/opt/rustwide/workdir" "--user" "0:0" "507a346a5f6242ec4e838cc131246006f21210122a64af8c8ff3f1d6b24086dd" "/opt/rustwide/cargo-home/bin/cargo" "+1.100.0-beta.1" "test" "--frozen" "--release", kill_on_drop: false }`
[INFO] [stderr] warning: missing `[lints]` to inherit `[workspace.lints]`
[INFO] [stderr]   --> Cargo.toml
[INFO] [stderr]    = note: `cargo::missing_lints_inheritance` is set to `warn` by default
[INFO] [stderr] help: to inherit `workspace.lints, add:
[INFO] [stderr]    |
[INFO] [stderr] 71 ~ unsafe_code = "forbid"
[INFO] [stderr] 72 + [lints]
[INFO] [stderr] 73 + workspace = true
[INFO] [stderr]    |
[INFO] [stderr] help: to clarify your intent to not inherit, add:
[INFO] [stderr]    |
[INFO] [stderr] 71 ~ unsafe_code = "forbid"
[INFO] [stderr] 72 + [lints]
[INFO] [stderr]    |
[INFO] [stderr] warning: `cerberus-hardening` (manifest) generated 1 warning
[INFO] [stderr]     Finished `release` profile [optimized] target(s) in 0.21s
[INFO] [stderr]      Running unittests src/lib_stub.rs (/opt/rustwide/target/release/build/cerberus-hardening/a72d683fb69b7c1d/out/cerberus_hardening-a72d683fb69b7c1d)
[INFO] [stdout] 
[INFO] [stdout] running 0 tests
[INFO] [stdout] 
[INFO] [stdout] test result: ok. 0 passed; 0 failed; 0 ignored; 0 measured; 0 filtered out; finished in 0.00s
[INFO] [stdout] 
[INFO] [stderr]      Running tests/failsafe.rs (/opt/rustwide/target/release/build/cerberus-hardening/e10a5b57fa3377a1/out/failsafe-e10a5b57fa3377a1)
[INFO] [stdout] 
[INFO] [stdout] running 10 tests
[INFO] [stdout] test fail_closed_rejects_on_engine_error ... ok
[INFO] [stdout] test fail_closed_rejects_on_heterogeneous_errors ... ok
[INFO] [stdout] test fail_open_allows_on_heterogeneous_errors ... ok
[INFO] [stdout] test fail_policy_default_is_closed_on_critical ... ok
[INFO] [stdout] test fail_open_allows_on_engine_error ... ok
[INFO] [stdout] test invalid_redaction_fail_closed ... ok
[INFO] [stdout] test policy_decision_is_exhaustive ... ok
[INFO] [stdout] test proxy_pipeline_fail_closed_rejects_on_simulated_engine_error ... ok
[INFO] [stdout] test empty_engine_scan_succeeds ... ok
[INFO] [stdout] test scan_redact_policy_pipeline ... ok
[INFO] [stdout] 
[INFO] [stdout] test result: ok. 10 passed; 0 failed; 0 ignored; 0 measured; 0 filtered out; finished in 0.00s
[INFO] [stdout] 
[INFO] [stderr]      Running tests/hotpath_sync_write_gate.rs (/opt/rustwide/target/release/build/cerberus-hardening/08c20fab70186f0a/out/hotpath_sync_write_gate-08c20fab70186f0a)
[INFO] [stdout] 
[INFO] [stdout] running 3 tests
[INFO] [stdout] test logging_module_is_non_blocking_by_construction ... ok
[INFO] [stdout] test cli_main_holds_the_log_guard_for_the_process_lifetime ... ok
[INFO] [stdout] test hot_path_has_no_synchronous_console_writes ... ok
[INFO] [stdout] 
[INFO] [stdout] test result: ok. 3 passed; 0 failed; 0 ignored; 0 measured; 0 filtered out; finished in 0.00s
[INFO] [stdout] 
[INFO] [stderr]      Running tests/load_test.rs (/opt/rustwide/target/release/build/cerberus-hardening/e6f4dbbeab62340c/out/load_test-e6f4dbbeab62340c)
[INFO] [stdout] 
[INFO] [stdout] running 14 tests
[INFO] [stdout] test load_test_100kb_clean ... ok
[INFO] [stdout] test load_test_default_pack_rule_count ... ok
[INFO] [stdout] test load_test_10kb_clean ... ok
[INFO] [stdout] test load_test_100kb_phone_list ... FAILED
[INFO] [stdout] test load_test_1kb_clean ... ok
[INFO] [stdout] test load_test_attempt7_mixed_pan_recovery_budgets ... ok
[INFO] [stdout] test load_test_attempt6_pan_path_plan_budgets ... FAILED
[INFO] [stdout] test load_test_decode_and_scan ... ok
[INFO] [stdout] test load_test_50kb_with_secrets ... ok
[INFO] [stdout] test load_test_empty_engine ... ok
[INFO] [stdout] test load_test_f1_3_engine_throughput_gate ... ok
[INFO] [stdout] test load_test_f3_3_honest_http_round_trip_gate ... ok
[INFO] [stdout] test load_test_json_many_leaf_context_reuse ... ok
[INFO] [stdout] test load_test_scan_and_redact ... ok
[INFO] [stdout] 
[INFO] [stdout] failures:
[INFO] [stdout] 
[INFO] [stdout] ---- load_test_100kb_phone_list stdout ----
[INFO] [stdout] load_test_100kb_phone_list: profile=release budget=8.0ms p99=8.605 ms
[INFO] [stdout] 
[INFO] [stdout] thread 'load_test_100kb_phone_list' (2995) panicked at tests/load_test.rs:134:9:
[INFO] [stdout] 100kb_phone_list: p99 8.605ms exceeds release budget 8ms
[INFO] [stdout] stack backtrace:
[INFO] [stdout]    0:     0x610c3b49e521 - <<std[617be2ca0a6fd877]::sys::backtrace::BacktraceLock>::print::DisplayBacktrace as core[a373ad73a504971]::fmt::Display>::fmt
[INFO] [stdout]    1:     0x610c3b4b63ea - core[a373ad73a504971]::fmt::write
[INFO] [stdout]    2:     0x610c3b4a2dfc - <alloc[2e1b2a31b91974c5]::vec::Vec<u8> as core[a373ad73a504971]::io::write::Write>::write_fmt
[INFO] [stdout]    3:     0x610c3b478af6 - std[617be2ca0a6fd877]::panicking::default_hook::{closure#0}
[INFO] [stdout]    4:     0x610c3b495b79 - std[617be2ca0a6fd877]::panicking::default_hook
[INFO] [stdout]    5:     0x610c3b0ff990 - test[aada8e7e76ba119b]::test_main_inner::{closure#0}
[INFO] [stdout]    6:     0x610c3b495ea2 - std[617be2ca0a6fd877]::panicking::panic_with_hook
[INFO] [stdout]    7:     0x610c3b478ba2 - std[617be2ca0a6fd877]::panicking::panic_handler::{closure#0}
[INFO] [stdout]    8:     0x610c3b471539 - std[617be2ca0a6fd877]::sys::backtrace::__rust_end_short_backtrace::<std[617be2ca0a6fd877]::panicking::panic_handler::{closure#0}, !>
[INFO] [stdout]    9:     0x610c3b479a8d - __rustc[ea4f61d10b84890b]::rust_begin_unwind
[INFO] [stdout]   10:     0x610c3b4b6bcc - core[a373ad73a504971]::panicking::panic_fmt
[INFO] [stdout]   11:     0x610c3b06893b - load_test[9d52c5163abda254]::assert_p99_budget
[INFO] [stdout]   12:     0x610c3b071acf - <load_test[9d52c5163abda254]::load_test_100kb_phone_list::{closure#0} as core[a373ad73a504971]::ops::function::FnOnce<()>>::call_once
[INFO] [stdout]   13:     0x610c3b0f2ddb - test[aada8e7e76ba119b]::__rust_begin_short_backtrace::<core[a373ad73a504971]::result::Result<(), alloc[2e1b2a31b91974c5]::string::String>, fn() -> core[a373ad73a504971]::result::Result<(), alloc[2e1b2a31b91974c5]::string::String>>
[INFO] [stdout]   14:     0x610c3b0fffb5 - test[aada8e7e76ba119b]::run_test::{closure#0}
[INFO] [stdout]   15:     0x610c3b0f98a4 - std[617be2ca0a6fd877]::sys::backtrace::__rust_begin_short_backtrace::<test[aada8e7e76ba119b]::run_test::{closure#1}, ()>
[INFO] [stdout]   16:     0x610c3b103042 - <std[617be2ca0a6fd877]::thread::lifecycle::spawn_unchecked<test[aada8e7e76ba119b]::run_test::{closure#1}, ()>::{closure#1} as core[a373ad73a504971]::ops::function::FnOnce<()>>::call_once::{shim:vtable#0}
[INFO] [stdout]   17:     0x610c3b49d26f - <std[617be2ca0a6fd877]::sys::thread::unix::Thread>::new::thread_start
[INFO] [stdout]   18:     0x75b150058dfa - <unknown>
[INFO] [stdout]   19:     0x75b1500ec3d4 - clone
[INFO] [stdout]   20:                0x0 - <unknown>
[INFO] [stdout] 
[INFO] [stdout] ---- load_test_attempt6_pan_path_plan_budgets stdout ----
[INFO] [stdout] load_test_attempt6_mixed_pan_dense_50kb: profile=release plan_budget=5.0ms ci_tolerance=2.0x p50=0.868ms p99=0.914ms
[INFO] [stdout] load_test_attempt6_mixed_pan_dense_100kb: profile=release plan_budget=1.0ms ci_tolerance=2.0x p50=1.743ms p99=1.845ms
[INFO] [stdout] 
[INFO] [stdout] thread 'load_test_attempt6_pan_path_plan_budgets' (2999) panicked at tests/load_test.rs:187:9:
[INFO] [stdout] attempt6_mixed_pan_dense_100kb: release p50 1.743ms exceeds plan budget 1ms
[INFO] [stdout] stack backtrace:
[INFO] [stdout]    0:     0x610c3b49e521 - <<std[617be2ca0a6fd877]::sys::backtrace::BacktraceLock>::print::DisplayBacktrace as core[a373ad73a504971]::fmt::Display>::fmt
[INFO] [stdout]    1:     0x610c3b4b63ea - core[a373ad73a504971]::fmt::write
[INFO] [stdout]    2:     0x610c3b4a2dfc - <alloc[2e1b2a31b91974c5]::vec::Vec<u8> as core[a373ad73a504971]::io::write::Write>::write_fmt
[INFO] [stdout]    3:     0x610c3b478af6 - std[617be2ca0a6fd877]::panicking::default_hook::{closure#0}
[INFO] [stdout]    4:     0x610c3b495b79 - std[617be2ca0a6fd877]::panicking::default_hook
[INFO] [stdout]    5:     0x610c3b0ff990 - test[aada8e7e76ba119b]::test_main_inner::{closure#0}
[INFO] [stdout]    6:     0x610c3b495ea2 - std[617be2ca0a6fd877]::panicking::panic_with_hook
[INFO] [stdout]    7:     0x610c3b478ba2 - std[617be2ca0a6fd877]::panicking::panic_handler::{closure#0}
[INFO] [stdout]    8:     0x610c3b471539 - std[617be2ca0a6fd877]::sys::backtrace::__rust_end_short_backtrace::<std[617be2ca0a6fd877]::panicking::panic_handler::{closure#0}, !>
[INFO] [stdout]    9:     0x610c3b479a8d - __rustc[ea4f61d10b84890b]::rust_begin_unwind
[INFO] [stdout]   10:     0x610c3b4b6bcc - core[a373ad73a504971]::panicking::panic_fmt
[INFO] [stdout]   11:     0x610c3b06996e - load_test[9d52c5163abda254]::assert_plan_budgets
[INFO] [stdout]   12:     0x610c3b074163 - <load_test[9d52c5163abda254]::load_test_attempt6_pan_path_plan_budgets::{closure#0} as core[a373ad73a504971]::ops::function::FnOnce<()>>::call_once
[INFO] [stdout]   13:     0x610c3b0f2ddb - test[aada8e7e76ba119b]::__rust_begin_short_backtrace::<core[a373ad73a504971]::result::Result<(), alloc[2e1b2a31b91974c5]::string::String>, fn() -> core[a373ad73a504971]::result::Result<(), alloc[2e1b2a31b91974c5]::string::String>>
[INFO] [stdout]   14:     0x610c3b0fffb5 - test[aada8e7e76ba119b]::run_test::{closure#0}
[INFO] [stdout]   15:     0x610c3b0f98a4 - std[617be2ca0a6fd877]::sys::backtrace::__rust_begin_short_backtrace::<test[aada8e7e76ba119b]::run_test::{closure#1}, ()>
[INFO] [stdout]   16:     0x610c3b103042 - <std[617be2ca0a6fd877]::thread::lifecycle::spawn_unchecked<test[aada8e7e76ba119b]::run_test::{closure#1}, ()>::{closure#1} as core[a373ad73a504971]::ops::function::FnOnce<()>>::call_once::{shim:vtable#0}
[INFO] [stdout]   17:     0x610c3b49d26f - <std[617be2ca0a6fd877]::sys::thread::unix::Thread>::new::thread_start
[INFO] [stdout]   18:     0x75b150058dfa - <unknown>
[INFO] [stdout]   19:     0x75b1500ec3d4 - clone
[INFO] [stdout]   20:                0x0 - <unknown>
[INFO] [stdout] 
[INFO] [stdout] 
[INFO] [stdout] failures:
[INFO] [stdout]     load_test_100kb_phone_list
[INFO] [stdout]     load_test_attempt6_pan_path_plan_budgets
[INFO] [stdout] 
[INFO] [stdout] test result: FAILED. 12 passed; 2 failed; 0 ignored; 0 measured; 0 filtered out; finished in 10.97s
[INFO] [stdout] 
[INFO] [stderr] error: test failed, to rerun pass `--test load_test`
[INFO] running `Command { std: "docker" "inspect" "507a346a5f6242ec4e838cc131246006f21210122a64af8c8ff3f1d6b24086dd", kill_on_drop: false }`
[INFO] running `Command { std: "docker" "rm" "-f" "507a346a5f6242ec4e838cc131246006f21210122a64af8c8ff3f1d6b24086dd", kill_on_drop: false }`
[INFO] [stdout] 507a346a5f6242ec4e838cc131246006f21210122a64af8c8ff3f1d6b24086dd
