[INFO] fetching crate yellowstone-vixen 0.7.0...
[INFO] testing yellowstone-vixen-0.7.0 against 1.99.0-beta.8+cargoflags=--release for beta-release-1.100-2
[INFO] extracting crate yellowstone-vixen 0.7.0 into /workspace/builds/worker-4-tc1/source
[INFO] started tweaking crates.io crate yellowstone-vixen 0.7.0
[INFO] finished tweaking crates.io crate yellowstone-vixen 0.7.0
[INFO] tweaked toml for crates.io crate yellowstone-vixen 0.7.0 written to /workspace/builds/worker-4-tc1/source/Cargo.toml
[INFO] validating manifest of crates.io crate yellowstone-vixen 0.7.0 on toolchain 1.99.0-beta.8
[INFO] running `Command { std: CARGO_HOME="/workspace/cargo-home" RUSTUP_HOME="/workspace/rustup-home" "/workspace/cargo-home/bin/cargo" "+1.99.0-beta.8" "metadata" "--manifest-path" "Cargo.toml" "--no-deps", kill_on_drop: false }`
[INFO] crate crates.io crate yellowstone-vixen 0.7.0 already has a lockfile, it will not be regenerated
[INFO] running `Command { std: CARGO_HOME="/workspace/cargo-home" RUSTUP_HOME="/workspace/rustup-home" "/workspace/cargo-home/bin/cargo" "+1.99.0-beta.8" "fetch" "--manifest-path" "Cargo.toml", kill_on_drop: false }`
[INFO] [stderr]     Blocking waiting for file lock on package cache
[INFO] [stderr]     Blocking waiting for file lock on package cache
[INFO] running `Command { std: "docker" "create" "-v" "/var/lib/crater-agent-workspace/builds/worker-4-tc1/source:/opt/rustwide/workdir:ro,Z" "-v" "/var/lib/crater-agent-workspace/builds/worker-4-tc1/target:/opt/rustwide/target:rw,Z" "-v" "/var/lib/crater-agent-workspace/cargo-home:/opt/rustwide/cargo-home:ro,Z" "-v" "/var/lib/crater-agent-workspace/rustup-home:/opt/rustwide/rustup-home:ro,Z" "-m" "1610612736" "--network" "none" "ghcr.io/rust-lang/crates-build-env/linux@sha256:77db811e55d90add9212f6832c23229e3de5f1c1f9905e8cb07319ea15df73ac" "sleep" "infinity", kill_on_drop: false }`
[INFO] [stdout] 63667e5e3071c9d1903a0118bf6723855d0ce660289aefc537b3ca5d0d1e7801
[INFO] running `Command { std: "docker" "start" "63667e5e3071c9d1903a0118bf6723855d0ce660289aefc537b3ca5d0d1e7801", kill_on_drop: false }`
[INFO] running `Command { std: "docker" "inspect" "63667e5e3071c9d1903a0118bf6723855d0ce660289aefc537b3ca5d0d1e7801", kill_on_drop: false }`
[INFO] running `Command { std: "docker" "exec" "-e" "SOURCE_DIR=/opt/rustwide/workdir" "-e" "CARGO_HOME=/opt/rustwide/cargo-home" "-e" "RUSTUP_HOME=/opt/rustwide/rustup-home" "-e" "CARGO_TARGET_DIR=/opt/rustwide/target" "-w" "/opt/rustwide/workdir" "--user" "0:0" "63667e5e3071c9d1903a0118bf6723855d0ce660289aefc537b3ca5d0d1e7801" "/opt/rustwide/cargo-home/bin/cargo" "+1.99.0-beta.8" "metadata" "--no-deps" "--format-version=1", kill_on_drop: false }`
[INFO] running `Command { std: "docker" "inspect" "63667e5e3071c9d1903a0118bf6723855d0ce660289aefc537b3ca5d0d1e7801", kill_on_drop: false }`
[INFO] running `Command { std: "docker" "exec" "-e" "SOURCE_DIR=/opt/rustwide/workdir" "-e" "CARGO_HOME=/opt/rustwide/cargo-home" "-e" "RUSTUP_HOME=/opt/rustwide/rustup-home" "-e" "CARGO_TARGET_DIR=/opt/rustwide/target" "-e" "CARGO_INCREMENTAL=0" "-e" "RUST_BACKTRACE=full" "-e" "RUSTFLAGS=--cap-lints=warn" "-e" "RUSTDOCFLAGS=--cap-lints=warn" "-w" "/opt/rustwide/workdir" "--user" "0:0" "63667e5e3071c9d1903a0118bf6723855d0ce660289aefc537b3ca5d0d1e7801" "/opt/rustwide/cargo-home/bin/cargo" "+1.99.0-beta.8" "build" "--frozen" "--message-format=json" "--release", kill_on_drop: false }`
[INFO] [stderr]    Compiling libc v0.2.178
[INFO] [stderr]    Compiling futures-sink v0.3.31
[INFO] [stderr]    Compiling slab v0.4.11
[INFO] [stderr]    Compiling anyhow v1.0.103
[INFO] [stderr]    Compiling either v1.15.0
[INFO] [stderr]    Compiling futures-io v0.3.31
[INFO] [stderr]    Compiling futures-task v0.3.31
[INFO] [stderr]    Compiling proc-macro2 v1.0.106
[INFO] [stderr]    Compiling tracing-core v0.1.35
[INFO] [stderr]    Compiling http v1.4.0
[INFO] [stderr]    Compiling find-msvc-tools v0.1.5
[INFO] [stderr]    Compiling indexmap v2.12.1
[INFO] [stderr]    Compiling bitflags v2.10.0
[INFO] [stderr]    Compiling rustls-pki-types v1.13.1
[INFO] [stderr]    Compiling serde_core v1.0.228
[INFO] [stderr]    Compiling prettyplease v0.2.37
[INFO] [stderr]    Compiling pulldown-cmark v0.13.0
[INFO] [stderr]    Compiling futures-channel v0.3.31
[INFO] [stderr]    Compiling rustix v1.1.2
[INFO] [stderr]    Compiling getrandom v0.3.4
[INFO] [stderr]    Compiling rustls v0.23.35
[INFO] [stderr]    Compiling regex-syntax v0.8.8
[INFO] [stderr]    Compiling quote v1.0.46
[INFO] [stderr]    Compiling bytes v1.11.1
[INFO] [stderr]    Compiling memchr v2.7.6
[INFO] [stderr]    Compiling linux-raw-sys v0.11.0
[INFO] [stderr]    Compiling unicase v2.8.1
[INFO] [stderr]    Compiling itertools v0.13.0
[INFO] [stderr]    Compiling syn v2.0.118
[INFO] [stderr]    Compiling rustls-webpki v0.103.13
[INFO] [stderr]    Compiling simd-adler32 v0.3.7
[INFO] [stderr]    Compiling once_cell v1.21.3
[INFO] [stderr]    Compiling fastrand v2.3.0
[INFO] [stderr]    Compiling miniz_oxide v0.8.9
[INFO] [stderr]    Compiling log v0.4.29
[INFO] [stderr]    Compiling five8_core v1.0.0
[INFO] [stderr]    Compiling petgraph v0.6.5
[INFO] [stderr]    Compiling matchit v0.8.4
[INFO] [stderr]    Compiling openssl-probe v0.1.6
[INFO] [stderr]    Compiling jobserver v0.1.34
[INFO] [stderr]    Compiling http-body v1.0.1
[INFO] [stderr]    Compiling mio v1.1.1
[INFO] [stderr]    Compiling socket2 v0.6.1
[INFO] [stderr]    Compiling signal-hook-registry v1.4.7
[INFO] [stderr]    Compiling cc v1.2.48
[INFO] [stderr]    Compiling regex-automata v0.4.13
[INFO] [stderr]    Compiling http-body-util v0.1.3
[INFO] [stderr]    Compiling pulldown-cmark-to-cmark v21.1.0
[INFO] [stderr]    Compiling axum-core v0.5.5
[INFO] [stderr]    Compiling flate2 v1.1.5
[INFO] [stderr]    Compiling rustls-native-certs v0.8.2
[INFO] [stderr]    Compiling protoc-bin-vendored-linux-x86_64 v3.2.0
[INFO] [stderr]    Compiling protoc-bin-vendored-linux-s390_64 v3.2.0
[INFO] [stderr]    Compiling protoc-bin-vendored-linux-aarch_64 v3.2.0
[INFO] [stderr]    Compiling tempfile v3.23.0
[INFO] [stderr]    Compiling protoc-bin-vendored-win32 v3.2.0
[INFO] [stderr]    Compiling protoc-bin-vendored-macos-aarch_64 v3.2.0
[INFO] [stderr]    Compiling protoc-bin-vendored-linux-x86_32 v3.2.0
[INFO] [stderr]    Compiling protoc-bin-vendored-linux-ppcle_64 v3.2.0
[INFO] [stderr]    Compiling protoc-bin-vendored-macos-x86_64 v3.2.0
[INFO] [stderr]    Compiling five8 v1.0.0
[INFO] [stderr]    Compiling five8_const v1.0.0
[INFO] [stderr]    Compiling protoc-bin-vendored v3.2.0
[INFO] [stderr]    Compiling solana-sanitize v3.0.1
[INFO] [stderr]    Compiling solana-program-error v3.0.0
[INFO] [stderr]    Compiling solana-atomic-u64 v3.0.0
[INFO] [stderr]    Compiling cfg_aliases v0.2.1
[INFO] [stderr]    Compiling anstream v0.6.21
[INFO] [stderr]    Compiling crossbeam-utils v0.8.21
[INFO] [stderr]    Compiling borsh v1.6.0
[INFO] [stderr]    Compiling solana-address v2.6.1
[INFO] [stderr]    Compiling siphasher v1.0.1
[INFO] [stderr]    Compiling arc-swap v1.7.1
[INFO] [stderr]    Compiling zstd-sys v2.0.16+zstd.1.5.7
[INFO] [stderr]    Compiling solana-pubkey v4.2.0
[INFO] [stderr]    Compiling bs58 v0.5.1
[INFO] [stderr]    Compiling regex v1.12.2
[INFO] [stderr]    Compiling crossbeam-channel v0.5.15
[INFO] [stderr]    Compiling terminal_size v0.4.3
[INFO] [stderr]    Compiling clap_builder v4.5.53
[INFO] [stderr]    Compiling tonic-build v0.14.2
[INFO] [stderr]    Compiling tokio-macros v2.6.0
[INFO] [stderr]    Compiling tokio v1.48.0
[INFO] [stderr]    Compiling tracing-attributes v0.1.31
[INFO] [stderr]    Compiling futures-macro v0.3.31
[INFO] [stderr]    Compiling tracing v0.1.43
[INFO] [stderr]    Compiling prost-derive v0.14.1
[INFO] [stderr]    Compiling pin-project-internal v1.1.10
[INFO] [stderr]    Compiling futures-util v0.3.31
[INFO] [stderr]    Compiling async-trait v0.1.89
[INFO] [stderr]    Compiling thiserror-impl v2.0.18
[INFO] [stderr]    Compiling prost v0.14.1
[INFO] [stderr]    Compiling pin-project v1.1.10
[INFO] [stderr]    Compiling serde_derive v1.0.228
[INFO] [stderr]    Compiling prost-types v0.14.1
[INFO] [stderr]    Compiling thiserror-impl v1.0.69
[INFO] [stderr]    Compiling clap_derive v4.5.49
[INFO] [stderr]    Compiling thiserror v2.0.18
[INFO] [stderr]    Compiling thiserror v1.0.69
[INFO] [stderr]    Compiling prost-build v0.14.1
[INFO] [stderr]    Compiling tonic-prost-build v0.14.2
[INFO] [stderr]    Compiling clap v4.5.53
[INFO] [stderr]    Compiling serde v1.0.228
[INFO] [stderr]    Compiling tokio-util v0.7.17
[INFO] [stderr]    Compiling tokio-rustls v0.26.4
[INFO] [stderr]    Compiling yellowstone-grpc-proto v12.5.0
[INFO] [stderr]    Compiling futures-executor v0.3.31
[INFO] [stderr]    Compiling futures v0.3.31
[INFO] [stderr]    Compiling tower v0.4.13
[INFO] [stderr]    Compiling h2 v0.4.12
[INFO] [stderr]    Compiling tower v0.5.2
[INFO] [stderr]    Compiling tokio-stream v0.1.17
[INFO] [stderr]    Compiling axum v0.8.7
[INFO] [stderr]    Compiling hyper v1.8.1
[INFO] [stderr]    Compiling hyper-util v0.1.19
[INFO] [stderr]    Compiling zstd-safe v7.2.4
[INFO] [stderr]    Compiling zstd v0.13.3
[INFO] [stderr]    Compiling hyper-timeout v0.5.2
[INFO] [stderr]    Compiling tonic v0.14.2
[INFO] [stderr]    Compiling tonic-prost v0.14.2
[INFO] [stderr]    Compiling tonic-health v0.14.2
[INFO] [stderr]    Compiling yellowstone-grpc-client v13.1.1
[INFO] [stderr]    Compiling yellowstone-vixen-core v0.7.0
[INFO] [stderr]    Compiling yellowstone-vixen v0.7.0 (/opt/rustwide/workdir)
[INFO] [stderr]     Finished `release` profile [optimized] target(s) in 1m 55s
[INFO] running `Command { std: "docker" "inspect" "63667e5e3071c9d1903a0118bf6723855d0ce660289aefc537b3ca5d0d1e7801", kill_on_drop: false }`
[INFO] running `Command { std: "docker" "exec" "-e" "SOURCE_DIR=/opt/rustwide/workdir" "-e" "CARGO_HOME=/opt/rustwide/cargo-home" "-e" "RUSTUP_HOME=/opt/rustwide/rustup-home" "-e" "CARGO_TARGET_DIR=/opt/rustwide/target" "-e" "CARGO_INCREMENTAL=0" "-e" "RUST_BACKTRACE=full" "-e" "RUSTFLAGS=--cap-lints=warn" "-e" "RUSTDOCFLAGS=--cap-lints=warn" "-w" "/opt/rustwide/workdir" "--user" "0:0" "63667e5e3071c9d1903a0118bf6723855d0ce660289aefc537b3ca5d0d1e7801" "/opt/rustwide/cargo-home/bin/cargo" "+1.99.0-beta.8" "test" "--frozen" "--no-run" "--message-format=json" "--release", kill_on_drop: false }`
[INFO] [stderr]    Compiling tokio v1.48.0
[INFO] [stderr]    Compiling tokio-util v0.7.17
[INFO] [stderr]    Compiling tokio-rustls v0.26.4
[INFO] [stderr]    Compiling h2 v0.4.12
[INFO] [stderr]    Compiling tower v0.5.2
[INFO] [stderr]    Compiling tokio-stream v0.1.17
[INFO] [stderr]    Compiling axum v0.8.7
[INFO] [stderr]    Compiling hyper v1.8.1
[INFO] [stderr]    Compiling hyper-util v0.1.19
[INFO] [stderr]    Compiling hyper-timeout v0.5.2
[INFO] [stderr]    Compiling tonic v0.14.2
[INFO] [stderr]    Compiling tonic-prost v0.14.2
[INFO] [stderr]    Compiling yellowstone-grpc-proto v12.5.0
[INFO] [stderr]    Compiling tonic-health v0.14.2
[INFO] [stderr]    Compiling yellowstone-vixen-core v0.7.0
[INFO] [stderr]    Compiling yellowstone-grpc-client v13.1.1
[INFO] [stderr]    Compiling yellowstone-vixen v0.7.0 (/opt/rustwide/workdir)
[INFO] [stderr]     Finished `release` profile [optimized] target(s) in 45.86s
[INFO] running `Command { std: "docker" "inspect" "63667e5e3071c9d1903a0118bf6723855d0ce660289aefc537b3ca5d0d1e7801", kill_on_drop: false }`
[INFO] running `Command { std: "docker" "exec" "-e" "SOURCE_DIR=/opt/rustwide/workdir" "-e" "CARGO_HOME=/opt/rustwide/cargo-home" "-e" "RUSTUP_HOME=/opt/rustwide/rustup-home" "-e" "CARGO_TARGET_DIR=/opt/rustwide/target" "-e" "CARGO_INCREMENTAL=0" "-e" "RUST_BACKTRACE=full" "-e" "RUSTFLAGS=--cap-lints=warn" "-e" "RUSTDOCFLAGS=--cap-lints=warn" "-w" "/opt/rustwide/workdir" "--user" "0:0" "63667e5e3071c9d1903a0118bf6723855d0ce660289aefc537b3ca5d0d1e7801" "/opt/rustwide/cargo-home/bin/cargo" "+1.99.0-beta.8" "test" "--frozen" "--release", kill_on_drop: false }`
[INFO] [stderr]     Finished `release` profile [optimized] target(s) in 0.21s
[INFO] [stderr]      Running unittests src/lib.rs (/opt/rustwide/target/release/deps/yellowstone_vixen-0bd22b64aaf58b88)
[INFO] [stdout] 
[INFO] [stdout] running 35 tests
[INFO] [stdout] test load_tests::load_backpressure_caps_outstanding_work ... ignored, load test; run with --ignored
[INFO] [stdout] test load_tests::load_clean_drain_under_saturation ... ignored, load test; run with --ignored
[INFO] [stdout] test load_tests::load_handler_latency_sweep_respects_bound ... ignored, load test; run with --ignored
[INFO] [stdout] test load_tests::load_permit_accounting_survives_panic_churn ... ignored, load test; run with --ignored
[INFO] [stdout] test load_tests::load_throughput_ceiling_by_jobs ... ignored, load test; run with --ignored
[INFO] [stdout] test load_tests::load_wedged_handler_bounded_by_ceiling ... ignored, load test; run with --ignored
[INFO] [stdout] test instruction::tests::instruction_pipeline_merges_sub_parser_prefilters ... ok
[INFO] [stdout] test instruction::tests::instruction_pipeline_fans_out_to_all_bundled_parsers ... ok
[INFO] [stdout] test buffer::tests::drain_returns_at_once_when_idle ... ok
[INFO] [stdout] test runtime_tests::test_grpc_resource_exhausted_error ... ok
[INFO] [stdout] test runtime_tests::test_grpc_unauthenticated_error ... ok
[INFO] [stdout] test buffer::tests::drain_gives_up_at_the_shipped_ceiling ... ok
[INFO] [stdout] test runtime_tests::test_grpc_unavailable_error ... ok
[INFO] [stdout] test runtime_tests::test_source_exit_status_completed ... ok
[INFO] [stdout] test runtime_tests::test_source_exit_status_error_preserves_message ... ok
[INFO] [stdout] test runtime_tests::test_source_exit_status_receiver_dropped ... ok
[INFO] [stdout] test runtime_tests::test_source_exit_status_stream_error_preserves_details ... ok
[INFO] [stdout] test runtime_tests::edge_stop_waits_for_in_flight_handlers ... FAILED
[INFO] [stdout] test instruction::tests::single_instruction_pipeline_keeps_iterating_after_parse_error ... ok
[INFO] [stdout] test runtime_tests::test_status_channel_dropped_before_send ... ok
[INFO] [stdout] test runtime_tests::test_source_exit_status_stream_ended ... ok
[INFO] [stdout] test runtime_tests::edge_panicking_handler_does_not_kill_pool ... ok
[INFO] [stdout] test runtime_tests::edge_abort_discards_queued_and_returns_promptly ... ok
[INFO] [stdout] test runtime_tests::test_source_exit_stream_error_maps_to_yellowstone_status ... ok
[INFO] [stdout] test runtime_tests::test_stream_end_after_updates_returns_error ... ok
[INFO] [stdout] test runtime_tests::test_stream_end_returns_error ... ok
[INFO] [stdout] test runtime_tests::test_error_status_returns_error ... ok
[INFO] [stdout] test runtime_tests::test_stream_error_returns_error ... ok
[INFO] [stdout] test runtime_tests::test_completed_source_drains_buffered_updates_before_returning ... ok
[INFO] [stdout] test runtime_tests::edge_single_job_serializes_and_drains ... ok
[INFO] [stdout] test runtime_tests::edge_zero_jobs_does_not_deadlock ... ok
[INFO] [stdout] test runtime_tests::edge_high_volume_drain_processes_every_update ... ok
[INFO] [stdout] test runtime_tests::edge_concurrency_never_exceeds_jobs ... ok
[INFO] [stdout] test runtime_tests::edge_wedged_handler_does_not_hang_shutdown ... ok
[INFO] [stdout] test runtime_tests::edge_stop_is_responsive_while_waiting_for_a_permit ... ok
[INFO] [stdout] 
[INFO] [stdout] failures:
[INFO] [stdout] 
[INFO] [stdout] ---- runtime_tests::edge_stop_waits_for_in_flight_handlers stdout ----
[INFO] [stdout] 
[INFO] [stdout] thread 'runtime_tests::edge_stop_waits_for_in_flight_handlers' (2824) panicked at src/runtime_tests.rs:1065:5:
[INFO] [stdout] assertion `left == right` failed: both handlers must have started before the stop
[INFO] [stdout]   left: 0
[INFO] [stdout]  right: 2
[INFO] [stdout] stack backtrace:
[INFO] [stdout]    0:     0x6272320924c1 - <<std[70759c8f55707aa4]::sys::backtrace::BacktraceLock>::print::DisplayBacktrace as core[df12db4294e9bfd3]::fmt::Display>::fmt
[INFO] [stdout]    1:     0x6272320a776a - core[df12db4294e9bfd3]::fmt::write
[INFO] [stdout]    2:     0x627232096b4c - <alloc[2182bb758b4b3781]::vec::Vec<u8> as core[df12db4294e9bfd3]::io::write::Write>::write_fmt
[INFO] [stdout]    3:     0x62723206e0b6 - std[70759c8f55707aa4]::panicking::default_hook::{closure#0}
[INFO] [stdout]    4:     0x62723208a639 - std[70759c8f55707aa4]::panicking::default_hook
[INFO] [stdout]    5:     0x627231feeb90 - test[9d35eded1c95d3be]::test_main_inner::<test[9d35eded1c95d3be]::test_main_static::{closure#0}>::{closure#0}
[INFO] [stdout]    6:     0x62723208a962 - std[70759c8f55707aa4]::panicking::panic_with_hook
[INFO] [stdout]    7:     0x62723206e162 - std[70759c8f55707aa4]::panicking::panic_handler::{closure#0}
[INFO] [stdout]    8:     0x627232066ee9 - std[70759c8f55707aa4]::sys::backtrace::__rust_end_short_backtrace::<std[70759c8f55707aa4]::panicking::panic_handler::{closure#0}, !>
[INFO] [stdout]    9:     0x62723206ed5d - __rustc[8fa7c3cbc660c2b3]::rust_begin_unwind
[INFO] [stdout]   10:     0x6272320a7ecc - core[df12db4294e9bfd3]::panicking::panic_fmt
[INFO] [stdout]   11:     0x6272320a7e43 - core[df12db4294e9bfd3]::panicking::assert_failed_inner
[INFO] [stdout]   12:     0x6272320a3818 - core[df12db4294e9bfd3]::panicking::assert_failed::<usize, usize>
[INFO] [stdout]   13:     0x627231f2bf84 - yellowstone_vixen[351a662b8126077c]::runtime_tests::edge_stop_waits_for_in_flight_handlers::{closure#0}
[INFO] [stdout]   14:     0x627231fae8e3 - <tokio[96c8a8d886dad332]::runtime::scheduler::current_thread::Context>::enter::<core[df12db4294e9bfd3]::task::poll::Poll<()>, <tokio[96c8a8d886dad332]::runtime::scheduler::current_thread::CoreGuard>::block_on<core[df12db4294e9bfd3]::pin::Pin<&mut core[df12db4294e9bfd3]::pin::Pin<&mut dyn core[df12db4294e9bfd3]::future::future::Future<Output = ()>>>>::{closure#0}::{closure#0}>
[INFO] [stdout]   15:     0x627231fc308c - <tokio[96c8a8d886dad332]::runtime::context::scoped::Scoped<tokio[96c8a8d886dad332]::runtime::scheduler::Context>>::set::<<tokio[96c8a8d886dad332]::runtime::scheduler::current_thread::CoreGuard>::enter<<tokio[96c8a8d886dad332]::runtime::scheduler::current_thread::CoreGuard>::block_on<core[df12db4294e9bfd3]::pin::Pin<&mut core[df12db4294e9bfd3]::pin::Pin<&mut dyn core[df12db4294e9bfd3]::future::future::Future<Output = ()>>>>::{closure#0}, core[df12db4294e9bfd3]::option::Option<()>>::{closure#0}, (alloc[2182bb758b4b3781]::boxed::Box<tokio[96c8a8d886dad332]::runtime::scheduler::current_thread::Core>, core[df12db4294e9bfd3]::option::Option<()>)>
[INFO] [stdout]   16:     0x627231fae50c - <tokio[96c8a8d886dad332]::runtime::runtime::Runtime>::block_on::<core[df12db4294e9bfd3]::pin::Pin<&mut dyn core[df12db4294e9bfd3]::future::future::Future<Output = ()>>>
[INFO] [stdout]   17:     0x627231f41ebb - yellowstone_vixen[351a662b8126077c]::runtime_tests::edge_stop_waits_for_in_flight_handlers
[INFO] [stdout]   18:     0x627231fc9299 - <yellowstone_vixen[351a662b8126077c]::runtime_tests::edge_stop_waits_for_in_flight_handlers::{closure#0} as core[df12db4294e9bfd3]::ops::function::FnOnce<()>>::call_once
[INFO] [stdout]   19:     0x627231fe1e7b - test[9d35eded1c95d3be]::__rust_begin_short_backtrace::<core[df12db4294e9bfd3]::result::Result<(), alloc[2182bb758b4b3781]::string::String>, fn() -> core[df12db4294e9bfd3]::result::Result<(), alloc[2182bb758b4b3781]::string::String>>
[INFO] [stdout]   20:     0x627231fef4e5 - test[9d35eded1c95d3be]::run_test::{closure#0}
[INFO] [stdout]   21:     0x627231fe8da4 - std[70759c8f55707aa4]::sys::backtrace::__rust_begin_short_backtrace::<test[9d35eded1c95d3be]::run_test::{closure#1}, ()>
[INFO] [stdout]   22:     0x627231ff2642 - <std[70759c8f55707aa4]::thread::lifecycle::spawn_unchecked<test[9d35eded1c95d3be]::run_test::{closure#1}, ()>::{closure#1} as core[df12db4294e9bfd3]::ops::function::FnOnce<()>>::call_once::{shim:vtable#0}
[INFO] [stdout]   23:     0x627232091d59 - <std[70759c8f55707aa4]::sys::thread::unix::Thread>::new::thread_start
[INFO] [stdout]   24:     0x78530bb8ddfa - <unknown>
[INFO] [stdout]   25:     0x78530bc213d4 - clone
[INFO] [stdout]   26:                0x0 - <unknown>
[INFO] [stdout] 
[INFO] [stdout] 
[INFO] [stdout] failures:
[INFO] [stdout]     runtime_tests::edge_stop_waits_for_in_flight_handlers
[INFO] [stdout] 
[INFO] [stdout] test result: FAILED. 28 passed; 1 failed; 6 ignored; 0 measured; 0 filtered out; finished in 0.61s
[INFO] [stdout] 
[INFO] [stderr] error: test failed, to rerun pass `--lib`
[INFO] running `Command { std: "docker" "inspect" "63667e5e3071c9d1903a0118bf6723855d0ce660289aefc537b3ca5d0d1e7801", kill_on_drop: false }`
[INFO] running `Command { std: "docker" "rm" "-f" "63667e5e3071c9d1903a0118bf6723855d0ce660289aefc537b3ca5d0d1e7801", kill_on_drop: false }`
[INFO] [stdout] 63667e5e3071c9d1903a0118bf6723855d0ce660289aefc537b3ca5d0d1e7801
