[INFO] fetching crate xiba 0.9.3...
[INFO] testing xiba-0.9.3 against 1.99.0-beta.8+cargoflags=--release for beta-release-1.100-2
[INFO] extracting crate xiba 0.9.3 into /workspace/builds/worker-7-tc1/source
[INFO] started tweaking crates.io crate xiba 0.9.3
[INFO] removed 0 missing tests
[INFO] finished tweaking crates.io crate xiba 0.9.3
[INFO] tweaked toml for crates.io crate xiba 0.9.3 written to /workspace/builds/worker-7-tc1/source/Cargo.toml
[INFO] validating manifest of crates.io crate xiba 0.9.3 on toolchain 1.99.0-beta.8
[INFO] running `Command { std: CARGO_HOME="/workspace/cargo-home" RUSTUP_HOME="/workspace/rustup-home" "/workspace/cargo-home/bin/cargo" "+1.99.0-beta.8" "metadata" "--manifest-path" "Cargo.toml" "--no-deps", kill_on_drop: false }`
[INFO] crate crates.io crate xiba 0.9.3 already has a lockfile, it will not be regenerated
[INFO] running `Command { std: CARGO_HOME="/workspace/cargo-home" RUSTUP_HOME="/workspace/rustup-home" "/workspace/cargo-home/bin/cargo" "+1.99.0-beta.8" "fetch" "--manifest-path" "Cargo.toml", kill_on_drop: false }`
[INFO] [stderr] warning: Cargo.toml: `lints.clippy.cargo-common-metadata` is deprecated in favor of `lints.clippy.cargo_common_metadata` and will not work in a future edition
[INFO] [stderr] warning: Cargo.toml: `lints.clippy.module-name-repetitions` is deprecated in favor of `lints.clippy.module_name_repetitions` and will not work in a future edition
[INFO] [stderr] warning: Cargo.toml: `lints.clippy.multiple-crate-versions` is deprecated in favor of `lints.clippy.multiple_crate_versions` and will not work in a future edition
[INFO] [stderr] warning: Cargo.toml: `lints.clippy.must-use-candidate` is deprecated in favor of `lints.clippy.must_use_candidate` and will not work in a future edition
[INFO] [stderr] warning: Cargo.toml: `lints.clippy.redundant-pub-crate` is deprecated in favor of `lints.clippy.redundant_pub_crate` and will not work in a future edition
[INFO] [stderr] warning: Cargo.toml: `lints.clippy.too-many-arguments` is deprecated in favor of `lints.clippy.too_many_arguments` and will not work in a future edition
[INFO] [stderr] warning: `xiba` (manifest) generated 6 warnings
[INFO] [stderr]     Updating crates.io index
[INFO] [stderr]  Downloading crates ...
[INFO] [stderr]   Downloaded wasm-bindgen-macro v0.2.106
[INFO] [stderr]   Downloaded wasm-bindgen-shared v0.2.106
[INFO] [stderr]   Downloaded wasm-bindgen-macro-support v0.2.106
[INFO] [stderr]   Downloaded wasm-bindgen v0.2.106
[INFO] [stderr]   Downloaded uuid v1.22.0
[INFO] [stderr]   Downloaded ownable-macro v0.6.3
[INFO] [stderr]   Downloaded siphasher v1.0.1
[INFO] [stderr]   Downloaded ownable v0.6.2
[INFO] [stderr]   Downloaded simd-adler32 v0.3.8
[INFO] [stderr]   Downloaded rust-zstd v0.1.0
[INFO] [stderr]   Downloaded rc-zip v5.4.1
[INFO] [stderr]   Downloaded twox-hash v2.1.2
[INFO] [stderr]   Downloaded oval v2.0.0
[INFO] [stderr]   Downloaded static_assertions_next v1.1.2
[INFO] [stderr]   Downloaded rc-zip-sync v4.4.2
[INFO] [stderr]   Downloaded oem_cp v2.1.2
[INFO] [stderr]   Downloaded chrono v0.4.42
[INFO] [stderr]   Downloaded lz4_flex v0.14.0
[INFO] [stderr]   Downloaded js-sys v0.3.83
[INFO] [stderr]   Downloaded larian-formats v0.9.3
[INFO] [stderr]   Downloaded bumpalo v3.19.1
[INFO] [stderr]   Downloaded chardetng v0.1.17
[INFO] [stderr]   Downloaded winnow v0.5.40
[INFO] [stderr]   Downloaded positioned-io v0.3.5
[INFO] [stderr]   Downloaded libc v0.2.180
[INFO] running `Command { std: "docker" "create" "-v" "/var/lib/crater-agent-workspace/builds/worker-7-tc1/source:/opt/rustwide/workdir:ro,Z" "-v" "/var/lib/crater-agent-workspace/builds/worker-7-tc1/target:/opt/rustwide/target:rw,Z" "-v" "/var/lib/crater-agent-workspace/cargo-home:/opt/rustwide/cargo-home:ro,Z" "-v" "/var/lib/crater-agent-workspace/rustup-home:/opt/rustwide/rustup-home:ro,Z" "-m" "1610612736" "--network" "none" "ghcr.io/rust-lang/crates-build-env/linux@sha256:77db811e55d90add9212f6832c23229e3de5f1c1f9905e8cb07319ea15df73ac" "sleep" "infinity", kill_on_drop: false }`
[INFO] [stdout] d57ee566221dd80663a1047d91461a99d6e2f24444487547c62430945a71e9f2
[INFO] running `Command { std: "docker" "start" "d57ee566221dd80663a1047d91461a99d6e2f24444487547c62430945a71e9f2", kill_on_drop: false }`
[INFO] running `Command { std: "docker" "inspect" "d57ee566221dd80663a1047d91461a99d6e2f24444487547c62430945a71e9f2", kill_on_drop: false }`
[INFO] running `Command { std: "docker" "exec" "-e" "SOURCE_DIR=/opt/rustwide/workdir" "-e" "CARGO_HOME=/opt/rustwide/cargo-home" "-e" "RUSTUP_HOME=/opt/rustwide/rustup-home" "-e" "CARGO_TARGET_DIR=/opt/rustwide/target" "-w" "/opt/rustwide/workdir" "--user" "0:0" "d57ee566221dd80663a1047d91461a99d6e2f24444487547c62430945a71e9f2" "/opt/rustwide/cargo-home/bin/cargo" "+1.99.0-beta.8" "metadata" "--no-deps" "--format-version=1", kill_on_drop: false }`
[INFO] running `Command { std: "docker" "inspect" "d57ee566221dd80663a1047d91461a99d6e2f24444487547c62430945a71e9f2", kill_on_drop: false }`
[INFO] running `Command { std: "docker" "exec" "-e" "SOURCE_DIR=/opt/rustwide/workdir" "-e" "CARGO_HOME=/opt/rustwide/cargo-home" "-e" "RUSTUP_HOME=/opt/rustwide/rustup-home" "-e" "CARGO_TARGET_DIR=/opt/rustwide/target" "-e" "CARGO_INCREMENTAL=0" "-e" "RUST_BACKTRACE=full" "-e" "RUSTFLAGS=--cap-lints=warn" "-e" "RUSTDOCFLAGS=--cap-lints=warn" "-w" "/opt/rustwide/workdir" "--user" "0:0" "d57ee566221dd80663a1047d91461a99d6e2f24444487547c62430945a71e9f2" "/opt/rustwide/cargo-home/bin/cargo" "+1.99.0-beta.8" "build" "--frozen" "--message-format=json" "--release", kill_on_drop: false }`
[INFO] [stderr] warning: Cargo.toml: `lints.clippy.cargo-common-metadata` is deprecated in favor of `lints.clippy.cargo_common_metadata` and will not work in a future edition
[INFO] [stderr] warning: Cargo.toml: `lints.clippy.module-name-repetitions` is deprecated in favor of `lints.clippy.module_name_repetitions` and will not work in a future edition
[INFO] [stderr] warning: Cargo.toml: `lints.clippy.multiple-crate-versions` is deprecated in favor of `lints.clippy.multiple_crate_versions` and will not work in a future edition
[INFO] [stderr] warning: Cargo.toml: `lints.clippy.must-use-candidate` is deprecated in favor of `lints.clippy.must_use_candidate` and will not work in a future edition
[INFO] [stderr] warning: Cargo.toml: `lints.clippy.redundant-pub-crate` is deprecated in favor of `lints.clippy.redundant_pub_crate` and will not work in a future edition
[INFO] [stderr] warning: Cargo.toml: `lints.clippy.too-many-arguments` is deprecated in favor of `lints.clippy.too_many_arguments` and will not work in a future edition
[INFO] [stderr] warning: `xiba` (manifest) generated 6 warnings
[INFO] [stderr]    Compiling libc v0.2.180
[INFO] [stderr]    Compiling num-traits v0.2.19
[INFO] [stderr]    Compiling crc32fast v1.5.0
[INFO] [stderr]    Compiling siphasher v1.0.1
[INFO] [stderr]    Compiling simd-adler32 v0.3.8
[INFO] [stderr]    Compiling serde_core v1.0.228
[INFO] [stderr]    Compiling darling_core v0.21.3
[INFO] [stderr]    Compiling adler2 v2.0.1
[INFO] [stderr]    Compiling memchr v2.8.0
[INFO] [stderr]    Compiling encoding_rs v0.8.35
[INFO] [stderr]    Compiling phf_shared v0.11.3
[INFO] [stderr]    Compiling miniz_oxide v0.8.9
[INFO] [stderr]    Compiling phf v0.11.3
[INFO] [stderr]    Compiling getrandom v0.4.3
[INFO] [stderr]    Compiling pin-project-lite v0.2.16
[INFO] [stderr]    Compiling either v1.15.0
[INFO] [stderr]    Compiling serde v1.0.228
[INFO] [stderr]    Compiling tracing-core v0.1.36
[INFO] [stderr]    Compiling chrono v0.4.42
[INFO] [stderr]    Compiling oem_cp v2.1.2
[INFO] [stderr]    Compiling tracing v0.1.44
[INFO] [stderr]    Compiling winnow v0.5.40
[INFO] [stderr]    Compiling chardetng v0.1.17
[INFO] [stderr]    Compiling byteorder v1.5.0
[INFO] [stderr]    Compiling oval v2.0.0
[INFO] [stderr]    Compiling positioned-io v0.3.5
[INFO] [stderr]    Compiling rayon v1.12.0
[INFO] [stderr]    Compiling twox-hash v2.1.2
[INFO] [stderr]    Compiling hashbrown v0.16.1
[INFO] [stderr]    Compiling lz4_flex v0.14.0
[INFO] [stderr]    Compiling darling_macro v0.21.3
[INFO] [stderr]    Compiling darling v0.21.3
[INFO] [stderr]    Compiling uuid v1.22.0
[INFO] [stderr]    Compiling flate2 v1.1.9
[INFO] [stderr]    Compiling ownable-macro v0.6.3
[INFO] [stderr]    Compiling indexmap v2.13.0
[INFO] [stderr]    Compiling ownable v0.6.2
[INFO] [stderr]    Compiling itertools v0.15.0
[INFO] [stderr]    Compiling static_assertions_next v1.1.2
[INFO] [stderr]    Compiling base64 v0.23.1
[INFO] [stderr]    Compiling rc-zip v5.4.1
[INFO] [stderr]    Compiling rc-zip-sync v4.4.2
[INFO] [stderr]    Compiling rust-zstd v0.1.0
[INFO] [stderr]    Compiling quick-xml v0.41.0
[INFO] [stderr]    Compiling larian-formats v0.9.3
[INFO] [stderr]    Compiling xiba v0.9.3 (/opt/rustwide/workdir)
[INFO] [stderr]     Finished `release` profile [optimized] target(s) in 1m 01s
[INFO] running `Command { std: "docker" "inspect" "d57ee566221dd80663a1047d91461a99d6e2f24444487547c62430945a71e9f2", kill_on_drop: false }`
[INFO] running `Command { std: "docker" "exec" "-e" "SOURCE_DIR=/opt/rustwide/workdir" "-e" "CARGO_HOME=/opt/rustwide/cargo-home" "-e" "RUSTUP_HOME=/opt/rustwide/rustup-home" "-e" "CARGO_TARGET_DIR=/opt/rustwide/target" "-e" "CARGO_INCREMENTAL=0" "-e" "RUST_BACKTRACE=full" "-e" "RUSTFLAGS=--cap-lints=warn" "-e" "RUSTDOCFLAGS=--cap-lints=warn" "-w" "/opt/rustwide/workdir" "--user" "0:0" "d57ee566221dd80663a1047d91461a99d6e2f24444487547c62430945a71e9f2" "/opt/rustwide/cargo-home/bin/cargo" "+1.99.0-beta.8" "test" "--frozen" "--no-run" "--message-format=json" "--release", kill_on_drop: false }`
[INFO] [stderr] warning: Cargo.toml: `lints.clippy.cargo-common-metadata` is deprecated in favor of `lints.clippy.cargo_common_metadata` and will not work in a future edition
[INFO] [stderr] warning: Cargo.toml: `lints.clippy.module-name-repetitions` is deprecated in favor of `lints.clippy.module_name_repetitions` and will not work in a future edition
[INFO] [stderr] warning: Cargo.toml: `lints.clippy.multiple-crate-versions` is deprecated in favor of `lints.clippy.multiple_crate_versions` and will not work in a future edition
[INFO] [stderr] warning: Cargo.toml: `lints.clippy.must-use-candidate` is deprecated in favor of `lints.clippy.must_use_candidate` and will not work in a future edition
[INFO] [stderr] warning: Cargo.toml: `lints.clippy.redundant-pub-crate` is deprecated in favor of `lints.clippy.redundant_pub_crate` and will not work in a future edition
[INFO] [stderr] warning: Cargo.toml: `lints.clippy.too-many-arguments` is deprecated in favor of `lints.clippy.too_many_arguments` and will not work in a future edition
[INFO] [stderr] warning: `xiba` (manifest) generated 6 warnings
[INFO] [stderr]    Compiling xiba v0.9.3 (/opt/rustwide/workdir)
[INFO] [stderr]     Finished `release` profile [optimized] target(s) in 10.09s
[INFO] running `Command { std: "docker" "inspect" "d57ee566221dd80663a1047d91461a99d6e2f24444487547c62430945a71e9f2", kill_on_drop: false }`
[INFO] running `Command { std: "docker" "exec" "-e" "SOURCE_DIR=/opt/rustwide/workdir" "-e" "CARGO_HOME=/opt/rustwide/cargo-home" "-e" "RUSTUP_HOME=/opt/rustwide/rustup-home" "-e" "CARGO_TARGET_DIR=/opt/rustwide/target" "-e" "CARGO_INCREMENTAL=0" "-e" "RUST_BACKTRACE=full" "-e" "RUSTFLAGS=--cap-lints=warn" "-e" "RUSTDOCFLAGS=--cap-lints=warn" "-w" "/opt/rustwide/workdir" "--user" "0:0" "d57ee566221dd80663a1047d91461a99d6e2f24444487547c62430945a71e9f2" "/opt/rustwide/cargo-home/bin/cargo" "+1.99.0-beta.8" "test" "--frozen" "--release", kill_on_drop: false }`
[INFO] [stderr] warning: Cargo.toml: `lints.clippy.cargo-common-metadata` is deprecated in favor of `lints.clippy.cargo_common_metadata` and will not work in a future edition
[INFO] [stderr] warning: Cargo.toml: `lints.clippy.module-name-repetitions` is deprecated in favor of `lints.clippy.module_name_repetitions` and will not work in a future edition
[INFO] [stderr] warning: Cargo.toml: `lints.clippy.multiple-crate-versions` is deprecated in favor of `lints.clippy.multiple_crate_versions` and will not work in a future edition
[INFO] [stderr] warning: Cargo.toml: `lints.clippy.must-use-candidate` is deprecated in favor of `lints.clippy.must_use_candidate` and will not work in a future edition
[INFO] [stderr] warning: Cargo.toml: `lints.clippy.redundant-pub-crate` is deprecated in favor of `lints.clippy.redundant_pub_crate` and will not work in a future edition
[INFO] [stderr] warning: Cargo.toml: `lints.clippy.too-many-arguments` is deprecated in favor of `lints.clippy.too_many_arguments` and will not work in a future edition
[INFO] [stderr] warning: `xiba` (manifest) generated 6 warnings
[INFO] [stderr]     Finished `release` profile [optimized] target(s) in 0.08s
[INFO] [stdout] 
[INFO] [stderr]      Running unittests src/lib.rs (/opt/rustwide/target/release/deps/xiba-ba80906ee73cc4e3)
[INFO] [stdout] running 1 test
[INFO] [stderr]      Running tests/data_model.rs (/opt/rustwide/target/release/deps/data_model-c5d8410232a0bcae)
[INFO] [stdout] test data_model::group::test::merge_disabled_stays_disabled ... ok
[INFO] [stdout] 
[INFO] [stdout] test result: ok. 1 passed; 0 failed; 0 ignored; 0 measured; 0 filtered out; finished in 0.00s
[INFO] [stdout] 
[INFO] [stdout] 
[INFO] [stdout] running 9 tests
[INFO] [stdout] test available_mods ... ok
[INFO] [stdout] test disabling_builtin_returns_it_to_unloaded ... ok
[INFO] [stdout] test divider_operations ... ok
[INFO] [stdout] test enabling_builtin_removes_it_from_unloaded ... ok
[INFO] [stdout] test multi_index_move ... ok
[INFO] [stdout] test override_mod_lifecycle ... ok
[INFO] [stdout] test default_initial_state ... ok
[INFO] [stdout] test builtin_enable_disable_lifecycle ... ok
[INFO] [stderr]      Running tests/filesystem_wrapper.rs (/opt/rustwide/target/release/deps/filesystem_wrapper-f79e1040c8b57b32)
[INFO] [stdout] test query_methods ... ok
[INFO] [stdout] 
[INFO] [stdout] test result: ok. 9 passed; 0 failed; 0 ignored; 0 measured; 0 filtered out; finished in 0.01s
[INFO] [stdout] 
[INFO] [stdout] 
[INFO] [stdout] running 27 tests
[INFO] [stdout] test builtin_operations_through_xiba ... ok
[INFO] [stdout] test discover_empty_directories ... ok
[INFO] [stdout] test discover_mixed_locations ... ok
[INFO] [stdout] test discover_nonexistent_directories ... ok
[INFO] [stdout] test discover_normal_mod_disabled_on_disk ... ok
[INFO] [stdout] test discover_normal_mod_enabled_on_disk ... ok
[INFO] [stdout] test discover_override_mod_disabled_on_disk ... ok
[INFO] [stdout] test discover_override_mod_enabled_on_disk ... ok
[INFO] [stdout] test delete_while_enabled ... ok
[INFO] [stdout] test discover_idempotent ... ok
[INFO] [stdout] test discover_both_types_disabled ... ok
[INFO] [stdout] test discover_after_normal_operations ... ok
[INFO] [stdout] test error_cases ... ok
[INFO] [stdout] test discover_both_types_enabled ... ok
[INFO] [stdout] test dividers_and_moves_through_xiba ... ok
[INFO] [stdout] test disabling_group_with_active_pak_moves_all_paks_to_disabled ... ok
[INFO] [stdout] test enabling_already_active_pak_is_noop ... ok
[INFO] [stdout] test filesystem_state ... ok
[INFO] [stdout] test enabling_pak_in_group_swaps_active_pak_on_disk ... ok
[INFO] [stdout] test installing_second_pak_in_group_disables_first_on_disk ... ok
[INFO] [stdout] test disabling_with_wrong_pak_name_is_noop ... ok
[INFO] [stdout] test discover_update_works ... ok
[INFO] [stdout] test install_after_disable_reenables_mod ... ok
[INFO] [stdout] test uninstalling_active_pak_moves_remaining_pak_to_disabled ... ok
[INFO] [stdout] test reenabling_pak_after_full_disable_moves_it_to_enabled ... ok
[INFO] [stdout] test install_from_zip ... ok
[INFO] [stderr]      Running tests/mod_settings.rs (/opt/rustwide/target/release/deps/mod_settings-38c3ccb8a7553ba5)
[INFO] [stdout] test filesystem_wrapper ... ok
[INFO] [stdout] 
[INFO] [stdout] test result: ok. 27 passed; 0 failed; 0 ignored; 0 measured; 0 filtered out; finished in 0.72s
[INFO] [stdout] 
[INFO] [stdout] 
[INFO] [stdout] running 21 tests
[INFO] [stdout] test discover_restores_builtins_written_to_mod_settings ... ok
[INFO] [stdout] test discover_disables_builtins_absent_from_mod_settings ... ok
[INFO] [stdout] test discover_enables_pak_when_mod_settings_metadata_differs ... ok
[INFO] [stdout] test rediscovery_after_unmatched_mod_settings_name_stays_consistent ... ok
[INFO] [stdout] test single_divider_position_survives_rediscovery ... FAILED
[INFO] [stdout] test discover_reports_unmatched_mod_settings_name ... ok
[INFO] [stdout] test write_load_order_creates_parent_directories ... ok
[INFO] [stdout] test write_load_order_empty_load_order ... ok
[INFO] [stdout] test discover_appends_mods_missing_from_mod_settings ... ok
[INFO] [stdout] test discover_enables_mod_listed_in_mod_settings ... ok
[INFO] [stdout] test write_load_order_excludes_disabled_builtins ... ok
[INFO] [stdout] test write_load_order_includes_enabled_builtins ... ok
[INFO] [stdout] test discover_respects_mod_settings_order ... ok
[INFO] [stdout] test discover_detects_mod_settings_entries_not_on_disk ... ok
[INFO] [stdout] test discover_returns_load_order_with_builtins ... ok
[INFO] [stdout] test write_load_order_writes_enabled_mods ... ok
[INFO] [stdout] test write_load_order_includes_builtins_alongside_mods ... ok
[INFO] [stdout] test write_then_discover_round_trip ... ok
[INFO] [stdout] test write_load_order_respects_reordering ... ok
[INFO] [stdout] test write_load_order_excludes_overrides ... ok
[INFO] [stdout] test two_divider_positions_survive_rediscovery ... ok
[INFO] [stdout] 
[INFO] [stdout] failures:
[INFO] [stdout] 
[INFO] [stdout] ---- single_divider_position_survives_rediscovery stdout ----
[INFO] [stdout] 
[INFO] [stdout] thread 'single_divider_position_survives_rediscovery' (1030) panicked at tests/mod_settings.rs:446:35:
[INFO] [stdout] called `Result::unwrap()` on an `Err` value: UnableToReadModInfo { cause: Io { context: "reading .pak number of files contained files", inner: Error { kind: UnexpectedEof, message: "failed to fill whole buffer" } }, path: "/tmp/xiba_test_dividers_rediscovery/Mods/Mod Configuration Menu.pak" }
[INFO] [stdout] stack backtrace:
[INFO] [stdout]    0:     0x5d5cc3d20611 - <<std[70759c8f55707aa4]::sys::backtrace::BacktraceLock>::print::DisplayBacktrace as core[df12db4294e9bfd3]::fmt::Display>::fmt
[INFO] [stdout]    1:     0x5d5cc3d35e9a - core[df12db4294e9bfd3]::fmt::write
[INFO] [stdout]    2:     0x5d5cc3d24e1c - <alloc[2182bb758b4b3781]::vec::Vec<u8> as core[df12db4294e9bfd3]::io::write::Write>::write_fmt
[INFO] [stdout]    3:     0x5d5cc3cf9b16 - std[70759c8f55707aa4]::panicking::default_hook::{closure#0}
[INFO] [stdout]    4:     0x5d5cc3d16f69 - std[70759c8f55707aa4]::panicking::default_hook
[INFO] [stdout]    5:     0x5d5cc3c3f910 - test[9d35eded1c95d3be]::test_main_inner::<test[9d35eded1c95d3be]::test_main_static::{closure#0}>::{closure#0}
[INFO] [stdout]    6:     0x5d5cc3d17122 - std[70759c8f55707aa4]::panicking::panic_with_hook
[INFO] [stdout]    7:     0x5d5cc3cf9bc2 - std[70759c8f55707aa4]::panicking::panic_handler::{closure#0}
[INFO] [stdout]    8:     0x5d5cc3cf2599 - std[70759c8f55707aa4]::sys::backtrace::__rust_end_short_backtrace::<std[70759c8f55707aa4]::panicking::panic_handler::{closure#0}, !>
[INFO] [stdout]    9:     0x5d5cc3cfa8ad - __rustc[8fa7c3cbc660c2b3]::rust_begin_unwind
[INFO] [stdout]   10:     0x5d5cc3d365cc - core[df12db4294e9bfd3]::panicking::panic_fmt
[INFO] [stdout]   11:     0x5d5cc3d363a2 - core[df12db4294e9bfd3]::result::unwrap_failed
[INFO] [stdout]   12:     0x5d5cc3c22d2b - <mod_settings[ffd617ac1cb5d2b7]::single_divider_position_survives_rediscovery::{closure#0} as core[df12db4294e9bfd3]::ops::function::FnOnce<()>>::call_once
[INFO] [stdout]   13:     0x5d5cc3c32bfb - test[9d35eded1c95d3be]::__rust_begin_short_backtrace::<core[df12db4294e9bfd3]::result::Result<(), alloc[2182bb758b4b3781]::string::String>, fn() -> core[df12db4294e9bfd3]::result::Result<(), alloc[2182bb758b4b3781]::string::String>>
[INFO] [stdout]   14:     0x5d5cc3c40265 - test[9d35eded1c95d3be]::run_test::{closure#0}
[INFO] [stdout]   15:     0x5d5cc3c39b24 - std[70759c8f55707aa4]::sys::backtrace::__rust_begin_short_backtrace::<test[9d35eded1c95d3be]::run_test::{closure#1}, ()>
[INFO] [stdout]   16:     0x5d5cc3c433c2 - <std[70759c8f55707aa4]::thread::lifecycle::spawn_unchecked<test[9d35eded1c95d3be]::run_test::{closure#1}, ()>::{closure#1} as core[df12db4294e9bfd3]::ops::function::FnOnce<()>>::call_once::{shim:vtable#0}
[INFO] [stdout]   17:     0x5d5cc3d1f859 - <std[70759c8f55707aa4]::sys::thread::unix::Thread>::new::thread_start
[INFO] [stdout]   18:     0x7dbf36a76dfa - <unknown>
[INFO] [stdout]   19:     0x7dbf36b0a3d4 - clone
[INFO] [stdout]   20:                0x0 - <unknown>
[INFO] [stdout] 
[INFO] [stdout] 
[INFO] [stdout] failures:
[INFO] [stdout]     single_divider_position_survives_rediscovery
[INFO] [stdout] 
[INFO] [stdout] test result: FAILED. 20 passed; 1 failed; 0 ignored; 0 measured; 0 filtered out; finished in 4.36s
[INFO] [stdout] 
[INFO] [stderr] error: test failed, to rerun pass `--test mod_settings`
[INFO] running `Command { std: "docker" "inspect" "d57ee566221dd80663a1047d91461a99d6e2f24444487547c62430945a71e9f2", kill_on_drop: false }`
[INFO] running `Command { std: "docker" "rm" "-f" "d57ee566221dd80663a1047d91461a99d6e2f24444487547c62430945a71e9f2", kill_on_drop: false }`
[INFO] [stdout] d57ee566221dd80663a1047d91461a99d6e2f24444487547c62430945a71e9f2
