[INFO] fetching crate worldinterface-host 0.1.2...
[INFO] testing worldinterface-host-0.1.2 against 1.99.0-beta.8+cargoflags=--release for beta-release-1.100-2
[INFO] extracting crate worldinterface-host 0.1.2 into /workspace/builds/worker-5-tc1/source
[INFO] started tweaking crates.io crate worldinterface-host 0.1.2
[INFO] removed 0 missing tests
[INFO] finished tweaking crates.io crate worldinterface-host 0.1.2
[INFO] tweaked toml for crates.io crate worldinterface-host 0.1.2 written to /workspace/builds/worker-5-tc1/source/Cargo.toml
[INFO] validating manifest of crates.io crate worldinterface-host 0.1.2 on toolchain 1.99.0-beta.8
[INFO] running `Command { std: CARGO_HOME="/workspace/cargo-home" RUSTUP_HOME="/workspace/rustup-home" "/workspace/cargo-home/bin/cargo" "+1.99.0-beta.8" "metadata" "--manifest-path" "Cargo.toml" "--no-deps", kill_on_drop: false }`
[INFO] crate crates.io crate worldinterface-host 0.1.2 already has a lockfile, it will not be regenerated
[INFO] running `Command { std: CARGO_HOME="/workspace/cargo-home" RUSTUP_HOME="/workspace/rustup-home" "/workspace/cargo-home/bin/cargo" "+1.99.0-beta.8" "fetch" "--manifest-path" "Cargo.toml", kill_on_drop: false }`
[INFO] [stderr]     Updating crates.io index
[INFO] [stderr]  Downloading crates ...
[INFO] [stderr]   Downloaded worldinterface-flowspec v0.1.2
[INFO] [stderr]   Downloaded worldinterface-coordinator v0.1.2
[INFO] [stderr]   Downloaded worldinterface-contextstore v0.1.2
[INFO] [stderr]   Downloaded worldinterface-connector v0.1.2
[INFO] [stderr]   Downloaded actionqueue-runtime v0.1.1
[INFO] [stderr]   Downloaded actionqueue-budget v0.1.0
[INFO] [stderr]   Downloaded actionqueue-engine v0.1.0
[INFO] running `Command { std: "docker" "create" "-v" "/var/lib/crater-agent-workspace/builds/worker-5-tc1/source:/opt/rustwide/workdir:ro,Z" "-v" "/var/lib/crater-agent-workspace/builds/worker-5-tc1/target:/opt/rustwide/target:rw,Z" "-v" "/var/lib/crater-agent-workspace/cargo-home:/opt/rustwide/cargo-home:ro,Z" "-v" "/var/lib/crater-agent-workspace/rustup-home:/opt/rustwide/rustup-home:ro,Z" "-m" "1610612736" "--network" "none" "ghcr.io/rust-lang/crates-build-env/linux@sha256:77db811e55d90add9212f6832c23229e3de5f1c1f9905e8cb07319ea15df73ac" "sleep" "infinity", kill_on_drop: false }`
[INFO] [stdout] 243a6626b455ce7f7d456e30ed1924868328b33bafc7cf81642b266cf8a2f739
[INFO] running `Command { std: "docker" "start" "243a6626b455ce7f7d456e30ed1924868328b33bafc7cf81642b266cf8a2f739", kill_on_drop: false }`
[INFO] running `Command { std: "docker" "inspect" "243a6626b455ce7f7d456e30ed1924868328b33bafc7cf81642b266cf8a2f739", kill_on_drop: false }`
[INFO] running `Command { std: "docker" "exec" "-e" "SOURCE_DIR=/opt/rustwide/workdir" "-e" "CARGO_HOME=/opt/rustwide/cargo-home" "-e" "RUSTUP_HOME=/opt/rustwide/rustup-home" "-e" "CARGO_TARGET_DIR=/opt/rustwide/target" "-w" "/opt/rustwide/workdir" "--user" "0:0" "243a6626b455ce7f7d456e30ed1924868328b33bafc7cf81642b266cf8a2f739" "/opt/rustwide/cargo-home/bin/cargo" "+1.99.0-beta.8" "metadata" "--no-deps" "--format-version=1", kill_on_drop: false }`
[INFO] running `Command { std: "docker" "inspect" "243a6626b455ce7f7d456e30ed1924868328b33bafc7cf81642b266cf8a2f739", kill_on_drop: false }`
[INFO] running `Command { std: "docker" "exec" "-e" "SOURCE_DIR=/opt/rustwide/workdir" "-e" "CARGO_HOME=/opt/rustwide/cargo-home" "-e" "RUSTUP_HOME=/opt/rustwide/rustup-home" "-e" "CARGO_TARGET_DIR=/opt/rustwide/target" "-e" "CARGO_INCREMENTAL=0" "-e" "RUST_BACKTRACE=full" "-e" "RUSTFLAGS=--cap-lints=warn" "-e" "RUSTDOCFLAGS=--cap-lints=warn" "-w" "/opt/rustwide/workdir" "--user" "0:0" "243a6626b455ce7f7d456e30ed1924868328b33bafc7cf81642b266cf8a2f739" "/opt/rustwide/cargo-home/bin/cargo" "+1.99.0-beta.8" "build" "--frozen" "--message-format=json" "--release", kill_on_drop: false }`
[INFO] [stderr]    Compiling libc v0.2.182
[INFO] [stderr]    Compiling serde_core v1.0.223
[INFO] [stderr]    Compiling serde v1.0.223
[INFO] [stderr]    Compiling serde_derive v1.0.223
[INFO] [stderr]    Compiling tokio-macros v2.6.1
[INFO] [stderr]    Compiling zerovec-derive v0.11.2
[INFO] [stderr]    Compiling openssl-sys v0.9.111
[INFO] [stderr]    Compiling serde_json v1.0.149
[INFO] [stderr]    Compiling zerofrom-derive v0.1.6
[INFO] [stderr]    Compiling yoke-derive v0.8.1
[INFO] [stderr]    Compiling tracing v0.1.44
[INFO] [stderr]    Compiling http v1.4.0
[INFO] [stderr]    Compiling num-traits v0.2.19
[INFO] [stderr]    Compiling heapless v0.7.17
[INFO] [stderr]    Compiling zerocopy v0.8.40
[INFO] [stderr]    Compiling futures-util v0.3.32
[INFO] [stderr]    Compiling hash32 v0.2.1
[INFO] [stderr]    Compiling digest v0.10.7
[INFO] [stderr]    Compiling cobs v0.3.0
[INFO] [stderr]    Compiling libsqlite3-sys v0.30.1
[INFO] [stderr]    Compiling sha2 v0.10.9
[INFO] [stderr]    Compiling openssl v0.10.75
[INFO] [stderr]    Compiling native-tls v0.2.18
[INFO] [stderr]    Compiling zerofrom v0.1.6
[INFO] [stderr]    Compiling yoke v0.8.1
[INFO] [stderr]    Compiling zerovec v0.11.5
[INFO] [stderr]    Compiling zerotrie v0.2.3
[INFO] [stderr]    Compiling errno v0.3.14
[INFO] [stderr]    Compiling mio v1.1.1
[INFO] [stderr]    Compiling socket2 v0.6.2
[INFO] [stderr]    Compiling getrandom v0.4.2
[INFO] [stderr]    Compiling http-body v1.0.1
[INFO] [stderr]    Compiling signal-hook-registry v1.4.8
[INFO] [stderr]    Compiling http-body-util v0.1.3
[INFO] [stderr]    Compiling tinystr v0.8.2
[INFO] [stderr]    Compiling potential_utf v0.1.4
[INFO] [stderr]    Compiling icu_collections v2.1.1
[INFO] [stderr]    Compiling icu_locale_core v2.1.1
[INFO] [stderr]    Compiling tokio v1.50.0
[INFO] [stderr]    Compiling uuid v1.22.0
[INFO] [stderr]    Compiling icu_provider v2.1.1
[INFO] [stderr]    Compiling icu_properties v2.1.2
[INFO] [stderr]    Compiling icu_normalizer v2.1.1
[INFO] [stderr]    Compiling actionqueue-core v0.1.0
[INFO] [stderr]    Compiling chrono v0.4.44
[INFO] [stderr]    Compiling serde_urlencoded v0.7.1
[INFO] [stderr]    Compiling postcard v1.1.3
[INFO] [stderr]    Compiling idna_adapter v1.2.1
[INFO] [stderr]    Compiling idna v1.1.0
[INFO] [stderr]    Compiling ahash v0.8.12
[INFO] [stderr]    Compiling worldinterface-core v0.1.2
[INFO] [stderr]    Compiling actionqueue-executor-local v0.1.1
[INFO] [stderr]    Compiling hashbrown v0.14.5
[INFO] [stderr]    Compiling actionqueue-storage v0.1.0
[INFO] [stderr]    Compiling actionqueue-budget v0.1.0
[INFO] [stderr]    Compiling url v2.5.8
[INFO] [stderr]    Compiling actionqueue-engine v0.1.0
[INFO] [stderr]    Compiling hashlink v0.9.1
[INFO] [stderr]    Compiling tokio-util v0.7.18
[INFO] [stderr]    Compiling tokio-native-tls v0.3.1
[INFO] [stderr]    Compiling tower v0.5.3
[INFO] [stderr]    Compiling tower-http v0.6.8
[INFO] [stderr]    Compiling h2 v0.4.13
[INFO] [stderr]    Compiling actionqueue-workflow v0.1.0
[INFO] [stderr]    Compiling worldinterface-flowspec v0.1.2
[INFO] [stderr]    Compiling actionqueue-runtime v0.1.1
[INFO] [stderr]    Compiling hyper v1.8.1
[INFO] [stderr]    Compiling hyper-util v0.1.20
[INFO] [stderr]    Compiling hyper-tls v0.6.0
[INFO] [stderr]    Compiling reqwest v0.12.28
[INFO] [stderr]    Compiling worldinterface-connector v0.1.2
[INFO] [stderr]    Compiling rusqlite v0.32.1
[INFO] [stderr]    Compiling worldinterface-contextstore v0.1.2
[INFO] [stderr]    Compiling worldinterface-coordinator v0.1.2
[INFO] [stderr]    Compiling worldinterface-host v0.1.2 (/opt/rustwide/workdir)
[INFO] [stderr]     Finished `release` profile [optimized] target(s) in 2m 32s
[INFO] running `Command { std: "docker" "inspect" "243a6626b455ce7f7d456e30ed1924868328b33bafc7cf81642b266cf8a2f739", kill_on_drop: false }`
[INFO] running `Command { std: "docker" "exec" "-e" "SOURCE_DIR=/opt/rustwide/workdir" "-e" "CARGO_HOME=/opt/rustwide/cargo-home" "-e" "RUSTUP_HOME=/opt/rustwide/rustup-home" "-e" "CARGO_TARGET_DIR=/opt/rustwide/target" "-e" "CARGO_INCREMENTAL=0" "-e" "RUST_BACKTRACE=full" "-e" "RUSTFLAGS=--cap-lints=warn" "-e" "RUSTDOCFLAGS=--cap-lints=warn" "-w" "/opt/rustwide/workdir" "--user" "0:0" "243a6626b455ce7f7d456e30ed1924868328b33bafc7cf81642b266cf8a2f739" "/opt/rustwide/cargo-home/bin/cargo" "+1.99.0-beta.8" "test" "--frozen" "--no-run" "--message-format=json" "--release", kill_on_drop: false }`
[INFO] [stderr]    Compiling bitflags v2.11.0
[INFO] [stderr]    Compiling openssl v0.10.75
[INFO] [stderr]    Compiling tower-http v0.6.8
[INFO] [stderr]    Compiling rusqlite v0.32.1
[INFO] [stderr]    Compiling rustix v1.1.4
[INFO] [stderr]    Compiling worldinterface-contextstore v0.1.2
[INFO] [stderr]    Compiling tempfile v3.26.0
[INFO] [stderr]    Compiling native-tls v0.2.18
[INFO] [stderr]    Compiling tokio-native-tls v0.3.1
[INFO] [stderr]    Compiling hyper-tls v0.6.0
[INFO] [stderr]    Compiling reqwest v0.12.28
[INFO] [stderr]    Compiling worldinterface-connector v0.1.2
[INFO] [stderr]    Compiling worldinterface-coordinator v0.1.2
[INFO] [stderr]    Compiling worldinterface-host v0.1.2 (/opt/rustwide/workdir)
[INFO] [stderr]     Finished `release` profile [optimized] target(s) in 33.88s
[INFO] running `Command { std: "docker" "inspect" "243a6626b455ce7f7d456e30ed1924868328b33bafc7cf81642b266cf8a2f739", kill_on_drop: false }`
[INFO] running `Command { std: "docker" "exec" "-e" "SOURCE_DIR=/opt/rustwide/workdir" "-e" "CARGO_HOME=/opt/rustwide/cargo-home" "-e" "RUSTUP_HOME=/opt/rustwide/rustup-home" "-e" "CARGO_TARGET_DIR=/opt/rustwide/target" "-e" "CARGO_INCREMENTAL=0" "-e" "RUST_BACKTRACE=full" "-e" "RUSTFLAGS=--cap-lints=warn" "-e" "RUSTDOCFLAGS=--cap-lints=warn" "-w" "/opt/rustwide/workdir" "--user" "0:0" "243a6626b455ce7f7d456e30ed1924868328b33bafc7cf81642b266cf8a2f739" "/opt/rustwide/cargo-home/bin/cargo" "+1.99.0-beta.8" "test" "--frozen" "--release", kill_on_drop: false }`
[INFO] [stderr]     Finished `release` profile [optimized] target(s) in 0.21s
[INFO] [stderr]      Running unittests src/lib.rs (/opt/rustwide/target/release/deps/worldinterface_host-8d678f9e2d6f1ce3)
[INFO] [stdout] 
[INFO] [stdout] running 9 tests
[INFO] [stdout] test config::tests::rejects_low_lease_timeout ... ok
[INFO] [stdout] test config::tests::rejects_zero_tick_interval ... ok
[INFO] [stdout] test config::tests::rejects_zero_shutdown_timeout ... ok
[INFO] [stdout] test config::tests::to_runtime_config_preserves_values ... ok
[INFO] [stdout] test helpers::tests::build_single_node_flowspec_creates_valid_spec ... ok
[INFO] [stderr]      Running tests/integration.rs (/opt/rustwide/target/release/deps/integration-94ce76dcfc38e727)
[INFO] [stdout] test config::tests::default_config_is_valid ... ok
[INFO] [stdout] test helpers::tests::coordinator_map_serialization_round_trip ... ok
[INFO] [stdout] test helpers::tests::coordinator_map_upsert_overwrites ... ok
[INFO] [stdout] test helpers::tests::coordinator_map_empty_on_fresh_store ... ok
[INFO] [stdout] 
[INFO] [stdout] test result: ok. 9 passed; 0 failed; 0 ignored; 0 measured; 0 filtered out; finished in 0.01s
[INFO] [stdout] 
[INFO] [stdout] 
[INFO] [stdout] running 30 tests
[INFO] [stdout] test host_starts_with_default_config ... ok
[INFO] [stdout] test invoke_single_unknown_connector ... ok
[INFO] [stdout] test host_starts_with_empty_data_dir ... ok
[INFO] [stdout] test host_shutdown_stops_tick_loop ... ok
[INFO] [stdout] test describe_existing_connector ... ok
[INFO] [stdout] test host_starts_with_existing_data_dir ... ok
[INFO] [stdout] test describe_nonexistent_connector ... ok
[INFO] [stdout] test flow_failure_propagates ... ok
[INFO] [stdout] test invoke_single_delay ... ok
[INFO] [stdout] test list_capabilities_returns_all_connectors ... ok
[INFO] [stdout] test failed_step_shows_in_status ... ok
[INFO] [stdout] test status_completed_after_flow_finishes ... ok
[INFO] [stdout] test crash_resume_restores_coordinator_map ... ok
[INFO] [stdout] test submit_invalid_flow_returns_error ... ok
[INFO] [stdout] test status_unknown_flow_run_id ... ok
[INFO] [stdout] test concurrent_submit_and_status ... ok
[INFO] [stdout] test submit_valid_flow_returns_flow_run_id ... ok
[INFO] [stdout] test single_delay_flow_completes ... ok
[INFO] [stdout] test submit_multiple_flows ... ok
[INFO] [stdout] test status_has_timestamps ... ok
[INFO] [stdout] test crash_resume_no_duplicate_fs_write ... ok
[INFO] [stdout] test branch_flow_executes_taken_path ... ok
[INFO] [stdout] test tick_loop_drives_execution ... ok
[INFO] [stdout] test linear_flow_with_identity_transform ... ok
[INFO] [stdout] test linear_three_step_flow_completes ... ok
[INFO] [stdout] test status_includes_step_details ... ok
[INFO] [stdout] test multiple_flows_execute_concurrently ... ok
[INFO] [stdout] test tick_loop_resumes_suspended_coordinators ... ok
[INFO] [stdout] test coordinator_map_prunes_terminal_flows ... ok
[INFO] [stderr] error: test failed, to rerun pass `--test integration`
[INFO] [stdout] test crash_resume_linear_flow ... FAILED
[INFO] [stdout] 
[INFO] [stdout] failures:
[INFO] [stdout] 
[INFO] [stdout] ---- crash_resume_linear_flow stdout ----
[INFO] [stdout] 
[INFO] [stdout] thread 'crash_resume_linear_flow' (1991) panicked at tests/integration.rs:86:21:
[INFO] [stdout] flow 6603ac7a-698d-412e-a79d-62f6a4b0c1cc did not reach terminal state within 10s, phase: Running
[INFO] [stdout] stack backtrace:
[INFO] [stdout]    0:     0x56f143425511 - <<std[70759c8f55707aa4]::sys::backtrace::BacktraceLock>::print::DisplayBacktrace as core[df12db4294e9bfd3]::fmt::Display>::fmt
[INFO] [stdout]    1:     0x56f14343c13a - core[df12db4294e9bfd3]::fmt::write
[INFO] [stdout]    2:     0x56f14342a4fc - <alloc[2182bb758b4b3781]::vec::Vec<u8> as core[df12db4294e9bfd3]::io::write::Write>::write_fmt
[INFO] [stdout]    3:     0x56f1433fdf16 - std[70759c8f55707aa4]::panicking::default_hook::{closure#0}
[INFO] [stdout]    4:     0x56f14341c1c9 - std[70759c8f55707aa4]::panicking::default_hook
[INFO] [stdout]    5:     0x56f142fc9400 - test[9d35eded1c95d3be]::test_main_inner::<test[9d35eded1c95d3be]::test_main_static::{closure#0}>::{closure#0}
[INFO] [stdout]    6:     0x56f14341c4f2 - std[70759c8f55707aa4]::panicking::panic_with_hook
[INFO] [stdout]    7:     0x56f1433fdfc2 - std[70759c8f55707aa4]::panicking::panic_handler::{closure#0}
[INFO] [stdout]    8:     0x56f1433f6959 - std[70759c8f55707aa4]::sys::backtrace::__rust_end_short_backtrace::<std[70759c8f55707aa4]::panicking::panic_handler::{closure#0}, !>
[INFO] [stdout]    9:     0x56f1433fee9d - __rustc[8fa7c3cbc660c2b3]::rust_begin_unwind
[INFO] [stdout]   10:     0x56f14343c89c - core[df12db4294e9bfd3]::panicking::panic_fmt
[INFO] [stdout]   11:     0x56f142f413d4 - integration[527ea24fd825ba50]::poll_until_terminal::{closure#0}
[INFO] [stdout]   12:     0x56f142f4403b - integration[527ea24fd825ba50]::crash_resume_linear_flow::{closure#0}
[INFO] [stdout]   13:     0x56f142f8c803 - <tokio[8c501aef45f9fc07]::runtime::scheduler::current_thread::Context>::enter::<core[df12db4294e9bfd3]::task::poll::Poll<()>, <tokio[8c501aef45f9fc07]::runtime::scheduler::current_thread::CoreGuard>::block_on<core[df12db4294e9bfd3]::pin::Pin<&mut core[df12db4294e9bfd3]::pin::Pin<&mut dyn core[df12db4294e9bfd3]::future::future::Future<Output = ()>>>>::{closure#0}::{closure#0}>
[INFO] [stdout]   14:     0x56f142f904e9 - <std[70759c8f55707aa4]::thread::local::LocalKey<tokio[8c501aef45f9fc07]::runtime::context::Context>>::with::<tokio[8c501aef45f9fc07]::runtime::context::set_scheduler<(alloc[2182bb758b4b3781]::boxed::Box<tokio[8c501aef45f9fc07]::runtime::scheduler::current_thread::Core>, core[df12db4294e9bfd3]::option::Option<()>), <tokio[8c501aef45f9fc07]::runtime::scheduler::current_thread::CoreGuard>::enter<<tokio[8c501aef45f9fc07]::runtime::scheduler::current_thread::CoreGuard>::block_on<core[df12db4294e9bfd3]::pin::Pin<&mut core[df12db4294e9bfd3]::pin::Pin<&mut dyn core[df12db4294e9bfd3]::future::future::Future<Output = ()>>>>::{closure#0}, core[df12db4294e9bfd3]::option::Option<()>>::{closure#0}>::{closure#0}, (alloc[2182bb758b4b3781]::boxed::Box<tokio[8c501aef45f9fc07]::runtime::scheduler::current_thread::Core>, core[df12db4294e9bfd3]::option::Option<()>)>
[INFO] [stdout]   15:     0x56f142f8cfa7 - <tokio[8c501aef45f9fc07]::runtime::scheduler::current_thread::CoreGuard>::block_on::<core[df12db4294e9bfd3]::pin::Pin<&mut core[df12db4294e9bfd3]::pin::Pin<&mut dyn core[df12db4294e9bfd3]::future::future::Future<Output = ()>>>>
[INFO] [stdout]   16:     0x56f142f9405d - tokio[8c501aef45f9fc07]::runtime::context::runtime::enter_runtime::<<tokio[8c501aef45f9fc07]::runtime::scheduler::current_thread::CurrentThread>::block_on<core[df12db4294e9bfd3]::pin::Pin<&mut dyn core[df12db4294e9bfd3]::future::future::Future<Output = ()>>>::{closure#0}, ()>
[INFO] [stdout]   17:     0x56f142f8c165 - <tokio[8c501aef45f9fc07]::runtime::runtime::Runtime>::block_on::<core[df12db4294e9bfd3]::pin::Pin<&mut dyn core[df12db4294e9bfd3]::future::future::Future<Output = ()>>>
[INFO] [stdout]   18:     0x56f142f5a25e - <integration[527ea24fd825ba50]::crash_resume_linear_flow::{closure#0} as core[df12db4294e9bfd3]::ops::function::FnOnce<()>>::call_once
[INFO] [stdout]   19:     0x56f142fbc6eb - test[9d35eded1c95d3be]::__rust_begin_short_backtrace::<core[df12db4294e9bfd3]::result::Result<(), alloc[2182bb758b4b3781]::string::String>, fn() -> core[df12db4294e9bfd3]::result::Result<(), alloc[2182bb758b4b3781]::string::String>>
[INFO] [stdout]   20:     0x56f142fc9d55 - test[9d35eded1c95d3be]::run_test::{closure#0}
[INFO] [stdout]   21:     0x56f142fc3614 - std[70759c8f55707aa4]::sys::backtrace::__rust_begin_short_backtrace::<test[9d35eded1c95d3be]::run_test::{closure#1}, ()>
[INFO] [stdout]   22:     0x56f142fcceb2 - <std[70759c8f55707aa4]::thread::lifecycle::spawn_unchecked<test[9d35eded1c95d3be]::run_test::{closure#1}, ()>::{closure#1} as core[df12db4294e9bfd3]::ops::function::FnOnce<()>>::call_once::{shim:vtable#0}
[INFO] [stdout]   23:     0x56f1434241b9 - <std[70759c8f55707aa4]::sys::thread::unix::Thread>::new::thread_start
[INFO] [stdout]   24:     0x73cf71bfddfa - <unknown>
[INFO] [stdout]   25:     0x73cf71c913d4 - clone
[INFO] [stdout]   26:                0x0 - <unknown>
[INFO] [stdout] 
[INFO] [stdout] 
[INFO] [stdout] failures:
[INFO] [stdout]     crash_resume_linear_flow
[INFO] [stdout] 
[INFO] [stdout] test result: FAILED. 29 passed; 1 failed; 0 ignored; 0 measured; 0 filtered out; finished in 10.50s
[INFO] [stdout] 
[INFO] running `Command { std: "docker" "inspect" "243a6626b455ce7f7d456e30ed1924868328b33bafc7cf81642b266cf8a2f739", kill_on_drop: false }`
[INFO] running `Command { std: "docker" "rm" "-f" "243a6626b455ce7f7d456e30ed1924868328b33bafc7cf81642b266cf8a2f739", kill_on_drop: false }`
[INFO] [stdout] 243a6626b455ce7f7d456e30ed1924868328b33bafc7cf81642b266cf8a2f739
