[INFO] fetching crate waybill-service-gdrive 0.1.0...
[INFO] testing waybill-service-gdrive-0.1.0 against 1.99.0-beta.8+cargoflags=--release for beta-release-1.100-2
[INFO] extracting crate waybill-service-gdrive 0.1.0 into /workspace/builds/worker-2-tc1/source
[INFO] started tweaking crates.io crate waybill-service-gdrive 0.1.0
[INFO] finished tweaking crates.io crate waybill-service-gdrive 0.1.0
[INFO] tweaked toml for crates.io crate waybill-service-gdrive 0.1.0 written to /workspace/builds/worker-2-tc1/source/Cargo.toml
[INFO] validating manifest of crates.io crate waybill-service-gdrive 0.1.0 on toolchain 1.99.0-beta.8
[INFO] running `Command { std: CARGO_HOME="/workspace/cargo-home" RUSTUP_HOME="/workspace/rustup-home" "/workspace/cargo-home/bin/cargo" "+1.99.0-beta.8" "metadata" "--manifest-path" "Cargo.toml" "--no-deps", kill_on_drop: false }`
[INFO] crate crates.io crate waybill-service-gdrive 0.1.0 already has a lockfile, it will not be regenerated
[INFO] running `Command { std: CARGO_HOME="/workspace/cargo-home" RUSTUP_HOME="/workspace/rustup-home" "/workspace/cargo-home/bin/cargo" "+1.99.0-beta.8" "fetch" "--manifest-path" "Cargo.toml", kill_on_drop: false }`
[INFO] [stderr]     Updating crates.io index
[INFO] [stderr]  Downloading crates ...
[INFO] [stderr]   Downloaded waybill v0.1.0
[INFO] [stderr]   Downloaded waybill-service-fs v0.1.0
[INFO] running `Command { std: "docker" "create" "-v" "/var/lib/crater-agent-workspace/builds/worker-2-tc1/source:/opt/rustwide/workdir:ro,Z" "-v" "/var/lib/crater-agent-workspace/builds/worker-2-tc1/target:/opt/rustwide/target:rw,Z" "-v" "/var/lib/crater-agent-workspace/cargo-home:/opt/rustwide/cargo-home:ro,Z" "-v" "/var/lib/crater-agent-workspace/rustup-home:/opt/rustwide/rustup-home:ro,Z" "-m" "1610612736" "--network" "none" "ghcr.io/rust-lang/crates-build-env/linux@sha256:77db811e55d90add9212f6832c23229e3de5f1c1f9905e8cb07319ea15df73ac" "sleep" "infinity", kill_on_drop: false }`
[INFO] [stdout] 3280d7241cd62bcdf0f3a781b5f01ddf6dca46d2524ab89f33bae9dd7e68256c
[INFO] running `Command { std: "docker" "start" "3280d7241cd62bcdf0f3a781b5f01ddf6dca46d2524ab89f33bae9dd7e68256c", kill_on_drop: false }`
[INFO] running `Command { std: "docker" "inspect" "3280d7241cd62bcdf0f3a781b5f01ddf6dca46d2524ab89f33bae9dd7e68256c", kill_on_drop: false }`
[INFO] running `Command { std: "docker" "exec" "-e" "SOURCE_DIR=/opt/rustwide/workdir" "-e" "CARGO_HOME=/opt/rustwide/cargo-home" "-e" "RUSTUP_HOME=/opt/rustwide/rustup-home" "-e" "CARGO_TARGET_DIR=/opt/rustwide/target" "-w" "/opt/rustwide/workdir" "--user" "0:0" "3280d7241cd62bcdf0f3a781b5f01ddf6dca46d2524ab89f33bae9dd7e68256c" "/opt/rustwide/cargo-home/bin/cargo" "+1.99.0-beta.8" "metadata" "--no-deps" "--format-version=1", kill_on_drop: false }`
[INFO] running `Command { std: "docker" "inspect" "3280d7241cd62bcdf0f3a781b5f01ddf6dca46d2524ab89f33bae9dd7e68256c", kill_on_drop: false }`
[INFO] running `Command { std: "docker" "exec" "-e" "SOURCE_DIR=/opt/rustwide/workdir" "-e" "CARGO_HOME=/opt/rustwide/cargo-home" "-e" "RUSTUP_HOME=/opt/rustwide/rustup-home" "-e" "CARGO_TARGET_DIR=/opt/rustwide/target" "-e" "CARGO_INCREMENTAL=0" "-e" "RUST_BACKTRACE=full" "-e" "RUSTFLAGS=--cap-lints=warn" "-e" "RUSTDOCFLAGS=--cap-lints=warn" "-w" "/opt/rustwide/workdir" "--user" "0:0" "3280d7241cd62bcdf0f3a781b5f01ddf6dca46d2524ab89f33bae9dd7e68256c" "/opt/rustwide/cargo-home/bin/cargo" "+1.99.0-beta.8" "build" "--frozen" "--message-format=json" "--release", kill_on_drop: false }`
[INFO] [stderr]    Compiling cc v1.5.1
[INFO] [stderr]    Compiling syn v3.0.6
[INFO] [stderr]    Compiling futures-util v0.3.34
[INFO] [stderr]    Compiling getrandom v0.2.17
[INFO] [stderr]    Compiling rustls v0.23.45
[INFO] [stderr]    Compiling constant_time_eq v0.3.1
[INFO] [stderr]    Compiling ring v0.17.14
[INFO] [stderr]    Compiling blake3 v1.8.2
[INFO] [stderr]    Compiling synstructure v0.14.0
[INFO] [stderr]    Compiling zerofrom-derive v0.1.8
[INFO] [stderr]    Compiling yoke-derive v0.8.4
[INFO] [stderr]    Compiling zerovec-derive v0.11.6
[INFO] [stderr]    Compiling displaydoc v0.2.7
[INFO] [stderr]    Compiling tokio-macros v2.7.2
[INFO] [stderr]    Compiling serde_derive v1.0.229
[INFO] [stderr]    Compiling thiserror-impl v2.0.21
[INFO] [stderr]    Compiling tokio v1.53.1
[INFO] [stderr]    Compiling zerofrom v0.1.8
[INFO] [stderr]    Compiling thiserror v2.0.21
[INFO] [stderr]    Compiling yoke v0.8.3
[INFO] [stderr]    Compiling zerovec v0.11.8
[INFO] [stderr]    Compiling zerotrie v0.2.5
[INFO] [stderr]    Compiling tinystr v0.8.4
[INFO] [stderr]    Compiling potential_utf v0.1.6
[INFO] [stderr]    Compiling icu_collections v2.3.0
[INFO] [stderr]    Compiling icu_locale_core v2.3.0
[INFO] [stderr]    Compiling serde v1.0.229
[INFO] [stderr]    Compiling icu_provider v2.3.1
[INFO] [stderr]    Compiling serde_urlencoded v0.7.1
[INFO] [stderr]    Compiling waybill v0.1.0
[INFO] [stderr]    Compiling icu_properties v2.3.0
[INFO] [stderr]    Compiling icu_normalizer v2.3.0
[INFO] [stderr]    Compiling idna_adapter v1.2.2
[INFO] [stderr]    Compiling idna v1.1.0
[INFO] [stderr]    Compiling url v2.5.4
[INFO] [stderr]    Compiling hyper v1.11.1
[INFO] [stderr]    Compiling tower v0.5.3
[INFO] [stderr]    Compiling tokio-util v0.7.19
[INFO] [stderr]    Compiling tower-http v0.6.11
[INFO] [stderr]    Compiling hyper-util v0.1.21
[INFO] [stderr]    Compiling rustls-webpki v0.103.15
[INFO] [stderr]    Compiling tokio-rustls v0.26.6
[INFO] [stderr]    Compiling hyper-rustls v0.27.10
[INFO] [stderr]    Compiling reqwest v0.12.28
[INFO] [stderr]    Compiling waybill-service-gdrive v0.1.0 (/opt/rustwide/workdir)
[INFO] [stderr]     Finished `release` profile [optimized] target(s) in 2m 04s
[INFO] running `Command { std: "docker" "inspect" "3280d7241cd62bcdf0f3a781b5f01ddf6dca46d2524ab89f33bae9dd7e68256c", kill_on_drop: false }`
[INFO] running `Command { std: "docker" "exec" "-e" "SOURCE_DIR=/opt/rustwide/workdir" "-e" "CARGO_HOME=/opt/rustwide/cargo-home" "-e" "RUSTUP_HOME=/opt/rustwide/rustup-home" "-e" "CARGO_TARGET_DIR=/opt/rustwide/target" "-e" "CARGO_INCREMENTAL=0" "-e" "RUST_BACKTRACE=full" "-e" "RUSTFLAGS=--cap-lints=warn" "-e" "RUSTDOCFLAGS=--cap-lints=warn" "-w" "/opt/rustwide/workdir" "--user" "0:0" "3280d7241cd62bcdf0f3a781b5f01ddf6dca46d2524ab89f33bae9dd7e68256c" "/opt/rustwide/cargo-home/bin/cargo" "+1.99.0-beta.8" "test" "--frozen" "--no-run" "--message-format=json" "--release", kill_on_drop: false }`
[INFO] [stderr]    Compiling bitflags v2.13.2
[INFO] [stderr]    Compiling rustix v1.1.5
[INFO] [stderr]    Compiling getrandom v0.4.3
[INFO] [stderr]    Compiling md-5 v0.10.6
[INFO] [stderr]    Compiling fs2 v0.4.3
[INFO] [stderr]    Compiling tower-http v0.6.11
[INFO] [stderr]    Compiling reqwest v0.12.28
[INFO] [stderr]    Compiling tempfile v3.27.0
[INFO] [stderr]    Compiling waybill-service-gdrive v0.1.0 (/opt/rustwide/workdir)
[INFO] [stderr]    Compiling waybill-service-fs v0.1.0
[INFO] [stderr]     Finished `release` profile [optimized] target(s) in 52.69s
[INFO] running `Command { std: "docker" "inspect" "3280d7241cd62bcdf0f3a781b5f01ddf6dca46d2524ab89f33bae9dd7e68256c", kill_on_drop: false }`
[INFO] running `Command { std: "docker" "exec" "-e" "SOURCE_DIR=/opt/rustwide/workdir" "-e" "CARGO_HOME=/opt/rustwide/cargo-home" "-e" "RUSTUP_HOME=/opt/rustwide/rustup-home" "-e" "CARGO_TARGET_DIR=/opt/rustwide/target" "-e" "CARGO_INCREMENTAL=0" "-e" "RUST_BACKTRACE=full" "-e" "RUSTFLAGS=--cap-lints=warn" "-e" "RUSTDOCFLAGS=--cap-lints=warn" "-w" "/opt/rustwide/workdir" "--user" "0:0" "3280d7241cd62bcdf0f3a781b5f01ddf6dca46d2524ab89f33bae9dd7e68256c" "/opt/rustwide/cargo-home/bin/cargo" "+1.99.0-beta.8" "test" "--frozen" "--release", kill_on_drop: false }`
[INFO] [stderr]     Finished `release` profile [optimized] target(s) in 0.17s
[INFO] [stderr]      Running unittests src/lib.rs (/opt/rustwide/target/release/deps/waybill_service_gdrive-d5f9f40f3e063283)
[INFO] [stdout] 
[INFO] [stdout] running 34 tests
[INFO] [stdout] test tests::download_identity_rejects_native_documents_and_missing_files ... ok
[INFO] [stdout] test tests::default_root_uses_about_when_root_file_is_not_visible ... ok
[INFO] [stdout] test tests::default_root_rejects_invalid_about_identity ... ok
[INFO] [stdout] test tests::drive_path_constraints_are_checked_before_network_io ... ok
[INFO] [stdout] test tests::download_identity_uses_version_md5_and_size ... ok
[INFO] [stdout] test tests::explicit_root_still_requires_a_matching_accessible_folder ... ok
[INFO] [stdout] test tests::a_stop_during_source_read_prevents_scheduling_another_request ... ok
[INFO] [stdout] test tests::invalid_server_digest_is_rejected_instead_of_downgrading_verification ... ok
[INFO] [stdout] test tests::list_folder_maps_children_with_folder_flags ... ok
[INFO] [stdout] test tests::empty_file_and_authorization_refresh_are_supported ... ok
[INFO] [stdout] test tests::media_full_file_ok_without_range_support ... ok
[INFO] [stdout] test tests::media_range_errors_map_to_stable_kinds ... ok
[INFO] [stdout] test tests::media_range_reads_validate_content_range_exactly ... ok
[INFO] [stdout] test tests::media_range_rejects_partial_prefix_full_body ... ok
[INFO] [stdout] test tests::media_redirect_targets_are_allowlisted ... ok
[INFO] [stdout] test tests::media_redirects_drop_credentials_cross_origin ... ok
[INFO] [stdout] test tests::invalid_range_returns_protocol_error_and_keeps_checkpoint ... ok
[INFO] [stdout] 
[INFO] [stdout] running 1 test
[INFO] [stdout] test tests::expiration_requires_explicit_restart_and_reuses_object_id ... FAILED
[INFO] [stdout] test tests::production_session_urls_and_debug_output_are_strict ... ok
[INFO] [stdout] test tests::changed_source_and_driver_version_preserve_recovery_record ... ok
[INFO] [stdout] test tests::planned_directory_id_survives_a_lost_create_response ... ok
[INFO] [stdout] test tests::resolve_rejects_ambiguity_and_reports_missing_paths ... ok
[INFO] [stdout] test tests::resume_child ... ignored, helper invoked by the cross-process resume test
[INFO] [stdout] test tests::resolve_walks_segments_from_configured_root ... ok
[INFO] [stdout] test tests::lost_completion_response_is_reconciled_without_duplicate_creation ... ok
[INFO] [stdout] test tests::transient_get_retries_are_bounded_and_new_token_rejection_notifies_host ... ok
[INFO] [stdout] test tests::target_conflicts_require_explicit_suffix_and_directories_require_ownership ... ok
[INFO] [stdout] test tests::upload_alignment_is_checked_before_preparing_a_remote_session ... ok
[INFO] [stdout] test tests::expired_session_restart_count_is_bounded ... ok
[INFO] [stdout] test tests::remote_completion_survives_receipt_save_failure_and_instance_mismatch ... ok
[INFO] [stdout] test tests::resume_child ... ok
[INFO] [stdout] 
[INFO] [stdout] test result: ok. 1 passed; 0 failed; 0 ignored; 0 measured; 33 filtered out; finished in 0.06s
[INFO] [stdout] 
[INFO] [stdout] test tests::a_new_process_resumes_the_persisted_checkpoint ... ok
[INFO] [stdout] test tests::pause_restart_reconciles_server_ahead_and_retains_receipt_until_confirm ... ok
[INFO] [stdout] test tests::a_large_budget_is_clamped_to_the_backend_chunk_limit ... ok
[INFO] [stdout] test tests::server_offset_can_move_backwards_without_trusting_checkpoint ... ok
[INFO] [stdout] 
[INFO] [stdout] failures:
[INFO] [stdout] 
[INFO] [stdout] ---- tests::expiration_requires_explicit_restart_and_reuses_object_id stdout ----
[INFO] [stdout] 
[INFO] [stdout] thread 'tests::expiration_requires_explicit_restart_and_reuses_object_id' (1364) panicked at src/tests.rs:555:10:
[INFO] [stdout] called `Result::unwrap()` on an `Err` value: OperationBusy: checkpoint operation locked
[INFO] [stdout] stack backtrace:
[INFO] [stdout]    0:     0x5d717d934af1 - <<std[70759c8f55707aa4]::sys::backtrace::BacktraceLock>::print::DisplayBacktrace as core[df12db4294e9bfd3]::fmt::Display>::fmt
[INFO] [stdout]    1:     0x5d717d94b59a - core[df12db4294e9bfd3]::fmt::write
[INFO] [stdout]    2:     0x5d717d939bfc - <alloc[2182bb758b4b3781]::vec::Vec<u8> as core[df12db4294e9bfd3]::io::write::Write>::write_fmt
[INFO] [stdout]    3:     0x5d717d90dbc6 - std[70759c8f55707aa4]::panicking::default_hook::{closure#0}
[INFO] [stdout]    4:     0x5d717d92bd19 - std[70759c8f55707aa4]::panicking::default_hook
[INFO] [stdout]    5:     0x5d717d6970e0 - test[9d35eded1c95d3be]::test_main_inner::<test[9d35eded1c95d3be]::test_main_static::{closure#0}>::{closure#0}
[INFO] [stdout]    6:     0x5d717d92c042 - std[70759c8f55707aa4]::panicking::panic_with_hook
[INFO] [stdout]    7:     0x5d717d90dc72 - std[70759c8f55707aa4]::panicking::panic_handler::{closure#0}
[INFO] [stdout]    8:     0x5d717d906789 - std[70759c8f55707aa4]::sys::backtrace::__rust_end_short_backtrace::<std[70759c8f55707aa4]::panicking::panic_handler::{closure#0}, !>
[INFO] [stdout]    9:     0x5d717d90ec0d - __rustc[8fa7c3cbc660c2b3]::rust_begin_unwind
[INFO] [stdout]   10:     0x5d717d94bcfc - core[df12db4294e9bfd3]::panicking::panic_fmt
[INFO] [stdout]   11:     0x5d717d94bad2 - core[df12db4294e9bfd3]::result::unwrap_failed
[INFO] [stdout]   12:     0x5d717d627260 - waybill_service_gdrive[38f2a6d6cbd4127a]::tests::expiration_requires_explicit_restart_and_reuses_object_id::{closure#0}
[INFO] [stdout]   13:     0x5d717d675a63 - <tokio[a3ed13d64094551a]::runtime::scheduler::current_thread::Context>::enter::<core[df12db4294e9bfd3]::task::poll::Poll<()>, <tokio[a3ed13d64094551a]::runtime::scheduler::current_thread::CoreGuard>::block_on<core[df12db4294e9bfd3]::pin::Pin<&mut core[df12db4294e9bfd3]::pin::Pin<&mut dyn core[df12db4294e9bfd3]::future::future::Future<Output = ()>>>>::{closure#0}::{closure#0}>
[INFO] [stdout]   14:     0x5d717d67c00c - <tokio[a3ed13d64094551a]::runtime::context::scoped::Scoped<tokio[a3ed13d64094551a]::runtime::scheduler::Context>>::set::<<tokio[a3ed13d64094551a]::runtime::scheduler::current_thread::CoreGuard>::enter<<tokio[a3ed13d64094551a]::runtime::scheduler::current_thread::CoreGuard>::block_on<core[df12db4294e9bfd3]::pin::Pin<&mut core[df12db4294e9bfd3]::pin::Pin<&mut dyn core[df12db4294e9bfd3]::future::future::Future<Output = ()>>>>::{closure#0}, core[df12db4294e9bfd3]::option::Option<()>>::{closure#0}, (alloc[2182bb758b4b3781]::boxed::Box<tokio[a3ed13d64094551a]::runtime::scheduler::current_thread::Core>, core[df12db4294e9bfd3]::option::Option<()>)>
[INFO] [stdout]   15:     0x5d717d675fb7 - <tokio[a3ed13d64094551a]::runtime::scheduler::current_thread::CoreGuard>::block_on::<core[df12db4294e9bfd3]::pin::Pin<&mut core[df12db4294e9bfd3]::pin::Pin<&mut dyn core[df12db4294e9bfd3]::future::future::Future<Output = ()>>>>
[INFO] [stdout]   16:     0x5d717d68a10d - tokio[a3ed13d64094551a]::runtime::context::runtime::enter_runtime::<<tokio[a3ed13d64094551a]::runtime::scheduler::current_thread::CurrentThread>::block_on<core[df12db4294e9bfd3]::pin::Pin<&mut dyn core[df12db4294e9bfd3]::future::future::Future<Output = ()>>>::{closure#0}, ()>
[INFO] [stdout]   17:     0x5d717d67bee5 - <tokio[a3ed13d64094551a]::runtime::runtime::Runtime>::block_on::<core[df12db4294e9bfd3]::pin::Pin<&mut dyn core[df12db4294e9bfd3]::future::future::Future<Output = ()>>>
[INFO] [stdout]   18:     0x5d717d63dc0b - waybill_service_gdrive[38f2a6d6cbd4127a]::tests::expiration_requires_explicit_restart_and_reuses_object_id
[INFO] [stdout]   19:     0x5d717d651eb9 - <waybill_service_gdrive[38f2a6d6cbd4127a]::tests::expiration_requires_explicit_restart_and_reuses_object_id::{closure#0} as core[df12db4294e9bfd3]::ops::function::FnOnce<()>>::call_once
[INFO] [stdout]   20:     0x5d717d68a3cb - test[9d35eded1c95d3be]::__rust_begin_short_backtrace::<core[df12db4294e9bfd3]::result::Result<(), alloc[2182bb758b4b3781]::string::String>, fn() -> core[df12db4294e9bfd3]::result::Result<(), alloc[2182bb758b4b3781]::string::String>>
[INFO] [stdout]   21:     0x5d717d697a35 - test[9d35eded1c95d3be]::run_test::{closure#0}
[INFO] [stdout]   22:     0x5d717d6912f4 - std[70759c8f55707aa4]::sys::backtrace::__rust_begin_short_backtrace::<test[9d35eded1c95d3be]::run_test::{closure#1}, ()>
[INFO] [stdout]   23:     0x5d717d69ab92 - <std[70759c8f55707aa4]::thread::lifecycle::spawn_unchecked<test[9d35eded1c95d3be]::run_test::{closure#1}, ()>::{closure#1} as core[df12db4294e9bfd3]::ops::function::FnOnce<()>>::call_once::{shim:vtable#0}
[INFO] [stdout]   24:     0x5d717d933e29 - <std[70759c8f55707aa4]::sys::thread::unix::Thread>::new::thread_start
[INFO] [stdout]   25:     0x77fde1b9cdfa - <unknown>
[INFO] [stdout]   26:     0x77fde1c303d4 - clone
[INFO] [stdout]   27:                0x0 - <unknown>
[INFO] [stdout] 
[INFO] [stdout] 
[INFO] [stdout] failures:
[INFO] [stdout]     tests::expiration_requires_explicit_restart_and_reuses_object_id
[INFO] [stdout] 
[INFO] [stdout] test result: FAILED. 32 passed; 1 failed; 1 ignored; 0 measured; 0 filtered out; finished in 0.17s
[INFO] [stdout] 
[INFO] [stderr] error: test failed, to rerun pass `--lib`
[INFO] running `Command { std: "docker" "inspect" "3280d7241cd62bcdf0f3a781b5f01ddf6dca46d2524ab89f33bae9dd7e68256c", kill_on_drop: false }`
[INFO] running `Command { std: "docker" "rm" "-f" "3280d7241cd62bcdf0f3a781b5f01ddf6dca46d2524ab89f33bae9dd7e68256c", kill_on_drop: false }`
[INFO] [stdout] 3280d7241cd62bcdf0f3a781b5f01ddf6dca46d2524ab89f33bae9dd7e68256c
