[INFO] fetching crate wasmer-vm 7.5.0...
[INFO] testing wasmer-vm-7.5.0 against 1.99.0-beta.8+cargoflags=--release for beta-release-1.100-2
[INFO] extracting crate wasmer-vm 7.5.0 into /workspace/builds/worker-2-tc1/source
[INFO] started tweaking crates.io crate wasmer-vm 7.5.0
[INFO] finished tweaking crates.io crate wasmer-vm 7.5.0
[INFO] tweaked toml for crates.io crate wasmer-vm 7.5.0 written to /workspace/builds/worker-2-tc1/source/Cargo.toml
[INFO] validating manifest of crates.io crate wasmer-vm 7.5.0 on toolchain 1.99.0-beta.8
[INFO] running `Command { std: CARGO_HOME="/workspace/cargo-home" RUSTUP_HOME="/workspace/rustup-home" "/workspace/cargo-home/bin/cargo" "+1.99.0-beta.8" "metadata" "--manifest-path" "Cargo.toml" "--no-deps", kill_on_drop: false }`
[INFO] crate crates.io crate wasmer-vm 7.5.0 already has a lockfile, it will not be regenerated
[INFO] running `Command { std: CARGO_HOME="/workspace/cargo-home" RUSTUP_HOME="/workspace/rustup-home" "/workspace/cargo-home/bin/cargo" "+1.99.0-beta.8" "fetch" "--manifest-path" "Cargo.toml", kill_on_drop: false }`
[INFO] [stderr]     Updating crates.io index
[INFO] [stderr]  Downloading crates ...
[INFO] [stderr]   Downloaded wasmer-types v7.5.0
[INFO] [stderr]   Downloaded loupe v0.2.0
[INFO] [stderr]   Downloaded loupe-derive v0.2.0
[INFO] [stderr]   Downloaded enum-iterator v2.3.0
[INFO] [stderr]   Downloaded more-asserts v0.3.1
[INFO] [stderr]   Downloaded libunwind v1.3.3
[INFO] [stderr]   Downloaded corosensei v0.3.4
[INFO] [stderr]   Downloaded bytesize v2.7.0
[INFO] [stderr]   Downloaded region v4.0.1
[INFO] [stderr]   Downloaded mach2 v0.7.0
[INFO] [stderr]   Downloaded gimli v0.34.0
[INFO] running `Command { std: "docker" "create" "-v" "/var/lib/crater-agent-workspace/builds/worker-2-tc1/source:/opt/rustwide/workdir:ro,Z" "-v" "/var/lib/crater-agent-workspace/builds/worker-2-tc1/target:/opt/rustwide/target:rw,Z" "-v" "/var/lib/crater-agent-workspace/cargo-home:/opt/rustwide/cargo-home:ro,Z" "-v" "/var/lib/crater-agent-workspace/rustup-home:/opt/rustwide/rustup-home:ro,Z" "-m" "1610612736" "--network" "none" "ghcr.io/rust-lang/crates-build-env/linux@sha256:77db811e55d90add9212f6832c23229e3de5f1c1f9905e8cb07319ea15df73ac" "sleep" "infinity", kill_on_drop: false }`
[INFO] [stdout] 713cfc3e1b82fece547fcee8df6ac30bbc0ee061055f1acae38b517b3292de84
[INFO] running `Command { std: "docker" "start" "713cfc3e1b82fece547fcee8df6ac30bbc0ee061055f1acae38b517b3292de84", kill_on_drop: false }`
[INFO] running `Command { std: "docker" "inspect" "713cfc3e1b82fece547fcee8df6ac30bbc0ee061055f1acae38b517b3292de84", kill_on_drop: false }`
[INFO] running `Command { std: "docker" "exec" "-e" "SOURCE_DIR=/opt/rustwide/workdir" "-e" "CARGO_HOME=/opt/rustwide/cargo-home" "-e" "RUSTUP_HOME=/opt/rustwide/rustup-home" "-e" "CARGO_TARGET_DIR=/opt/rustwide/target" "-w" "/opt/rustwide/workdir" "--user" "0:0" "713cfc3e1b82fece547fcee8df6ac30bbc0ee061055f1acae38b517b3292de84" "/opt/rustwide/cargo-home/bin/cargo" "+1.99.0-beta.8" "metadata" "--no-deps" "--format-version=1", kill_on_drop: false }`
[INFO] running `Command { std: "docker" "inspect" "713cfc3e1b82fece547fcee8df6ac30bbc0ee061055f1acae38b517b3292de84", kill_on_drop: false }`
[INFO] running `Command { std: "docker" "exec" "-e" "SOURCE_DIR=/opt/rustwide/workdir" "-e" "CARGO_HOME=/opt/rustwide/cargo-home" "-e" "RUSTUP_HOME=/opt/rustwide/rustup-home" "-e" "CARGO_TARGET_DIR=/opt/rustwide/target" "-e" "CARGO_INCREMENTAL=0" "-e" "RUST_BACKTRACE=full" "-e" "RUSTFLAGS=--cap-lints=warn" "-e" "RUSTDOCFLAGS=--cap-lints=warn" "-w" "/opt/rustwide/workdir" "--user" "0:0" "713cfc3e1b82fece547fcee8df6ac30bbc0ee061055f1acae38b517b3292de84" "/opt/rustwide/cargo-home/bin/cargo" "+1.99.0-beta.8" "build" "--frozen" "--message-format=json" "--release", kill_on_drop: false }`
[INFO] [stderr]    Compiling toml_datetime v1.1.1+spec-1.1.0
[INFO] [stderr]    Compiling toml_parser v1.1.3+spec-1.1.0
[INFO] [stderr]    Compiling hybrid-array v0.4.15
[INFO] [stderr]    Compiling scopeguard v1.2.0
[INFO] [stderr]    Compiling getrandom v0.4.3
[INFO] [stderr]    Compiling target-lexicon v0.13.5
[INFO] [stderr]    Compiling object v0.37.3
[INFO] [stderr]    Compiling smallvec v1.16.2
[INFO] [stderr]    Compiling syn v2.0.119
[INFO] [stderr]    Compiling syn v3.0.6
[INFO] [stderr]    Compiling corosensei v0.3.4
[INFO] [stderr]    Compiling either v1.18.0
[INFO] [stderr]    Compiling cpufeatures v0.3.1
[INFO] [stderr]    Compiling bytes v1.12.1
[INFO] [stderr]    Compiling gimli v0.32.3
[INFO] [stderr]    Compiling miniz_oxide v0.8.9
[INFO] [stderr]    Compiling stable_deref_trait v1.2.1
[INFO] [stderr]    Compiling lock_api v0.4.14
[INFO] [stderr]    Compiling more-asserts v0.3.1
[INFO] [stderr]    Compiling region v4.0.1
[INFO] [stderr]    Compiling gimli v0.34.0
[INFO] [stderr]    Compiling crossbeam-queue v0.3.14
[INFO] [stderr]    Compiling itertools v0.15.0
[INFO] [stderr]    Compiling bytesize v2.7.0
[INFO] [stderr]    Compiling parking_lot_core v0.9.12
[INFO] [stderr]    Compiling libunwind v1.3.3
[INFO] [stderr]    Compiling dashmap v6.2.1
[INFO] [stderr]    Compiling parking_lot v0.12.5
[INFO] [stderr]    Compiling toml_edit v0.25.15+spec-1.1.0
[INFO] [stderr]    Compiling block-buffer v0.12.1
[INFO] [stderr]    Compiling crypto-common v0.2.2
[INFO] [stderr]    Compiling proc-macro-crate v3.5.0
[INFO] [stderr]    Compiling digest v0.11.3
[INFO] [stderr]    Compiling sha2 v0.11.0
[INFO] [stderr]    Compiling addr2line v0.25.1
[INFO] [stderr]    Compiling ptr_meta_derive v0.3.2
[INFO] [stderr]    Compiling bytecheck_derive v0.8.3
[INFO] [stderr]    Compiling rkyv_derive v0.8.18
[INFO] [stderr]    Compiling thiserror-impl v2.0.21
[INFO] [stderr]    Compiling ptr_meta v0.3.2
[INFO] [stderr]    Compiling rancor v0.1.3
[INFO] [stderr]    Compiling bytecheck v0.8.3
[INFO] [stderr]    Compiling rend v0.5.4
[INFO] [stderr]    Compiling backtrace v0.3.76
[INFO] [stderr]    Compiling thiserror v2.0.21
[INFO] [stderr]    Compiling darling_core v0.21.3
[INFO] [stderr]    Compiling munge_macro v0.4.7
[INFO] [stderr]    Compiling num_enum_derive v0.7.6
[INFO] [stderr]    Compiling enum-iterator-derive v1.5.0
[INFO] [stderr]    Compiling munge v0.4.7
[INFO] [stderr]    Compiling enum-iterator v2.3.0
[INFO] [stderr]    Compiling num_enum v0.7.6
[INFO] [stderr]    Compiling darling_macro v0.21.3
[INFO] [stderr]    Compiling darling v0.21.3
[INFO] [stderr]    Compiling enumset_derive v0.15.0
[INFO] [stderr]    Compiling enumset v1.1.14
[INFO] [stderr]    Compiling rkyv v0.8.18
[INFO] [stderr]    Compiling wasmer-types v7.5.0
[INFO] [stderr]    Compiling wasmer-vm v7.5.0 (/opt/rustwide/workdir)
[INFO] [stderr]     Finished `release` profile [optimized] target(s) in 46.01s
[INFO] running `Command { std: "docker" "inspect" "713cfc3e1b82fece547fcee8df6ac30bbc0ee061055f1acae38b517b3292de84", kill_on_drop: false }`
[INFO] running `Command { std: "docker" "exec" "-e" "SOURCE_DIR=/opt/rustwide/workdir" "-e" "CARGO_HOME=/opt/rustwide/cargo-home" "-e" "RUSTUP_HOME=/opt/rustwide/rustup-home" "-e" "CARGO_TARGET_DIR=/opt/rustwide/target" "-e" "CARGO_INCREMENTAL=0" "-e" "RUST_BACKTRACE=full" "-e" "RUSTFLAGS=--cap-lints=warn" "-e" "RUSTDOCFLAGS=--cap-lints=warn" "-w" "/opt/rustwide/workdir" "--user" "0:0" "713cfc3e1b82fece547fcee8df6ac30bbc0ee061055f1acae38b517b3292de84" "/opt/rustwide/cargo-home/bin/cargo" "+1.99.0-beta.8" "test" "--frozen" "--no-run" "--message-format=json" "--release", kill_on_drop: false }`
[INFO] [stderr]    Compiling wasmer-vm v7.5.0 (/opt/rustwide/workdir)
[INFO] [stderr]     Finished `release` profile [optimized] target(s) in 4.00s
[INFO] running `Command { std: "docker" "inspect" "713cfc3e1b82fece547fcee8df6ac30bbc0ee061055f1acae38b517b3292de84", kill_on_drop: false }`
[INFO] running `Command { std: "docker" "exec" "-e" "SOURCE_DIR=/opt/rustwide/workdir" "-e" "CARGO_HOME=/opt/rustwide/cargo-home" "-e" "RUSTUP_HOME=/opt/rustwide/rustup-home" "-e" "CARGO_TARGET_DIR=/opt/rustwide/target" "-e" "CARGO_INCREMENTAL=0" "-e" "RUST_BACKTRACE=full" "-e" "RUSTFLAGS=--cap-lints=warn" "-e" "RUSTDOCFLAGS=--cap-lints=warn" "-w" "/opt/rustwide/workdir" "--user" "0:0" "713cfc3e1b82fece547fcee8df6ac30bbc0ee061055f1acae38b517b3292de84" "/opt/rustwide/cargo-home/bin/cargo" "+1.99.0-beta.8" "test" "--frozen" "--release", kill_on_drop: false }`
[INFO] [stderr]     Finished `release` profile [optimized] target(s) in 0.12s
[INFO] [stderr]      Running unittests src/lib.rs (/opt/rustwide/target/release/deps/wasmer_vm-284748acce0d70cb)
[INFO] [stdout] 
[INFO] [stdout] running 56 tests
[INFO] [stdout] test instance::allocator::tests::new_with_offsets_matches_new ... ok
[INFO] [stdout] test trap::traphandlers::tests::acquire_discards_undersized_pool_then_allocates ... ok
[INFO] [stdout] test table::table_element_size_test ... ok
[INFO] [stdout] test instance::allocator::tests::vmoffsets_new_is_deterministic_on_empty_module ... ok
[INFO] [stdout] test instance::allocator::tests::new_with_offsets_many_times ... ok
[INFO] [stdout] test trap::traphandlers::tests::acquire_prefers_tls_over_pool ... ok
[INFO] [stdout] test threadconditions::tests::threadconditions_notify_nowaiters ... ok
[INFO] [stdout] test trap::traphandlers::tests::acquire_discards_undersized_tls_then_allocates ... ok
[INFO] [stdout] test test_vmfunction_body::check_vmfunction_body_offsets ... ok
[INFO] [stdout] test trap::traphandlers::tests::drain_stack_pool_empties_pool ... ok
[INFO] [stdout] test trap::traphandlers::tests::drain_stack_pool_is_idempotent ... ok
[INFO] [stdout] test trap::traphandlers::tests::growing_request_discards_smaller_tls_stack ... ok
[INFO] [stdout] test table::tests::readonly_table_rejects_grow ... ok
[INFO] [stdout] test trap::traphandlers::tests::on_host_stack_inside_wasm_switches_and_returns ... ok
[INFO] [stdout] test trap::traphandlers::tests::on_wasm_stack_passes_owning_result_back ... ok
[INFO] [stdout] test threadconditions::tests::threadconditions_value_mismatch ... ok
[INFO] [stdout] test trap::traphandlers::tests::acquire_uses_pool_when_tls_empty ... ok
[INFO] [stdout] test trap::traphandlers::tests::raise_lib_trap_yields_err ... ok
[INFO] [stdout] test trap::traphandlers::tests::acquire_allocates_fresh_when_tls_and_pool_empty ... ok
[INFO] [stdout] test trap::traphandlers::tests::raise_user_trap_yields_err ... ok
[INFO] [stdout] test trap::traphandlers::tests::reentrant_call_returns_value ... ok
[INFO] [stdout] test trap::traphandlers::tests::reentrant_calls_run_to_completion_under_pool_pressure ... ok
[INFO] [stdout] test trap::traphandlers::tests::reentrant_with_on_host_stack_in_between ... ok
[INFO] [stdout] test trap::traphandlers::tests::on_wasm_stack_passes_closure_value_back ... ok
[INFO] [stdout] test trap::traphandlers::tests::drain_stack_pool_clears_calling_thread_tls_slot ... ok
[INFO] [stdout] test trap::traphandlers::tests::reentrant_inner_trap_does_not_kill_outer ... ok
[INFO] [stdout] test trap::traphandlers::tests::get_set_stack_size_roundtrip ... ok
[INFO] [stdout] test trap::traphandlers::tests::set_stack_size_clamps_to_min ... ok
[INFO] [stdout] test trap::traphandlers::tests::pool_returns_stale_stack_without_drain ... ok
[INFO] [stdout] test trap::traphandlers::tests::resume_panic_yields_err_without_unwinding ... ok
[INFO] [stdout] test trap::traphandlers::tests::set_stack_size_clamps_to_max ... ok
[INFO] [stdout] test trap::traphandlers::tests::release_into_empty_tls_caches_there ... ok
[INFO] [stdout] test trap::traphandlers::tests::many_calls_do_not_grow_global_pool ... ok
[INFO] [stdout] test vmcontext::test_vmfunction_import::check_vmfunction_import_offsets ... ok
[INFO] [stdout] test trap::traphandlers::tests::release_into_occupied_tls_displaces_older_to_pool ... ok
[INFO] [stdout] test trap::traphandlers::tests::tls_stack_caches_after_first_call ... ok
[INFO] [stdout] test vmcontext::test_vmglobal_definition::check_vmglobal_begins_aligned ... ok
[INFO] [stdout] test vmcontext::test_vmglobal_definition::check_vmglobal_definition_alignment ... ok
[INFO] [stdout] test vmcontext::test_vmglobal_definition::check_vmglobal_definition_offsets ... ok
[INFO] [stdout] test vmcontext::test_vmglobal_import::check_vmglobal_import_offsets ... ok
[INFO] [stdout] test vmcontext::test_vmtable_definition::check_vmtable_definition_offsets ... ok
[INFO] [stdout] test vmcontext::test_vmtable_import::check_vmtable_import_offsets ... ok
[INFO] [stdout] test vmcontext::test_vmdynamicfunction_import_context::check_vmdynamicfunction_import_context_offsets ... ok
[INFO] [stdout] test vmcontext::test_vmmemory_definition::check_vmmemory_definition_offsets ... ok
[INFO] [stdout] test vmcontext::test_vmmemory_import::check_vmmemory_import_offsets ... ok
[INFO] [stdout] test trap::traphandlers::tests::max_stack_size_is_100mb ... ok
[INFO] [stdout] test vmcontext::test_vmcaller_checked_anyfunc::check_vmcaller_checked_anyfunc_offsets ... ok
[INFO] [stdout] test threadconditions::tests::threadconditions_notify_1waiter ... ok
[INFO] [stdout] test trap::traphandlers::tests::trap_does_not_corrupt_subsequent_calls ... ok
[INFO] [stdout] test trap::traphandlers::tests::on_wasm_stack_discards_undersized_stack ... ok
[INFO] [stdout] test trap::traphandlers::tests::on_host_stack_outside_coroutine_runs_inline ... ok
[INFO] [stdout] test trap::traphandlers::tests::many_threads_in_parallel_all_succeed ... ok
[INFO] [stdout] test trap::traphandlers::tests::tls_stack_returns_to_pool_on_thread_exit ... FAILED
[INFO] [stdout] test threadconditions::tests::threadconditions_notify_2waiters ... ok
[INFO] [stdout] test threadconditions::tests::threadconditions_notify_waiter_timeout ... ok
[INFO] [stdout] test threadconditions::tests::threadconditions_notify_waiter_mismatch ... ok
[INFO] [stdout] 
[INFO] [stdout] failures:
[INFO] [stdout] 
[INFO] [stdout] ---- trap::traphandlers::tests::tls_stack_returns_to_pool_on_thread_exit stdout ----
[INFO] [stdout] 
[INFO] [stdout] thread 'trap::traphandlers::tests::tls_stack_returns_to_pool_on_thread_exit' (1230) panicked at src/trap/traphandlers.rs:1516:14:
[INFO] [stdout] thread exit should return TLS-cached stack to the global pool
[INFO] [stdout] stack backtrace:
[INFO] [stdout]    0:     0x64f6c982ff21 - <<std[70759c8f55707aa4]::sys::backtrace::BacktraceLock>::print::DisplayBacktrace as core[df12db4294e9bfd3]::fmt::Display>::fmt
[INFO] [stdout]    1:     0x64f6c984444a - core[df12db4294e9bfd3]::fmt::write
[INFO] [stdout]    2:     0x64f6c983442c - <alloc[2182bb758b4b3781]::vec::Vec<u8> as core[df12db4294e9bfd3]::io::write::Write>::write_fmt
[INFO] [stdout]    3:     0x64f6c980c086 - std[70759c8f55707aa4]::panicking::default_hook::{closure#0}
[INFO] [stdout]    4:     0x64f6c9828209 - std[70759c8f55707aa4]::panicking::default_hook
[INFO] [stdout]    5:     0x64f6c97b7190 - test[9d35eded1c95d3be]::test_main_inner::<test[9d35eded1c95d3be]::test_main_static::{closure#0}>::{closure#0}
[INFO] [stdout]    6:     0x64f6c9828532 - std[70759c8f55707aa4]::panicking::panic_with_hook
[INFO] [stdout]    7:     0x64f6c980c132 - std[70759c8f55707aa4]::panicking::panic_handler::{closure#0}
[INFO] [stdout]    8:     0x64f6c9804eb9 - std[70759c8f55707aa4]::sys::backtrace::__rust_end_short_backtrace::<std[70759c8f55707aa4]::panicking::panic_handler::{closure#0}, !>
[INFO] [stdout]    9:     0x64f6c980cd2d - __rustc[8fa7c3cbc660c2b3]::rust_begin_unwind
[INFO] [stdout]   10:     0x64f6c9844b7c - core[df12db4294e9bfd3]::panicking::panic_fmt
[INFO] [stdout]   11:     0x64f6c98448d4 - core[df12db4294e9bfd3]::option::expect_failed
[INFO] [stdout]   12:     0x64f6c979e561 - wasmer_vm[a991a04b899ce49]::trap::traphandlers::tests::tls_stack_returns_to_pool_on_thread_exit
[INFO] [stdout]   13:     0x64f6c97a67c9 - <wasmer_vm[a991a04b899ce49]::trap::traphandlers::tests::tls_stack_returns_to_pool_on_thread_exit::{closure#0} as core[df12db4294e9bfd3]::ops::function::FnOnce<()>>::call_once
[INFO] [stdout]   14:     0x64f6c97aa47b - test[9d35eded1c95d3be]::__rust_begin_short_backtrace::<core[df12db4294e9bfd3]::result::Result<(), alloc[2182bb758b4b3781]::string::String>, fn() -> core[df12db4294e9bfd3]::result::Result<(), alloc[2182bb758b4b3781]::string::String>>
[INFO] [stdout]   15:     0x64f6c97b7ae5 - test[9d35eded1c95d3be]::run_test::{closure#0}
[INFO] [stdout]   16:     0x64f6c97b13a4 - std[70759c8f55707aa4]::sys::backtrace::__rust_begin_short_backtrace::<test[9d35eded1c95d3be]::run_test::{closure#1}, ()>
[INFO] [stdout]   17:     0x64f6c97bac42 - <std[70759c8f55707aa4]::thread::lifecycle::spawn_unchecked<test[9d35eded1c95d3be]::run_test::{closure#1}, ()>::{closure#1} as core[df12db4294e9bfd3]::ops::function::FnOnce<()>>::call_once::{shim:vtable#0}
[INFO] [stdout]   18:     0x64f6c982f7b9 - <std[70759c8f55707aa4]::sys::thread::unix::Thread>::new::thread_start
[INFO] [stdout]   19:     0x79e6f3965dfa - <unknown>
[INFO] [stdout]   20:     0x79e6f39f93d4 - clone
[INFO] [stdout]   21:                0x0 - <unknown>
[INFO] [stdout] 
[INFO] [stdout] 
[INFO] [stdout] failures:
[INFO] [stdout]     trap::traphandlers::tests::tls_stack_returns_to_pool_on_thread_exit
[INFO] [stdout] 
[INFO] [stdout] test result: FAILED. 55 passed; 1 failed; 0 ignored; 0 measured; 0 filtered out; finished in 0.11s
[INFO] [stdout] 
[INFO] [stderr] error: test failed, to rerun pass `--lib`
[INFO] running `Command { std: "docker" "inspect" "713cfc3e1b82fece547fcee8df6ac30bbc0ee061055f1acae38b517b3292de84", kill_on_drop: false }`
[INFO] running `Command { std: "docker" "rm" "-f" "713cfc3e1b82fece547fcee8df6ac30bbc0ee061055f1acae38b517b3292de84", kill_on_drop: false }`
[INFO] [stdout] 713cfc3e1b82fece547fcee8df6ac30bbc0ee061055f1acae38b517b3292de84
