[INFO] fetching crate vpnkitrc 0.1.5...
[INFO] testing vpnkitrc-0.1.5 against 1.100.0-beta.1+cargoflags=--release for beta-release-1.100-2
[INFO] extracting crate vpnkitrc 0.1.5 into /workspace/builds/worker-4-tc2/source
[INFO] started tweaking crates.io crate vpnkitrc 0.1.5
[INFO] finished tweaking crates.io crate vpnkitrc 0.1.5
[INFO] tweaked toml for crates.io crate vpnkitrc 0.1.5 written to /workspace/builds/worker-4-tc2/source/Cargo.toml
[INFO] validating manifest of crates.io crate vpnkitrc 0.1.5 on toolchain 1.100.0-beta.1
[INFO] running `Command { std: CARGO_HOME="/workspace/cargo-home" RUSTUP_HOME="/workspace/rustup-home" "/workspace/cargo-home/bin/cargo" "+1.100.0-beta.1" "metadata" "--manifest-path" "Cargo.toml" "--no-deps", kill_on_drop: false }`
[INFO] crate crates.io crate vpnkitrc 0.1.5 already has a lockfile, it will not be regenerated
[INFO] running `Command { std: CARGO_HOME="/workspace/cargo-home" RUSTUP_HOME="/workspace/rustup-home" "/workspace/cargo-home/bin/cargo" "+1.100.0-beta.1" "fetch" "--manifest-path" "Cargo.toml", kill_on_drop: false }`
[INFO] running `Command { std: "docker" "create" "-v" "/var/lib/crater-agent-workspace/builds/worker-4-tc2/source:/opt/rustwide/workdir:ro,Z" "-v" "/var/lib/crater-agent-workspace/builds/worker-4-tc2/target:/opt/rustwide/target:rw,Z" "-v" "/var/lib/crater-agent-workspace/cargo-home:/opt/rustwide/cargo-home:ro,Z" "-v" "/var/lib/crater-agent-workspace/rustup-home:/opt/rustwide/rustup-home:ro,Z" "-m" "1610612736" "--network" "none" "ghcr.io/rust-lang/crates-build-env/linux@sha256:77db811e55d90add9212f6832c23229e3de5f1c1f9905e8cb07319ea15df73ac" "sleep" "infinity", kill_on_drop: false }`
[INFO] [stdout] 83c12f3ff3aaa9400729a63bf54b227d9d3ef5a9c9401282b1de81b8dfb43110
[INFO] running `Command { std: "docker" "start" "83c12f3ff3aaa9400729a63bf54b227d9d3ef5a9c9401282b1de81b8dfb43110", kill_on_drop: false }`
[INFO] running `Command { std: "docker" "inspect" "83c12f3ff3aaa9400729a63bf54b227d9d3ef5a9c9401282b1de81b8dfb43110", kill_on_drop: false }`
[INFO] running `Command { std: "docker" "exec" "-e" "SOURCE_DIR=/opt/rustwide/workdir" "-e" "CARGO_HOME=/opt/rustwide/cargo-home" "-e" "RUSTUP_HOME=/opt/rustwide/rustup-home" "-e" "CARGO_TARGET_DIR=/opt/rustwide/target" "-w" "/opt/rustwide/workdir" "--user" "0:0" "83c12f3ff3aaa9400729a63bf54b227d9d3ef5a9c9401282b1de81b8dfb43110" "/opt/rustwide/cargo-home/bin/cargo" "+1.100.0-beta.1" "metadata" "--no-deps" "--format-version=1", kill_on_drop: false }`
[INFO] running `Command { std: "docker" "inspect" "83c12f3ff3aaa9400729a63bf54b227d9d3ef5a9c9401282b1de81b8dfb43110", kill_on_drop: false }`
[INFO] running `Command { std: "docker" "exec" "-e" "SOURCE_DIR=/opt/rustwide/workdir" "-e" "CARGO_HOME=/opt/rustwide/cargo-home" "-e" "RUSTUP_HOME=/opt/rustwide/rustup-home" "-e" "CARGO_TARGET_DIR=/opt/rustwide/target" "-e" "CARGO_INCREMENTAL=0" "-e" "RUST_BACKTRACE=full" "-e" "RUSTFLAGS=--cap-lints=warn" "-e" "RUSTDOCFLAGS=--cap-lints=warn" "-w" "/opt/rustwide/workdir" "--user" "0:0" "83c12f3ff3aaa9400729a63bf54b227d9d3ef5a9c9401282b1de81b8dfb43110" "/opt/rustwide/cargo-home/bin/cargo" "+1.100.0-beta.1" "build" "--frozen" "--message-format=json" "--release", kill_on_drop: false }`
[INFO] [stderr]    Compiling proc-macro2 v1.0.94
[INFO] [stderr]    Compiling unicode-ident v1.0.18
[INFO] [stderr]    Compiling crossbeam-utils v0.8.21
[INFO] [stderr]    Compiling serde v1.0.219
[INFO] [stderr]    Compiling bitflags v2.9.0
[INFO] [stderr]    Compiling log v0.4.26
[INFO] [stderr]    Compiling ntex-rt v0.4.24
[INFO] [stderr]    Compiling oneshot v0.1.11
[INFO] [stderr]    Compiling fxhash v0.2.1
[INFO] [stderr]    Compiling futures-sink v0.3.31
[INFO] [stderr]    Compiling futures-timer v3.0.3
[INFO] [stderr]    Compiling typenum v1.18.0
[INFO] [stderr]    Compiling http v1.2.0
[INFO] [stderr]    Compiling signal-hook-registry v1.4.2
[INFO] [stderr]    Compiling mio v1.0.3
[INFO] [stderr]    Compiling socket2 v0.5.8
[INFO] [stderr]    Compiling ntex-service v3.4.0
[INFO] [stderr]    Compiling rustix v0.38.44
[INFO] [stderr]    Compiling signal-hook v0.3.17
[INFO] [stderr]    Compiling tracing-core v0.1.33
[INFO] [stderr]    Compiling linux-raw-sys v0.4.15
[INFO] [stderr]    Compiling regex-automata v0.4.9
[INFO] [stderr]    Compiling num_cpus v1.16.0
[INFO] [stderr]    Compiling serde_json v1.0.140
[INFO] [stderr]    Compiling nanorand v0.7.0
[INFO] [stderr]    Compiling encoding_rs v0.8.35
[INFO] [stderr]    Compiling core_affinity v0.8.3
[INFO] [stderr]    Compiling tracing v0.1.41
[INFO] [stderr]    Compiling concurrent-queue v2.5.0
[INFO] [stderr]    Compiling tokio v1.44.0
[INFO] [stderr]    Compiling quote v1.0.39
[INFO] [stderr]    Compiling event-listener v5.4.0
[INFO] [stderr]    Compiling generic-array v0.14.7
[INFO] [stderr]    Compiling syn v2.0.100
[INFO] [stderr]    Compiling syn v1.0.109
[INFO] [stderr]    Compiling event-listener-strategy v0.5.3
[INFO] [stderr]    Compiling async-channel v2.3.1
[INFO] [stderr]    Compiling async-broadcast v0.7.2
[INFO] [stderr]    Compiling crypto-common v0.1.6
[INFO] [stderr]    Compiling block-buffer v0.10.4
[INFO] [stderr]    Compiling digest v0.10.7
[INFO] [stderr]    Compiling sha-1 v0.10.1
[INFO] [stderr]    Compiling regex v1.11.1
[INFO] [stderr]    Compiling serde_derive v1.0.219
[INFO] [stderr]    Compiling thiserror-impl v1.0.69
[INFO] [stderr]    Compiling thiserror v1.0.69
[INFO] [stderr]    Compiling ntex-macros v0.1.3
[INFO] [stderr]    Compiling ntex-util v2.9.0
[INFO] [stderr]    Compiling polling v3.7.4
[INFO] [stderr]    Compiling ntex-bytes v0.1.27
[INFO] [stderr]    Compiling serde_urlencoded v0.7.1
[INFO] [stderr]    Compiling ntex-codec v0.6.2
[INFO] [stderr]    Compiling ntex-http v0.1.13
[INFO] [stderr]    Compiling ntex-router v0.5.3
[INFO] [stderr]    Compiling ntex-io v2.10.0
[INFO] [stderr]    Compiling ntex-tokio v0.5.3
[INFO] [stderr]    Compiling ntex-net v2.4.0
[INFO] [stderr]    Compiling ntex-server v2.7.1
[INFO] [stderr]    Compiling ntex-h2 v1.8.5
[INFO] [stderr]    Compiling ntex-tls v2.4.0
[INFO] [stderr]    Compiling ntex v2.11.0
[INFO] [stderr]    Compiling vpnkitrc v0.1.5 (/opt/rustwide/workdir)
[INFO] [stderr]     Finished `release` profile [optimized] target(s) in 1m 01s
[INFO] running `Command { std: "docker" "inspect" "83c12f3ff3aaa9400729a63bf54b227d9d3ef5a9c9401282b1de81b8dfb43110", kill_on_drop: false }`
[INFO] running `Command { std: "docker" "exec" "-e" "SOURCE_DIR=/opt/rustwide/workdir" "-e" "CARGO_HOME=/opt/rustwide/cargo-home" "-e" "RUSTUP_HOME=/opt/rustwide/rustup-home" "-e" "CARGO_TARGET_DIR=/opt/rustwide/target" "-e" "CARGO_INCREMENTAL=0" "-e" "RUST_BACKTRACE=full" "-e" "RUSTFLAGS=--cap-lints=warn" "-e" "RUSTDOCFLAGS=--cap-lints=warn" "-w" "/opt/rustwide/workdir" "--user" "0:0" "83c12f3ff3aaa9400729a63bf54b227d9d3ef5a9c9401282b1de81b8dfb43110" "/opt/rustwide/cargo-home/bin/cargo" "+1.100.0-beta.1" "test" "--frozen" "--no-run" "--message-format=json" "--release", kill_on_drop: false }`
[INFO] [stderr]    Compiling vpnkitrc v0.1.5 (/opt/rustwide/workdir)
[INFO] [stderr]     Finished `release` profile [optimized] target(s) in 6.65s
[INFO] running `Command { std: "docker" "inspect" "83c12f3ff3aaa9400729a63bf54b227d9d3ef5a9c9401282b1de81b8dfb43110", kill_on_drop: false }`
[INFO] running `Command { std: "docker" "exec" "-e" "SOURCE_DIR=/opt/rustwide/workdir" "-e" "CARGO_HOME=/opt/rustwide/cargo-home" "-e" "RUSTUP_HOME=/opt/rustwide/rustup-home" "-e" "CARGO_TARGET_DIR=/opt/rustwide/target" "-e" "CARGO_INCREMENTAL=0" "-e" "RUST_BACKTRACE=full" "-e" "RUSTFLAGS=--cap-lints=warn" "-e" "RUSTDOCFLAGS=--cap-lints=warn" "-w" "/opt/rustwide/workdir" "--user" "0:0" "83c12f3ff3aaa9400729a63bf54b227d9d3ef5a9c9401282b1de81b8dfb43110" "/opt/rustwide/cargo-home/bin/cargo" "+1.100.0-beta.1" "test" "--frozen" "--release", kill_on_drop: false }`
[INFO] [stderr]     Finished `release` profile [optimized] target(s) in 0.15s
[INFO] [stderr]      Running unittests src/lib.rs (/opt/rustwide/target/release/build/vpnkitrc/a16e94bd9992f3af/out/vpnkitrc-a16e94bd9992f3af)
[INFO] [stdout] 
[INFO] [stdout] running 3 tests
[INFO] [stdout] test tests::test_basic ... FAILED
[INFO] [stdout] test tests::test_dump_state ... FAILED
[INFO] [stdout] test tests::test_list ... FAILED
[INFO] [stdout] 
[INFO] [stdout] failures:
[INFO] [stdout] 
[INFO] [stdout] ---- tests::test_basic stdout ----
[INFO] [stdout] 
[INFO] [stdout] thread 'tests::test_basic' (1420) panicked at src/lib.rs:179:8:
[INFO] [stdout] VPNKIT_SOCKET environment variable not set: NotPresent
[INFO] [stdout] stack backtrace:
[INFO] [stdout]    0:     0x5d65bcd74651 - <<std[617be2ca0a6fd877]::sys::backtrace::BacktraceLock>::print::DisplayBacktrace as core[a373ad73a504971]::fmt::Display>::fmt
[INFO] [stdout]    1:     0x5d65bcd8a56a - core[a373ad73a504971]::fmt::write
[INFO] [stdout]    2:     0x5d65bcd7900c - <alloc[2e1b2a31b91974c5]::vec::Vec<u8> as core[a373ad73a504971]::io::write::Write>::write_fmt
[INFO] [stdout]    3:     0x5d65bcd4f736 - std[617be2ca0a6fd877]::panicking::default_hook::{closure#0}
[INFO] [stdout]    4:     0x5d65bcd6c3d9 - std[617be2ca0a6fd877]::panicking::default_hook
[INFO] [stdout]    5:     0x5d65bcc16690 - test[aada8e7e76ba119b]::test_main_inner::{closure#0}
[INFO] [stdout]    6:     0x5d65bcd6c702 - std[617be2ca0a6fd877]::panicking::panic_with_hook
[INFO] [stdout]    7:     0x5d65bcd4f7e2 - std[617be2ca0a6fd877]::panicking::panic_handler::{closure#0}
[INFO] [stdout]    8:     0x5d65bcd48419 - std[617be2ca0a6fd877]::sys::backtrace::__rust_end_short_backtrace::<std[617be2ca0a6fd877]::panicking::panic_handler::{closure#0}, !>
[INFO] [stdout]    9:     0x5d65bcd505dd - __rustc[ea4f61d10b84890b]::rust_begin_unwind
[INFO] [stdout]   10:     0x5d65bcd8accc - core[a373ad73a504971]::panicking::panic_fmt
[INFO] [stdout]   11:     0x5d65bcd8aaa2 - core[a373ad73a504971]::result::unwrap_failed
[INFO] [stdout]   12:     0x5d65bcbd18ad - vpnkitrc[7835d24b6df9391d]::tests::gen_client
[INFO] [stdout]   13:     0x5d65bcbc1382 - <core[a373ad73a504971]::pin::Pin<alloc[2e1b2a31b91974c5]::boxed::Box<<ntex_rt[e2003c53b32e94d9]::system::SystemConfig>::block_on<<ntex_rt[e2003c53b32e94d9]::builder::SystemRunner>::block_on<vpnkitrc[7835d24b6df9391d]::tests::test_basic::{closure#0}, ()>::{closure#0}, ()>::{closure#1}>> as core[a373ad73a504971]::future::future::Future>::poll
[INFO] [stdout]   14:     0x5d65bcbc43ff - <std[617be2ca0a6fd877]::thread::local::LocalKey<tokio[7e7913e144a4620e]::task::local::LocalData>>::with::<<tokio[7e7913e144a4620e]::task::local::LocalSet>::with<core[a373ad73a504971]::task::poll::Poll<()>, <tokio[7e7913e144a4620e]::task::local::RunUntil<core[a373ad73a504971]::pin::Pin<alloc[2e1b2a31b91974c5]::boxed::Box<<ntex_rt[e2003c53b32e94d9]::system::SystemConfig>::block_on<<ntex_rt[e2003c53b32e94d9]::builder::SystemRunner>::block_on<vpnkitrc[7835d24b6df9391d]::tests::test_basic::{closure#0}, ()>::{closure#0}, ()>::{closure#1}>>> as core[a373ad73a504971]::future::future::Future>::poll::{closure#0}>::{closure#0}, core[a373ad73a504971]::task::poll::Poll<()>>
[INFO] [stdout]   15:     0x5d65bcbc401d - <core[a373ad73a504971]::pin::Pin<&mut <tokio[7e7913e144a4620e]::task::local::LocalSet>::run_until<core[a373ad73a504971]::pin::Pin<alloc[2e1b2a31b91974c5]::boxed::Box<<ntex_rt[e2003c53b32e94d9]::system::SystemConfig>::block_on<<ntex_rt[e2003c53b32e94d9]::builder::SystemRunner>::block_on<vpnkitrc[7835d24b6df9391d]::tests::test_basic::{closure#0}, ()>::{closure#0}, ()>::{closure#1}>>>::{closure#0}> as core[a373ad73a504971]::future::future::Future>::poll
[INFO] [stdout]   16:     0x5d65bcbe34cf - <tokio[7e7913e144a4620e]::runtime::scheduler::current_thread::Context>::enter::<core[a373ad73a504971]::task::poll::Poll<()>, <tokio[7e7913e144a4620e]::runtime::scheduler::current_thread::CoreGuard>::block_on<core[a373ad73a504971]::pin::Pin<&mut <tokio[7e7913e144a4620e]::task::local::LocalSet>::run_until<core[a373ad73a504971]::pin::Pin<alloc[2e1b2a31b91974c5]::boxed::Box<<ntex_rt[e2003c53b32e94d9]::system::SystemConfig>::block_on<<ntex_rt[e2003c53b32e94d9]::builder::SystemRunner>::block_on<vpnkitrc[7835d24b6df9391d]::tests::test_basic::{closure#0}, ()>::{closure#0}, ()>::{closure#1}>>>::{closure#0}>>::{closure#0}::{closure#0}>
[INFO] [stdout]   17:     0x5d65bcbc481f - <std[617be2ca0a6fd877]::thread::local::LocalKey<tokio[7e7913e144a4620e]::runtime::context::Context>>::with::<tokio[7e7913e144a4620e]::runtime::context::set_scheduler<(alloc[2e1b2a31b91974c5]::boxed::Box<tokio[7e7913e144a4620e]::runtime::scheduler::current_thread::Core>, core[a373ad73a504971]::option::Option<()>), <tokio[7e7913e144a4620e]::runtime::scheduler::current_thread::CoreGuard>::enter<<tokio[7e7913e144a4620e]::runtime::scheduler::current_thread::CoreGuard>::block_on<core[a373ad73a504971]::pin::Pin<&mut <tokio[7e7913e144a4620e]::task::local::LocalSet>::run_until<core[a373ad73a504971]::pin::Pin<alloc[2e1b2a31b91974c5]::boxed::Box<<ntex_rt[e2003c53b32e94d9]::system::SystemConfig>::block_on<<ntex_rt[e2003c53b32e94d9]::builder::SystemRunner>::block_on<vpnkitrc[7835d24b6df9391d]::tests::test_basic::{closure#0}, ()>::{closure#0}, ()>::{closure#1}>>>::{closure#0}>>::{closure#0}, core[a373ad73a504971]::option::Option<()>>::{closure#0}>::{closure#0}, (alloc[2e1b2a31b91974c5]::boxed::Box<tokio[7e7913e144a4620e]::runtime::scheduler::current_thread::Core>, core[a373ad73a504971]::option::Option<()>)>
[INFO] [stdout]   18:     0x5d65bcbe4035 - <tokio[7e7913e144a4620e]::runtime::scheduler::current_thread::CoreGuard>::block_on::<core[a373ad73a504971]::pin::Pin<&mut <tokio[7e7913e144a4620e]::task::local::LocalSet>::run_until<core[a373ad73a504971]::pin::Pin<alloc[2e1b2a31b91974c5]::boxed::Box<<ntex_rt[e2003c53b32e94d9]::system::SystemConfig>::block_on<<ntex_rt[e2003c53b32e94d9]::builder::SystemRunner>::block_on<vpnkitrc[7835d24b6df9391d]::tests::test_basic::{closure#0}, ()>::{closure#0}, ()>::{closure#1}>>>::{closure#0}>>
[INFO] [stdout]   19:     0x5d65bcbc9a31 - tokio[7e7913e144a4620e]::runtime::context::runtime::enter_runtime::<<tokio[7e7913e144a4620e]::runtime::scheduler::current_thread::CurrentThread>::block_on<<tokio[7e7913e144a4620e]::task::local::LocalSet>::run_until<core[a373ad73a504971]::pin::Pin<alloc[2e1b2a31b91974c5]::boxed::Box<<ntex_rt[e2003c53b32e94d9]::system::SystemConfig>::block_on<<ntex_rt[e2003c53b32e94d9]::builder::SystemRunner>::block_on<vpnkitrc[7835d24b6df9391d]::tests::test_basic::{closure#0}, ()>::{closure#0}, ()>::{closure#1}>>>::{closure#0}>::{closure#0}, ()>
[INFO] [stdout]   20:     0x5d65bcbc5ee7 - <tokio[7e7913e144a4620e]::runtime::runtime::Runtime>::block_on::<<tokio[7e7913e144a4620e]::task::local::LocalSet>::run_until<core[a373ad73a504971]::pin::Pin<alloc[2e1b2a31b91974c5]::boxed::Box<<ntex_rt[e2003c53b32e94d9]::system::SystemConfig>::block_on<<ntex_rt[e2003c53b32e94d9]::builder::SystemRunner>::block_on<vpnkitrc[7835d24b6df9391d]::tests::test_basic::{closure#0}, ()>::{closure#0}, ()>::{closure#1}>>>::{closure#0}>
[INFO] [stdout]   21:     0x5d65bcbe0705 - ntex_rt[e2003c53b32e94d9]::tokio::block_on::<core[a373ad73a504971]::pin::Pin<alloc[2e1b2a31b91974c5]::boxed::Box<<ntex_rt[e2003c53b32e94d9]::system::SystemConfig>::block_on<<ntex_rt[e2003c53b32e94d9]::builder::SystemRunner>::block_on<vpnkitrc[7835d24b6df9391d]::tests::test_basic::{closure#0}, ()>::{closure#0}, ()>::{closure#1}>>>
[INFO] [stdout]   22:     0x5d65bcbd1edd - <vpnkitrc[7835d24b6df9391d]::tests::test_basic::{closure#0} as core[a373ad73a504971]::ops::function::FnOnce<()>>::call_once
[INFO] [stdout]   23:     0x5d65bcc09adb - test[aada8e7e76ba119b]::__rust_begin_short_backtrace::<core[a373ad73a504971]::result::Result<(), alloc[2e1b2a31b91974c5]::string::String>, fn() -> core[a373ad73a504971]::result::Result<(), alloc[2e1b2a31b91974c5]::string::String>>
[INFO] [stdout]   24:     0x5d65bcc16cb5 - test[aada8e7e76ba119b]::run_test::{closure#0}
[INFO] [stdout]   25:     0x5d65bcc105a4 - std[617be2ca0a6fd877]::sys::backtrace::__rust_begin_short_backtrace::<test[aada8e7e76ba119b]::run_test::{closure#1}, ()>
[INFO] [stdout]   26:     0x5d65bcc19d42 - <std[617be2ca0a6fd877]::thread::lifecycle::spawn_unchecked<test[aada8e7e76ba119b]::run_test::{closure#1}, ()>::{closure#1} as core[a373ad73a504971]::ops::function::FnOnce<()>>::call_once::{shim:vtable#0}
[INFO] [stdout]   27:     0x5d65bcd73aff - <std[617be2ca0a6fd877]::sys::thread::unix::Thread>::new::thread_start
[INFO] [stdout]   28:     0x74f303eaddfa - <unknown>
[INFO] [stdout]   29:     0x74f303f413d4 - clone
[INFO] [stdout]   30:                0x0 - <unknown>
[INFO] [stdout] Panic in Arbiter thread.
[INFO] [stdout] 
[INFO] [stdout] ---- tests::test_dump_state stdout ----
[INFO] [stdout] 
[INFO] [stdout] thread 'tests::test_dump_state' (1421) panicked at src/lib.rs:179:8:
[INFO] [stdout] VPNKIT_SOCKET environment variable not set: NotPresent
[INFO] [stdout] stack backtrace:
[INFO] [stdout]    0:     0x5d65bcd74651 - <<std[617be2ca0a6fd877]::sys::backtrace::BacktraceLock>::print::DisplayBacktrace as core[a373ad73a504971]::fmt::Display>::fmt
[INFO] [stdout]    1:     0x5d65bcd8a56a - core[a373ad73a504971]::fmt::write
[INFO] [stdout]    2:     0x5d65bcd7900c - <alloc[2e1b2a31b91974c5]::vec::Vec<u8> as core[a373ad73a504971]::io::write::Write>::write_fmt
[INFO] [stdout]    3:     0x5d65bcd4f736 - std[617be2ca0a6fd877]::panicking::default_hook::{closure#0}
[INFO] [stdout]    4:     0x5d65bcd6c3d9 - std[617be2ca0a6fd877]::panicking::default_hook
[INFO] [stdout]    5:     0x5d65bcc16690 - test[aada8e7e76ba119b]::test_main_inner::{closure#0}
[INFO] [stdout]    6:     0x5d65bcd6c702 - std[617be2ca0a6fd877]::panicking::panic_with_hook
[INFO] [stdout]    7:     0x5d65bcd4f7e2 - std[617be2ca0a6fd877]::panicking::panic_handler::{closure#0}
[INFO] [stdout]    8:     0x5d65bcd48419 - std[617be2ca0a6fd877]::sys::backtrace::__rust_end_short_backtrace::<std[617be2ca0a6fd877]::panicking::panic_handler::{closure#0}, !>
[INFO] [stdout]    9:     0x5d65bcd505dd - __rustc[ea4f61d10b84890b]::rust_begin_unwind
[INFO] [stdout]   10:     0x5d65bcd8accc - core[a373ad73a504971]::panicking::panic_fmt
[INFO] [stdout]   11:     0x5d65bcd8aaa2 - core[a373ad73a504971]::result::unwrap_failed
[INFO] [stdout]   12:     0x5d65bcbd18ad - vpnkitrc[7835d24b6df9391d]::tests::gen_client
[INFO] [stdout]   13:     0x5d65bcbc25c3 - <core[a373ad73a504971]::pin::Pin<alloc[2e1b2a31b91974c5]::boxed::Box<<ntex_rt[e2003c53b32e94d9]::system::SystemConfig>::block_on<<ntex_rt[e2003c53b32e94d9]::builder::SystemRunner>::block_on<vpnkitrc[7835d24b6df9391d]::tests::test_dump_state::{closure#0}, ()>::{closure#0}, ()>::{closure#1}>> as core[a373ad73a504971]::future::future::Future>::poll
[INFO] [stdout]   14:     0x5d65bcbc454f - <std[617be2ca0a6fd877]::thread::local::LocalKey<tokio[7e7913e144a4620e]::task::local::LocalData>>::with::<<tokio[7e7913e144a4620e]::task::local::LocalSet>::with<core[a373ad73a504971]::task::poll::Poll<()>, <tokio[7e7913e144a4620e]::task::local::RunUntil<core[a373ad73a504971]::pin::Pin<alloc[2e1b2a31b91974c5]::boxed::Box<<ntex_rt[e2003c53b32e94d9]::system::SystemConfig>::block_on<<ntex_rt[e2003c53b32e94d9]::builder::SystemRunner>::block_on<vpnkitrc[7835d24b6df9391d]::tests::test_dump_state::{closure#0}, ()>::{closure#0}, ()>::{closure#1}>>> as core[a373ad73a504971]::future::future::Future>::poll::{closure#0}>::{closure#0}, core[a373ad73a504971]::task::poll::Poll<()>>
[INFO] [stdout]   15:     0x5d65bcbc40ed - <core[a373ad73a504971]::pin::Pin<&mut <tokio[7e7913e144a4620e]::task::local::LocalSet>::run_until<core[a373ad73a504971]::pin::Pin<alloc[2e1b2a31b91974c5]::boxed::Box<<ntex_rt[e2003c53b32e94d9]::system::SystemConfig>::block_on<<ntex_rt[e2003c53b32e94d9]::builder::SystemRunner>::block_on<vpnkitrc[7835d24b6df9391d]::tests::test_dump_state::{closure#0}, ()>::{closure#0}, ()>::{closure#1}>>>::{closure#0}> as core[a373ad73a504971]::future::future::Future>::poll
[INFO] [stdout]   16:     0x5d65bcbe366f - <tokio[7e7913e144a4620e]::runtime::scheduler::current_thread::Context>::enter::<core[a373ad73a504971]::task::poll::Poll<()>, <tokio[7e7913e144a4620e]::runtime::scheduler::current_thread::CoreGuard>::block_on<core[a373ad73a504971]::pin::Pin<&mut <tokio[7e7913e144a4620e]::task::local::LocalSet>::run_until<core[a373ad73a504971]::pin::Pin<alloc[2e1b2a31b91974c5]::boxed::Box<<ntex_rt[e2003c53b32e94d9]::system::SystemConfig>::block_on<<ntex_rt[e2003c53b32e94d9]::builder::SystemRunner>::block_on<vpnkitrc[7835d24b6df9391d]::tests::test_dump_state::{closure#0}, ()>::{closure#0}, ()>::{closure#1}>>>::{closure#0}>>::{closure#0}::{closure#0}>
[INFO] [stdout]   17:     0x5d65bcbc49ef - <std[617be2ca0a6fd877]::thread::local::LocalKey<tokio[7e7913e144a4620e]::runtime::context::Context>>::with::<tokio[7e7913e144a4620e]::runtime::context::set_scheduler<(alloc[2e1b2a31b91974c5]::boxed::Box<tokio[7e7913e144a4620e]::runtime::scheduler::current_thread::Core>, core[a373ad73a504971]::option::Option<()>), <tokio[7e7913e144a4620e]::runtime::scheduler::current_thread::CoreGuard>::enter<<tokio[7e7913e144a4620e]::runtime::scheduler::current_thread::CoreGuard>::block_on<core[a373ad73a504971]::pin::Pin<&mut <tokio[7e7913e144a4620e]::task::local::LocalSet>::run_until<core[a373ad73a504971]::pin::Pin<alloc[2e1b2a31b91974c5]::boxed::Box<<ntex_rt[e2003c53b32e94d9]::system::SystemConfig>::block_on<<ntex_rt[e2003c53b32e94d9]::builder::SystemRunner>::block_on<vpnkitrc[7835d24b6df9391d]::tests::test_dump_state::{closure#0}, ()>::{closure#0}, ()>::{closure#1}>>>::{closure#0}>>::{closure#0}, core[a373ad73a504971]::option::Option<()>>::{closure#0}>::{closure#0}, (alloc[2e1b2a31b91974c5]::boxed::Box<tokio[7e7913e144a4620e]::runtime::scheduler::current_thread::Core>, core[a373ad73a504971]::option::Option<()>)>
[INFO] [stdout]   18:     0x5d65bcbe41a5 - <tokio[7e7913e144a4620e]::runtime::scheduler::current_thread::CoreGuard>::block_on::<core[a373ad73a504971]::pin::Pin<&mut <tokio[7e7913e144a4620e]::task::local::LocalSet>::run_until<core[a373ad73a504971]::pin::Pin<alloc[2e1b2a31b91974c5]::boxed::Box<<ntex_rt[e2003c53b32e94d9]::system::SystemConfig>::block_on<<ntex_rt[e2003c53b32e94d9]::builder::SystemRunner>::block_on<vpnkitrc[7835d24b6df9391d]::tests::test_dump_state::{closure#0}, ()>::{closure#0}, ()>::{closure#1}>>>::{closure#0}>>
[INFO] [stdout]   19:     0x5d65bcbc9dd1 - tokio[7e7913e144a4620e]::runtime::context::runtime::enter_runtime::<<tokio[7e7913e144a4620e]::runtime::scheduler::current_thread::CurrentThread>::block_on<<tokio[7e7913e144a4620e]::task::local::LocalSet>::run_until<core[a373ad73a504971]::pin::Pin<alloc[2e1b2a31b91974c5]::boxed::Box<<ntex_rt[e2003c53b32e94d9]::system::SystemConfig>::block_on<<ntex_rt[e2003c53b32e94d9]::builder::SystemRunner>::block_on<vpnkitrc[7835d24b6df9391d]::tests::test_dump_state::{closure#0}, ()>::{closure#0}, ()>::{closure#1}>>>::{closure#0}>::{closure#0}, ()>
[INFO] [stdout]   20:     0x5d65bcbc6027 - <tokio[7e7913e144a4620e]::runtime::runtime::Runtime>::block_on::<<tokio[7e7913e144a4620e]::task::local::LocalSet>::run_until<core[a373ad73a504971]::pin::Pin<alloc[2e1b2a31b91974c5]::boxed::Box<<ntex_rt[e2003c53b32e94d9]::system::SystemConfig>::block_on<<ntex_rt[e2003c53b32e94d9]::builder::SystemRunner>::block_on<vpnkitrc[7835d24b6df9391d]::tests::test_dump_state::{closure#0}, ()>::{closure#0}, ()>::{closure#1}>>>::{closure#0}>
[INFO] [stdout]   21:     0x5d65bcbe0a75 - ntex_rt[e2003c53b32e94d9]::tokio::block_on::<core[a373ad73a504971]::pin::Pin<alloc[2e1b2a31b91974c5]::boxed::Box<<ntex_rt[e2003c53b32e94d9]::system::SystemConfig>::block_on<<ntex_rt[e2003c53b32e94d9]::builder::SystemRunner>::block_on<vpnkitrc[7835d24b6df9391d]::tests::test_dump_state::{closure#0}, ()>::{closure#0}, ()>::{closure#1}>>>
[INFO] [stdout]   22:     0x5d65bcbd22ce - <vpnkitrc[7835d24b6df9391d]::tests::test_dump_state::{closure#0} as core[a373ad73a504971]::ops::function::FnOnce<()>>::call_once
[INFO] [stdout]   23:     0x5d65bcc09adb - test[aada8e7e76ba119b]::__rust_begin_short_backtrace::<core[a373ad73a504971]::result::Result<(), alloc[2e1b2a31b91974c5]::string::String>, fn() -> core[a373ad73a504971]::result::Result<(), alloc[2e1b2a31b91974c5]::string::String>>
[INFO] [stdout]   24:     0x5d65bcc16cb5 - test[aada8e7e76ba119b]::run_test::{closure#0}
[INFO] [stdout]   25:     0x5d65bcc105a4 - std[617be2ca0a6fd877]::sys::backtrace::__rust_begin_short_backtrace::<test[aada8e7e76ba119b]::run_test::{closure#1}, ()>
[INFO] [stdout]   26:     0x5d65bcc19d42 - <std[617be2ca0a6fd877]::thread::lifecycle::spawn_unchecked<test[aada8e7e76ba119b]::run_test::{closure#1}, ()>::{closure#1} as core[a373ad73a504971]::ops::function::FnOnce<()>>::call_once::{shim:vtable#0}
[INFO] [stdout]   27:     0x5d65bcd73aff - <std[617be2ca0a6fd877]::sys::thread::unix::Thread>::new::thread_start
[INFO] [stdout]   28:     0x74f303eaddfa - <unknown>
[INFO] [stdout]   29:     0x74f303f413d4 - clone
[INFO] [stdout]   30:                0x0 - <unknown>
[INFO] [stdout] Panic in Arbiter thread.
[INFO] [stdout] 
[INFO] [stdout] ---- tests::test_list stdout ----
[INFO] [stdout] 
[INFO] [stdout] thread 'tests::test_list' (1422) panicked at src/lib.rs:179:8:
[INFO] [stdout] VPNKIT_SOCKET environment variable not set: NotPresent
[INFO] [stdout] stack backtrace:
[INFO] [stdout]    0:     0x5d65bcd74651 - <<std[617be2ca0a6fd877]::sys::backtrace::BacktraceLock>::print::DisplayBacktrace as core[a373ad73a504971]::fmt::Display>::fmt
[INFO] [stdout]    1:     0x5d65bcd8a56a - core[a373ad73a504971]::fmt::write
[INFO] [stdout]    2:     0x5d65bcd7900c - <alloc[2e1b2a31b91974c5]::vec::Vec<u8> as core[a373ad73a504971]::io::write::Write>::write_fmt
[INFO] [stdout]    3:     0x5d65bcd4f736 - std[617be2ca0a6fd877]::panicking::default_hook::{closure#0}
[INFO] [stdout]    4:     0x5d65bcd6c3d9 - std[617be2ca0a6fd877]::panicking::default_hook
[INFO] [stdout]    5:     0x5d65bcc16690 - test[aada8e7e76ba119b]::test_main_inner::{closure#0}
[INFO] [stdout]    6:     0x5d65bcd6c702 - std[617be2ca0a6fd877]::panicking::panic_with_hook
[INFO] [stdout]    7:     0x5d65bcd4f7e2 - std[617be2ca0a6fd877]::panicking::panic_handler::{closure#0}
[INFO] [stdout]    8:     0x5d65bcd48419 - std[617be2ca0a6fd877]::sys::backtrace::__rust_end_short_backtrace::<std[617be2ca0a6fd877]::panicking::panic_handler::{closure#0}, !>
[INFO] [stdout]    9:     0x5d65bcd505dd - __rustc[ea4f61d10b84890b]::rust_begin_unwind
[INFO] [stdout]   10:     0x5d65bcd8accc - core[a373ad73a504971]::panicking::panic_fmt
[INFO] [stdout]   11:     0x5d65bcd8aaa2 - core[a373ad73a504971]::result::unwrap_failed
[INFO] [stdout]   12:     0x5d65bcbd18ad - vpnkitrc[7835d24b6df9391d]::tests::gen_client
[INFO] [stdout]   13:     0x5d65bcbc3522 - <core[a373ad73a504971]::pin::Pin<alloc[2e1b2a31b91974c5]::boxed::Box<<ntex_rt[e2003c53b32e94d9]::system::SystemConfig>::block_on<<ntex_rt[e2003c53b32e94d9]::builder::SystemRunner>::block_on<vpnkitrc[7835d24b6df9391d]::tests::test_list::{closure#0}, ()>::{closure#0}, ()>::{closure#1}>> as core[a373ad73a504971]::future::future::Future>::poll
[INFO] [stdout]   14:     0x5d65bcbc469f - <std[617be2ca0a6fd877]::thread::local::LocalKey<tokio[7e7913e144a4620e]::task::local::LocalData>>::with::<<tokio[7e7913e144a4620e]::task::local::LocalSet>::with<core[a373ad73a504971]::task::poll::Poll<()>, <tokio[7e7913e144a4620e]::task::local::RunUntil<core[a373ad73a504971]::pin::Pin<alloc[2e1b2a31b91974c5]::boxed::Box<<ntex_rt[e2003c53b32e94d9]::system::SystemConfig>::block_on<<ntex_rt[e2003c53b32e94d9]::builder::SystemRunner>::block_on<vpnkitrc[7835d24b6df9391d]::tests::test_list::{closure#0}, ()>::{closure#0}, ()>::{closure#1}>>> as core[a373ad73a504971]::future::future::Future>::poll::{closure#0}>::{closure#0}, core[a373ad73a504971]::task::poll::Poll<()>>
[INFO] [stdout]   15:     0x5d65bcbc41bd - <core[a373ad73a504971]::pin::Pin<&mut <tokio[7e7913e144a4620e]::task::local::LocalSet>::run_until<core[a373ad73a504971]::pin::Pin<alloc[2e1b2a31b91974c5]::boxed::Box<<ntex_rt[e2003c53b32e94d9]::system::SystemConfig>::block_on<<ntex_rt[e2003c53b32e94d9]::builder::SystemRunner>::block_on<vpnkitrc[7835d24b6df9391d]::tests::test_list::{closure#0}, ()>::{closure#0}, ()>::{closure#1}>>>::{closure#0}> as core[a373ad73a504971]::future::future::Future>::poll
[INFO] [stdout]   16:     0x5d65bcbe380f - <tokio[7e7913e144a4620e]::runtime::scheduler::current_thread::Context>::enter::<core[a373ad73a504971]::task::poll::Poll<()>, <tokio[7e7913e144a4620e]::runtime::scheduler::current_thread::CoreGuard>::block_on<core[a373ad73a504971]::pin::Pin<&mut <tokio[7e7913e144a4620e]::task::local::LocalSet>::run_until<core[a373ad73a504971]::pin::Pin<alloc[2e1b2a31b91974c5]::boxed::Box<<ntex_rt[e2003c53b32e94d9]::system::SystemConfig>::block_on<<ntex_rt[e2003c53b32e94d9]::builder::SystemRunner>::block_on<vpnkitrc[7835d24b6df9391d]::tests::test_list::{closure#0}, ()>::{closure#0}, ()>::{closure#1}>>>::{closure#0}>>::{closure#0}::{closure#0}>
[INFO] [stdout]   17:     0x5d65bcbc4bbf - <std[617be2ca0a6fd877]::thread::local::LocalKey<tokio[7e7913e144a4620e]::runtime::context::Context>>::with::<tokio[7e7913e144a4620e]::runtime::context::set_scheduler<(alloc[2e1b2a31b91974c5]::boxed::Box<tokio[7e7913e144a4620e]::runtime::scheduler::current_thread::Core>, core[a373ad73a504971]::option::Option<()>), <tokio[7e7913e144a4620e]::runtime::scheduler::current_thread::CoreGuard>::enter<<tokio[7e7913e144a4620e]::runtime::scheduler::current_thread::CoreGuard>::block_on<core[a373ad73a504971]::pin::Pin<&mut <tokio[7e7913e144a4620e]::task::local::LocalSet>::run_until<core[a373ad73a504971]::pin::Pin<alloc[2e1b2a31b91974c5]::boxed::Box<<ntex_rt[e2003c53b32e94d9]::system::SystemConfig>::block_on<<ntex_rt[e2003c53b32e94d9]::builder::SystemRunner>::block_on<vpnkitrc[7835d24b6df9391d]::tests::test_list::{closure#0}, ()>::{closure#0}, ()>::{closure#1}>>>::{closure#0}>>::{closure#0}, core[a373ad73a504971]::option::Option<()>>::{closure#0}>::{closure#0}, (alloc[2e1b2a31b91974c5]::boxed::Box<tokio[7e7913e144a4620e]::runtime::scheduler::current_thread::Core>, core[a373ad73a504971]::option::Option<()>)>
[INFO] [stdout]   18:     0x5d65bcbe4315 - <tokio[7e7913e144a4620e]::runtime::scheduler::current_thread::CoreGuard>::block_on::<core[a373ad73a504971]::pin::Pin<&mut <tokio[7e7913e144a4620e]::task::local::LocalSet>::run_until<core[a373ad73a504971]::pin::Pin<alloc[2e1b2a31b91974c5]::boxed::Box<<ntex_rt[e2003c53b32e94d9]::system::SystemConfig>::block_on<<ntex_rt[e2003c53b32e94d9]::builder::SystemRunner>::block_on<vpnkitrc[7835d24b6df9391d]::tests::test_list::{closure#0}, ()>::{closure#0}, ()>::{closure#1}>>>::{closure#0}>>
[INFO] [stdout]   19:     0x5d65bcbca171 - tokio[7e7913e144a4620e]::runtime::context::runtime::enter_runtime::<<tokio[7e7913e144a4620e]::runtime::scheduler::current_thread::CurrentThread>::block_on<<tokio[7e7913e144a4620e]::task::local::LocalSet>::run_until<core[a373ad73a504971]::pin::Pin<alloc[2e1b2a31b91974c5]::boxed::Box<<ntex_rt[e2003c53b32e94d9]::system::SystemConfig>::block_on<<ntex_rt[e2003c53b32e94d9]::builder::SystemRunner>::block_on<vpnkitrc[7835d24b6df9391d]::tests::test_list::{closure#0}, ()>::{closure#0}, ()>::{closure#1}>>>::{closure#0}>::{closure#0}, ()>
[INFO] [stdout]   20:     0x5d65bcbc6167 - <tokio[7e7913e144a4620e]::runtime::runtime::Runtime>::block_on::<<tokio[7e7913e144a4620e]::task::local::LocalSet>::run_until<core[a373ad73a504971]::pin::Pin<alloc[2e1b2a31b91974c5]::boxed::Box<<ntex_rt[e2003c53b32e94d9]::system::SystemConfig>::block_on<<ntex_rt[e2003c53b32e94d9]::builder::SystemRunner>::block_on<vpnkitrc[7835d24b6df9391d]::tests::test_list::{closure#0}, ()>::{closure#0}, ()>::{closure#1}>>>::{closure#0}>
[INFO] [stdout]   21:     0x5d65bcbe0de5 - ntex_rt[e2003c53b32e94d9]::tokio::block_on::<core[a373ad73a504971]::pin::Pin<alloc[2e1b2a31b91974c5]::boxed::Box<<ntex_rt[e2003c53b32e94d9]::system::SystemConfig>::block_on<<ntex_rt[e2003c53b32e94d9]::builder::SystemRunner>::block_on<vpnkitrc[7835d24b6df9391d]::tests::test_list::{closure#0}, ()>::{closure#0}, ()>::{closure#1}>>>
[INFO] [stdout]   22:     0x5d65bcbd26be - <vpnkitrc[7835d24b6df9391d]::tests::test_list::{closure#0} as core[a373ad73a504971]::ops::function::FnOnce<()>>::call_once
[INFO] [stdout]   23:     0x5d65bcc09adb - test[aada8e7e76ba119b]::__rust_begin_short_backtrace::<core[a373ad73a504971]::result::Result<(), alloc[2e1b2a31b91974c5]::string::String>, fn() -> core[a373ad73a504971]::result::Result<(), alloc[2e1b2a31b91974c5]::string::String>>
[INFO] [stdout]   24:     0x5d65bcc16cb5 - test[aada8e7e76ba119b]::run_test::{closure#0}
[INFO] [stdout]   25:     0x5d65bcc105a4 - std[617be2ca0a6fd877]::sys::backtrace::__rust_begin_short_backtrace::<test[aada8e7e76ba119b]::run_test::{closure#1}, ()>
[INFO] [stdout]   26:     0x5d65bcc19d42 - <std[617be2ca0a6fd877]::thread::lifecycle::spawn_unchecked<test[aada8e7e76ba119b]::run_test::{closure#1}, ()>::{closure#1} as core[a373ad73a504971]::ops::function::FnOnce<()>>::call_once::{shim:vtable#0}
[INFO] [stdout]   27:     0x5d65bcd73aff - <std[617be2ca0a6fd877]::sys::thread::unix::Thread>::new::thread_start
[INFO] [stdout]   28:     0x74f303eaddfa - <unknown>
[INFO] [stdout]   29:     0x74f303f413d4 - clone
[INFO] [stdout]   30:                0x0 - <unknown>
[INFO] [stdout] Panic in Arbiter thread.
[INFO] [stdout] 
[INFO] [stdout] 
[INFO] [stdout] failures:
[INFO] [stdout]     tests::test_basic
[INFO] [stdout]     tests::test_dump_state
[INFO] [stdout]     tests::test_list
[INFO] [stdout] 
[INFO] [stdout] test result: FAILED. 0 passed; 3 failed; 0 ignored; 0 measured; 0 filtered out; finished in 0.00s
[INFO] [stdout] 
[INFO] [stderr] error: test failed, to rerun pass `--lib`
[INFO] running `Command { std: "docker" "inspect" "83c12f3ff3aaa9400729a63bf54b227d9d3ef5a9c9401282b1de81b8dfb43110", kill_on_drop: false }`
[INFO] running `Command { std: "docker" "rm" "-f" "83c12f3ff3aaa9400729a63bf54b227d9d3ef5a9c9401282b1de81b8dfb43110", kill_on_drop: false }`
[INFO] [stdout] 83c12f3ff3aaa9400729a63bf54b227d9d3ef5a9c9401282b1de81b8dfb43110
