[INFO] fetching crate unmillis 1.0.7...
[INFO] testing unmillis-1.0.7 against 1.99.0-beta.8+cargoflags=--release for beta-release-1.100-2
[INFO] extracting crate unmillis 1.0.7 into /workspace/builds/worker-2-tc1/source
[INFO] started tweaking crates.io crate unmillis 1.0.7
[INFO] finished tweaking crates.io crate unmillis 1.0.7
[INFO] tweaked toml for crates.io crate unmillis 1.0.7 written to /workspace/builds/worker-2-tc1/source/Cargo.toml
[INFO] validating manifest of crates.io crate unmillis 1.0.7 on toolchain 1.99.0-beta.8
[INFO] running `Command { std: CARGO_HOME="/workspace/cargo-home" RUSTUP_HOME="/workspace/rustup-home" "/workspace/cargo-home/bin/cargo" "+1.99.0-beta.8" "metadata" "--manifest-path" "Cargo.toml" "--no-deps", kill_on_drop: false }`
[INFO] crate crates.io crate unmillis 1.0.7 already has a lockfile, it will not be regenerated
[INFO] running `Command { std: CARGO_HOME="/workspace/cargo-home" RUSTUP_HOME="/workspace/rustup-home" "/workspace/cargo-home/bin/cargo" "+1.99.0-beta.8" "fetch" "--manifest-path" "Cargo.toml", kill_on_drop: false }`
[INFO] [stderr]     Updating crates.io index
[INFO] [stderr]  Downloading crates ...
[INFO] [stderr]   Downloaded toml_datetime v0.5.1
[INFO] [stderr]   Downloaded trycmd v0.14.10
[INFO] [stderr]   Downloaded serde_derive v1.0.152
[INFO] [stderr]   Downloaded serde v1.0.152
[INFO] [stderr]   Downloaded toml_edit v0.17.1
[INFO] [stderr]   Downloaded dunce v1.0.3
[INFO] [stderr]   Downloaded humantime-serde v1.1.1
[INFO] [stderr]   Downloaded thiserror-impl v1.0.38
[INFO] [stderr]   Downloaded clap_mangen v0.2.7
[INFO] [stderr]   Downloaded clap_lex v0.3.1
[INFO] [stderr]   Downloaded clap_derive v4.1.0
[INFO] [stderr]   Downloaded wasm-bindgen-shared v0.2.83
[INFO] [stderr]   Downloaded iana-time-zone v0.1.53
[INFO] [stderr]   Downloaded wasm-bindgen-backend v0.2.83
[INFO] [stderr]   Downloaded cxxbridge-flags v1.0.88
[INFO] [stderr]   Downloaded iana-time-zone-haiku v0.1.1
[INFO] [stderr]   Downloaded thiserror v1.0.38
[INFO] [stderr]   Downloaded os_str_bytes v6.4.1
[INFO] [stderr]   Downloaded concolor v0.0.11
[INFO] [stderr]   Downloaded addr2line v0.19.0
[INFO] [stderr]   Downloaded tempfile v3.3.0
[INFO] [stderr]   Downloaded content_inspector v0.2.4
[INFO] [stderr]   Downloaded snapbox-macros v0.3.1
[INFO] [stderr]   Downloaded num-traits v0.2.15
[INFO] [stderr]   Downloaded walkdir v2.3.2
[INFO] [stderr]   Downloaded fastrand v1.8.0
[INFO] [stderr]   Downloaded filetime v0.2.19
[INFO] [stderr]   Downloaded is-terminal v0.4.2
[INFO] [stderr]   Downloaded errno v0.2.8
[INFO] [stderr]   Downloaded hermit-abi v0.2.6
[INFO] [stderr]   Downloaded concolor-query v0.1.0
[INFO] [stderr]   Downloaded num_cpus v1.15.0
[INFO] [stderr]   Downloaded crossbeam-deque v0.8.2
[INFO] [stderr]   Downloaded num-integer v0.1.45
[INFO] [stderr]   Downloaded roff v0.2.1
[INFO] [stderr]   Downloaded heck v0.4.0
[INFO] [stderr]   Downloaded wasm-bindgen-macro v0.2.83
[INFO] [stderr]   Downloaded unicode-width v0.1.10
[INFO] [stderr]   Downloaded link-cplusplus v1.0.8
[INFO] [stderr]   Downloaded unicode-ident v1.0.6
[INFO] [stderr]   Downloaded quote v1.0.23
[INFO] [stderr]   Downloaded proc-macro2 v1.0.50
[INFO] [stderr]   Downloaded os_pipe v1.1.2
[INFO] [stderr]   Downloaded shlex v1.1.0
[INFO] [stderr]   Downloaded once_cell v1.17.0
[INFO] [stderr]   Downloaded scratch v1.0.3
[INFO] [stderr]   Downloaded core-foundation-sys v0.8.3
[INFO] [stderr]   Downloaded io-lifetimes v1.0.4
[INFO] [stderr]   Downloaded wasm-bindgen-macro-support v0.2.83
[INFO] [stderr]   Downloaded log v0.4.17
[INFO] [stderr]   Downloaded anyhow v1.0.68
[INFO] [stderr]   Downloaded backtrace v0.3.67
[INFO] [stderr]   Downloaded miniz_oxide v0.6.2
[INFO] [stderr]   Downloaded snapbox v0.4.4
[INFO] [stderr]   Downloaded similar v2.2.1
[INFO] [stderr]   Downloaded crossbeam-utils v0.8.14
[INFO] [stderr]   Downloaded crossbeam-epoch v0.9.13
[INFO] [stderr]   Downloaded js-sys v0.3.60
[INFO] [stderr]   Downloaded cxxbridge-macro v1.0.88
[INFO] [stderr]   Downloaded rustc-demangle v0.1.21
[INFO] [stderr]   Downloaded indexmap v1.9.2
[INFO] [stderr]   Downloaded rayon-core v1.10.2
[INFO] [stderr]   Downloaded bumpalo v3.12.0
[INFO] [stderr]   Downloaded cxx-build v1.0.88
[INFO] [stderr]   Downloaded crossbeam-channel v0.5.6
[INFO] [stderr]   Downloaded nom8 v0.2.0
[INFO] [stderr]   Downloaded rayon v1.6.1
[INFO] [stderr]   Downloaded wasm-bindgen v0.2.83
[INFO] [stderr]   Downloaded chrono v0.4.23
[INFO] [stderr]   Downloaded clap v4.1.4
[INFO] [stderr]   Downloaded syn v1.0.107
[INFO] [stderr]   Downloaded object v0.30.3
[INFO] [stderr]   Downloaded rustix v0.36.7
[INFO] [stderr]   Downloaded windows_x86_64_gnullvm v0.42.1
[INFO] [stderr]   Downloaded windows_aarch64_gnullvm v0.42.1
[INFO] [stderr]   Downloaded cxx v1.0.88
[INFO] [stderr]   Downloaded windows_x86_64_msvc v0.42.1
[INFO] [stderr]   Downloaded windows_aarch64_msvc v0.42.1
[INFO] [stderr]   Downloaded gimli v0.27.1
[INFO] [stderr]   Downloaded windows_x86_64_gnu v0.42.1
[INFO] [stderr]   Downloaded windows_i686_msvc v0.42.1
[INFO] [stderr]   Downloaded windows_i686_gnu v0.42.1
[INFO] [stderr]   Downloaded linux-raw-sys v0.1.4
[INFO] running `Command { std: "docker" "create" "-v" "/var/lib/crater-agent-workspace/builds/worker-2-tc1/source:/opt/rustwide/workdir:ro,Z" "-v" "/var/lib/crater-agent-workspace/builds/worker-2-tc1/target:/opt/rustwide/target:rw,Z" "-v" "/var/lib/crater-agent-workspace/cargo-home:/opt/rustwide/cargo-home:ro,Z" "-v" "/var/lib/crater-agent-workspace/rustup-home:/opt/rustwide/rustup-home:ro,Z" "-m" "1610612736" "--network" "none" "ghcr.io/rust-lang/crates-build-env/linux@sha256:77db811e55d90add9212f6832c23229e3de5f1c1f9905e8cb07319ea15df73ac" "sleep" "infinity", kill_on_drop: false }`
[INFO] [stdout] 7a0d67c1e4ed64c2117d4c82de7e5185226933875a7d57827918476e55d428d0
[INFO] running `Command { std: "docker" "start" "7a0d67c1e4ed64c2117d4c82de7e5185226933875a7d57827918476e55d428d0", kill_on_drop: false }`
[INFO] running `Command { std: "docker" "inspect" "7a0d67c1e4ed64c2117d4c82de7e5185226933875a7d57827918476e55d428d0", kill_on_drop: false }`
[INFO] running `Command { std: "docker" "exec" "-e" "SOURCE_DIR=/opt/rustwide/workdir" "-e" "CARGO_HOME=/opt/rustwide/cargo-home" "-e" "RUSTUP_HOME=/opt/rustwide/rustup-home" "-e" "CARGO_TARGET_DIR=/opt/rustwide/target" "-w" "/opt/rustwide/workdir" "--user" "0:0" "7a0d67c1e4ed64c2117d4c82de7e5185226933875a7d57827918476e55d428d0" "/opt/rustwide/cargo-home/bin/cargo" "+1.99.0-beta.8" "metadata" "--no-deps" "--format-version=1", kill_on_drop: false }`
[INFO] running `Command { std: "docker" "inspect" "7a0d67c1e4ed64c2117d4c82de7e5185226933875a7d57827918476e55d428d0", kill_on_drop: false }`
[INFO] running `Command { std: "docker" "exec" "-e" "SOURCE_DIR=/opt/rustwide/workdir" "-e" "CARGO_HOME=/opt/rustwide/cargo-home" "-e" "RUSTUP_HOME=/opt/rustwide/rustup-home" "-e" "CARGO_TARGET_DIR=/opt/rustwide/target" "-e" "CARGO_INCREMENTAL=0" "-e" "RUST_BACKTRACE=full" "-e" "RUSTFLAGS=--cap-lints=warn" "-e" "RUSTDOCFLAGS=--cap-lints=warn" "-w" "/opt/rustwide/workdir" "--user" "0:0" "7a0d67c1e4ed64c2117d4c82de7e5185226933875a7d57827918476e55d428d0" "/opt/rustwide/cargo-home/bin/cargo" "+1.99.0-beta.8" "build" "--frozen" "--message-format=json" "--release", kill_on_drop: false }`
[INFO] [stderr]    Compiling libc v0.2.139
[INFO] [stderr]    Compiling proc-macro2 v1.0.50
[INFO] [stderr]    Compiling quote v1.0.23
[INFO] [stderr]    Compiling unicode-ident v1.0.6
[INFO] [stderr]    Compiling version_check v0.9.4
[INFO] [stderr]    Compiling syn v1.0.107
[INFO] [stderr]    Compiling autocfg v1.1.0
[INFO] [stderr]    Compiling io-lifetimes v1.0.4
[INFO] [stderr]    Compiling rustix v0.36.7
[INFO] [stderr]    Compiling memchr v2.5.0
[INFO] [stderr]    Compiling cc v1.0.79
[INFO] [stderr]    Compiling linux-raw-sys v0.1.4
[INFO] [stderr]    Compiling heck v0.4.0
[INFO] [stderr]    Compiling gimli v0.27.1
[INFO] [stderr]    Compiling os_str_bytes v6.4.1
[INFO] [stderr]    Compiling adler v1.0.2
[INFO] [stderr]    Compiling termcolor v1.2.0
[INFO] [stderr]    Compiling miniz_oxide v0.6.2
[INFO] [stderr]    Compiling strsim v0.10.0
[INFO] [stderr]    Compiling anyhow v1.0.68
[INFO] [stderr]    Compiling once_cell v1.17.0
[INFO] [stderr]    Compiling thiserror v1.0.38
[INFO] [stderr]    Compiling rustc-demangle v0.1.21
[INFO] [stderr]    Compiling clap_lex v0.3.1
[INFO] [stderr]    Compiling proc-macro-error-attr v1.0.4
[INFO] [stderr]    Compiling proc-macro-error v1.0.4
[INFO] [stderr]    Compiling object v0.30.3
[INFO] [stderr]    Compiling num-traits v0.2.15
[INFO] [stderr]    Compiling num-integer v0.1.45
[INFO] [stderr]    Compiling roff v0.2.1
[INFO] [stderr]    Compiling iana-time-zone v0.1.53
[INFO] [stderr]    Compiling backtrace v0.3.67
[INFO] [stderr]    Compiling time v0.1.45
[INFO] [stderr]    Compiling chrono v0.4.23
[INFO] [stderr]    Compiling is-terminal v0.4.2
[INFO] [stderr]    Compiling addr2line v0.19.0
[INFO] [stderr]    Compiling clap_derive v4.1.0
[INFO] [stderr]    Compiling thiserror-impl v1.0.38
[INFO] [stderr]    Compiling clap v4.1.4
[INFO] [stderr]    Compiling clap_mangen v0.2.7
[INFO] [stderr]    Compiling unmillis v1.0.7 (/opt/rustwide/workdir)
[INFO] [stdout] warning: use of deprecated constant `chrono::MIN_DATETIME`: Use DateTime::MIN_UTC instead
[INFO] [stdout]   --> src/main.rs:71:25
[INFO] [stdout]    |
[INFO] [stdout] 71 |                 chrono::MIN_DATETIME.timestamp_millis(), chrono::MAX_DATETIME.timestamp_millis(),
[INFO] [stdout]    |                         ^^^^^^^^^^^^
[INFO] [stdout]    |
[INFO] [stdout]    = note: `#[warn(deprecated)]` on by default
[INFO] [stdout] 
[INFO] [stdout] 
[INFO] [stdout] warning: use of deprecated constant `chrono::MAX_DATETIME`: Use DateTime::MAX_UTC instead
[INFO] [stdout]   --> src/main.rs:71:66
[INFO] [stdout]    |
[INFO] [stdout] 71 |                 chrono::MIN_DATETIME.timestamp_millis(), chrono::MAX_DATETIME.timestamp_millis(),
[INFO] [stdout]    |                                                                  ^^^^^^^^^^^^
[INFO] [stdout] 
[INFO] [stdout] 
[INFO] [stdout] warning: use of deprecated constant `chrono::MIN_DATETIME`: Use DateTime::MIN_UTC instead
[INFO] [stdout]   --> src/main.rs:72:25
[INFO] [stdout]    |
[INFO] [stdout] 72 |                 chrono::MIN_DATETIME, chrono::MAX_DATETIME
[INFO] [stdout]    |                         ^^^^^^^^^^^^
[INFO] [stdout] 
[INFO] [stdout] 
[INFO] [stdout] warning: use of deprecated constant `chrono::MAX_DATETIME`: Use DateTime::MAX_UTC instead
[INFO] [stdout]   --> src/main.rs:72:47
[INFO] [stdout]    |
[INFO] [stdout] 72 |                 chrono::MIN_DATETIME, chrono::MAX_DATETIME
[INFO] [stdout]    |                                               ^^^^^^^^^^^^
[INFO] [stdout] 
[INFO] [stdout] 
[INFO] [stderr]     Finished `release` profile [optimized] target(s) in 26.89s
[INFO] running `Command { std: "docker" "inspect" "7a0d67c1e4ed64c2117d4c82de7e5185226933875a7d57827918476e55d428d0", kill_on_drop: false }`
[INFO] running `Command { std: "docker" "exec" "-e" "SOURCE_DIR=/opt/rustwide/workdir" "-e" "CARGO_HOME=/opt/rustwide/cargo-home" "-e" "RUSTUP_HOME=/opt/rustwide/rustup-home" "-e" "CARGO_TARGET_DIR=/opt/rustwide/target" "-e" "CARGO_INCREMENTAL=0" "-e" "RUST_BACKTRACE=full" "-e" "RUSTFLAGS=--cap-lints=warn" "-e" "RUSTDOCFLAGS=--cap-lints=warn" "-w" "/opt/rustwide/workdir" "--user" "0:0" "7a0d67c1e4ed64c2117d4c82de7e5185226933875a7d57827918476e55d428d0" "/opt/rustwide/cargo-home/bin/cargo" "+1.99.0-beta.8" "test" "--frozen" "--no-run" "--message-format=json" "--release", kill_on_drop: false }`
[INFO] [stderr]    Compiling memchr v2.5.0
[INFO] [stderr]    Compiling crossbeam-utils v0.8.14
[INFO] [stderr]    Compiling serde_derive v1.0.152
[INFO] [stderr]    Compiling serde v1.0.152
[INFO] [stderr]    Compiling memoffset v0.7.1
[INFO] [stderr]    Compiling crossbeam-epoch v0.9.13
[INFO] [stderr]    Compiling scopeguard v1.1.0
[INFO] [stderr]    Compiling indexmap v1.9.2
[INFO] [stderr]    Compiling either v1.8.1
[INFO] [stderr]    Compiling rayon-core v1.10.2
[INFO] [stderr]    Compiling num_cpus v1.15.0
[INFO] [stderr]    Compiling hashbrown v0.12.3
[INFO] [stderr]    Compiling fastrand v1.8.0
[INFO] [stderr]    Compiling concolor-query v0.1.0
[INFO] [stderr]    Compiling remove_dir_all v0.5.3
[INFO] [stderr]    Compiling walkdir v2.3.2
[INFO] [stderr]    Compiling concolor v0.0.11
[INFO] [stderr]    Compiling os_pipe v1.1.2
[INFO] [stderr]    Compiling filetime v0.2.19
[INFO] [stderr]    Compiling tempfile v3.3.0
[INFO] [stderr]    Compiling wait-timeout v0.2.0
[INFO] [stderr]    Compiling dunce v1.0.3
[INFO] [stderr]    Compiling yansi v0.5.1
[INFO] [stderr]    Compiling windows-sys v0.42.0
[INFO] [stderr]    Compiling normalize-line-endings v0.3.0
[INFO] [stderr]    Compiling humantime v2.1.0
[INFO] [stderr]    Compiling itertools v0.10.5
[INFO] [stderr]    Compiling snapbox-macros v0.3.1
[INFO] [stderr]    Compiling similar v2.2.1
[INFO] [stderr]    Compiling shlex v1.1.0
[INFO] [stderr]    Compiling glob v0.3.1
[INFO] [stderr]    Compiling crossbeam-channel v0.5.6
[INFO] [stderr]    Compiling crossbeam-deque v0.8.2
[INFO] [stderr]    Compiling object v0.30.3
[INFO] [stderr]    Compiling content_inspector v0.2.4
[INFO] [stderr]    Compiling nom8 v0.2.0
[INFO] [stderr]    Compiling snapbox v0.4.4
[INFO] [stderr]    Compiling rayon v1.6.1
[INFO] [stderr]    Compiling backtrace v0.3.67
[INFO] [stderr]    Compiling anyhow v1.0.68
[INFO] [stderr]    Compiling unmillis v1.0.7 (/opt/rustwide/workdir)
[INFO] [stdout] warning: use of deprecated constant `chrono::MIN_DATETIME`: Use DateTime::MIN_UTC instead
[INFO] [stdout]   --> src/main.rs:71:25
[INFO] [stdout]    |
[INFO] [stdout] 71 |                 chrono::MIN_DATETIME.timestamp_millis(), chrono::MAX_DATETIME.timestamp_millis(),
[INFO] [stdout]    |                         ^^^^^^^^^^^^
[INFO] [stdout]    |
[INFO] [stdout]    = note: `#[warn(deprecated)]` on by default
[INFO] [stdout] 
[INFO] [stdout] 
[INFO] [stdout] warning: use of deprecated constant `chrono::MAX_DATETIME`: Use DateTime::MAX_UTC instead
[INFO] [stdout]   --> src/main.rs:71:66
[INFO] [stdout]    |
[INFO] [stdout] 71 |                 chrono::MIN_DATETIME.timestamp_millis(), chrono::MAX_DATETIME.timestamp_millis(),
[INFO] [stdout]    |                                                                  ^^^^^^^^^^^^
[INFO] [stdout] 
[INFO] [stdout] 
[INFO] [stdout] warning: use of deprecated constant `chrono::MIN_DATETIME`: Use DateTime::MIN_UTC instead
[INFO] [stdout]   --> src/main.rs:72:25
[INFO] [stdout]    |
[INFO] [stdout] 72 |                 chrono::MIN_DATETIME, chrono::MAX_DATETIME
[INFO] [stdout]    |                         ^^^^^^^^^^^^
[INFO] [stdout] 
[INFO] [stdout] 
[INFO] [stdout] warning: use of deprecated constant `chrono::MAX_DATETIME`: Use DateTime::MAX_UTC instead
[INFO] [stdout]   --> src/main.rs:72:47
[INFO] [stdout]    |
[INFO] [stdout] 72 |                 chrono::MIN_DATETIME, chrono::MAX_DATETIME
[INFO] [stdout]    |                                               ^^^^^^^^^^^^
[INFO] [stdout] 
[INFO] [stdout] 
[INFO] [stderr]    Compiling toml_datetime v0.5.1
[INFO] [stderr]    Compiling humantime-serde v1.1.1
[INFO] [stderr]    Compiling toml_edit v0.17.1
[INFO] [stderr]    Compiling trycmd v0.14.10
[INFO] [stdout] warning: use of deprecated constant `chrono::MIN_DATETIME`: Use DateTime::MIN_UTC instead
[INFO] [stdout]   --> src/main.rs:71:25
[INFO] [stdout]    |
[INFO] [stdout] 71 |                 chrono::MIN_DATETIME.timestamp_millis(), chrono::MAX_DATETIME.timestamp_millis(),
[INFO] [stdout]    |                         ^^^^^^^^^^^^
[INFO] [stdout]    |
[INFO] [stdout]    = note: `#[warn(deprecated)]` on by default
[INFO] [stdout] 
[INFO] [stdout] 
[INFO] [stdout] warning: use of deprecated constant `chrono::MAX_DATETIME`: Use DateTime::MAX_UTC instead
[INFO] [stdout]   --> src/main.rs:71:66
[INFO] [stdout]    |
[INFO] [stdout] 71 |                 chrono::MIN_DATETIME.timestamp_millis(), chrono::MAX_DATETIME.timestamp_millis(),
[INFO] [stdout]    |                                                                  ^^^^^^^^^^^^
[INFO] [stdout] 
[INFO] [stdout] 
[INFO] [stdout] warning: use of deprecated constant `chrono::MIN_DATETIME`: Use DateTime::MIN_UTC instead
[INFO] [stdout]   --> src/main.rs:72:25
[INFO] [stdout]    |
[INFO] [stdout] 72 |                 chrono::MIN_DATETIME, chrono::MAX_DATETIME
[INFO] [stdout]    |                         ^^^^^^^^^^^^
[INFO] [stdout] 
[INFO] [stdout] 
[INFO] [stdout] warning: use of deprecated constant `chrono::MAX_DATETIME`: Use DateTime::MAX_UTC instead
[INFO] [stdout]   --> src/main.rs:72:47
[INFO] [stdout]    |
[INFO] [stdout] 72 |                 chrono::MIN_DATETIME, chrono::MAX_DATETIME
[INFO] [stdout]    |                                               ^^^^^^^^^^^^
[INFO] [stdout] 
[INFO] [stdout] 
[INFO] [stdout] warning: use of deprecated constant `chrono::MAX_DATETIME`: Use DateTime::MAX_UTC instead
[INFO] [stdout]    --> src/main.rs:151:31
[INFO] [stdout]     |
[INFO] [stdout] 151 |         max_datetime: chrono::MAX_DATETIME.timestamp_millis(),
[INFO] [stdout]     |                               ^^^^^^^^^^^^
[INFO] [stdout] 
[INFO] [stdout] 
[INFO] [stdout] warning: use of deprecated constant `chrono::MIN_DATETIME`: Use DateTime::MIN_UTC instead
[INFO] [stdout]    --> src/main.rs:152:31
[INFO] [stdout]     |
[INFO] [stdout] 152 |         min_datetime: chrono::MIN_DATETIME.timestamp_millis(),
[INFO] [stdout]     |                               ^^^^^^^^^^^^
[INFO] [stdout] 
[INFO] [stdout] 
[INFO] [stderr]     Finished `release` profile [optimized] target(s) in 34.86s
[INFO] running `Command { std: "docker" "inspect" "7a0d67c1e4ed64c2117d4c82de7e5185226933875a7d57827918476e55d428d0", kill_on_drop: false }`
[INFO] running `Command { std: "docker" "exec" "-e" "SOURCE_DIR=/opt/rustwide/workdir" "-e" "CARGO_HOME=/opt/rustwide/cargo-home" "-e" "RUSTUP_HOME=/opt/rustwide/rustup-home" "-e" "CARGO_TARGET_DIR=/opt/rustwide/target" "-e" "CARGO_INCREMENTAL=0" "-e" "RUST_BACKTRACE=full" "-e" "RUSTFLAGS=--cap-lints=warn" "-e" "RUSTDOCFLAGS=--cap-lints=warn" "-w" "/opt/rustwide/workdir" "--user" "0:0" "7a0d67c1e4ed64c2117d4c82de7e5185226933875a7d57827918476e55d428d0" "/opt/rustwide/cargo-home/bin/cargo" "+1.99.0-beta.8" "test" "--frozen" "--release", kill_on_drop: false }`
[INFO] [stderr] warning: use of deprecated constant `chrono::MIN_DATETIME`: Use DateTime::MIN_UTC instead
[INFO] [stderr]   --> src/main.rs:71:25
[INFO] [stderr]    |
[INFO] [stderr] 71 |                 chrono::MIN_DATETIME.timestamp_millis(), chrono::MAX_DATETIME.timestamp_millis(),
[INFO] [stderr]    |                         ^^^^^^^^^^^^
[INFO] [stderr]    |
[INFO] [stderr]    = note: `#[warn(deprecated)]` on by default
[INFO] [stderr] 
[INFO] [stderr] warning: use of deprecated constant `chrono::MAX_DATETIME`: Use DateTime::MAX_UTC instead
[INFO] [stderr]   --> src/main.rs:71:66
[INFO] [stderr]    |
[INFO] [stderr] 71 |                 chrono::MIN_DATETIME.timestamp_millis(), chrono::MAX_DATETIME.timestamp_millis(),
[INFO] [stderr]    |                                                                  ^^^^^^^^^^^^
[INFO] [stderr] 
[INFO] [stderr] warning: use of deprecated constant `chrono::MIN_DATETIME`: Use DateTime::MIN_UTC instead
[INFO] [stderr]   --> src/main.rs:72:25
[INFO] [stderr]    |
[INFO] [stderr] 72 |                 chrono::MIN_DATETIME, chrono::MAX_DATETIME
[INFO] [stderr]    |                         ^^^^^^^^^^^^
[INFO] [stderr] 
[INFO] [stderr] warning: use of deprecated constant `chrono::MAX_DATETIME`: Use DateTime::MAX_UTC instead
[INFO] [stderr]   --> src/main.rs:72:47
[INFO] [stderr]    |
[INFO] [stderr] 72 |                 chrono::MIN_DATETIME, chrono::MAX_DATETIME
[INFO] [stderr]    |                                               ^^^^^^^^^^^^
[INFO] [stderr] 
[INFO] [stderr] warning: `unmillis` (bin "unmillis") generated 4 warnings
[INFO] [stderr] warning: use of deprecated constant `chrono::MAX_DATETIME`: Use DateTime::MAX_UTC instead
[INFO] [stderr]    --> src/main.rs:151:31
[INFO] [stderr]     |
[INFO] [stderr] 151 |         max_datetime: chrono::MAX_DATETIME.timestamp_millis(),
[INFO] [stderr]     |                               ^^^^^^^^^^^^
[INFO] [stderr] 
[INFO] [stderr] warning: use of deprecated constant `chrono::MIN_DATETIME`: Use DateTime::MIN_UTC instead
[INFO] [stderr]    --> src/main.rs:152:31
[INFO] [stderr]     |
[INFO] [stderr] 152 |         min_datetime: chrono::MIN_DATETIME.timestamp_millis(),
[INFO] [stderr]     |                               ^^^^^^^^^^^^
[INFO] [stderr] 
[INFO] [stderr] warning: `unmillis` (bin "unmillis" test) generated 6 warnings (4 duplicates)
[INFO] [stderr]     Finished `release` profile [optimized] target(s) in 0.12s
[INFO] [stderr]      Running unittests src/main.rs (/opt/rustwide/target/release/deps/unmillis-d886f0bb9f5de6d9)
[INFO] [stdout] 
[INFO] [stdout] running 19 tests
[INFO] [stdout] test tests::datetime_utc_from_timestamp_millis::negative_1500ms ... ok
[INFO] [stdout] test tests::datetime_utc_from_timestamp_millis::negative_1ms ... ok
[INFO] [stdout] test tests::parse_timestamp_millis::should_not_understand_binary ... ok
[INFO] [stdout] test tests::parse_timestamp_millis::should_be_happy ... ok
[INFO] [stdout] test tests::parse_timestamp_millis::should_ignore_non_numeric_sql_injections ... ok
[INFO] [stdout] test tests::datetime_utc_from_timestamp_millis::now_back_then ... ok
[INFO] [stdout] test tests::parse_timestamp_millis::should_trim_null_bytes ... ok
[INFO] [stdout] test tests::datetime_utc_from_timestamp_millis::negative_1h ... ok
[INFO] [stdout] test tests::parse_timestamp_millis::should_not_be_distracted_by_ancient_greek_numerals ... ok
[INFO] [stdout] test tests::datetime_utc_from_timestamp_millis::positive_1ms ... ok
[INFO] [stdout] test tests::datetime_utc_from_timestamp_millis::min_datetime ... ok
[INFO] [stdout] test tests::datetime_utc_from_timestamp_millis::max_datetime ... ok
[INFO] [stdout] test tests::datetime_utc_from_timestamp_millis::positive_1s ... ok
[INFO] [stdout] test tests::parse_timestamp_millis::should_trim_both ... ok
[INFO] [stdout] test tests::datetime_utc_from_timestamp_millis::negative_1100ms ... ok
[INFO] [stdout] test tests::parse_timestamp_millis::should_not_trim_leading_hyphen ... ok
[INFO] [stdout] test tests::parse_timestamp_millis::should_trim_trailing ... ok
[INFO] [stdout] test tests::parse_timestamp_millis::should_trim_leading ... ok
[INFO] [stdout] test tests::datetime_utc_from_timestamp_millis::zero ... ok
[INFO] [stdout] 
[INFO] [stdout] test result: ok. 19 passed; 0 failed; 0 ignored; 0 measured; 0 filtered out; finished in 0.03s
[INFO] [stdout] 
[INFO] [stderr]      Running tests/cli.rs (/opt/rustwide/target/release/deps/cli-963d09ab655d6117)
[INFO] [stdout] 
[INFO] [stdout] running 1 test
[INFO] [stderr] Testing tests/cmd/unmillis.md:14 ... ok
[INFO] [stderr] Testing tests/cmd/unmillis.md:40 ... ok
[INFO] [stderr] Testing tests/cmd/unmillis.md:48 ... ok
[INFO] [stderr] Testing tests/cmd/unmillis.md:55 ... ok
[INFO] [stderr] Testing tests/cmd/unmillis.md:63 ... ok
[INFO] [stderr] Testing tests/cmd/unmillis.md:69 ... ok
[INFO] [stderr] Testing tests/cmd/unmillis.md:78 ... ok
[INFO] [stderr] Testing tests/cmd/unmillis.md:96 ... failed
[INFO] [stderr] Exit: 1
[INFO] [stderr] 
[INFO] [stderr] ---- expected: stdout
[INFO] [stderr] ++++ actual:   stdout
[INFO] [stderr]    1    1 | Error: Failed to parse timestamp millis from "9223372036854775808"
[INFO] [stderr]    2    2 | 
[INFO] [stderr]    3    3 | Caused by:
[INFO] [stderr]    4    4 |     0: could not parse integer from trimmed string "9223372036854775808"
[INFO] [stderr]    5    5 |     1: number too large to fit in target type
[INFO] [stderr]         6 + 
[INFO] [stderr]         7 + Stack backtrace:
[INFO] [stderr]         8 +    0: unmillis::main
[INFO] [stderr]         9 +    1: std::sys::backtrace::__rust_begin_short_backtrace::<fn() -> core::result::Result<(), anyhow::Error>, core::result::Result<(), anyhow::Error>>
[INFO] [stderr]        10 +    2: std::rt::lang_start::<core::result::Result<(), anyhow::Error>>::{closure#0}
[INFO] [stderr]        11 +    3: std::rt::lang_start_internal
[INFO] [stderr]        12 +    4: main
[INFO] [stderr]        13 +    5: <unknown>
[INFO] [stderr]        14 +    6: __libc_start_main
[INFO] [stderr]        15 +    7: _start
[INFO] [stderr] stderr:
[INFO] [stderr] 
[INFO] [stderr] Testing tests/cmd/unmillis.md:109 ... failed
[INFO] [stderr] Exit: 1
[INFO] [stderr] 
[INFO] [stderr] ---- expected: stdout
[INFO] [stderr] ++++ actual:   stdout
[INFO] [stderr]    1    1 | Error: could not generate RFC 3339 datetime from millis: 1111111111111111111
[INFO] [stderr]    2    2 | 
[INFO] [stderr]    3    3 | Caused by:
[INFO] [stderr]    4    4 |     FromTimestamp error: Sorry, we can't handle timestamps outside the range (-8334632851200000, 8210298412799999), because we can't represent datetimes outside the range (-262144-01-01T00:00:00Z, +262143-12-31T23:59:59.999999999Z)
[INFO] [stderr]         5 + 
[INFO] [stderr]         6 + Stack backtrace:
[INFO] [stderr]         7 +    0: unmillis::main
[INFO] [stderr]         8 +    1: std::sys::backtrace::__rust_begin_short_backtrace::<fn() -> core::result::Result<(), anyhow::Error>, core::result::Result<(), anyhow::Error>>
[INFO] [stderr]         9 +    2: std::rt::lang_start::<core::result::Result<(), anyhow::Error>>::{closure#0}
[INFO] [stderr]        10 +    3: std::rt::lang_start_internal
[INFO] [stderr]        11 +    4: main
[INFO] [stderr]        12 +    5: <unknown>
[INFO] [stderr]        13 +    6: __libc_start_main
[INFO] [stderr]        14 +    7: _start
[INFO] [stderr] stderr:
[INFO] [stderr] 
[INFO] [stderr] Testing tests/cmd/unmillis.md:121 ... ok
[INFO] [stderr] Testing tests/cmd/unmillis.md:135 ... failed
[INFO] [stderr] Exit: 1
[INFO] [stderr] 
[INFO] [stderr] ---- expected: stdout
[INFO] [stderr] ++++ actual:   stdout
[INFO] [stderr]    1    1 | Error: Failed to parse timestamp millis from "nine"
[INFO] [stderr]    2    2 | 
[INFO] [stderr]    3    3 | Caused by:
[INFO] [stderr]    4    4 |     0: could not parse integer from trimmed string ""
[INFO] [stderr]    5    5 |     1: cannot parse integer from empty string
[INFO] [stderr]         6 + 
[INFO] [stderr]         7 + Stack backtrace:
[INFO] [stderr]         8 +    0: unmillis::main
[INFO] [stderr]         9 +    1: std::sys::backtrace::__rust_begin_short_backtrace::<fn() -> core::result::Result<(), anyhow::Error>, core::result::Result<(), anyhow::Error>>
[INFO] [stderr]        10 +    2: std::rt::lang_start::<core::result::Result<(), anyhow::Error>>::{closure#0}
[INFO] [stderr]        11 +    3: std::rt::lang_start_internal
[INFO] [stderr]        12 +    4: main
[INFO] [stderr]        13 +    5: <unknown>
[INFO] [stderr]        14 +    6: __libc_start_main
[INFO] [stderr]        15 +    7: _start
[INFO] [stderr] stderr:
[INFO] [stderr] 
[INFO] [stderr] Testing tests/cmd/unmillis.md:148 ... ok
[INFO] [stderr] Testing tests/cmd/unmillis.md:161 ... failed
[INFO] [stderr] Exit: 1
[INFO] [stderr] 
[INFO] [stderr] ---- expected: stdout
[INFO] [stderr] ++++ actual:   stdout
[INFO] [stderr]    1    1 | Error: Failed to parse timestamp millis from "16409hellothere95200000"
[INFO] [stderr]    2    2 | 
[INFO] [stderr]    3    3 | Caused by:
[INFO] [stderr]    4    4 |     0: could not parse integer from trimmed string "16409hellothere95200000"
[INFO] [stderr]    5    5 |     1: invalid digit found in string
[INFO] [stderr]         6 + 
[INFO] [stderr]         7 + Stack backtrace:
[INFO] [stderr]         8 +    0: unmillis::main
[INFO] [stderr]         9 +    1: std::sys::backtrace::__rust_begin_short_backtrace::<fn() -> core::result::Result<(), anyhow::Error>, core::result::Result<(), anyhow::Error>>
[INFO] [stderr]        10 +    2: std::rt::lang_start::<core::result::Result<(), anyhow::Error>>::{closure#0}
[INFO] [stderr]        11 +    3: std::rt::lang_start_internal
[INFO] [stderr]        12 +    4: main
[INFO] [stderr]        13 +    5: <unknown>
[INFO] [stderr]        14 +    6: __libc_start_main
[INFO] [stderr]        15 +    7: _start
[INFO] [stderr] stderr:
[INFO] [stderr] 
[INFO] [stderr] Testing tests/cmd/unmillis.md:174 ... failed
[INFO] [stderr] Exit: 1
[INFO] [stderr] 
[INFO] [stderr] ---- expected: stdout
[INFO] [stderr] ++++ actual:   stdout
[INFO] [stderr]    1    1 | Error: Failed to parse timestamp millis from "1337beefcafe1337"
[INFO] [stderr]    2    2 | 
[INFO] [stderr]    3    3 | Caused by:
[INFO] [stderr]    4    4 |     0: could not parse integer from trimmed string "1337beefcafe1337"
[INFO] [stderr]    5    5 |     1: invalid digit found in string
[INFO] [stderr]         6 + 
[INFO] [stderr]         7 + Stack backtrace:
[INFO] [stderr]         8 +    0: unmillis::main
[INFO] [stderr]         9 +    1: std::sys::backtrace::__rust_begin_short_backtrace::<fn() -> core::result::Result<(), anyhow::Error>, core::result::Result<(), anyhow::Error>>
[INFO] [stderr]        10 +    2: std::rt::lang_start::<core::result::Result<(), anyhow::Error>>::{closure#0}
[INFO] [stderr]        11 +    3: std::rt::lang_start_internal
[INFO] [stderr]        12 +    4: main
[INFO] [stderr]        13 +    5: <unknown>
[INFO] [stderr]        14 +    6: __libc_start_main
[INFO] [stderr]        15 +    7: _start
[INFO] [stderr] stderr:
[INFO] [stderr] 
[INFO] [stderr] Update snapshots with `TRYCMD=overwrite`
[INFO] [stderr] Debug output with `TRYCMD=dump`
[INFO] [stdout] test cli_tests ... FAILED
[INFO] [stdout] 
[INFO] [stdout] failures:
[INFO] [stdout] 
[INFO] [stdout] ---- cli_tests stdout ----
[INFO] [stdout] 
[INFO] [stdout] thread 'cli_tests' (2159) panicked at /opt/rustwide/cargo-home/registry/src/index.crates.io-1949cf8c6b5b557f/trycmd-0.14.10/src/runner.rs:93:17:
[INFO] [stdout] 5 of 1 tests failed
[INFO] [stdout] stack backtrace:
[INFO] [stdout]    0:     0x5d161b59cea1 - <<std[70759c8f55707aa4]::sys::backtrace::BacktraceLock>::print::DisplayBacktrace as core[df12db4294e9bfd3]::fmt::Display>::fmt
[INFO] [stdout]    1:     0x5d161b5b2a7a - core[df12db4294e9bfd3]::fmt::write
[INFO] [stdout]    2:     0x5d161b5a191c - <alloc[2182bb758b4b3781]::vec::Vec<u8> as core[df12db4294e9bfd3]::io::write::Write>::write_fmt
[INFO] [stdout]    3:     0x5d161b574396 - std[70759c8f55707aa4]::panicking::default_hook::{closure#0}
[INFO] [stdout]    4:     0x5d161b593029 - std[70759c8f55707aa4]::panicking::default_hook
[INFO] [stdout]    5:     0x5d161b52b880 - test[9d35eded1c95d3be]::test_main_inner::<test[9d35eded1c95d3be]::test_main_static::{closure#0}>::{closure#0}
[INFO] [stdout]    6:     0x5d161b593352 - std[70759c8f55707aa4]::panicking::panic_with_hook
[INFO] [stdout]    7:     0x5d161b574442 - std[70759c8f55707aa4]::panicking::panic_handler::{closure#0}
[INFO] [stdout]    8:     0x5d161b56cde9 - std[70759c8f55707aa4]::sys::backtrace::__rust_end_short_backtrace::<std[70759c8f55707aa4]::panicking::panic_handler::{closure#0}, !>
[INFO] [stdout]    9:     0x5d161b57512d - __rustc[8fa7c3cbc660c2b3]::rust_begin_unwind
[INFO] [stdout]   10:     0x5d161b5b31dc - core[df12db4294e9bfd3]::panicking::panic_fmt
[INFO] [stdout]   11:     0x5d161b46afdb - <trycmd[74ebd1892a44ded8]::runner::Runner>::run
[INFO] [stdout]   12:     0x5d161b49827f - <trycmd[74ebd1892a44ded8]::cases::TestCases>::run
[INFO] [stdout]   13:     0x5d161b45dcbd - core[df12db4294e9bfd3]::ptr::drop_glue::<trycmd[74ebd1892a44ded8]::cases::TestCases>
[INFO] [stdout]   14:     0x5d161b45ddc2 - <cli[990c566d3a6e139b]::cli_tests::{closure#0} as core[df12db4294e9bfd3]::ops::function::FnOnce<()>>::call_once
[INFO] [stdout]   15:     0x5d161b51eb6b - test[9d35eded1c95d3be]::__rust_begin_short_backtrace::<core[df12db4294e9bfd3]::result::Result<(), alloc[2182bb758b4b3781]::string::String>, fn() -> core[df12db4294e9bfd3]::result::Result<(), alloc[2182bb758b4b3781]::string::String>>
[INFO] [stdout]   16:     0x5d161b52c1d5 - test[9d35eded1c95d3be]::run_test::{closure#0}
[INFO] [stdout]   17:     0x5d161b525a94 - std[70759c8f55707aa4]::sys::backtrace::__rust_begin_short_backtrace::<test[9d35eded1c95d3be]::run_test::{closure#1}, ()>
[INFO] [stdout]   18:     0x5d161b52f332 - <std[70759c8f55707aa4]::thread::lifecycle::spawn_unchecked<test[9d35eded1c95d3be]::run_test::{closure#1}, ()>::{closure#1} as core[df12db4294e9bfd3]::ops::function::FnOnce<()>>::call_once::{shim:vtable#0}
[INFO] [stdout]   19:     0x5d161b59be29 - <std[70759c8f55707aa4]::sys::thread::unix::Thread>::new::thread_start
[INFO] [stdout]   20:     0x793db941bdfa - <unknown>
[INFO] [stdout]   21:     0x793db94af3d4 - clone
[INFO] [stdout]   22:                0x0 - <unknown>
[INFO] [stdout] 
[INFO] [stdout] 
[INFO] [stdout] failures:
[INFO] [stdout]     cli_tests
[INFO] [stdout] 
[INFO] [stdout] test result: FAILED. 0 passed; 1 failed; 0 ignored; 0 measured; 0 filtered out; finished in 0.07s
[INFO] [stdout] 
[INFO] [stderr] error: test failed, to rerun pass `--test cli`
[INFO] running `Command { std: "docker" "inspect" "7a0d67c1e4ed64c2117d4c82de7e5185226933875a7d57827918476e55d428d0", kill_on_drop: false }`
[INFO] running `Command { std: "docker" "rm" "-f" "7a0d67c1e4ed64c2117d4c82de7e5185226933875a7d57827918476e55d428d0", kill_on_drop: false }`
[INFO] [stdout] 7a0d67c1e4ed64c2117d4c82de7e5185226933875a7d57827918476e55d428d0
