[INFO] fetching crate typelisp-rt 0.2.1...
[INFO] testing typelisp-rt-0.2.1 against 1.99.0-beta.8+cargoflags=--release for beta-release-1.100-2
[INFO] extracting crate typelisp-rt 0.2.1 into /workspace/builds/worker-7-tc1/source
[INFO] started tweaking crates.io crate typelisp-rt 0.2.1
[INFO] removed 0 missing tests
[INFO] finished tweaking crates.io crate typelisp-rt 0.2.1
[INFO] tweaked toml for crates.io crate typelisp-rt 0.2.1 written to /workspace/builds/worker-7-tc1/source/Cargo.toml
[INFO] validating manifest of crates.io crate typelisp-rt 0.2.1 on toolchain 1.99.0-beta.8
[INFO] running `Command { std: CARGO_HOME="/workspace/cargo-home" RUSTUP_HOME="/workspace/rustup-home" "/workspace/cargo-home/bin/cargo" "+1.99.0-beta.8" "metadata" "--manifest-path" "Cargo.toml" "--no-deps", kill_on_drop: false }`
[INFO] crate crates.io crate typelisp-rt 0.2.1 already has a lockfile, it will not be regenerated
[INFO] running `Command { std: CARGO_HOME="/workspace/cargo-home" RUSTUP_HOME="/workspace/rustup-home" "/workspace/cargo-home/bin/cargo" "+1.99.0-beta.8" "fetch" "--manifest-path" "Cargo.toml", kill_on_drop: false }`
[INFO] [stderr]     Updating crates.io index
[INFO] [stderr]  Downloading crates ...
[INFO] [stderr]   Downloaded typelisp-abi v0.2.1
[INFO] [stderr]   Downloaded num-bigint v0.4.3
[INFO] [stderr]   Downloaded typelisp-read v0.2.1
[INFO] [stderr]   Downloaded typelisp-print v0.2.1
[INFO] [stderr]   Downloaded typelisp-mem v0.2.1
[INFO] running `Command { std: "docker" "create" "-v" "/var/lib/crater-agent-workspace/builds/worker-7-tc1/source:/opt/rustwide/workdir:ro,Z" "-v" "/var/lib/crater-agent-workspace/builds/worker-7-tc1/target:/opt/rustwide/target:rw,Z" "-v" "/var/lib/crater-agent-workspace/cargo-home:/opt/rustwide/cargo-home:ro,Z" "-v" "/var/lib/crater-agent-workspace/rustup-home:/opt/rustwide/rustup-home:ro,Z" "-m" "1610612736" "--network" "none" "ghcr.io/rust-lang/crates-build-env/linux@sha256:77db811e55d90add9212f6832c23229e3de5f1c1f9905e8cb07319ea15df73ac" "sleep" "infinity", kill_on_drop: false }`
[INFO] [stdout] 04d6b361e16538bb42c451a46ad8aa3058ae8561482041efc6d93441632faaed
[INFO] running `Command { std: "docker" "start" "04d6b361e16538bb42c451a46ad8aa3058ae8561482041efc6d93441632faaed", kill_on_drop: false }`
[INFO] running `Command { std: "docker" "inspect" "04d6b361e16538bb42c451a46ad8aa3058ae8561482041efc6d93441632faaed", kill_on_drop: false }`
[INFO] running `Command { std: "docker" "exec" "-e" "SOURCE_DIR=/opt/rustwide/workdir" "-e" "CARGO_HOME=/opt/rustwide/cargo-home" "-e" "RUSTUP_HOME=/opt/rustwide/rustup-home" "-e" "CARGO_TARGET_DIR=/opt/rustwide/target" "-w" "/opt/rustwide/workdir" "--user" "0:0" "04d6b361e16538bb42c451a46ad8aa3058ae8561482041efc6d93441632faaed" "/opt/rustwide/cargo-home/bin/cargo" "+1.99.0-beta.8" "metadata" "--no-deps" "--format-version=1", kill_on_drop: false }`
[INFO] running `Command { std: "docker" "inspect" "04d6b361e16538bb42c451a46ad8aa3058ae8561482041efc6d93441632faaed", kill_on_drop: false }`
[INFO] running `Command { std: "docker" "exec" "-e" "SOURCE_DIR=/opt/rustwide/workdir" "-e" "CARGO_HOME=/opt/rustwide/cargo-home" "-e" "RUSTUP_HOME=/opt/rustwide/rustup-home" "-e" "CARGO_TARGET_DIR=/opt/rustwide/target" "-e" "CARGO_INCREMENTAL=0" "-e" "RUST_BACKTRACE=full" "-e" "RUSTFLAGS=--cap-lints=warn" "-e" "RUSTDOCFLAGS=--cap-lints=warn" "-w" "/opt/rustwide/workdir" "--user" "0:0" "04d6b361e16538bb42c451a46ad8aa3058ae8561482041efc6d93441632faaed" "/opt/rustwide/cargo-home/bin/cargo" "+1.99.0-beta.8" "build" "--frozen" "--message-format=json" "--release", kill_on_drop: false }`
[INFO] [stderr]    Compiling autocfg v1.0.1
[INFO] [stderr]    Compiling smallvec v1.15.2
[INFO] [stderr]    Compiling rustls v0.23.45
[INFO] [stderr]    Compiling cc v1.2.65
[INFO] [stderr]    Compiling getrandom v0.2.17
[INFO] [stderr]    Compiling webpki-roots v1.0.9
[INFO] [stderr]    Compiling num-traits v0.2.19
[INFO] [stderr]    Compiling num-integer v0.1.44
[INFO] [stderr]    Compiling num-bigint v0.4.3
[INFO] [stderr]    Compiling parking_lot_core v0.9.12
[INFO] [stderr]    Compiling parking_lot v0.12.5
[INFO] [stderr]    Compiling ring v0.17.14
[INFO] [stderr]    Compiling num-rational v0.4.2
[INFO] [stderr]    Compiling typelisp-mem v0.2.1
[INFO] [stderr]    Compiling typelisp-abi v0.2.1
[INFO] [stderr]    Compiling typelisp-read v0.2.1
[INFO] [stderr]    Compiling typelisp-print v0.2.1
[INFO] [stderr]    Compiling rustls-webpki v0.103.15
[INFO] [stderr]    Compiling typelisp-rt v0.2.1 (/opt/rustwide/workdir)
[INFO] [stderr]     Finished `release` profile [optimized] target(s) in 47.22s
[INFO] running `Command { std: "docker" "inspect" "04d6b361e16538bb42c451a46ad8aa3058ae8561482041efc6d93441632faaed", kill_on_drop: false }`
[INFO] running `Command { std: "docker" "exec" "-e" "SOURCE_DIR=/opt/rustwide/workdir" "-e" "CARGO_HOME=/opt/rustwide/cargo-home" "-e" "RUSTUP_HOME=/opt/rustwide/rustup-home" "-e" "CARGO_TARGET_DIR=/opt/rustwide/target" "-e" "CARGO_INCREMENTAL=0" "-e" "RUST_BACKTRACE=full" "-e" "RUSTFLAGS=--cap-lints=warn" "-e" "RUSTDOCFLAGS=--cap-lints=warn" "-w" "/opt/rustwide/workdir" "--user" "0:0" "04d6b361e16538bb42c451a46ad8aa3058ae8561482041efc6d93441632faaed" "/opt/rustwide/cargo-home/bin/cargo" "+1.99.0-beta.8" "test" "--frozen" "--no-run" "--message-format=json" "--release", kill_on_drop: false }`
[INFO] [stderr]    Compiling time-core v0.1.9
[INFO] [stderr]    Compiling num-conv v0.2.2
[INFO] [stderr]    Compiling deranged v0.5.8
[INFO] [stderr]    Compiling base64 v0.23.1
[INFO] [stderr]    Compiling pem v4.0.0
[INFO] [stderr]    Compiling time v0.3.55
[INFO] [stderr]    Compiling yasna v0.6.0
[INFO] [stderr]    Compiling rcgen v0.14.10
[INFO] [stderr]    Compiling typelisp-rt v0.2.1 (/opt/rustwide/workdir)
[INFO] [stderr]     Finished `release` profile [optimized] target(s) in 19.13s
[INFO] running `Command { std: "docker" "inspect" "04d6b361e16538bb42c451a46ad8aa3058ae8561482041efc6d93441632faaed", kill_on_drop: false }`
[INFO] running `Command { std: "docker" "exec" "-e" "SOURCE_DIR=/opt/rustwide/workdir" "-e" "CARGO_HOME=/opt/rustwide/cargo-home" "-e" "RUSTUP_HOME=/opt/rustwide/rustup-home" "-e" "CARGO_TARGET_DIR=/opt/rustwide/target" "-e" "CARGO_INCREMENTAL=0" "-e" "RUST_BACKTRACE=full" "-e" "RUSTFLAGS=--cap-lints=warn" "-e" "RUSTDOCFLAGS=--cap-lints=warn" "-w" "/opt/rustwide/workdir" "--user" "0:0" "04d6b361e16538bb42c451a46ad8aa3058ae8561482041efc6d93441632faaed" "/opt/rustwide/cargo-home/bin/cargo" "+1.99.0-beta.8" "test" "--frozen" "--release", kill_on_drop: false }`
[INFO] [stderr]     Finished `release` profile [optimized] target(s) in 0.08s
[INFO] [stderr]      Running unittests src/lib.rs (/opt/rustwide/target/release/deps/typelisp_rt-e4aeae1aac6a9aac)
[INFO] [stdout] 
[INFO] [stdout] running 76 tests
[INFO] [stdout] test net::tests::a_line_crosses_a_unix_socket_and_closing_removes_the_file ... ok
[INFO] [stdout] test net::tests::a_datagram_crosses_the_loopback ... ok
[INFO] [stdout] test net::tests::end_of_input_is_a_zero_fill ... ok
[INFO] [stdout] test net::tests::a_character_split_across_reads_is_not_consumed_early ... ok
[INFO] [stdout] test net::tests::socket_options_are_set_on_tcp_and_refused_where_meaningless ... ok
[INFO] [stdout] test net::tests::a_refused_connect_reports_it_after_the_wait ... ok
[INFO] [stdout] test net::tests::a_line_crosses_the_loopback ... ok
[INFO] [stdout] test os::tests::cpu_time_is_present_and_advances ... ok
[INFO] [stdout] test os::tests::a_library_that_is_not_there_does_not_open ... ok
[INFO] [stdout] test net::tests::a_bad_port_is_an_error_not_a_panic ... ok
[INFO] [stdout] test net::tests::the_resolver_answers_through_its_pipe ... ok
[INFO] [stdout] test os::tests::the_host_has_a_name_and_a_release ... ok
[INFO] [stdout] test os::tests::the_process_resolves_its_own_libc_symbols ... ok
[INFO] [stdout] test os::tests::the_zone_can_be_asked_about_any_instant ... ok
[INFO] [stdout] test os::tests::the_local_zone_is_a_plausible_offset ... ok
[INFO] [stdout] test os::tests::the_current_user_has_a_name ... ok
[INFO] [stdout] test os::tests::a_file_has_an_owner_and_a_missing_one_is_an_error ... ok
[INFO] [stdout] test tests::an_unrooted_value_is_corrupted_by_a_gc_triggered_by_other_allocations ... ok
[INFO] [stdout] test tests::an_unreachable_compiled_closure_is_swept ... ok
[INFO] [stdout] test tests::encode_decode_round_trips_a_cons ... ok
[INFO] [stdout] test net::tests::a_peer_that_resets_marks_the_socket_instead_of_failing ... ok
[INFO] [stdout] test tests::gc_reclaims_an_unrooted_structs_fields ... ok
[INFO] [stdout] test tests::rt_cell_set_mutates_the_shared_cell_both_worlds_see ... ok
[INFO] [stdout] test tests::rt_char_equalp_is_ascii_case_insensitive ... ok
[INFO] [stdout] test tests::a_rooted_compiled_closure_keeps_its_captured_cell_alive_across_gc ... ok
[INFO] [stdout] test tests::a_rooted_enum_box_keeps_its_cons_field_alive_across_gc ... ok
[INFO] [stdout] test tests::a_setf_reassigned_sexpr_value_is_corrupted_by_a_gc_triggered_by_other_allocations_without_rt_set_sexpr_root ... ok
[INFO] [stdout] test tests::rt_data_new_builds_a_boxed_enum_with_its_variant_and_fields ... ok
[INFO] [stdout] test tests::rt_data_new_with_no_fields_builds_a_nullary_variant ... ok
[INFO] [stdout] test tests::rt_cons_rt_car_rt_cdr_round_trip_through_a_real_heap ... ok
[INFO] [stdout] test tests::rt_global_set_overwrites_in_place ... ok
[INFO] [stdout] test tests::gc_traces_into_a_rooted_structs_fields ... ok
[INFO] [stdout] test tests::rt_closure_new_round_trips_fnptr_mask_and_slots ... ok
[INFO] [stdout] test tests::rt_hashtable_bucket_holds_colliding_keys_and_deletes_one ... ok
[INFO] [stdout] test tests::rt_hashtable_new_set_count_and_entries_round_trip ... ok
[INFO] [stdout] test tests::rt_heap_init_registers_a_freshly_created_heap ... ok
[INFO] [stdout] test tests::rt_global_ids_are_sequential_regardless_of_interleaved_permanent_roots ... ok
[INFO] [stdout] test tests::rt_global_protects_its_value_across_a_gc_triggered_by_other_allocations ... ok
[INFO] [stdout] test tests::rt_heap_live_count_reflects_the_registered_heaps_real_state ... ok
[INFO] [stdout] test tests::rt_ping_returns_zero_with_no_arguments ... ok
[INFO] [stdout] test tests::rt_push_permanent_sexpr_root_does_not_desync_an_interleaved_ordinary_root_pop ... ok
[INFO] [stdout] test tests::rt_push_permanent_sexpr_root_protects_a_value_across_a_gc_with_no_matching_pop ... ok
[INFO] [stdout] test tests::rt_push_sexpr_root_protects_a_value_across_a_gc_triggered_by_other_allocations ... ok
[INFO] [stdout] test tests::rt_ping_adds_one_to_its_first_argument ... ok
[INFO] [stdout] test tests::rt_set_car_and_rt_set_cdr_mutate_in_place ... ok
[INFO] [stdout] test tests::rt_set_sexpr_root_protects_a_setf_reassigned_value_across_a_gc_triggered_by_other_allocations ... ok
[INFO] [stdout] test tests::rt_str_append_concatenates_into_a_fresh_string ... ok
[INFO] [stdout] test tests::rt_str_equalp_is_ascii_case_insensitive ... ok
[INFO] [stdout] test tests::rt_str_length_counts_unicode_scalar_values_not_bytes ... ok
[INFO] [stdout] test tests::rt_str_new_builds_a_string_from_raw_char_scalars ... ok
[INFO] [stdout] test tests::rt_str_new_with_no_characters_builds_an_empty_string ... ok
[INFO] [stdout] test tests::rt_str_ref_returns_the_nth_char_as_a_bare_scalar ... ok
[INFO] [stdout] test tests::rt_struct_field_set_mutates_in_place ... ok
[INFO] [stdout] test tests::rt_str_eq_compares_content_not_identity ... ok
[INFO] [stdout] test tests::rt_struct_field_count_returns_the_raw_field_count ... ok
[INFO] [stdout] test tests::rt_str_lt_orders_lexicographically_by_content ... ok
[INFO] [stdout] test tests::rt_struct_new_builds_a_boxed_struct_with_its_fields ... ok
[INFO] [stdout] test tests::rt_struct_new_with_no_fields_builds_an_empty_struct ... ok
[INFO] [stdout] test tests::rt_struct_pop_field_shrinks_the_struct_and_returns_the_last_element ... ok
[INFO] [stdout] test x509::tests::a_non_string_value_is_written_as_hex ... ok
[INFO] [stdout] test tests::rt_struct_push_field_grows_the_struct_and_appends_at_the_end ... ok
[INFO] [stdout] test tests::encode_decode_round_trips_every_immediate_variant ... ok
[INFO] [stdout] test x509::tests::oids_decode ... ok
[INFO] [stdout] test x509::tests::garbage_is_an_error_not_a_panic ... ok
[INFO] [stdout] test x509::tests::the_subject_reads_most_specific_first ... ok
[INFO] [stdout] test x509::tests::special_characters_are_escaped_and_unknown_types_are_dotted ... ok
[INFO] [stdout] test tests::rt_global_new_and_rt_global_get_round_trip ... ok
[INFO] [stdout] test net::tests::a_pushed_back_character_refuses_a_byte_read ... ok
[INFO] [stdout] test net::tests::tls_listen_checks_its_files_up_front ... ok
[INFO] [stdout] test net::tests::tls_refuses_a_peer_that_speaks_no_tls ... ok
[INFO] [stdout] test net::tests::the_peer_subject_is_the_certificates_name ... ok
[INFO] [stdout] test net::tests::an_untrusted_certificate_fails_the_client_and_only_marks_the_server ... ok
[INFO] [stdout] test net::tests::a_line_crosses_a_tls_connection_both_ways ... ok
[INFO] [stdout] test net::tests::a_listener_serves_a_second_name_with_its_own_certificate ... ok
[INFO] [stdout] test net::tests::a_client_certificate_is_required_when_the_listener_names_a_ca ... ok
[INFO] [stdout] test net::tests::a_server_writing_first_completes_the_handshake_in_its_flush ... ok
[INFO] [stdout] 
[INFO] [stdout] test result: ok. 76 passed; 0 failed; 0 ignored; 0 measured; 0 filtered out; finished in 1.01s
[INFO] [stdout] 
[INFO] [stderr]      Running tests/sched_send_test.rs (/opt/rustwide/target/release/deps/sched_send_test-e902e55cbedfb2f3)
[INFO] [stdout] 
[INFO] [stdout] running 1 test
[INFO] [stdout] test compiled_task_is_send ... ok
[INFO] [stdout] 
[INFO] [stdout] test result: ok. 1 passed; 0 failed; 0 ignored; 0 measured; 0 filtered out; finished in 0.00s
[INFO] [stdout] 
[INFO] [stderr]      Running tests/sched_threads_test.rs (/opt/rustwide/target/release/deps/sched_threads_test-1ed86d3f78d0cf35)
[INFO] [stdout] 
[INFO] [stdout] running 3 tests
[INFO] [stdout] test one_thread_gives_the_same_answer ... ok
[INFO] [stdout] test a_failure_on_a_worker_reaches_the_main_thread ... FAILED
[INFO] [stdout] test tasks_run_on_several_threads_at_once ... ok
[INFO] [stderr] error: test failed, to rerun pass `--test sched_threads_test`
[INFO] [stdout] 
[INFO] [stdout] failures:
[INFO] [stdout] 
[INFO] [stdout] ---- a_failure_on_a_worker_reaches_the_main_thread stdout ----
[INFO] [stdout] 
[INFO] [stdout] thread 'a_failure_on_a_worker_reaches_the_main_thread' (1075) panicked at tests/sched_threads_test.rs:192:5:
[INFO] [stdout] assertion `left == right` failed
[INFO] [stdout]   left: Ok(Int(10))
[INFO] [stdout]  right: Err(ProbeError("left its task: child -1 failed"))
[INFO] [stdout] stack backtrace:
[INFO] [stdout]    0:     0x5bc76a45cc61 - <<std[70759c8f55707aa4]::sys::backtrace::BacktraceLock>::print::DisplayBacktrace as core[df12db4294e9bfd3]::fmt::Display>::fmt
[INFO] [stdout]    1:     0x5bc76a47102a - core[df12db4294e9bfd3]::fmt::write
[INFO] [stdout]    2:     0x5bc76a46114c - <alloc[2182bb758b4b3781]::vec::Vec<u8> as core[df12db4294e9bfd3]::io::write::Write>::write_fmt
[INFO] [stdout]    3:     0x5bc76a438d26 - std[70759c8f55707aa4]::panicking::default_hook::{closure#0}
[INFO] [stdout]    4:     0x5bc76a455159 - std[70759c8f55707aa4]::panicking::default_hook
[INFO] [stdout]    5:     0x5bc76a3de7f0 - test[9d35eded1c95d3be]::test_main_inner::<test[9d35eded1c95d3be]::test_main_static::{closure#0}>::{closure#0}
[INFO] [stdout]    6:     0x5bc76a455482 - std[70759c8f55707aa4]::panicking::panic_with_hook
[INFO] [stdout]    7:     0x5bc76a438dd2 - std[70759c8f55707aa4]::panicking::panic_handler::{closure#0}
[INFO] [stdout]    8:     0x5bc76a431b59 - std[70759c8f55707aa4]::sys::backtrace::__rust_end_short_backtrace::<std[70759c8f55707aa4]::panicking::panic_handler::{closure#0}, !>
[INFO] [stdout]    9:     0x5bc76a4399cd - __rustc[8fa7c3cbc660c2b3]::rust_begin_unwind
[INFO] [stdout]   10:     0x5bc76a47175c - core[df12db4294e9bfd3]::panicking::panic_fmt
[INFO] [stdout]   11:     0x5bc76a471673 - core[df12db4294e9bfd3]::panicking::assert_failed_inner
[INFO] [stdout]   12:     0x5bc76a3cebe7 - core[df12db4294e9bfd3]::panicking::assert_failed::<core[df12db4294e9bfd3]::result::Result<typelisp_mem[4f1764f288734f3]::value::Value, sched_threads_test[6d6f3a477bbb090a]::ProbeError>, core[df12db4294e9bfd3]::result::Result<typelisp_mem[4f1764f288734f3]::value::Value, sched_threads_test[6d6f3a477bbb090a]::ProbeError>>
[INFO] [stdout]   13:     0x5bc76a3d1a1f - <sched_threads_test[6d6f3a477bbb090a]::a_failure_on_a_worker_reaches_the_main_thread::{closure#0} as core[df12db4294e9bfd3]::ops::function::FnOnce<()>>::call_once
[INFO] [stdout]   14:     0x5bc76a3d1adb - test[9d35eded1c95d3be]::__rust_begin_short_backtrace::<core[df12db4294e9bfd3]::result::Result<(), alloc[2182bb758b4b3781]::string::String>, fn() -> core[df12db4294e9bfd3]::result::Result<(), alloc[2182bb758b4b3781]::string::String>>
[INFO] [stdout]   15:     0x5bc76a3df145 - test[9d35eded1c95d3be]::run_test::{closure#0}
[INFO] [stdout]   16:     0x5bc76a3d8a04 - std[70759c8f55707aa4]::sys::backtrace::__rust_begin_short_backtrace::<test[9d35eded1c95d3be]::run_test::{closure#1}, ()>
[INFO] [stdout]   17:     0x5bc76a3e22a2 - <std[70759c8f55707aa4]::thread::lifecycle::spawn_unchecked<test[9d35eded1c95d3be]::run_test::{closure#1}, ()>::{closure#1} as core[df12db4294e9bfd3]::ops::function::FnOnce<()>>::call_once::{shim:vtable#0}
[INFO] [stdout]   18:     0x5bc76a45c529 - <std[70759c8f55707aa4]::sys::thread::unix::Thread>::new::thread_start
[INFO] [stdout]   19:     0x73ba308c4dfa - <unknown>
[INFO] [stdout]   20:     0x73ba309583d4 - clone
[INFO] [stdout]   21:                0x0 - <unknown>
[INFO] [stdout] 
[INFO] [stdout] 
[INFO] [stdout] failures:
[INFO] [stdout]     a_failure_on_a_worker_reaches_the_main_thread
[INFO] [stdout] 
[INFO] [stdout] test result: FAILED. 2 passed; 1 failed; 0 ignored; 0 measured; 0 filtered out; finished in 0.03s
[INFO] [stdout] 
[INFO] running `Command { std: "docker" "inspect" "04d6b361e16538bb42c451a46ad8aa3058ae8561482041efc6d93441632faaed", kill_on_drop: false }`
[INFO] running `Command { std: "docker" "rm" "-f" "04d6b361e16538bb42c451a46ad8aa3058ae8561482041efc6d93441632faaed", kill_on_drop: false }`
[INFO] [stdout] 04d6b361e16538bb42c451a46ad8aa3058ae8561482041efc6d93441632faaed
