[INFO] fetching crate typeline_ext_utils 0.1.0...
[INFO] testing typeline_ext_utils-0.1.0 against 1.99.0-beta.8+cargoflags=--release for beta-release-1.100-2
[INFO] extracting crate typeline_ext_utils 0.1.0 into /workspace/builds/worker-2-tc1/source
[INFO] started tweaking crates.io crate typeline_ext_utils 0.1.0
[INFO] removed 0 missing tests
[INFO] finished tweaking crates.io crate typeline_ext_utils 0.1.0
[INFO] tweaked toml for crates.io crate typeline_ext_utils 0.1.0 written to /workspace/builds/worker-2-tc1/source/Cargo.toml
[INFO] validating manifest of crates.io crate typeline_ext_utils 0.1.0 on toolchain 1.99.0-beta.8
[INFO] running `Command { std: CARGO_HOME="/workspace/cargo-home" RUSTUP_HOME="/workspace/rustup-home" "/workspace/cargo-home/bin/cargo" "+1.99.0-beta.8" "metadata" "--manifest-path" "Cargo.toml" "--no-deps", kill_on_drop: false }`
[INFO] running `Command { std: CARGO_HOME="/workspace/cargo-home" RUSTUP_HOME="/workspace/rustup-home" "/workspace/cargo-home/bin/cargo" "+1.99.0-beta.8" "generate-lockfile" "--manifest-path" "Cargo.toml", kill_on_drop: false }`
[INFO] [stderr]     Updating crates.io index
[INFO] [stderr]      Locking 95 packages to highest compatible versions
[INFO] [stderr]       Adding metamatch v0.2.4 (available: v0.3.0)
[INFO] [stderr]       Adding rstest v0.24.0 (available: v0.27.0)
[INFO] running `Command { std: CARGO_HOME="/workspace/cargo-home" RUSTUP_HOME="/workspace/rustup-home" "/workspace/cargo-home/bin/cargo" "+1.99.0-beta.8" "fetch" "--manifest-path" "Cargo.toml", kill_on_drop: false }`
[INFO] [stderr]  Downloading crates ...
[INFO] [stderr]   Downloaded smallstr v0.3.1
[INFO] [stderr]   Downloaded thin-vec v0.2.21
[INFO] [stderr]   Downloaded subenum v1.2.0
[INFO] [stderr]   Downloaded primes v0.4.0
[INFO] [stderr]   Downloaded bitbybit v1.4.0
[INFO] [stderr]   Downloaded num-modular v0.6.5
[INFO] [stderr]   Downloaded metamatch v0.2.4
[INFO] [stderr]   Downloaded arbitrary-int v1.3.0
[INFO] [stderr]   Downloaded typeline_core v0.1.0
[INFO] running `Command { std: "docker" "create" "-v" "/var/lib/crater-agent-workspace/builds/worker-2-tc1/source:/opt/rustwide/workdir:ro,Z" "-v" "/var/lib/crater-agent-workspace/builds/worker-2-tc1/target:/opt/rustwide/target:rw,Z" "-v" "/var/lib/crater-agent-workspace/cargo-home:/opt/rustwide/cargo-home:ro,Z" "-v" "/var/lib/crater-agent-workspace/rustup-home:/opt/rustwide/rustup-home:ro,Z" "-m" "1610612736" "--network" "none" "ghcr.io/rust-lang/crates-build-env/linux@sha256:77db811e55d90add9212f6832c23229e3de5f1c1f9905e8cb07319ea15df73ac" "sleep" "infinity", kill_on_drop: false }`
[INFO] [stdout] cb75e49046de9f8a94131deba8534e9cbdf0c39ac35f261c1cbbee1819ac59f0
[INFO] running `Command { std: "docker" "start" "cb75e49046de9f8a94131deba8534e9cbdf0c39ac35f261c1cbbee1819ac59f0", kill_on_drop: false }`
[INFO] running `Command { std: "docker" "inspect" "cb75e49046de9f8a94131deba8534e9cbdf0c39ac35f261c1cbbee1819ac59f0", kill_on_drop: false }`
[INFO] running `Command { std: "docker" "exec" "-e" "SOURCE_DIR=/opt/rustwide/workdir" "-e" "CARGO_HOME=/opt/rustwide/cargo-home" "-e" "RUSTUP_HOME=/opt/rustwide/rustup-home" "-e" "CARGO_TARGET_DIR=/opt/rustwide/target" "-w" "/opt/rustwide/workdir" "--user" "0:0" "cb75e49046de9f8a94131deba8534e9cbdf0c39ac35f261c1cbbee1819ac59f0" "/opt/rustwide/cargo-home/bin/cargo" "+1.99.0-beta.8" "metadata" "--no-deps" "--format-version=1", kill_on_drop: false }`
[INFO] running `Command { std: "docker" "inspect" "cb75e49046de9f8a94131deba8534e9cbdf0c39ac35f261c1cbbee1819ac59f0", kill_on_drop: false }`
[INFO] running `Command { std: "docker" "exec" "-e" "SOURCE_DIR=/opt/rustwide/workdir" "-e" "CARGO_HOME=/opt/rustwide/cargo-home" "-e" "RUSTUP_HOME=/opt/rustwide/rustup-home" "-e" "CARGO_TARGET_DIR=/opt/rustwide/target" "-e" "CARGO_INCREMENTAL=0" "-e" "RUST_BACKTRACE=full" "-e" "RUSTFLAGS=--cap-lints=warn" "-e" "RUSTDOCFLAGS=--cap-lints=warn" "-w" "/opt/rustwide/workdir" "--user" "0:0" "cb75e49046de9f8a94131deba8534e9cbdf0c39ac35f261c1cbbee1819ac59f0" "/opt/rustwide/cargo-home/bin/cargo" "+1.99.0-beta.8" "build" "--frozen" "--message-format=json" "--release", kill_on_drop: false }`
[INFO] [stderr]    Compiling unicode-ident v1.0.27
[INFO] [stderr]    Compiling lexical-util v1.0.7
[INFO] [stderr]    Compiling libc v0.2.191
[INFO] [stderr]    Compiling rustversion v1.0.23
[INFO] [stderr]    Compiling unicode-segmentation v1.13.3
[INFO] [stderr]    Compiling radium v0.7.0
[INFO] [stderr]    Compiling smallvec v1.16.3
[INFO] [stderr]    Compiling tap v1.0.1
[INFO] [stderr]    Compiling thiserror v2.0.21
[INFO] [stderr]    Compiling num-traits v0.2.19
[INFO] [stderr]    Compiling aho-corasick v1.1.5
[INFO] [stderr]    Compiling funty v2.0.0
[INFO] [stderr]    Compiling core_detect v1.0.0
[INFO] [stderr]    Compiling num-modular v0.6.5
[INFO] [stderr]    Compiling multiversion_no_op v1.0.0
[INFO] [stderr]    Compiling simdutf8 v0.1.5
[INFO] [stderr]    Compiling proc-macro2 v1.0.107
[INFO] [stderr]    Compiling arbitrary-int v1.3.0
[INFO] [stderr]    Compiling wyz v0.5.1
[INFO] [stderr]    Compiling equivalent v1.0.3
[INFO] [stderr]    Compiling indexmap v2.14.2
[INFO] [stderr]    Compiling lexical-write-integer v1.0.6
[INFO] [stderr]    Compiling lexical-parse-integer v1.0.6
[INFO] [stderr]    Compiling quote v1.0.47
[INFO] [stderr]    Compiling smallstr v0.3.1
[INFO] [stderr]    Compiling bstr v1.13.1
[INFO] [stderr]    Compiling thin-vec v0.2.21
[INFO] [stderr]    Compiling syn v2.0.119
[INFO] [stderr]    Compiling syn v3.0.9
[INFO] [stderr]    Compiling lexical-parse-float v1.0.6
[INFO] [stderr]    Compiling convert_case v0.6.0
[INFO] [stderr]    Compiling bitvec v1.1.1
[INFO] [stderr]    Compiling lexical-write-float v1.0.6
[INFO] [stderr]    Compiling metamatch v0.2.4
[INFO] [stderr]    Compiling arrayvec v0.7.8
[INFO] [stderr]    Compiling encoding_rs v0.8.42
[INFO] [stderr]    Compiling primes v0.4.0
[INFO] [stderr]    Compiling regex-automata v0.4.18
[INFO] [stderr]    Compiling lexical-core v1.0.6
[INFO] [stderr]    Compiling num-integer v0.1.47
[INFO] [stderr]    Compiling num-complex v0.4.6
[INFO] [stderr]    Compiling parking_lot_core v0.9.12
[INFO] [stderr]    Compiling mio v1.2.4
[INFO] [stderr]    Compiling parking_lot v0.12.5
[INFO] [stderr]    Compiling num-bigint v0.4.8
[INFO] [stderr]    Compiling num-iter v0.1.46
[INFO] [stderr]    Compiling thiserror-impl v2.0.21
[INFO] [stderr]    Compiling ref-cast-impl v1.0.27
[INFO] [stderr]    Compiling ref-cast v1.0.27
[INFO] [stderr]    Compiling regex v1.13.1
[INFO] [stderr]    Compiling num-rational v0.4.2
[INFO] [stderr]    Compiling derive_more-impl v1.0.0
[INFO] [stderr]    Compiling bitbybit v1.4.0
[INFO] [stderr]    Compiling subenum v1.2.0
[INFO] [stderr]    Compiling num-order v1.2.0
[INFO] [stderr]    Compiling num v0.4.3
[INFO] [stderr]    Compiling derive_more v1.0.0
[INFO] [stderr]    Compiling typeline_core v0.1.0
[INFO] [stderr]    Compiling typeline_ext_utils v0.1.0 (/opt/rustwide/workdir)
[INFO] [stdout] warning: hiding a lifetime that's elided elsewhere is confusing
[INFO] [stdout]   --> src/dup.rs:76:9
[INFO] [stdout]    |
[INFO] [stdout] 76 |         &self,
[INFO] [stdout]    |         ^^^^^ the lifetime is elided here
[INFO] [stdout] ...
[INFO] [stdout] 81 |     ) -> TransformInstatiation {
[INFO] [stdout]    |          ^^^^^^^^^^^^^^^^^^^^^ the same lifetime is hidden here
[INFO] [stdout]    |
[INFO] [stdout]    = help: the same lifetime is referred to in inconsistent ways, making the signature confusing
[INFO] [stdout]    = note: `#[warn(mismatched_lifetime_syntaxes)]` on by default
[INFO] [stdout] help: use `'_` for type paths
[INFO] [stdout]    |
[INFO] [stdout] 81 |     ) -> TransformInstatiation<'_> {
[INFO] [stdout]    |                               ++++
[INFO] [stdout] 
[INFO] [stdout] 
[INFO] [stdout] warning: hiding a lifetime that's elided elsewhere is confusing
[INFO] [stdout]    --> src/head.rs:102:9
[INFO] [stdout]     |
[INFO] [stdout] 102 |         &self,
[INFO] [stdout]     |         ^^^^^ the lifetime is elided here
[INFO] [stdout] ...
[INFO] [stdout] 107 |     ) -> TransformInstatiation {
[INFO] [stdout]     |          ^^^^^^^^^^^^^^^^^^^^^ the same lifetime is hidden here
[INFO] [stdout]     |
[INFO] [stdout]     = help: the same lifetime is referred to in inconsistent ways, making the signature confusing
[INFO] [stdout] help: use `'_` for type paths
[INFO] [stdout]     |
[INFO] [stdout] 107 |     ) -> TransformInstatiation<'_> {
[INFO] [stdout]     |                               ++++
[INFO] [stdout] 
[INFO] [stdout] 
[INFO] [stdout] warning: hiding a lifetime that's elided elsewhere is confusing
[INFO] [stdout]    --> src/tail.rs:114:9
[INFO] [stdout]     |
[INFO] [stdout] 114 |         &self,
[INFO] [stdout]     |         ^^^^^ the lifetime is elided here
[INFO] [stdout] ...
[INFO] [stdout] 119 |     ) -> TransformInstatiation {
[INFO] [stdout]     |          ^^^^^^^^^^^^^^^^^^^^^ the same lifetime is hidden here
[INFO] [stdout]     |
[INFO] [stdout]     = help: the same lifetime is referred to in inconsistent ways, making the signature confusing
[INFO] [stdout] help: use `'_` for type paths
[INFO] [stdout]     |
[INFO] [stdout] 119 |     ) -> TransformInstatiation<'_> {
[INFO] [stdout]     |                               ++++
[INFO] [stdout] 
[INFO] [stdout] 
[INFO] [stderr]     Finished `release` profile [optimized] target(s) in 1m 18s
[INFO] running `Command { std: "docker" "inspect" "cb75e49046de9f8a94131deba8534e9cbdf0c39ac35f261c1cbbee1819ac59f0", kill_on_drop: false }`
[INFO] running `Command { std: "docker" "exec" "-e" "SOURCE_DIR=/opt/rustwide/workdir" "-e" "CARGO_HOME=/opt/rustwide/cargo-home" "-e" "RUSTUP_HOME=/opt/rustwide/rustup-home" "-e" "CARGO_TARGET_DIR=/opt/rustwide/target" "-e" "CARGO_INCREMENTAL=0" "-e" "RUST_BACKTRACE=full" "-e" "RUSTFLAGS=--cap-lints=warn" "-e" "RUSTDOCFLAGS=--cap-lints=warn" "-w" "/opt/rustwide/workdir" "--user" "0:0" "cb75e49046de9f8a94131deba8534e9cbdf0c39ac35f261c1cbbee1819ac59f0" "/opt/rustwide/cargo-home/bin/cargo" "+1.99.0-beta.8" "test" "--frozen" "--no-run" "--message-format=json" "--release", kill_on_drop: false }`
[INFO] [stderr]    Compiling equivalent v1.0.3
[INFO] [stderr]    Compiling memchr v2.8.3
[INFO] [stderr]    Compiling semver v1.0.28
[INFO] [stderr]    Compiling toml_parser v1.1.5+spec-1.1.0
[INFO] [stderr]    Compiling regex-syntax v0.8.11
[INFO] [stderr]    Compiling toml_datetime v1.1.2+spec-1.1.0
[INFO] [stderr]    Compiling syn v3.0.9
[INFO] [stderr]    Compiling syn v2.0.119
[INFO] [stderr]    Compiling futures-core v0.3.34
[INFO] [stderr]    Compiling glob v0.3.4
[INFO] [stderr]    Compiling relative-path v1.9.3
[INFO] [stderr]    Compiling slab v0.4.12
[INFO] [stderr]    Compiling futures-task v0.3.34
[INFO] [stderr]    Compiling cfg-if v1.0.5
[INFO] [stderr]    Compiling futures-timer v3.0.4
[INFO] [stderr]    Compiling indexmap v2.14.2
[INFO] [stderr]    Compiling rustc_version v0.4.1
[INFO] [stderr]    Compiling rstest_macros v0.24.0
[INFO] [stderr]    Compiling toml_edit v0.25.17+spec-1.1.0
[INFO] [stderr]    Compiling aho-corasick v1.1.5
[INFO] [stderr]    Compiling proc-macro-crate v3.5.0
[INFO] [stderr]    Compiling regex-automata v0.4.18
[INFO] [stderr]    Compiling ref-cast-impl v1.0.27
[INFO] [stderr]    Compiling thiserror-impl v2.0.21
[INFO] [stderr]    Compiling futures-macro v0.3.34
[INFO] [stderr]    Compiling ref-cast v1.0.27
[INFO] [stderr]    Compiling futures-util v0.3.34
[INFO] [stderr]    Compiling thiserror v2.0.21
[INFO] [stderr]    Compiling regex v1.13.1
[INFO] [stderr]    Compiling derive_more-impl v1.0.0
[INFO] [stderr]    Compiling bitbybit v1.4.0
[INFO] [stderr]    Compiling subenum v1.2.0
[INFO] [stderr]    Compiling rstest v0.24.0
[INFO] [stderr]    Compiling derive_more v1.0.0
[INFO] [stderr]    Compiling typeline_core v0.1.0
[INFO] [stderr]    Compiling typeline_ext_utils v0.1.0 (/opt/rustwide/workdir)
[INFO] [stdout] warning: hiding a lifetime that's elided elsewhere is confusing
[INFO] [stdout]   --> src/dup.rs:76:9
[INFO] [stdout]    |
[INFO] [stdout] 76 |         &self,
[INFO] [stdout]    |         ^^^^^ the lifetime is elided here
[INFO] [stdout] ...
[INFO] [stdout] 81 |     ) -> TransformInstatiation {
[INFO] [stdout]    |          ^^^^^^^^^^^^^^^^^^^^^ the same lifetime is hidden here
[INFO] [stdout]    |
[INFO] [stdout]    = help: the same lifetime is referred to in inconsistent ways, making the signature confusing
[INFO] [stdout]    = note: `#[warn(mismatched_lifetime_syntaxes)]` on by default
[INFO] [stdout] help: use `'_` for type paths
[INFO] [stdout]    |
[INFO] [stdout] 81 |     ) -> TransformInstatiation<'_> {
[INFO] [stdout]    |                               ++++
[INFO] [stdout] 
[INFO] [stdout] 
[INFO] [stdout] warning: hiding a lifetime that's elided elsewhere is confusing
[INFO] [stdout]    --> src/head.rs:102:9
[INFO] [stdout]     |
[INFO] [stdout] 102 |         &self,
[INFO] [stdout]     |         ^^^^^ the lifetime is elided here
[INFO] [stdout] ...
[INFO] [stdout] 107 |     ) -> TransformInstatiation {
[INFO] [stdout]     |          ^^^^^^^^^^^^^^^^^^^^^ the same lifetime is hidden here
[INFO] [stdout]     |
[INFO] [stdout]     = help: the same lifetime is referred to in inconsistent ways, making the signature confusing
[INFO] [stdout] help: use `'_` for type paths
[INFO] [stdout]     |
[INFO] [stdout] 107 |     ) -> TransformInstatiation<'_> {
[INFO] [stdout]     |                               ++++
[INFO] [stdout] 
[INFO] [stdout] 
[INFO] [stdout] warning: hiding a lifetime that's elided elsewhere is confusing
[INFO] [stdout]    --> src/tail.rs:114:9
[INFO] [stdout]     |
[INFO] [stdout] 114 |         &self,
[INFO] [stdout]     |         ^^^^^ the lifetime is elided here
[INFO] [stdout] ...
[INFO] [stdout] 119 |     ) -> TransformInstatiation {
[INFO] [stdout]     |          ^^^^^^^^^^^^^^^^^^^^^ the same lifetime is hidden here
[INFO] [stdout]     |
[INFO] [stdout]     = help: the same lifetime is referred to in inconsistent ways, making the signature confusing
[INFO] [stdout] help: use `'_` for type paths
[INFO] [stdout]     |
[INFO] [stdout] 119 |     ) -> TransformInstatiation<'_> {
[INFO] [stdout]     |                               ++++
[INFO] [stdout] 
[INFO] [stdout] 
[INFO] [stderr]     Finished `release` profile [optimized] target(s) in 1m 04s
[INFO] running `Command { std: "docker" "inspect" "cb75e49046de9f8a94131deba8534e9cbdf0c39ac35f261c1cbbee1819ac59f0", kill_on_drop: false }`
[INFO] running `Command { std: "docker" "exec" "-e" "SOURCE_DIR=/opt/rustwide/workdir" "-e" "CARGO_HOME=/opt/rustwide/cargo-home" "-e" "RUSTUP_HOME=/opt/rustwide/rustup-home" "-e" "CARGO_TARGET_DIR=/opt/rustwide/target" "-e" "CARGO_INCREMENTAL=0" "-e" "RUST_BACKTRACE=full" "-e" "RUSTFLAGS=--cap-lints=warn" "-e" "RUSTDOCFLAGS=--cap-lints=warn" "-w" "/opt/rustwide/workdir" "--user" "0:0" "cb75e49046de9f8a94131deba8534e9cbdf0c39ac35f261c1cbbee1819ac59f0" "/opt/rustwide/cargo-home/bin/cargo" "+1.99.0-beta.8" "test" "--frozen" "--release", kill_on_drop: false }`
[INFO] [stderr] warning: hiding a lifetime that's elided elsewhere is confusing
[INFO] [stderr]   --> src/dup.rs:76:9
[INFO] [stderr]    |
[INFO] [stderr] 76 |         &self,
[INFO] [stderr]    |         ^^^^^ the lifetime is elided here
[INFO] [stderr] ...
[INFO] [stderr] 81 |     ) -> TransformInstatiation {
[INFO] [stderr]    |          ^^^^^^^^^^^^^^^^^^^^^ the same lifetime is hidden here
[INFO] [stderr]    |
[INFO] [stderr]    = help: the same lifetime is referred to in inconsistent ways, making the signature confusing
[INFO] [stderr]    = note: `#[warn(mismatched_lifetime_syntaxes)]` on by default
[INFO] [stderr] help: use `'_` for type paths
[INFO] [stderr]    |
[INFO] [stderr] 81 |     ) -> TransformInstatiation<'_> {
[INFO] [stderr]    |                               ++++
[INFO] [stderr] 
[INFO] [stderr] warning: hiding a lifetime that's elided elsewhere is confusing
[INFO] [stderr]    --> src/head.rs:102:9
[INFO] [stderr]     |
[INFO] [stderr] 102 |         &self,
[INFO] [stderr]     |         ^^^^^ the lifetime is elided here
[INFO] [stderr] ...
[INFO] [stderr] 107 |     ) -> TransformInstatiation {
[INFO] [stderr]     |          ^^^^^^^^^^^^^^^^^^^^^ the same lifetime is hidden here
[INFO] [stderr]     |
[INFO] [stderr]     = help: the same lifetime is referred to in inconsistent ways, making the signature confusing
[INFO] [stderr] help: use `'_` for type paths
[INFO] [stderr]     |
[INFO] [stderr] 107 |     ) -> TransformInstatiation<'_> {
[INFO] [stderr]     |                               ++++
[INFO] [stderr] 
[INFO] [stderr] warning: hiding a lifetime that's elided elsewhere is confusing
[INFO] [stderr]    --> src/tail.rs:114:9
[INFO] [stderr]     |
[INFO] [stderr] 114 |         &self,
[INFO] [stderr]     |         ^^^^^ the lifetime is elided here
[INFO] [stderr] ...
[INFO] [stderr] 119 |     ) -> TransformInstatiation {
[INFO] [stderr]     |          ^^^^^^^^^^^^^^^^^^^^^ the same lifetime is hidden here
[INFO] [stderr]     |
[INFO] [stderr]     = help: the same lifetime is referred to in inconsistent ways, making the signature confusing
[INFO] [stderr] help: use `'_` for type paths
[INFO] [stderr]     |
[INFO] [stderr] 119 |     ) -> TransformInstatiation<'_> {
[INFO] [stderr]     |                               ++++
[INFO] [stderr] 
[INFO] [stderr] warning: `typeline_ext_utils` (lib) generated 3 warnings (run `cargo fix --lib -p typeline_ext_utils` to apply 3 suggestions)
[INFO] [stderr]     Finished `release` profile [optimized] target(s) in 0.11s
[INFO] [stderr]      Running tests/mod.rs (/opt/rustwide/target/release/deps/mod-670649543bc3cc0d)
[INFO] [stdout] 
[INFO] [stdout] running 31 tests
[INFO] [stdout] test integration::basic::head_tail_cli ... ok
[INFO] [stdout] test integration::basic::batched_max_2 ... ok
[INFO] [stdout] test integration::basic::chunked_tail ... ok
[INFO] [stdout] test integration::basic::empty_max ... ok
[INFO] [stdout] test integration::basic::explode_into_select ... ok
[INFO] [stdout] test integration::basic::explode_output_col::case_1 ... ok
[INFO] [stdout] test integration::basic::explode_output_col::case_2 ... ok
[INFO] [stdout] test integration::basic::flatten ... ok
[INFO] [stdout] test integration::basic::primes_head_tail_add ... ok
[INFO] [stdout] test integration::basic::seq_tail_add ... ok
[INFO] [stdout] test integration::basic::primes_head_multi ... ok
[INFO] [stdout] test integration::basic::batched_ee ... ok
[INFO] [stdout] test integration::basic::multi_batch_primes_head ... ok
[INFO] [stdout] test integration::basic::multigroup_tail_multibatch ... ok
[INFO] [stdout] test integration::basic::flatten_duped_objects ... ok
[INFO] [stdout] test integration::basic::chunked_max ... ok
[INFO] [stdout] test integration::basic::primes_head_multi_joined ... ok
[INFO] [stdout] test integration::basic::explode_output_col::case_3 ... ok
[INFO] [stdout] test integration::basic::object_flatten ... ok
[INFO] [stdout] test integration::basic::subtractive_head_multibatch ... ok
[INFO] [stdout] test integration::basic::aoc2023_day1_part1::case_1 ... ok
[INFO] [stdout] test integration::basic::tail_multibatch ... ok
[INFO] [stdout] test integration::basic::primes ... ok
[INFO] [stdout] test integration::basic::primes_head ... ok
[INFO] [stdout] test integration::basic::aoc2023_day1_part1::case_2 ... ok
[INFO] [stdout] test integration::exec::run_multi_exec ... ok
[INFO] [stdout] test integration::exec::parse_exec ... FAILED
[INFO] [stdout] test integration::exec::parse_exec_stdin ... ok
[INFO] [stdout] test integration::exec::parse_exec_2 ... ok
[INFO] [stdout] test integration::exec::run_exec_into_join ... ok
[INFO] [stdout] test integration::exec::run_sleep ... ok
[INFO] [stdout] 
[INFO] [stdout] failures:
[INFO] [stdout] 
[INFO] [stdout] ---- integration::exec::parse_exec stdout ----
[INFO] [stdout] 
[INFO] [stdout] thread 'integration::exec::parse_exec' (1921) panicked at src/exec.rs:1199:14:
[INFO] [stdout] poll error: Os { code: 4, kind: Interrupted, message: "Interrupted system call" }
[INFO] [stdout] stack backtrace:
[INFO] [stdout]    0:     0x6431dc7c24b1 - <<std[70759c8f55707aa4]::sys::backtrace::BacktraceLock>::print::DisplayBacktrace as core[df12db4294e9bfd3]::fmt::Display>::fmt
[INFO] [stdout]    1:     0x6431dc7d9b3a - core[df12db4294e9bfd3]::fmt::write
[INFO] [stdout]    2:     0x6431dc7c6f0c - <alloc[2182bb758b4b3781]::vec::Vec<u8> as core[df12db4294e9bfd3]::io::write::Write>::write_fmt
[INFO] [stdout]    3:     0x6431dc79e1a6 - std[70759c8f55707aa4]::panicking::default_hook::{closure#0}
[INFO] [stdout]    4:     0x6431dc7ba919 - std[70759c8f55707aa4]::panicking::default_hook
[INFO] [stdout]    5:     0x6431dc462290 - test[9d35eded1c95d3be]::test_main_inner::<test[9d35eded1c95d3be]::test_main_static::{closure#0}>::{closure#0}
[INFO] [stdout]    6:     0x6431dc7baad2 - std[70759c8f55707aa4]::panicking::panic_with_hook
[INFO] [stdout]    7:     0x6431dc79e252 - std[70759c8f55707aa4]::panicking::panic_handler::{closure#0}
[INFO] [stdout]    8:     0x6431dc796f29 - std[70759c8f55707aa4]::sys::backtrace::__rust_end_short_backtrace::<std[70759c8f55707aa4]::panicking::panic_handler::{closure#0}, !>
[INFO] [stdout]    9:     0x6431dc79eecd - __rustc[8fa7c3cbc660c2b3]::rust_begin_unwind
[INFO] [stdout]   10:     0x6431dc7da31c - core[df12db4294e9bfd3]::panicking::panic_fmt
[INFO] [stdout]   11:     0x6431dc7da0f2 - core[df12db4294e9bfd3]::result::unwrap_failed
[INFO] [stdout]   12:     0x6431dc49d545 - <typeline_ext_utils[3f9fd52b25feb8bf]::exec::TfExec as typeline_core[fd48de2c3b867cf0]::operators::transform::Transform>::stream_producer_update
[INFO] [stdout]   13:     0x6431dc4ffb0b - <typeline_core[fd48de2c3b867cf0]::job::Job>::run
[INFO] [stdout]   14:     0x6431dc6619e4 - <typeline_core[fd48de2c3b867cf0]::context::WorkerThread>::run_job::<typeline_core[fd48de2c3b867cf0]::job::Job>
[INFO] [stdout]   15:     0x6431dc667804 - <typeline_core[fd48de2c3b867cf0]::context::Context>::run_job
[INFO] [stdout]   16:     0x6431dc63e939 - <typeline_core[fd48de2c3b867cf0]::options::context_builder::ContextBuilder>::run_collect_stringified
[INFO] [stdout]   17:     0x6431dc44e86c - mod[6e64d045a037d2ae]::integration::exec::parse_exec
[INFO] [stdout]   18:     0x6431dc453807 - <mod[6e64d045a037d2ae]::integration::exec::parse_exec::{closure#0} as core[df12db4294e9bfd3]::ops::function::FnOnce<()>>::call_once
[INFO] [stdout]   19:     0x6431dc45557b - test[9d35eded1c95d3be]::__rust_begin_short_backtrace::<core[df12db4294e9bfd3]::result::Result<(), alloc[2182bb758b4b3781]::string::String>, fn() -> core[df12db4294e9bfd3]::result::Result<(), alloc[2182bb758b4b3781]::string::String>>
[INFO] [stdout]   20:     0x6431dc462be5 - test[9d35eded1c95d3be]::run_test::{closure#0}
[INFO] [stdout]   21:     0x6431dc45c4a4 - std[70759c8f55707aa4]::sys::backtrace::__rust_begin_short_backtrace::<test[9d35eded1c95d3be]::run_test::{closure#1}, ()>
[INFO] [stdout]   22:     0x6431dc465d42 - <std[70759c8f55707aa4]::thread::lifecycle::spawn_unchecked<test[9d35eded1c95d3be]::run_test::{closure#1}, ()>::{closure#1} as core[df12db4294e9bfd3]::ops::function::FnOnce<()>>::call_once::{shim:vtable#0}
[INFO] [stdout]   23:     0x6431dc7c1d59 - <std[70759c8f55707aa4]::sys::thread::unix::Thread>::new::thread_start
[INFO] [stdout]   24:     0x7d36bec94dfa - <unknown>
[INFO] [stdout]   25:     0x7d36bed283d4 - clone
[INFO] [stdout]   26:                0x0 - <unknown>
[INFO] [stdout] 
[INFO] [stdout] 
[INFO] [stdout] failures:
[INFO] [stdout]     integration::exec::parse_exec
[INFO] [stdout] 
[INFO] [stdout] test result: FAILED. 30 passed; 1 failed; 0 ignored; 0 measured; 0 filtered out; finished in 0.45s
[INFO] [stdout] 
[INFO] [stderr] error: test failed, to rerun pass `--test mod`
[INFO] running `Command { std: "docker" "inspect" "cb75e49046de9f8a94131deba8534e9cbdf0c39ac35f261c1cbbee1819ac59f0", kill_on_drop: false }`
[INFO] running `Command { std: "docker" "rm" "-f" "cb75e49046de9f8a94131deba8534e9cbdf0c39ac35f261c1cbbee1819ac59f0", kill_on_drop: false }`
[INFO] [stdout] cb75e49046de9f8a94131deba8534e9cbdf0c39ac35f261c1cbbee1819ac59f0
