[INFO] fetching crate track-core 0.1.0...
[INFO] testing track-core-0.1.0 against 1.99.0-beta.8+cargoflags=--release for beta-release-1.100-2
[INFO] extracting crate track-core 0.1.0 into /workspace/builds/worker-5-tc1/source
[INFO] started tweaking crates.io crate track-core 0.1.0
[INFO] finished tweaking crates.io crate track-core 0.1.0
[INFO] tweaked toml for crates.io crate track-core 0.1.0 written to /workspace/builds/worker-5-tc1/source/Cargo.toml
[INFO] validating manifest of crates.io crate track-core 0.1.0 on toolchain 1.99.0-beta.8
[INFO] running `Command { std: CARGO_HOME="/workspace/cargo-home" RUSTUP_HOME="/workspace/rustup-home" "/workspace/cargo-home/bin/cargo" "+1.99.0-beta.8" "metadata" "--manifest-path" "Cargo.toml" "--no-deps", kill_on_drop: false }`
[INFO] crate crates.io crate track-core 0.1.0 already has a lockfile, it will not be regenerated
[INFO] running `Command { std: CARGO_HOME="/workspace/cargo-home" RUSTUP_HOME="/workspace/rustup-home" "/workspace/cargo-home/bin/cargo" "+1.99.0-beta.8" "fetch" "--manifest-path" "Cargo.toml", kill_on_drop: false }`
[INFO] running `Command { std: "docker" "create" "-v" "/var/lib/crater-agent-workspace/builds/worker-5-tc1/source:/opt/rustwide/workdir:ro,Z" "-v" "/var/lib/crater-agent-workspace/builds/worker-5-tc1/target:/opt/rustwide/target:rw,Z" "-v" "/var/lib/crater-agent-workspace/cargo-home:/opt/rustwide/cargo-home:ro,Z" "-v" "/var/lib/crater-agent-workspace/rustup-home:/opt/rustwide/rustup-home:ro,Z" "-m" "1610612736" "--network" "none" "ghcr.io/rust-lang/crates-build-env/linux@sha256:77db811e55d90add9212f6832c23229e3de5f1c1f9905e8cb07319ea15df73ac" "sleep" "infinity", kill_on_drop: false }`
[INFO] [stdout] 75f800599378e4858b876bc7c61523216ba08a136aea69754905f2a67eb2145a
[INFO] running `Command { std: "docker" "start" "75f800599378e4858b876bc7c61523216ba08a136aea69754905f2a67eb2145a", kill_on_drop: false }`
[INFO] running `Command { std: "docker" "inspect" "75f800599378e4858b876bc7c61523216ba08a136aea69754905f2a67eb2145a", kill_on_drop: false }`
[INFO] running `Command { std: "docker" "exec" "-e" "SOURCE_DIR=/opt/rustwide/workdir" "-e" "CARGO_HOME=/opt/rustwide/cargo-home" "-e" "RUSTUP_HOME=/opt/rustwide/rustup-home" "-e" "CARGO_TARGET_DIR=/opt/rustwide/target" "-w" "/opt/rustwide/workdir" "--user" "0:0" "75f800599378e4858b876bc7c61523216ba08a136aea69754905f2a67eb2145a" "/opt/rustwide/cargo-home/bin/cargo" "+1.99.0-beta.8" "metadata" "--no-deps" "--format-version=1", kill_on_drop: false }`
[INFO] running `Command { std: "docker" "inspect" "75f800599378e4858b876bc7c61523216ba08a136aea69754905f2a67eb2145a", kill_on_drop: false }`
[INFO] running `Command { std: "docker" "exec" "-e" "SOURCE_DIR=/opt/rustwide/workdir" "-e" "CARGO_HOME=/opt/rustwide/cargo-home" "-e" "RUSTUP_HOME=/opt/rustwide/rustup-home" "-e" "CARGO_TARGET_DIR=/opt/rustwide/target" "-e" "CARGO_INCREMENTAL=0" "-e" "RUST_BACKTRACE=full" "-e" "RUSTFLAGS=--cap-lints=warn" "-e" "RUSTDOCFLAGS=--cap-lints=warn" "-w" "/opt/rustwide/workdir" "--user" "0:0" "75f800599378e4858b876bc7c61523216ba08a136aea69754905f2a67eb2145a" "/opt/rustwide/cargo-home/bin/cargo" "+1.99.0-beta.8" "build" "--frozen" "--message-format=json" "--release", kill_on_drop: false }`
[INFO] [stderr]    Compiling cc v1.2.57
[INFO] [stderr]    Compiling serde_core v1.0.228
[INFO] [stderr]    Compiling smallvec v1.15.1
[INFO] [stderr]    Compiling zerovec-derive v0.11.2
[INFO] [stderr]    Compiling zerofrom-derive v0.1.6
[INFO] [stderr]    Compiling yoke-derive v0.8.1
[INFO] [stderr]    Compiling serde v1.0.228
[INFO] [stderr]    Compiling crossbeam-utils v0.8.21
[INFO] [stderr]    Compiling getrandom v0.2.17
[INFO] [stderr]    Compiling futures-sink v0.3.32
[INFO] [stderr]    Compiling rustls v0.23.37
[INFO] [stderr]    Compiling num-traits v0.2.19
[INFO] [stderr]    Compiling parking_lot_core v0.9.12
[INFO] [stderr]    Compiling crypto-common v0.1.7
[INFO] [stderr]    Compiling webpki-roots v1.0.6
[INFO] [stderr]    Compiling mio v1.1.1
[INFO] [stderr]    Compiling socket2 v0.6.3
[INFO] [stderr]    Compiling futures-io v0.3.32
[INFO] [stderr]    Compiling concurrent-queue v2.5.0
[INFO] [stderr]    Compiling futures-util v0.3.32
[INFO] [stderr]    Compiling tokio v1.50.0
[INFO] [stderr]    Compiling parking_lot v0.12.5
[INFO] [stderr]    Compiling zerofrom v0.1.6
[INFO] [stderr]    Compiling digest v0.10.7
[INFO] [stderr]    Compiling yoke v0.8.1
[INFO] [stderr]    Compiling zerovec v0.11.5
[INFO] [stderr]    Compiling zerotrie v0.2.3
[INFO] [stderr]    Compiling ring v0.17.14
[INFO] [stderr]    Compiling libsqlite3-sys v0.30.1
[INFO] [stderr]    Compiling httparse v1.10.1
[INFO] [stderr]    Compiling parking v2.2.1
[INFO] [stderr]    Compiling crc-catalog v2.4.0
[INFO] [stderr]    Compiling time v0.3.47
[INFO] [stderr]    Compiling tinystr v0.8.2
[INFO] [stderr]    Compiling potential_utf v0.1.4
[INFO] [stderr]    Compiling crc v3.4.0
[INFO] [stderr]    Compiling icu_collections v2.1.1
[INFO] [stderr]    Compiling icu_locale_core v2.1.1
[INFO] [stderr]    Compiling event-listener v5.4.1
[INFO] [stderr]    Compiling sha2 v0.10.9
[INFO] [stderr]    Compiling icu_provider v2.1.1
[INFO] [stderr]    Compiling icu_normalizer v2.1.1
[INFO] [stderr]    Compiling icu_properties v2.1.2
[INFO] [stderr]    Compiling tracing v0.1.44
[INFO] [stderr]    Compiling futures-intrusive v0.5.0
[INFO] [stderr]    Compiling hashlink v0.10.0
[INFO] [stderr]    Compiling either v1.15.0
[INFO] [stderr]    Compiling idna_adapter v1.2.1
[INFO] [stderr]    Compiling crossbeam-queue v0.3.12
[INFO] [stderr]    Compiling tokio-stream v0.1.18
[INFO] [stderr]    Compiling webpki-roots v0.26.11
[INFO] [stderr]    Compiling idna v1.1.0
[INFO] [stderr]    Compiling spin v0.9.8
[INFO] [stderr]    Compiling atoi v2.0.0
[INFO] [stderr]    Compiling serde_urlencoded v0.7.1
[INFO] [stderr]    Compiling flume v0.11.1
[INFO] [stderr]    Compiling url v2.5.8
[INFO] [stderr]    Compiling getrandom v0.4.2
[INFO] [stderr]    Compiling futures-executor v0.3.32
[INFO] [stderr]    Compiling futures-channel v0.3.32
[INFO] [stderr]    Compiling http v1.4.0
[INFO] [stderr]    Compiling tempfile v3.27.0
[INFO] [stderr]    Compiling console v0.16.3
[INFO] [stderr]    Compiling shell-words v1.1.1
[INFO] [stderr]    Compiling deunicode v1.6.2
[INFO] [stderr]    Compiling ureq-proto v0.5.3
[INFO] [stderr]    Compiling utf-8 v0.7.6
[INFO] [stderr]    Compiling slug v0.1.6
[INFO] [stderr]    Compiling dialoguer v0.12.0
[INFO] [stderr]    Compiling serde_yaml v0.9.34+deprecated
[INFO] [stderr]    Compiling serde_json v1.0.149
[INFO] [stderr]    Compiling rustls-webpki v0.103.9
[INFO] [stderr]    Compiling sqlx-core v0.8.6
[INFO] [stderr]    Compiling ureq v3.2.0
[INFO] [stderr]    Compiling sqlx-sqlite v0.8.6
[INFO] [stderr]    Compiling sqlx v0.8.6
[INFO] [stderr]    Compiling track-core v0.1.0 (/opt/rustwide/workdir)
[INFO] [stderr]     Finished `release` profile [optimized] target(s) in 4m 13s
[INFO] running `Command { std: "docker" "inspect" "75f800599378e4858b876bc7c61523216ba08a136aea69754905f2a67eb2145a", kill_on_drop: false }`
[INFO] running `Command { std: "docker" "exec" "-e" "SOURCE_DIR=/opt/rustwide/workdir" "-e" "CARGO_HOME=/opt/rustwide/cargo-home" "-e" "RUSTUP_HOME=/opt/rustwide/rustup-home" "-e" "CARGO_TARGET_DIR=/opt/rustwide/target" "-e" "CARGO_INCREMENTAL=0" "-e" "RUST_BACKTRACE=full" "-e" "RUSTFLAGS=--cap-lints=warn" "-e" "RUSTDOCFLAGS=--cap-lints=warn" "-w" "/opt/rustwide/workdir" "--user" "0:0" "75f800599378e4858b876bc7c61523216ba08a136aea69754905f2a67eb2145a" "/opt/rustwide/cargo-home/bin/cargo" "+1.99.0-beta.8" "test" "--frozen" "--no-run" "--message-format=json" "--release", kill_on_drop: false }`
[INFO] [stderr]    Compiling track-core v0.1.0 (/opt/rustwide/workdir)
[INFO] [stderr]     Finished `release` profile [optimized] target(s) in 37.29s
[INFO] running `Command { std: "docker" "inspect" "75f800599378e4858b876bc7c61523216ba08a136aea69754905f2a67eb2145a", kill_on_drop: false }`
[INFO] running `Command { std: "docker" "exec" "-e" "SOURCE_DIR=/opt/rustwide/workdir" "-e" "CARGO_HOME=/opt/rustwide/cargo-home" "-e" "RUSTUP_HOME=/opt/rustwide/rustup-home" "-e" "CARGO_TARGET_DIR=/opt/rustwide/target" "-e" "CARGO_INCREMENTAL=0" "-e" "RUST_BACKTRACE=full" "-e" "RUSTFLAGS=--cap-lints=warn" "-e" "RUSTDOCFLAGS=--cap-lints=warn" "-w" "/opt/rustwide/workdir" "--user" "0:0" "75f800599378e4858b876bc7c61523216ba08a136aea69754905f2a67eb2145a" "/opt/rustwide/cargo-home/bin/cargo" "+1.99.0-beta.8" "test" "--frozen" "--release", kill_on_drop: false }`
[INFO] [stderr]     Finished `release` profile [optimized] target(s) in 0.21s
[INFO] [stderr]      Running unittests src/lib.rs (/opt/rustwide/target/release/deps/track_core-ab2fbd6b80e9b3ff)
[INFO] [stdout] 
[INFO] [stdout] running 61 tests
[INFO] [stdout] test config::tests::omits_llama_cpp_block_when_no_manual_override_is_configured ... ok
[INFO] [stdout] test config::tests::defaults_to_the_builtin_hugging_face_model_when_no_override_is_configured ... ok
[INFO] [stdout] test config::tests::rejects_enabled_review_follow_up_without_a_main_user ... ok
[INFO] [stdout] test config::tests::resolves_relative_runtime_paths_from_the_config_file_location ... ok
[INFO] [stdout] test config::tests::saves_current_local_only_shape ... ok
[INFO] [stdout] test path_component::tests::accepts_a_single_normal_component ... ok
[INFO] [stdout] test migration_service::tests::cleanup_candidates_render_compose_mount_paths_as_host_paths ... ok
[INFO] [stdout] test config::tests::prefers_hugging_face_model_when_both_sources_are_configured ... ok
[INFO] [stdout] test api_notify::tests::posts_task_change_notification_to_the_local_api ... ok
[INFO] [stdout] test paths::tests::collapses_home_relative_paths_with_a_slash ... ok
[INFO] [stdout] test paths::tests::collapses_home_prefixed_string_values ... ok
[INFO] [stdout] test path_component::tests::rejects_values_that_are_not_single_normal_components ... ok
[INFO] [stdout] test remote_agent::tests::builds_claude_launcher_with_schema_validation_and_yolo_mode ... ok
[INFO] [stdout] test remote_agent::tests::builds_codex_launcher_with_runner_shell_prelude ... ok
[INFO] [stdout] test remote_agent::tests::builds_remote_prompt_with_both_summary_layers ... ok
[INFO] [stdout] test remote_agent::tests::builds_remote_review_prompt_with_follow_up_guidance_and_saved_context ... ok
[INFO] [stdout] test remote_agent::tests::builds_review_follow_up_request_that_scopes_feedback_to_one_user ... ok
[INFO] [stdout] test remote_agent::tests::builds_review_workspace_key_from_repository_name ... ok
[INFO] [stdout] test backend_config::tests::saves_and_loads_imported_status ... ok
[INFO] [stdout] test remote_agent::tests::dispatch_schema_limits_terminal_status_values ... ok
[INFO] [stdout] test project_repository::tests::upsert_project_preserves_existing_aliases_when_no_new_aliases_are_provided ... ok
[INFO] [stdout] test remote_agent::tests::follow_up_uses_the_latest_reusable_dispatch_context ... ok
[INFO] [stdout] test remote_agent::tests::parses_batched_dispatch_snapshot_report ... ok
[INFO] [stdout] test remote_agent::tests::parses_github_pull_request_reference ... ok
[INFO] [stdout] test remote_agent::tests::parses_github_repository_name ... ok
[INFO] [stdout] test remote_agent::tests::prepends_shell_prelude_before_remote_script_body ... ok
[INFO] [stdout] test project_repository::tests::upsert_project_unions_new_aliases_with_existing_aliases ... ok
[INFO] [stdout] test remote_agent::tests::refresh_marks_remote_canceled_runs_as_terminal ... ok
[INFO] [stdout] test remote_agent::tests::refresh_reads_claude_dispatch_outcome_from_structured_output_envelope ... ok
[INFO] [stdout] test project_repository::tests::upsert_project_rejects_conflicting_alias_without_partial_writes ... ok
[INFO] [stdout] test migration_service::tests::import_skips_orphaned_history_instead_of_aborting ... ok
[INFO] [stdout] test migration_service::tests::migrates_configured_projects_without_issues_and_skips_alias_only_targets ... FAILED
[INFO] [stdout] test remote_agent::tests::review_dispatch_start_guard_serializes_same_review ... ok
[INFO] [stdout] test remote_agent::tests::review_schema_requires_review_submission_metadata_and_terminal_status_values ... ok
[INFO] [stdout] test remote_agent::tests::review_worktree_script_pins_the_requested_commit_or_fails_explicitly ... ok
[INFO] [stdout] test remote_agent::tests::deleting_task_stays_local_when_remote_cleanup_is_unavailable ... ok
[INFO] [stdout] test remote_agent::tests::selects_the_latest_previous_submitted_review_run ... ok
[INFO] [stdout] test remote_agent::tests::task_dispatch_start_guard_serializes_same_task ... ok
[INFO] [stdout] test task_description::tests::appends_follow_up_requests_without_overwriting_existing_context ... ok
[INFO] [stdout] test task_description::tests::fallback_summary_ignores_follow_up_history ... ok
[INFO] [stdout] test task_description::tests::falls_back_to_the_full_body_when_sections_are_missing ... ok
[INFO] [stdout] test task_description::tests::parses_task_description_sections_from_markdown ... ok
[INFO] [stdout] test task_description::tests::renders_summary_and_original_note_sections ... ok
[INFO] [stdout] test task_id::tests::slug_falls_back_when_description_has_no_letters ... ok
[INFO] [stdout] test task_id::tests::unique_id_appends_suffix_when_needed ... ok
[INFO] [stdout] test terminal_ui::tests::renders_plain_note_without_a_terminal ... ok
[INFO] [stdout] test terminal_ui::tests::renders_plain_prompt_labels_with_defaults ... ok
[INFO] [stdout] test terminal_ui::tests::renders_plain_summary_without_a_terminal ... ok
[INFO] [stdout] test wizard::tests::does_not_call_out_builtin_hugging_face_defaults ... ok
[INFO] [stdout] test wizard::tests::mentions_preserved_manual_model_overrides ... ok
[INFO] [stdout] test wizard::tests::parses_project_aliases ... ok
[INFO] [stdout] test wizard::tests::parses_project_roots ... ok
[INFO] [stdout] test wizard::tests::writes_first_run_config ... ok
[INFO] [stdout] test remote_agent::tests::closing_task_stays_local_when_remote_cleanup_is_unavailable ... ok
[INFO] [stdout] test remote_agent::tests::follow_up_dispatch_keeps_the_original_runner_tool ... ok
[INFO] [stdout] test remote_agent::tests::queue_dispatch_releases_stale_active_dispatch_when_remote_refresh_fails ... ok
[INFO] [stdout] test remote_agent::tests::refresh_reads_claude_review_outcome_from_structured_output_envelope ... ok
[INFO] [stdout] test remote_agent::tests::refresh_releases_active_dispatches_when_remote_config_disappears ... ok
[INFO] [stdout] test remote_agent::tests::reset_blockers_include_active_review_runs ... ok
[INFO] [stdout] test wizard::tests::writes_remote_review_follow_up_from_wizard ... FAILED
[INFO] [stdout] test remote_agent::tests::saved_review_dispatch_prerequisites_do_not_depend_on_live_review_follow_up_settings ... ok
[INFO] [stdout] 
[INFO] [stdout] failures:
[INFO] [stdout] 
[INFO] [stdout] ---- migration_service::tests::migrates_configured_projects_without_issues_and_skips_alias_only_targets stdout ----
[INFO] [stdout] 
[INFO] [stdout] thread 'migration_service::tests::migrates_configured_projects_without_issues_and_skips_alias_only_targets' (1588) panicked at src/migration_service.rs:1776:9:
[INFO] [stdout] assertion failed: status.requires_migration
[INFO] [stdout] stack backtrace:
[INFO] [stdout]    0:     0x5bc7ce449641 - <<std[70759c8f55707aa4]::sys::backtrace::BacktraceLock>::print::DisplayBacktrace as core[df12db4294e9bfd3]::fmt::Display>::fmt
[INFO] [stdout]    1:     0x5bc7ce461a6a - core[df12db4294e9bfd3]::fmt::write
[INFO] [stdout]    2:     0x5bc7ce44e2ec - <alloc[2182bb758b4b3781]::vec::Vec<u8> as core[df12db4294e9bfd3]::io::write::Write>::write_fmt
[INFO] [stdout]    3:     0x5bc7ce41fd56 - std[70759c8f55707aa4]::panicking::default_hook::{closure#0}
[INFO] [stdout]    4:     0x5bc7ce43ef19 - std[70759c8f55707aa4]::panicking::default_hook
[INFO] [stdout]    5:     0x5bc7ce0ec0e0 - test[9d35eded1c95d3be]::test_main_inner::<test[9d35eded1c95d3be]::test_main_static::{closure#0}>::{closure#0}
[INFO] [stdout]    6:     0x5bc7ce43f242 - std[70759c8f55707aa4]::panicking::panic_with_hook
[INFO] [stdout]    7:     0x5bc7ce41fe34 - std[70759c8f55707aa4]::panicking::panic_handler::{closure#0}
[INFO] [stdout]    8:     0x5bc7ce4185c9 - std[70759c8f55707aa4]::sys::backtrace::__rust_end_short_backtrace::<std[70759c8f55707aa4]::panicking::panic_handler::{closure#0}, !>
[INFO] [stdout]    9:     0x5bc7ce420ecd - __rustc[8fa7c3cbc660c2b3]::rust_begin_unwind
[INFO] [stdout]   10:     0x5bc7ce4621cc - core[df12db4294e9bfd3]::panicking::panic_fmt
[INFO] [stdout]   11:     0x5bc7ce462192 - core[df12db4294e9bfd3]::panicking::panic
[INFO] [stdout]   12:     0x5bc7ce05cb68 - track_core[5c1d8de0a155212e]::migration_service::tests::migrates_configured_projects_without_issues_and_skips_alias_only_targets
[INFO] [stdout]   13:     0x5bc7ce04a5a9 - <track_core[5c1d8de0a155212e]::migration_service::tests::migrates_configured_projects_without_issues_and_skips_alias_only_targets::{closure#0} as core[df12db4294e9bfd3]::ops::function::FnOnce<()>>::call_once
[INFO] [stdout]   14:     0x5bc7ce0df3cb - test[9d35eded1c95d3be]::__rust_begin_short_backtrace::<core[df12db4294e9bfd3]::result::Result<(), alloc[2182bb758b4b3781]::string::String>, fn() -> core[df12db4294e9bfd3]::result::Result<(), alloc[2182bb758b4b3781]::string::String>>
[INFO] [stdout]   15:     0x5bc7ce0eca35 - test[9d35eded1c95d3be]::run_test::{closure#0}
[INFO] [stdout]   16:     0x5bc7ce0e62f4 - std[70759c8f55707aa4]::sys::backtrace::__rust_begin_short_backtrace::<test[9d35eded1c95d3be]::run_test::{closure#1}, ()>
[INFO] [stdout]   17:     0x5bc7ce0efb92 - <std[70759c8f55707aa4]::thread::lifecycle::spawn_unchecked<test[9d35eded1c95d3be]::run_test::{closure#1}, ()>::{closure#1} as core[df12db4294e9bfd3]::ops::function::FnOnce<()>>::call_once::{shim:vtable#0}
[INFO] [stdout]   18:     0x5bc7ce448149 - <std[70759c8f55707aa4]::sys::thread::unix::Thread>::new::thread_start
[INFO] [stdout]   19:     0x7d990c268dfa - <unknown>
[INFO] [stdout]   20:     0x7d990c2fc3d4 - clone
[INFO] [stdout]   21:                0x0 - <unknown>
[INFO] [stdout] 
[INFO] [stdout] ---- wizard::tests::writes_remote_review_follow_up_from_wizard stdout ----
[INFO] [stdout] 
[INFO] [stdout] thread 'wizard::tests::writes_remote_review_follow_up_from_wizard' (1718) panicked at src/wizard.rs:768:14:
[INFO] [stdout] track data dir lock should not be poisoned: PoisonError { .. }
[INFO] [stdout] stack backtrace:
[INFO] [stdout]    0:     0x5bc7ce449641 - <<std[70759c8f55707aa4]::sys::backtrace::BacktraceLock>::print::DisplayBacktrace as core[df12db4294e9bfd3]::fmt::Display>::fmt
[INFO] [stdout]    1:     0x5bc7ce461a6a - core[df12db4294e9bfd3]::fmt::write
[INFO] [stdout]    2:     0x5bc7ce44e2ec - <alloc[2182bb758b4b3781]::vec::Vec<u8> as core[df12db4294e9bfd3]::io::write::Write>::write_fmt
[INFO] [stdout]    3:     0x5bc7ce41fd56 - std[70759c8f55707aa4]::panicking::default_hook::{closure#0}
[INFO] [stdout]    4:     0x5bc7ce43ef19 - std[70759c8f55707aa4]::panicking::default_hook
[INFO] [stdout]    5:     0x5bc7ce0ec0e0 - test[9d35eded1c95d3be]::test_main_inner::<test[9d35eded1c95d3be]::test_main_static::{closure#0}>::{closure#0}
[INFO] [stdout]    6:     0x5bc7ce43f242 - std[70759c8f55707aa4]::panicking::panic_with_hook
[INFO] [stdout]    7:     0x5bc7ce41fe02 - std[70759c8f55707aa4]::panicking::panic_handler::{closure#0}
[INFO] [stdout]    8:     0x5bc7ce4185c9 - std[70759c8f55707aa4]::sys::backtrace::__rust_end_short_backtrace::<std[70759c8f55707aa4]::panicking::panic_handler::{closure#0}, !>
[INFO] [stdout]    9:     0x5bc7ce420ecd - __rustc[8fa7c3cbc660c2b3]::rust_begin_unwind
[INFO] [stdout]   10:     0x5bc7ce4621cc - core[df12db4294e9bfd3]::panicking::panic_fmt
[INFO] [stdout]   11:     0x5bc7ce461fa2 - core[df12db4294e9bfd3]::result::unwrap_failed
[INFO] [stdout]   12:     0x5bc7ce061a10 - track_core[5c1d8de0a155212e]::wizard::tests::writes_remote_review_follow_up_from_wizard
[INFO] [stdout]   13:     0x5bc7ce04a7a9 - <track_core[5c1d8de0a155212e]::wizard::tests::writes_remote_review_follow_up_from_wizard::{closure#0} as core[df12db4294e9bfd3]::ops::function::FnOnce<()>>::call_once
[INFO] [stdout]   14:     0x5bc7ce0df3cb - test[9d35eded1c95d3be]::__rust_begin_short_backtrace::<core[df12db4294e9bfd3]::result::Result<(), alloc[2182bb758b4b3781]::string::String>, fn() -> core[df12db4294e9bfd3]::result::Result<(), alloc[2182bb758b4b3781]::string::String>>
[INFO] [stdout]   15:     0x5bc7ce0eca35 - test[9d35eded1c95d3be]::run_test::{closure#0}
[INFO] [stdout]   16:     0x5bc7ce0e62f4 - std[70759c8f55707aa4]::sys::backtrace::__rust_begin_short_backtrace::<test[9d35eded1c95d3be]::run_test::{closure#1}, ()>
[INFO] [stdout]   17:     0x5bc7ce0efb92 - <std[70759c8f55707aa4]::thread::lifecycle::spawn_unchecked<test[9d35eded1c95d3be]::run_test::{closure#1}, ()>::{closure#1} as core[df12db4294e9bfd3]::ops::function::FnOnce<()>>::call_once::{shim:vtable#0}
[INFO] [stdout]   18:     0x5bc7ce448149 - <std[70759c8f55707aa4]::sys::thread::unix::Thread>::new::thread_start
[INFO] [stdout]   19:     0x7d990c268dfa - <unknown>
[INFO] [stdout]   20:     0x7d990c2fc3d4 - clone
[INFO] [stdout]   21:                0x0 - <unknown>
[INFO] [stdout] 
[INFO] [stdout] 
[INFO] [stdout] failures:
[INFO] [stdout]     migration_service::tests::migrates_configured_projects_without_issues_and_skips_alias_only_targets
[INFO] [stdout]     wizard::tests::writes_remote_review_follow_up_from_wizard
[INFO] [stdout] 
[INFO] [stdout] test result: FAILED. 59 passed; 2 failed; 0 ignored; 0 measured; 0 filtered out; finished in 1.82s
[INFO] [stdout] 
[INFO] [stderr] error: test failed, to rerun pass `--lib`
[INFO] running `Command { std: "docker" "inspect" "75f800599378e4858b876bc7c61523216ba08a136aea69754905f2a67eb2145a", kill_on_drop: false }`
[INFO] running `Command { std: "docker" "rm" "-f" "75f800599378e4858b876bc7c61523216ba08a136aea69754905f2a67eb2145a", kill_on_drop: false }`
[INFO] [stdout] 75f800599378e4858b876bc7c61523216ba08a136aea69754905f2a67eb2145a
