[INFO] fetching crate tikeo 0.3.25...
[INFO] testing tikeo-0.3.25 against 1.99.0-beta.8+cargoflags=--release for beta-release-1.100-2
[INFO] extracting crate tikeo 0.3.25 into /workspace/builds/worker-5-tc1/source
[INFO] started tweaking crates.io crate tikeo 0.3.25
[INFO] finished tweaking crates.io crate tikeo 0.3.25
[INFO] tweaked toml for crates.io crate tikeo 0.3.25 written to /workspace/builds/worker-5-tc1/source/Cargo.toml
[INFO] validating manifest of crates.io crate tikeo 0.3.25 on toolchain 1.99.0-beta.8
[INFO] running `Command { std: CARGO_HOME="/workspace/cargo-home" RUSTUP_HOME="/workspace/rustup-home" "/workspace/cargo-home/bin/cargo" "+1.99.0-beta.8" "metadata" "--manifest-path" "Cargo.toml" "--no-deps", kill_on_drop: false }`
[INFO] crate crates.io crate tikeo 0.3.25 already has a lockfile, it will not be regenerated
[INFO] running `Command { std: CARGO_HOME="/workspace/cargo-home" RUSTUP_HOME="/workspace/rustup-home" "/workspace/cargo-home/bin/cargo" "+1.99.0-beta.8" "fetch" "--manifest-path" "Cargo.toml", kill_on_drop: false }`
[INFO] [stderr]     Updating crates.io index
[INFO] [stderr]  Downloading crates ...
[INFO] [stderr]   Downloaded wat v1.250.0
[INFO] [stderr]   Downloaded embedded-io v0.4.0
[INFO] [stderr]   Downloaded cobs v0.3.0
[INFO] [stderr]   Downloaded wasmtime-internal-versioned-export-macros v45.0.0
[INFO] [stderr]   Downloaded cranelift-bitset v0.132.0
[INFO] [stderr]   Downloaded embedded-io v0.6.1
[INFO] [stderr]   Downloaded wasmtime-internal-unwinder v45.0.0
[INFO] [stderr]   Downloaded rustc-hash v2.1.2
[INFO] [stderr]   Downloaded pulley-macros v45.0.0
[INFO] [stderr]   Downloaded wasmtime-internal-jit-debug v45.0.0
[INFO] [stderr]   Downloaded memfd v0.6.5
[INFO] [stderr]   Downloaded wasmtime-internal-jit-icache-coherence v45.0.0
[INFO] [stderr]   Downloaded cranelift-native v0.132.0
[INFO] [stderr]   Downloaded tonic-build v0.14.6
[INFO] [stderr]   Downloaded cranelift-control v0.132.0
[INFO] [stderr]   Downloaded wasm-bindgen-futures v0.4.72
[INFO] [stderr]   Downloaded cranelift-srcgen v0.132.0
[INFO] [stderr]   Downloaded multimap v0.10.1
[INFO] [stderr]   Downloaded cranelift-codegen-shared v0.132.0
[INFO] [stderr]   Downloaded cranelift-entity v0.132.0
[INFO] [stderr]   Downloaded cranelift-bforest v0.132.0
[INFO] [stderr]   Downloaded windows-targets v0.53.5
[INFO] [stderr]   Downloaded target-lexicon v0.13.5
[INFO] [stderr]   Downloaded rustc-demangle v0.1.27
[INFO] [stderr]   Downloaded cranelift-assembler-x64 v0.132.0
[INFO] [stderr]   Downloaded tonic-prost-build v0.14.6
[INFO] [stderr]   Downloaded unicase v2.9.0
[INFO] [stderr]   Downloaded wasmtime-internal-fiber v45.0.0
[INFO] [stderr]   Downloaded pulldown-cmark-to-cmark v22.0.0
[INFO] [stderr]   Downloaded termcolor v1.4.1
[INFO] [stderr]   Downloaded prost-derive v0.14.3
[INFO] [stderr]   Downloaded postcard v1.1.3
[INFO] [stderr]   Downloaded pulley-interpreter v45.0.0
[INFO] [stderr]   Downloaded prost-build v0.14.3
[INFO] [stderr]   Downloaded cpp_demangle v0.4.5
[INFO] [stderr]   Downloaded protoc-bin-vendored v3.2.0
[INFO] [stderr]   Downloaded prost v0.14.3
[INFO] [stderr]   Downloaded fixedbitset v0.5.7
[INFO] [stderr]   Downloaded wasm-encoder v0.250.0
[INFO] [stderr]   Downloaded wasmtime-internal-core v45.0.0
[INFO] [stderr]   Downloaded wasm-encoder v0.248.0
[INFO] [stderr]   Downloaded cranelift-assembler-x64-meta v0.132.0
[INFO] [stderr]   Downloaded cranelift-frontend v0.132.0
[INFO] [stderr]   Downloaded mach2 v0.4.3
[INFO] [stderr]   Downloaded addr2line v0.26.1
[INFO] [stderr]   Downloaded prost-types v0.14.3
[INFO] [stderr]   Downloaded quinn-udp v0.5.14
[INFO] [stderr]   Downloaded cranelift-codegen-meta v0.132.0
[INFO] [stderr]   Downloaded cc v1.2.62
[INFO] [stderr]   Downloaded wasmprinter v0.248.0
[INFO] [stderr]   Downloaded cranelift-isle v0.132.0
[INFO] [stderr]   Downloaded wast v250.0.0
[INFO] [stderr]   Downloaded quinn v0.11.9
[INFO] [stderr]   Downloaded regalloc2 v0.15.1
[INFO] [stderr]   Downloaded pulldown-cmark v0.13.4
[INFO] [stderr]   Downloaded h2 v0.4.14
[INFO] [stderr]   Downloaded wasmparser v0.250.0
[INFO] [stderr]   Downloaded wasmtime-internal-cranelift v45.0.0
[INFO] [stderr]   Downloaded unicode-width v0.2.2
[INFO] [stderr]   Downloaded wasmtime-environ v45.0.0
[INFO] [stderr]   Downloaded wasmparser v0.248.0
[INFO] [stderr]   Downloaded gimli v0.33.0
[INFO] [stderr]   Downloaded quinn-proto v0.11.14
[INFO] [stderr]   Downloaded object v0.39.1
[INFO] [stderr]   Downloaded rustls v0.23.40
[INFO] [stderr]   Downloaded petgraph v0.8.3
[INFO] [stderr]   Downloaded windows_aarch64_gnullvm v0.53.1
[INFO] [stderr]   Downloaded windows_x86_64_msvc v0.53.1
[INFO] [stderr]   Downloaded windows_x86_64_gnullvm v0.53.1
[INFO] [stderr]   Downloaded windows_aarch64_msvc v0.53.1
[INFO] [stderr]   Downloaded tokio v1.52.3
[INFO] [stderr]   Downloaded windows_i686_gnullvm v0.53.1
[INFO] [stderr]   Downloaded windows_x86_64_gnu v0.53.1
[INFO] [stderr]   Downloaded windows_i686_msvc v0.53.1
[INFO] [stderr]   Downloaded windows_i686_gnu v0.53.1
[INFO] [stderr]   Downloaded wasmtime v45.0.0
[INFO] [stderr]   Downloaded cranelift-codegen v0.132.0
[INFO] [stderr]   Downloaded windows-sys v0.60.2
[INFO] [stderr]   Downloaded protoc-bin-vendored-macos-aarch_64 v3.2.0
[INFO] [stderr]   Downloaded protoc-bin-vendored-macos-x86_64 v3.2.0
[INFO] [stderr]   Downloaded protoc-bin-vendored-win32 v3.2.0
[INFO] [stderr]   Downloaded protoc-bin-vendored-linux-aarch_64 v3.2.0
[INFO] [stderr]   Downloaded protoc-bin-vendored-linux-x86_64 v3.2.0
[INFO] [stderr]   Downloaded protoc-bin-vendored-linux-ppcle_64 v3.2.0
[INFO] [stderr]   Downloaded protoc-bin-vendored-linux-x86_32 v3.2.0
[INFO] [stderr]   Downloaded protoc-bin-vendored-linux-s390_64 v3.2.0
[INFO] running `Command { std: "docker" "create" "-v" "/var/lib/crater-agent-workspace/builds/worker-5-tc1/source:/opt/rustwide/workdir:ro,Z" "-v" "/var/lib/crater-agent-workspace/builds/worker-5-tc1/target:/opt/rustwide/target:rw,Z" "-v" "/var/lib/crater-agent-workspace/cargo-home:/opt/rustwide/cargo-home:ro,Z" "-v" "/var/lib/crater-agent-workspace/rustup-home:/opt/rustwide/rustup-home:ro,Z" "-m" "1610612736" "--network" "none" "ghcr.io/rust-lang/crates-build-env/linux@sha256:77db811e55d90add9212f6832c23229e3de5f1c1f9905e8cb07319ea15df73ac" "sleep" "infinity", kill_on_drop: false }`
[INFO] [stdout] 9576ba5ef698fe257b42b1f67e902b199302a8caef43ca2aaf36a53916ca25e2
[INFO] running `Command { std: "docker" "start" "9576ba5ef698fe257b42b1f67e902b199302a8caef43ca2aaf36a53916ca25e2", kill_on_drop: false }`
[INFO] running `Command { std: "docker" "inspect" "9576ba5ef698fe257b42b1f67e902b199302a8caef43ca2aaf36a53916ca25e2", kill_on_drop: false }`
[INFO] running `Command { std: "docker" "exec" "-e" "SOURCE_DIR=/opt/rustwide/workdir" "-e" "CARGO_HOME=/opt/rustwide/cargo-home" "-e" "RUSTUP_HOME=/opt/rustwide/rustup-home" "-e" "CARGO_TARGET_DIR=/opt/rustwide/target" "-w" "/opt/rustwide/workdir" "--user" "0:0" "9576ba5ef698fe257b42b1f67e902b199302a8caef43ca2aaf36a53916ca25e2" "/opt/rustwide/cargo-home/bin/cargo" "+1.99.0-beta.8" "metadata" "--no-deps" "--format-version=1", kill_on_drop: false }`
[INFO] running `Command { std: "docker" "inspect" "9576ba5ef698fe257b42b1f67e902b199302a8caef43ca2aaf36a53916ca25e2", kill_on_drop: false }`
[INFO] running `Command { std: "docker" "exec" "-e" "SOURCE_DIR=/opt/rustwide/workdir" "-e" "CARGO_HOME=/opt/rustwide/cargo-home" "-e" "RUSTUP_HOME=/opt/rustwide/rustup-home" "-e" "CARGO_TARGET_DIR=/opt/rustwide/target" "-e" "CARGO_INCREMENTAL=0" "-e" "RUST_BACKTRACE=full" "-e" "RUSTFLAGS=--cap-lints=warn" "-e" "RUSTDOCFLAGS=--cap-lints=warn" "-w" "/opt/rustwide/workdir" "--user" "0:0" "9576ba5ef698fe257b42b1f67e902b199302a8caef43ca2aaf36a53916ca25e2" "/opt/rustwide/cargo-home/bin/cargo" "+1.99.0-beta.8" "build" "--frozen" "--message-format=json" "--release", kill_on_drop: false }`
[INFO] [stderr]    Compiling proc-macro2 v1.0.106
[INFO] [stderr]    Compiling unicode-ident v1.0.24
[INFO] [stderr]    Compiling quote v1.0.45
[INFO] [stderr]    Compiling libc v0.2.186
[INFO] [stderr]    Compiling bytes v1.11.1
[INFO] [stderr]    Compiling pin-project-lite v0.2.17
[INFO] [stderr]    Compiling futures-core v0.3.32
[INFO] [stderr]    Compiling once_cell v1.21.4
[INFO] [stderr]    Compiling stable_deref_trait v1.2.1
[INFO] [stderr]    Compiling smallvec v1.15.1
[INFO] [stderr]    Compiling equivalent v1.0.2
[INFO] [stderr]    Compiling hashbrown v0.17.1
[INFO] [stderr]    Compiling slab v0.4.12
[INFO] [stderr]    Compiling futures-sink v0.3.32
[INFO] [stderr]    Compiling anyhow v1.0.102
[INFO] [stderr]    Compiling percent-encoding v2.3.2
[INFO] [stderr]    Compiling either v1.16.0
[INFO] [stderr]    Compiling find-msvc-tools v0.1.9
[INFO] [stderr]    Compiling cfg-if v1.0.4
[INFO] [stderr]    Compiling tower-service v0.3.3
[INFO] [stderr]    Compiling shlex v1.3.0
[INFO] [stderr]    Compiling tracing-core v0.1.36
[INFO] [stderr]    Compiling futures-task v0.3.32
[INFO] [stderr]    Compiling cc v1.2.62
[INFO] [stderr]    Compiling litemap v0.8.2
[INFO] [stderr]    Compiling writeable v0.6.3
[INFO] [stderr]    Compiling httparse v1.10.1
[INFO] [stderr]    Compiling serde_core v1.0.228
[INFO] [stderr]    Compiling icu_properties_data v2.2.0
[INFO] [stderr]    Compiling futures-util v0.3.32
[INFO] [stderr]    Compiling itertools v0.14.0
[INFO] [stderr]    Compiling fnv v1.0.7
[INFO] [stderr]    Compiling icu_normalizer_data v2.2.0
[INFO] [stderr]    Compiling atomic-waker v1.1.2
[INFO] [stderr]    Compiling try-lock v0.2.5
[INFO] [stderr]    Compiling utf8_iter v1.0.4
[INFO] [stderr]    Compiling bitflags v2.11.1
[INFO] [stderr]    Compiling want v0.3.1
[INFO] [stderr]    Compiling sync_wrapper v1.0.2
[INFO] [stderr]    Compiling futures-channel v0.3.32
[INFO] [stderr]    Compiling tower-layer v0.3.3
[INFO] [stderr]    Compiling zeroize v1.8.2
[INFO] [stderr]    Compiling rustix v1.1.4
[INFO] [stderr]    Compiling prettyplease v0.2.37
[INFO] [stderr]    Compiling pulldown-cmark v0.13.4
[INFO] [stderr]    Compiling getrandom v0.4.2
[INFO] [stderr]    Compiling indexmap v2.14.0
[INFO] [stderr]    Compiling httpdate v1.0.3
[INFO] [stderr]    Compiling generic-array v0.14.7
[INFO] [stderr]    Compiling syn v2.0.117
[INFO] [stderr]    Compiling rustls-pki-types v1.14.1
[INFO] [stderr]    Compiling ipnet v2.12.0
[INFO] [stderr]    Compiling http v1.4.0
[INFO] [stderr]    Compiling regex-syntax v0.8.10
[INFO] [stderr]    Compiling base64 v0.22.1
[INFO] [stderr]    Compiling foldhash v0.1.5
[INFO] [stderr]    Compiling ring v0.17.14
[INFO] [stderr]    Compiling unicase v2.9.0
[INFO] [stderr]    Compiling untrusted v0.9.0
[INFO] [stderr]    Compiling memchr v2.8.0
[INFO] [stderr]    Compiling errno v0.3.14
[INFO] [stderr]    Compiling mio v1.2.0
[INFO] [stderr]    Compiling socket2 v0.6.3
[INFO] [stderr]    Compiling signal-hook-registry v1.4.8
[INFO] [stderr]    Compiling getrandom v0.2.17
[INFO] [stderr]    Compiling linux-raw-sys v0.12.1
[INFO] [stderr]    Compiling regex-automata v0.4.14
[INFO] [stderr]    Compiling hashbrown v0.15.5
[INFO] [stderr]    Compiling fixedbitset v0.5.7
[INFO] [stderr]    Compiling rustls v0.23.40
[INFO] [stderr]    Compiling fastrand v2.4.1
[INFO] [stderr]    Compiling http-body v1.0.1
[INFO] [stderr]    Compiling http-body-util v0.1.3
[INFO] [stderr]    Compiling typenum v1.20.0
[INFO] [stderr]    Compiling form_urlencoded v1.2.2
[INFO] [stderr]    Compiling zmij v1.0.21
[INFO] [stderr]    Compiling multimap v0.10.1
[INFO] [stderr]    Compiling mime v0.3.17
[INFO] [stderr]    Compiling log v0.4.29
[INFO] [stderr]    Compiling petgraph v0.8.3
[INFO] [stderr]    Compiling heck v0.5.0
[INFO] [stderr]    Compiling serde v1.0.228
[INFO] [stderr]    Compiling subtle v2.6.1
[INFO] [stderr]    Compiling axum-core v0.5.6
[INFO] [stderr]    Compiling protoc-bin-vendored-linux-aarch_64 v3.2.0
[INFO] [stderr]    Compiling protoc-bin-vendored-win32 v3.2.0
[INFO] [stderr]    Compiling protoc-bin-vendored-macos-aarch_64 v3.2.0
[INFO] [stderr]    Compiling serde_json v1.0.149
[INFO] [stderr]    Compiling protoc-bin-vendored-linux-x86_32 v3.2.0
[INFO] [stderr]    Compiling matchit v0.8.4
[INFO] [stderr]    Compiling protoc-bin-vendored-linux-ppcle_64 v3.2.0
[INFO] [stderr]    Compiling protoc-bin-vendored-macos-x86_64 v3.2.0
[INFO] [stderr]    Compiling protoc-bin-vendored-linux-x86_64 v3.2.0
[INFO] [stderr]    Compiling protoc-bin-vendored-linux-s390_64 v3.2.0
[INFO] [stderr]    Compiling webpki-roots v1.0.7
[INFO] [stderr]    Compiling protoc-bin-vendored v3.2.0
[INFO] [stderr]    Compiling lazy_static v1.5.0
[INFO] [stderr]    Compiling pulldown-cmark-to-cmark v22.0.0
[INFO] [stderr]    Compiling thiserror v2.0.18
[INFO] [stderr]    Compiling sharded-slab v0.1.7
[INFO] [stderr]    Compiling thread_local v1.1.9
[INFO] [stderr]    Compiling cpufeatures v0.2.17
[INFO] [stderr]    Compiling tracing-log v0.2.0
[INFO] [stderr]    Compiling regex v1.12.3
[INFO] [stderr]    Compiling block-buffer v0.10.4
[INFO] [stderr]    Compiling crypto-common v0.1.7
[INFO] [stderr]    Compiling digest v0.10.7
[INFO] [stderr]    Compiling tracing-subscriber v0.3.23
[INFO] [stderr]    Compiling sha2 v0.10.9
[INFO] [stderr]    Compiling tempfile v3.27.0
[INFO] [stderr]    Compiling synstructure v0.13.2
[INFO] [stderr]    Compiling tokio-macros v2.7.0
[INFO] [stderr]    Compiling zerovec-derive v0.11.3
[INFO] [stderr]    Compiling tracing-attributes v0.1.31
[INFO] [stderr]    Compiling displaydoc v0.2.6
[INFO] [stderr]    Compiling prost-derive v0.14.3
[INFO] [stderr]    Compiling pin-project-internal v1.1.13
[INFO] [stderr]    Compiling serde_derive v1.0.228
[INFO] [stderr]    Compiling async-trait v0.1.89
[INFO] [stderr]    Compiling thiserror-impl v2.0.18
[INFO] [stderr]    Compiling zerofrom-derive v0.1.7
[INFO] [stderr]    Compiling yoke-derive v0.8.2
[INFO] [stderr]    Compiling tonic-build v0.14.6
[INFO] [stderr]    Compiling tokio v1.52.3
[INFO] [stderr]    Compiling zerofrom v0.1.8
[INFO] [stderr]    Compiling yoke v0.8.2
[INFO] [stderr]    Compiling tracing v0.1.44
[INFO] [stderr]    Compiling pin-project v1.1.13
[INFO] [stderr]    Compiling zerotrie v0.2.4
[INFO] [stderr]    Compiling zerovec v0.11.6
[INFO] [stderr]    Compiling prost v0.14.3
[INFO] [stderr]    Compiling prost-types v0.14.3
[INFO] [stderr]    Compiling tinystr v0.8.3
[INFO] [stderr]    Compiling potential_utf v0.1.5
[INFO] [stderr]    Compiling icu_collections v2.2.0
[INFO] [stderr]    Compiling icu_locale_core v2.2.0
[INFO] [stderr]    Compiling prost-build v0.14.3
[INFO] [stderr]    Compiling serde_urlencoded v0.7.1
[INFO] [stderr]    Compiling icu_provider v2.2.0
[INFO] [stderr]    Compiling tonic-prost-build v0.14.6
[INFO] [stderr]    Compiling tikeo v0.3.25 (/opt/rustwide/workdir)
[INFO] [stderr]    Compiling icu_normalizer v2.2.0
[INFO] [stderr]    Compiling icu_properties v2.2.0
[INFO] [stderr]    Compiling idna_adapter v1.2.2
[INFO] [stderr]    Compiling idna v1.1.0
[INFO] [stderr]    Compiling url v2.5.8
[INFO] [stderr]    Compiling tokio-util v0.7.18
[INFO] [stderr]    Compiling tokio-stream v0.1.18
[INFO] [stderr]    Compiling h2 v0.4.14
[INFO] [stderr]    Compiling tower v0.5.3
[INFO] [stderr]    Compiling axum v0.8.9
[INFO] [stderr]    Compiling tower-http v0.6.11
[INFO] [stderr]    Compiling rustls-webpki v0.103.13
[INFO] [stderr]    Compiling hyper v1.9.0
[INFO] [stderr]    Compiling hyper-util v0.1.20
[INFO] [stderr]    Compiling hyper-timeout v0.5.2
[INFO] [stderr]    Compiling tonic v0.14.6
[INFO] [stderr]    Compiling tokio-rustls v0.26.4
[INFO] [stderr]    Compiling hyper-rustls v0.27.9
[INFO] [stderr]    Compiling reqwest v0.12.28
[INFO] [stderr]    Compiling tonic-prost v0.14.6
[INFO] [stderr]     Finished `release` profile [optimized] target(s) in 1m 38s
[INFO] running `Command { std: "docker" "inspect" "9576ba5ef698fe257b42b1f67e902b199302a8caef43ca2aaf36a53916ca25e2", kill_on_drop: false }`
[INFO] running `Command { std: "docker" "exec" "-e" "SOURCE_DIR=/opt/rustwide/workdir" "-e" "CARGO_HOME=/opt/rustwide/cargo-home" "-e" "RUSTUP_HOME=/opt/rustwide/rustup-home" "-e" "CARGO_TARGET_DIR=/opt/rustwide/target" "-e" "CARGO_INCREMENTAL=0" "-e" "RUST_BACKTRACE=full" "-e" "RUSTFLAGS=--cap-lints=warn" "-e" "RUSTDOCFLAGS=--cap-lints=warn" "-w" "/opt/rustwide/workdir" "--user" "0:0" "9576ba5ef698fe257b42b1f67e902b199302a8caef43ca2aaf36a53916ca25e2" "/opt/rustwide/cargo-home/bin/cargo" "+1.99.0-beta.8" "test" "--frozen" "--no-run" "--message-format=json" "--release", kill_on_drop: false }`
[INFO] [stderr]    Compiling tokio v1.52.3
[INFO] [stderr]    Compiling leb128fmt v0.1.0
[INFO] [stderr]    Compiling bumpalo v3.20.2
[INFO] [stderr]    Compiling unicode-width v0.2.2
[INFO] [stderr]    Compiling wasm-encoder v0.250.0
[INFO] [stderr]    Compiling wast v250.0.0
[INFO] [stderr]    Compiling tokio-util v0.7.18
[INFO] [stderr]    Compiling tokio-stream v0.1.18
[INFO] [stderr]    Compiling tokio-rustls v0.26.4
[INFO] [stderr]    Compiling h2 v0.4.14
[INFO] [stderr]    Compiling tower v0.5.3
[INFO] [stderr]    Compiling axum v0.8.9
[INFO] [stderr]    Compiling tower-http v0.6.11
[INFO] [stderr]    Compiling wat v1.250.0
[INFO] [stderr]    Compiling hyper v1.9.0
[INFO] [stderr]    Compiling hyper-util v0.1.20
[INFO] [stderr]    Compiling hyper-timeout v0.5.2
[INFO] [stderr]    Compiling hyper-rustls v0.27.9
[INFO] [stderr]    Compiling tonic v0.14.6
[INFO] [stderr]    Compiling reqwest v0.12.28
[INFO] [stderr]    Compiling tonic-prost v0.14.6
[INFO] [stderr]    Compiling tikeo v0.3.25 (/opt/rustwide/workdir)
[INFO] [stderr]     Finished `release` profile [optimized] target(s) in 1m 12s
[INFO] running `Command { std: "docker" "inspect" "9576ba5ef698fe257b42b1f67e902b199302a8caef43ca2aaf36a53916ca25e2", kill_on_drop: false }`
[INFO] running `Command { std: "docker" "exec" "-e" "SOURCE_DIR=/opt/rustwide/workdir" "-e" "CARGO_HOME=/opt/rustwide/cargo-home" "-e" "RUSTUP_HOME=/opt/rustwide/rustup-home" "-e" "CARGO_TARGET_DIR=/opt/rustwide/target" "-e" "CARGO_INCREMENTAL=0" "-e" "RUST_BACKTRACE=full" "-e" "RUSTFLAGS=--cap-lints=warn" "-e" "RUSTDOCFLAGS=--cap-lints=warn" "-w" "/opt/rustwide/workdir" "--user" "0:0" "9576ba5ef698fe257b42b1f67e902b199302a8caef43ca2aaf36a53916ca25e2" "/opt/rustwide/cargo-home/bin/cargo" "+1.99.0-beta.8" "test" "--frozen" "--release", kill_on_drop: false }`
[INFO] [stderr]     Finished `release` profile [optimized] target(s) in 0.21s
[INFO] [stderr]      Running unittests src/lib.rs (/opt/rustwide/target/release/deps/tikeo-d60cc5514ca2ec8f)
[INFO] [stdout] 
[INFO] [stdout] running 37 tests
[INFO] [stdout] test tests::container_script_runner_rejects_network_and_secret_grants_fail_closed ... ok
[INFO] [stdout] test script::tools::tests::installer_path_prepends_managed_bin_directory_once ... ok
[INFO] [stdout] test script::srt::tests::rhai_diagnostic_output_is_treated_as_failure_message ... ok
[INFO] [stdout] test script::srt::tests::srt_settings_do_not_mask_managed_runtime_under_home ... ok
[INFO] [stdout] test tests::container_script_runner_rejects_dangerous_policy_before_runtime ... ok
[INFO] [stdout] test tests::container_script_runner_builds_default_deny_docker_args ... ok
[INFO] [stdout] test script::tools::tests::install_dir_prefers_host_cache_root ... ok
[INFO] [stdout] test tests::container_script_runner_rejects_malformed_file_grants ... ok
[INFO] [stdout] test script::srt::tests::powershell_settings_allow_only_task_runtime_write_dirs ... ok
[INFO] [stdout] test script::srt::tests::powershell_command_starts_inside_sandbox_home_and_disables_logo ... ok
[INFO] [stdout] test tests::container_script_runner_builds_file_grant_docker_args ... ok
[INFO] [stdout] test tests::unsupported_script_runner_is_registered_but_not_advertised ... ok
[INFO] [stdout] test script::srt::tests::sanitized_path_splits_inherited_path_entries ... ok
[INFO] [stdout] test tests::local_subprocess_runner_enforces_digest_and_release_snapshot ... ok
[INFO] [stdout] test tests::container_script_runner_runtime_path_advertises_canonical_backend ... ok
[INFO] [stdout] test script::tools::tests::strict_sandbox_isolation_skips_host_path_tools ... ok
[INFO] [stdout] test tests::management_client_creates_and_triggers_api_job ... ok
[INFO] [stdout] test tests::task_outcome_success_can_carry_operator_message ... ok
[INFO] [stdout] test tests::unsupported_script_runner_validates_default_deny_policy_before_execution ... ok
[INFO] [stdout] test tests::worker_session_records_only_task_logger_lines_for_processors ... ok
[INFO] [stdout] test tests::worker_session_rejects_script_binding_without_registered_runner ... ok
[INFO] [stdout] test tests::deno_runner_starts_js_and_ts_inside_task_sandbox_home ... FAILED
[INFO] [stdout] test tests::worker_session_close_sends_graceful_unregister ... ok
[INFO] [stdout] test tests::worker_session_reports_processor_errors_with_backtrace_task_log ... ok
[INFO] [stdout] test tests::worker_config_registers_structured_capabilities_without_legacy_routing_strings ... ok
[INFO] [stdout] test tests::worker_session_processes_dispatched_task_and_reports_result ... ok
[INFO] [stdout] test script::tools::tests::auto_install_resolves_missing_tool_without_blocking_on_installer ... ok
[INFO] [stdout] test tests::worker_session_reports_wasm_binding_requires_feature_when_disabled ... ok
[INFO] [stdout] test tests::local_subprocess_runner_reports_unavailable_runtime ... ok
[INFO] [stdout] test tests::worker_session_records_script_runner_pipe_output_as_task_logs ... ok
[INFO] [stdout] test tests::worker_client_registers_and_sends_heartbeat ... ok
[INFO] [stdout] test tests::worker_session_skips_duplicate_completed_assignment_tokens ... ok
[INFO] [stdout] test tests::worker_session_executes_script_binding_with_registered_runner ... ok
[INFO] [stdout] test tests::local_subprocess_shell_runner_executes_released_snapshot ... ok
[INFO] [stdout] test tests::local_subprocess_runner_enforces_timeout_and_output_limit ... ok
[INFO] [stdout] test tests::srt_runner_starts_supported_kinds_inside_task_sandbox_home ... ok
[INFO] [stdout] test tests::srt_runner_preserves_node_path_for_env_launcher_after_env_clear ... ok
[INFO] [stdout] 
[INFO] [stdout] failures:
[INFO] [stdout] 
[INFO] [stdout] ---- tests::deno_runner_starts_js_and_ts_inside_task_sandbox_home stdout ----
[INFO] [stdout] 
[INFO] [stdout] thread 'tests::deno_runner_starts_js_and_ts_inside_task_sandbox_home' (3555) panicked at src/tests.rs:620:37:
[INFO] [stdout] fake Deno should run for javascript: script execution failed: Text file busy (os error 26)
[INFO] [stdout] stack backtrace:
[INFO] [stdout]    0:     0x644f53c5b011 - <<std[70759c8f55707aa4]::sys::backtrace::BacktraceLock>::print::DisplayBacktrace as core[df12db4294e9bfd3]::fmt::Display>::fmt
[INFO] [stdout]    1:     0x644f53c736fa - core[df12db4294e9bfd3]::fmt::write
[INFO] [stdout]    2:     0x644f53c60a3c - <alloc[2182bb758b4b3781]::vec::Vec<u8> as core[df12db4294e9bfd3]::io::write::Write>::write_fmt
[INFO] [stdout]    3:     0x644f53c33b96 - std[70759c8f55707aa4]::panicking::default_hook::{closure#0}
[INFO] [stdout]    4:     0x644f53c52009 - std[70759c8f55707aa4]::panicking::default_hook
[INFO] [stdout]    5:     0x644f53960a50 - test[9d35eded1c95d3be]::test_main_inner::<test[9d35eded1c95d3be]::test_main_static::{closure#0}>::{closure#0}
[INFO] [stdout]    6:     0x644f53c52332 - std[70759c8f55707aa4]::panicking::panic_with_hook
[INFO] [stdout]    7:     0x644f53c33c42 - std[70759c8f55707aa4]::panicking::panic_handler::{closure#0}
[INFO] [stdout]    8:     0x644f53c2c0a9 - std[70759c8f55707aa4]::sys::backtrace::__rust_end_short_backtrace::<std[70759c8f55707aa4]::panicking::panic_handler::{closure#0}, !>
[INFO] [stdout]    9:     0x644f53c34bfd - __rustc[8fa7c3cbc660c2b3]::rust_begin_unwind
[INFO] [stdout]   10:     0x644f53c73e5c - core[df12db4294e9bfd3]::panicking::panic_fmt
[INFO] [stdout]   11:     0x644f53753995 - tikeo[86a9c4cb93ac7308]::tests::deno_runner_starts_js_and_ts_inside_task_sandbox_home::{closure#0}::{closure#1}
[INFO] [stdout]   12:     0x644f5375f935 - tikeo[86a9c4cb93ac7308]::tests::deno_runner_starts_js_and_ts_inside_task_sandbox_home::{closure#0}
[INFO] [stdout]   13:     0x644f538641f3 - <tokio[1e68e0fae64c72e9]::runtime::scheduler::current_thread::Context>::enter::<core[df12db4294e9bfd3]::task::poll::Poll<()>, <tokio[1e68e0fae64c72e9]::runtime::scheduler::current_thread::CoreGuard>::block_on<core[df12db4294e9bfd3]::pin::Pin<&mut core[df12db4294e9bfd3]::pin::Pin<&mut dyn core[df12db4294e9bfd3]::future::future::Future<Output = ()>>>>::{closure#0}::{closure#0}>
[INFO] [stdout]   14:     0x644f53812cbc - <tokio[1e68e0fae64c72e9]::runtime::context::scoped::Scoped<tokio[1e68e0fae64c72e9]::runtime::scheduler::Context>>::set::<<tokio[1e68e0fae64c72e9]::runtime::scheduler::current_thread::CoreGuard>::enter<<tokio[1e68e0fae64c72e9]::runtime::scheduler::current_thread::CoreGuard>::block_on<core[df12db4294e9bfd3]::pin::Pin<&mut core[df12db4294e9bfd3]::pin::Pin<&mut dyn core[df12db4294e9bfd3]::future::future::Future<Output = ()>>>>::{closure#0}, core[df12db4294e9bfd3]::option::Option<()>>::{closure#0}, (alloc[2182bb758b4b3781]::boxed::Box<tokio[1e68e0fae64c72e9]::runtime::scheduler::current_thread::Core>, core[df12db4294e9bfd3]::option::Option<()>)>
[INFO] [stdout]   15:     0x644f53864f47 - <tokio[1e68e0fae64c72e9]::runtime::scheduler::current_thread::CoreGuard>::block_on::<core[df12db4294e9bfd3]::pin::Pin<&mut core[df12db4294e9bfd3]::pin::Pin<&mut dyn core[df12db4294e9bfd3]::future::future::Future<Output = ()>>>>
[INFO] [stdout]   16:     0x644f5381b447 - tokio[1e68e0fae64c72e9]::runtime::context::runtime::enter_runtime::<<tokio[1e68e0fae64c72e9]::runtime::scheduler::current_thread::CurrentThread>::block_on<core[df12db4294e9bfd3]::pin::Pin<&mut dyn core[df12db4294e9bfd3]::future::future::Future<Output = ()>>>::{closure#0}, ()>
[INFO] [stdout]   17:     0x644f538118aa - <tokio[1e68e0fae64c72e9]::runtime::runtime::Runtime>::block_on::<core[df12db4294e9bfd3]::pin::Pin<&mut dyn core[df12db4294e9bfd3]::future::future::Future<Output = ()>>>
[INFO] [stdout]   18:     0x644f537730db - tikeo[86a9c4cb93ac7308]::tests::deno_runner_starts_js_and_ts_inside_task_sandbox_home
[INFO] [stdout]   19:     0x644f537ca829 - <tikeo[86a9c4cb93ac7308]::tests::deno_runner_starts_js_and_ts_inside_task_sandbox_home::{closure#0} as core[df12db4294e9bfd3]::ops::function::FnOnce<()>>::call_once
[INFO] [stdout]   20:     0x644f53953d3b - test[9d35eded1c95d3be]::__rust_begin_short_backtrace::<core[df12db4294e9bfd3]::result::Result<(), alloc[2182bb758b4b3781]::string::String>, fn() -> core[df12db4294e9bfd3]::result::Result<(), alloc[2182bb758b4b3781]::string::String>>
[INFO] [stdout]   21:     0x644f539613a5 - test[9d35eded1c95d3be]::run_test::{closure#0}
[INFO] [stdout]   22:     0x644f5395ac64 - std[70759c8f55707aa4]::sys::backtrace::__rust_begin_short_backtrace::<test[9d35eded1c95d3be]::run_test::{closure#1}, ()>
[INFO] [stdout]   23:     0x644f53964502 - <std[70759c8f55707aa4]::thread::lifecycle::spawn_unchecked<test[9d35eded1c95d3be]::run_test::{closure#1}, ()>::{closure#1} as core[df12db4294e9bfd3]::ops::function::FnOnce<()>>::call_once::{shim:vtable#0}
[INFO] [stdout]   24:     0x644f53c59fd9 - <std[70759c8f55707aa4]::sys::thread::unix::Thread>::new::thread_start
[INFO] [stdout]   25:     0x75fe1f3efdfa - <unknown>
[INFO] [stdout]   26:     0x75fe1f4833d4 - clone
[INFO] [stdout]   27:                0x0 - <unknown>
[INFO] [stdout] 
[INFO] [stdout] 
[INFO] [stdout] failures:
[INFO] [stdout]     tests::deno_runner_starts_js_and_ts_inside_task_sandbox_home
[INFO] [stdout] 
[INFO] [stdout] test result: FAILED. 36 passed; 1 failed; 0 ignored; 0 measured; 0 filtered out; finished in 0.19s
[INFO] [stdout] 
[INFO] [stderr] error: test failed, to rerun pass `--lib`
[INFO] running `Command { std: "docker" "inspect" "9576ba5ef698fe257b42b1f67e902b199302a8caef43ca2aaf36a53916ca25e2", kill_on_drop: false }`
[INFO] running `Command { std: "docker" "rm" "-f" "9576ba5ef698fe257b42b1f67e902b199302a8caef43ca2aaf36a53916ca25e2", kill_on_drop: false }`
[INFO] [stdout] 9576ba5ef698fe257b42b1f67e902b199302a8caef43ca2aaf36a53916ca25e2
