[INFO] fetching crate test-spin 0.1.9...
[INFO] testing test-spin-0.1.9 against 1.99.0-beta.8+cargoflags=--release for beta-release-1.100-2
[INFO] extracting crate test-spin 0.1.9 into /workspace/builds/worker-3-tc1/source
[INFO] started tweaking crates.io crate test-spin 0.1.9
[INFO] removed 0 missing tests
[INFO] finished tweaking crates.io crate test-spin 0.1.9
[INFO] tweaked toml for crates.io crate test-spin 0.1.9 written to /workspace/builds/worker-3-tc1/source/Cargo.toml
[INFO] validating manifest of crates.io crate test-spin 0.1.9 on toolchain 1.99.0-beta.8
[INFO] running `Command { std: CARGO_HOME="/workspace/cargo-home" RUSTUP_HOME="/workspace/rustup-home" "/workspace/cargo-home/bin/cargo" "+1.99.0-beta.8" "metadata" "--manifest-path" "Cargo.toml" "--no-deps", kill_on_drop: false }`
[INFO] crate crates.io crate test-spin 0.1.9 already has a lockfile, it will not be regenerated
[INFO] running `Command { std: CARGO_HOME="/workspace/cargo-home" RUSTUP_HOME="/workspace/rustup-home" "/workspace/cargo-home/bin/cargo" "+1.99.0-beta.8" "fetch" "--manifest-path" "Cargo.toml", kill_on_drop: false }`
[INFO] [stderr]     Updating crates.io index
[INFO] [stderr]  Downloading crates ...
[INFO] [stderr]   Downloaded record-descriptor v0.1.9
[INFO] [stderr]   Downloaded record-decode v0.1.9
[INFO] [stderr]   Downloaded record-package v0.1.9
[INFO] [stderr]   Downloaded bitneedle-id v0.1.9
[INFO] [stderr]   Downloaded record-label v0.1.9
[INFO] [stderr]   Downloaded record-core v0.1.9
[INFO] [stderr]   Downloaded bytes2rgb v0.1.9
[INFO] [stderr]   Downloaded record-cut v0.1.9
[INFO] [stderr]   Downloaded record-groove v0.1.9
[INFO] [stderr]   Downloaded record-sidecar v0.1.9
[INFO] [stderr]   Downloaded record-render v0.1.9
[INFO] [stderr]   Downloaded encodec-rs v0.1.1
[INFO] [stderr]   Downloaded record-cut-wasm v0.1.9
[INFO] [stderr]   Downloaded encodec-rs v1.0.0
[INFO] running `Command { std: "docker" "create" "-v" "/var/lib/crater-agent-workspace/builds/worker-3-tc1/source:/opt/rustwide/workdir:ro,Z" "-v" "/var/lib/crater-agent-workspace/builds/worker-3-tc1/target:/opt/rustwide/target:rw,Z" "-v" "/var/lib/crater-agent-workspace/cargo-home:/opt/rustwide/cargo-home:ro,Z" "-v" "/var/lib/crater-agent-workspace/rustup-home:/opt/rustwide/rustup-home:ro,Z" "-m" "1610612736" "--network" "none" "ghcr.io/rust-lang/crates-build-env/linux@sha256:77db811e55d90add9212f6832c23229e3de5f1c1f9905e8cb07319ea15df73ac" "sleep" "infinity", kill_on_drop: false }`
[INFO] [stdout] 07a7fef4e35b29cf6e700c3e72f91acf914ae32288a920f5a8b235c4ba7927d5
[INFO] running `Command { std: "docker" "start" "07a7fef4e35b29cf6e700c3e72f91acf914ae32288a920f5a8b235c4ba7927d5", kill_on_drop: false }`
[INFO] running `Command { std: "docker" "inspect" "07a7fef4e35b29cf6e700c3e72f91acf914ae32288a920f5a8b235c4ba7927d5", kill_on_drop: false }`
[INFO] running `Command { std: "docker" "exec" "-e" "SOURCE_DIR=/opt/rustwide/workdir" "-e" "CARGO_HOME=/opt/rustwide/cargo-home" "-e" "RUSTUP_HOME=/opt/rustwide/rustup-home" "-e" "CARGO_TARGET_DIR=/opt/rustwide/target" "-w" "/opt/rustwide/workdir" "--user" "0:0" "07a7fef4e35b29cf6e700c3e72f91acf914ae32288a920f5a8b235c4ba7927d5" "/opt/rustwide/cargo-home/bin/cargo" "+1.99.0-beta.8" "metadata" "--no-deps" "--format-version=1", kill_on_drop: false }`
[INFO] running `Command { std: "docker" "inspect" "07a7fef4e35b29cf6e700c3e72f91acf914ae32288a920f5a8b235c4ba7927d5", kill_on_drop: false }`
[INFO] running `Command { std: "docker" "exec" "-e" "SOURCE_DIR=/opt/rustwide/workdir" "-e" "CARGO_HOME=/opt/rustwide/cargo-home" "-e" "RUSTUP_HOME=/opt/rustwide/rustup-home" "-e" "CARGO_TARGET_DIR=/opt/rustwide/target" "-e" "CARGO_INCREMENTAL=0" "-e" "RUST_BACKTRACE=full" "-e" "RUSTFLAGS=--cap-lints=warn" "-e" "RUSTDOCFLAGS=--cap-lints=warn" "-w" "/opt/rustwide/workdir" "--user" "0:0" "07a7fef4e35b29cf6e700c3e72f91acf914ae32288a920f5a8b235c4ba7927d5" "/opt/rustwide/cargo-home/bin/cargo" "+1.99.0-beta.8" "build" "--frozen" "--message-format=json" "--release", kill_on_drop: false }`
[INFO] [stderr]    Compiling simd-adler32 v0.3.9
[INFO] [stderr]    Compiling matrixmultiply v0.3.10
[INFO] [stderr]    Compiling sha2 v0.10.9
[INFO] [stderr]    Compiling num-integer v0.1.46
[INFO] [stderr]    Compiling num-complex v0.4.6
[INFO] [stderr]    Compiling inout v0.1.4
[INFO] [stderr]    Compiling thiserror-impl v1.0.69
[INFO] [stderr]    Compiling zeroize v1.8.2
[INFO] [stderr]    Compiling universal-hash v0.5.1
[INFO] [stderr]    Compiling miniz_oxide v0.8.9
[INFO] [stderr]    Compiling fdeflate v0.3.7
[INFO] [stderr]    Compiling cipher v0.4.4
[INFO] [stderr]    Compiling clap v4.6.1
[INFO] [stderr]    Compiling zerocopy v0.8.52
[INFO] [stderr]    Compiling poly1305 v0.8.0
[INFO] [stderr]    Compiling chacha20 v0.9.1
[INFO] [stderr]    Compiling flate2 v1.1.9
[INFO] [stderr]    Compiling aead v0.5.2
[INFO] [stderr]    Compiling zerocopy-derive v0.8.52
[INFO] [stderr]    Compiling chacha20poly1305 v0.10.1
[INFO] [stderr]    Compiling thiserror v1.0.69
[INFO] [stderr]    Compiling png v0.17.16
[INFO] [stderr]    Compiling brotli-decompressor v4.0.3
[INFO] [stderr]    Compiling quick-error v2.0.1
[INFO] [stderr]    Compiling zune-core v0.5.3
[INFO] [stderr]    Compiling fax v0.2.7
[INFO] [stderr]    Compiling ndarray v0.17.2
[INFO] [stderr]    Compiling zune-jpeg v0.5.15
[INFO] [stderr]    Compiling byteorder-lite v0.1.0
[INFO] [stderr]    Compiling weezl v0.1.12
[INFO] [stderr]    Compiling brotli v7.0.0
[INFO] [stderr]    Compiling record-groove v0.1.9
[INFO] [stderr]    Compiling bytemuck v1.25.0
[INFO] [stderr]    Compiling pxfm v0.1.29
[INFO] [stderr]    Compiling qoi v0.4.1
[INFO] [stderr]    Compiling image-webp v0.2.4
[INFO] [stderr]    Compiling png v0.18.1
[INFO] [stderr]    Compiling moxcms v0.8.1
[INFO] [stderr]    Compiling half v2.7.1
[INFO] [stderr]    Compiling encodec-rs v1.0.0
[INFO] [stderr]    Compiling bytes2rgb v0.1.9
[INFO] [stderr]    Compiling tiff v0.11.3
[INFO] [stderr]    Compiling ulid v1.2.1
[INFO] [stderr]    Compiling bitneedle-id v0.1.9
[INFO] [stderr]    Compiling encodec-rs v0.1.1
[INFO] [stderr]    Compiling image v0.25.10
[INFO] [stderr]    Compiling record-core v0.1.9
[INFO] [stderr]    Compiling record-descriptor v0.1.9
[INFO] [stderr]    Compiling record-decode v0.1.9
[INFO] [stderr]    Compiling record-cut v0.1.9
[INFO] [stderr]    Compiling record-sidecar v0.1.9
[INFO] [stderr]    Compiling test-spin v0.1.9 (/opt/rustwide/workdir)
[INFO] [stdout] error: linking with `cc` failed: exit status: 1
[INFO] [stdout]   |
[INFO] [stdout]   = note:  "cc" "-m64" "/opt/rustwide/target/release/deps/rustcoOrh1W/symbols.o" "<4 object files omitted>" "-Wl,--as-needed" "-Wl,-Bstatic" "/opt/rustwide/target/release/deps/{libtest_spin-0ad7d9d56bf2a91d,libbitneedle_id-3eca465f42171fd9,libulid-3c7c13bfb3ad19f0,libthiserror-0c05b75b824b4ab7,libhex-ffa975566df5dac7,libencodec_rs-d0d17d85833e6d36,librecord_sidecar-5eb26ceb62a96bf1,librecord_cut-88b7a341fc7f6041,librecord_decode-c8f1eb5fb6281a79,libbrotli-2eb1da631452a018,libbrotli_decompressor-66ec616fce753ad8,liballoc_stdlib-c970bc87719fcca2,liballoc_no_stdlib-19a1b00ff93de4ee,libbytes2rgb-9fb74ff8e8ff1c42,libimage-ac5b6a49706483fb,libqoi-6c3ad55187101b52,libbytemuck-a214aa96a18fb28c,libmoxcms-6bc9fa35adeb0b1e,libpxfm-4d4bf64aa6d79555,libimage_webp-cbcd5e22dab2fc74,libtiff-8f4706988633593c,libfax-34306ced7a2d9f79,libquick_error-f92d7f48e6295801,libweezl-573094d67e63c5af,libzune_jpeg-d0dbf80b9460bdeb,libzune_core-b59c0bdbb8c7714e,libhalf-c793f35f4093c2b9,libzerocopy-f35eb07c3da0103b,libpng-4a0d276d1ea8d4e3,libbitflags-3abca287fbc4cbf7,libbyteorder_lite-a767fe81cb63f861,librecord_descriptor-1a84dcac7daf8932,librecord_groove-37629bb8d252b44d,libpng-41bab093e970c32f,libbitflags-68973b8086863992,libflate2-90aaa34a06fe6c82,libminiz_oxide-e2eb0efc15b0357b,libfdeflate-91324726abcf66e5,libsimd_adler32-7147f273ee833f2e,libbase64-5ba8d8f2fe9c6ccd,librecord_core-7bff19601be7908f,libchacha20poly1305-e51c90df0b7b5317,libchacha20-1f0c00543debc9eb,libpoly1305-adfa6bcb37f6875c,libopaque_debug-86389052e40c7ac0,libuniversal_hash-3b1e5794a5586c8d,libsubtle-55d0ad28af99a64a,libaead-7c7914e717421327,libcipher-c815180972d815e7,libzeroize-2f109541b6fa7aff,libinout-a08c837d4d049c94,libencodec_rs-3ce775ee9c59b1bb,liblibm-e31d014029871662,libserde_json-2600db82d11d4bd7,libmemchr-b95fc6834a703ae9,libitoa-1e9e3b22820c4a15,libzmij-3fd0fbc0da54c581,libndarray-704573a91c0e99ac,libmatrixmultiply-97b7c071fa4e1e56,libnum_complex-42f89af720a87795,libnum_integer-26a086fb636f7d4e,libnum_traits-e3a070e9a3cdac24,librawpointer-e637704b8109ab79,libserde-3d7e35f34966e861,libserde_core-fc2e9ba380840c21,libcrc32fast-de10743154edaffb,libsha2-96cefe7a2ee890d1,libcpufeatures-d130f14a0caf1da0,libcfg_if-6d8dca19095bb388,libdigest-59dd0aa135223884,libblock_buffer-a65007ab0bb0cff1,libcrypto_common-b906dd415d544e4f,libgeneric_array-e357883845da9b5e,libtypenum-1642bab676d94b56,libanyhow-20af1bf2f69cd60f}.rlib" "<sysroot>/lib/rustlib/x86_64-unknown-linux-gnu/lib/{libstd-*,libpanic_unwind-*,libobject-*,libmemchr-*,libaddr2line-*,libgimli-*,libcfg_if-*,librustc_demangle-*,libstd_detect-*,libhashbrown-*,librustc_std_workspace_alloc-*,libminiz_oxide-*,libadler2-*,libunwind-*,liblibc-*,librustc_std_workspace_core-*,liballoc-*,libcore-*,libcompiler_builtins-*}.rlib" "-Wl,-Bdynamic" "-lgcc_s" "-lutil" "-lrt" "-lpthread" "-lm" "-ldl" "-lc" "-L" "/opt/rustwide/target/release/deps/rustcoOrh1W/raw-dylibs" "-B<sysroot>/lib/rustlib/x86_64-unknown-linux-gnu/bin/gcc-ld" "-fuse-ld=lld" "-Wl,--eh-frame-hdr" "-Wl,-z,noexecstack" "-L" "<sysroot>/lib/rustlib/x86_64-unknown-linux-gnu/lib" "-o" "/opt/rustwide/target/release/deps/record_test-52e0737b39905064" "-Wl,--gc-sections" "-pie" "-Wl,-z,relro,-z,now" "-Wl,-O1" "-Wl,--strip-debug" "-nodefaultlibs"
[INFO] [stdout]   = note: some arguments are omitted. use `--verbose` to show all linker arguments
[INFO] [stdout]   = note: rust-lld: error: duplicate symbol: encodec_rs_mlx_decode_ecdc
[INFO] [stdout]           >>> defined at encodec_rs.29765a8d4dcfc530-cgu.03
[INFO] [stdout]           >>>            encodec_rs-d0d17d85833e6d36.encodec_rs.29765a8d4dcfc530-cgu.03.rcgu.o:(encodec_rs_mlx_decode_ecdc) in archive /opt/rustwide/target/release/deps/libencodec_rs-d0d17d85833e6d36.rlib
[INFO] [stdout]           >>> defined at encodec_rs.f9de18d7270fbee9-cgu.06
[INFO] [stdout]           >>>            encodec_rs-3ce775ee9c59b1bb.encodec_rs.f9de18d7270fbee9-cgu.06.rcgu.o:(.text.encodec_rs_mlx_decode_ecdc+0x0) in archive /opt/rustwide/target/release/deps/libencodec_rs-3ce775ee9c59b1bb.rlib
[INFO] [stdout]           
[INFO] [stdout]           rust-lld: error: duplicate symbol: encodec_rs_mlx_encode_ecdc
[INFO] [stdout]           >>> defined at encodec_rs.29765a8d4dcfc530-cgu.03
[INFO] [stdout]           >>>            encodec_rs-d0d17d85833e6d36.encodec_rs.29765a8d4dcfc530-cgu.03.rcgu.o:(encodec_rs_mlx_encode_ecdc) in archive /opt/rustwide/target/release/deps/libencodec_rs-d0d17d85833e6d36.rlib
[INFO] [stdout]           >>> defined at encodec_rs.f9de18d7270fbee9-cgu.06
[INFO] [stdout]           >>>            encodec_rs-3ce775ee9c59b1bb.encodec_rs.f9de18d7270fbee9-cgu.06.rcgu.o:(.text.encodec_rs_mlx_encode_ecdc+0x0) in archive /opt/rustwide/target/release/deps/libencodec_rs-3ce775ee9c59b1bb.rlib
[INFO] [stdout]           
[INFO] [stdout]           rust-lld: error: duplicate symbol: encodec_rs_mlx_encode_ecdc_stream_to_path
[INFO] [stdout]           >>> defined at encodec_rs.29765a8d4dcfc530-cgu.03
[INFO] [stdout]           >>>            encodec_rs-d0d17d85833e6d36.encodec_rs.29765a8d4dcfc530-cgu.03.rcgu.o:(encodec_rs_mlx_encode_ecdc_stream_to_path) in archive /opt/rustwide/target/release/deps/libencodec_rs-d0d17d85833e6d36.rlib
[INFO] [stdout]           >>> defined at encodec_rs.f9de18d7270fbee9-cgu.06
[INFO] [stdout]           >>>            encodec_rs-3ce775ee9c59b1bb.encodec_rs.f9de18d7270fbee9-cgu.06.rcgu.o:(.text.encodec_rs_mlx_encode_ecdc_stream_to_path+0x0) in archive /opt/rustwide/target/release/deps/libencodec_rs-3ce775ee9c59b1bb.rlib
[INFO] [stdout]           
[INFO] [stdout]           rust-lld: error: duplicate symbol: encodec_rs_mlx_free_audio
[INFO] [stdout]           >>> defined at encodec_rs.29765a8d4dcfc530-cgu.03
[INFO] [stdout]           >>>            encodec_rs-d0d17d85833e6d36.encodec_rs.29765a8d4dcfc530-cgu.03.rcgu.o:(encodec_rs_mlx_free_audio) in archive /opt/rustwide/target/release/deps/libencodec_rs-d0d17d85833e6d36.rlib
[INFO] [stdout]           >>> defined at encodec_rs.f9de18d7270fbee9-cgu.06
[INFO] [stdout]           >>>            encodec_rs-3ce775ee9c59b1bb.encodec_rs.f9de18d7270fbee9-cgu.06.rcgu.o:(.text.encodec_rs_mlx_free_audio+0x0) in archive /opt/rustwide/target/release/deps/libencodec_rs-3ce775ee9c59b1bb.rlib
[INFO] [stdout]           
[INFO] [stdout]           rust-lld: error: duplicate symbol: encodec_rs_mlx_free_bytes
[INFO] [stdout]           >>> defined at encodec_rs.29765a8d4dcfc530-cgu.03
[INFO] [stdout]           >>>            encodec_rs-d0d17d85833e6d36.encodec_rs.29765a8d4dcfc530-cgu.03.rcgu.o:(encodec_rs_mlx_free_bytes) in archive /opt/rustwide/target/release/deps/libencodec_rs-d0d17d85833e6d36.rlib
[INFO] [stdout]           >>> defined at encodec_rs.f9de18d7270fbee9-cgu.06
[INFO] [stdout]           >>>            encodec_rs-3ce775ee9c59b1bb.encodec_rs.f9de18d7270fbee9-cgu.06.rcgu.o:(.text.encodec_rs_mlx_free_bytes+0x0) in archive /opt/rustwide/target/release/deps/libencodec_rs-3ce775ee9c59b1bb.rlib
[INFO] [stdout]           
[INFO] [stdout]           rust-lld: error: duplicate symbol: encodec_rs_mlx_free_string
[INFO] [stdout]           >>> defined at encodec_rs.29765a8d4dcfc530-cgu.03
[INFO] [stdout]           >>>            encodec_rs-d0d17d85833e6d36.encodec_rs.29765a8d4dcfc530-cgu.03.rcgu.o:(encodec_rs_mlx_free_string) in archive /opt/rustwide/target/release/deps/libencodec_rs-d0d17d85833e6d36.rlib
[INFO] [stdout]           >>> defined at encodec_rs.f9de18d7270fbee9-cgu.06
[INFO] [stdout]           >>>            encodec_rs-3ce775ee9c59b1bb.encodec_rs.f9de18d7270fbee9-cgu.06.rcgu.o:(.text.encodec_rs_mlx_free_string+0x0) in archive /opt/rustwide/target/release/deps/libencodec_rs-3ce775ee9c59b1bb.rlib
[INFO] [stdout]           collect2: error: ld returned 1 exit status
[INFO] [stdout]           
[INFO] [stdout] 
[INFO] [stdout] 
[INFO] [stderr] error: could not compile `test-spin` (bin "record-test") due to 1 previous error
[INFO] running `Command { std: "docker" "inspect" "07a7fef4e35b29cf6e700c3e72f91acf914ae32288a920f5a8b235c4ba7927d5", kill_on_drop: false }`
[INFO] running `Command { std: "docker" "rm" "-f" "07a7fef4e35b29cf6e700c3e72f91acf914ae32288a920f5a8b235c4ba7927d5", kill_on_drop: false }`
[INFO] [stdout] 07a7fef4e35b29cf6e700c3e72f91acf914ae32288a920f5a8b235c4ba7927d5
