[INFO] fetching crate tapstat 1.3.0...
[INFO] testing tapstat-1.3.0 against 1.99.0-beta.8+cargoflags=--release for beta-release-1.100-2
[INFO] extracting crate tapstat 1.3.0 into /workspace/builds/worker-0-tc1/source
[INFO] removed /workspace/builds/worker-0-tc1/source/.cargo/config.toml
[INFO] started tweaking crates.io crate tapstat 1.3.0
[INFO] finished tweaking crates.io crate tapstat 1.3.0
[INFO] tweaked toml for crates.io crate tapstat 1.3.0 written to /workspace/builds/worker-0-tc1/source/Cargo.toml
[INFO] validating manifest of crates.io crate tapstat 1.3.0 on toolchain 1.99.0-beta.8
[INFO] running `Command { std: CARGO_HOME="/workspace/cargo-home" RUSTUP_HOME="/workspace/rustup-home" "/workspace/cargo-home/bin/cargo" "+1.99.0-beta.8" "metadata" "--manifest-path" "Cargo.toml" "--no-deps", kill_on_drop: false }`
[INFO] crate crates.io crate tapstat 1.3.0 already has a lockfile, it will not be regenerated
[INFO] running `Command { std: CARGO_HOME="/workspace/cargo-home" RUSTUP_HOME="/workspace/rustup-home" "/workspace/cargo-home/bin/cargo" "+1.99.0-beta.8" "fetch" "--manifest-path" "Cargo.toml", kill_on_drop: false }`
[INFO] [stderr]     Updating crates.io index
[INFO] [stderr]  Downloading crates ...
[INFO] [stderr]   Downloaded core-foundation v0.7.0
[INFO] [stderr]   Downloaded core-graphics v0.19.2
[INFO] [stderr]   Downloaded cocoa v0.22.0
[INFO] [stderr]   Downloaded stability v0.2.1
[INFO] [stderr]   Downloaded rdev v0.5.3
[INFO] [stderr]   Downloaded core-foundation-sys v0.7.0
[INFO] [stderr]   Downloaded core-graphics v0.21.0
[INFO] [stderr]   Downloaded crossterm v0.27.0
[INFO] [stderr]   Downloaded ratatui v0.27.0
[INFO] running `Command { std: "docker" "create" "-v" "/var/lib/crater-agent-workspace/builds/worker-0-tc1/source:/opt/rustwide/workdir:ro,Z" "-v" "/var/lib/crater-agent-workspace/builds/worker-0-tc1/target:/opt/rustwide/target:rw,Z" "-v" "/var/lib/crater-agent-workspace/cargo-home:/opt/rustwide/cargo-home:ro,Z" "-v" "/var/lib/crater-agent-workspace/rustup-home:/opt/rustwide/rustup-home:ro,Z" "-m" "1610612736" "--network" "none" "ghcr.io/rust-lang/crates-build-env/linux@sha256:77db811e55d90add9212f6832c23229e3de5f1c1f9905e8cb07319ea15df73ac" "sleep" "infinity", kill_on_drop: false }`
[INFO] [stdout] 90791732d55509c005a24a40e0dcab95f8b3804c6a952f8e5dc196343ec92749
[INFO] running `Command { std: "docker" "start" "90791732d55509c005a24a40e0dcab95f8b3804c6a952f8e5dc196343ec92749", kill_on_drop: false }`
[INFO] running `Command { std: "docker" "inspect" "90791732d55509c005a24a40e0dcab95f8b3804c6a952f8e5dc196343ec92749", kill_on_drop: false }`
[INFO] running `Command { std: "docker" "exec" "-e" "SOURCE_DIR=/opt/rustwide/workdir" "-e" "CARGO_HOME=/opt/rustwide/cargo-home" "-e" "RUSTUP_HOME=/opt/rustwide/rustup-home" "-e" "CARGO_TARGET_DIR=/opt/rustwide/target" "-w" "/opt/rustwide/workdir" "--user" "0:0" "90791732d55509c005a24a40e0dcab95f8b3804c6a952f8e5dc196343ec92749" "/opt/rustwide/cargo-home/bin/cargo" "+1.99.0-beta.8" "metadata" "--no-deps" "--format-version=1", kill_on_drop: false }`
[INFO] running `Command { std: "docker" "inspect" "90791732d55509c005a24a40e0dcab95f8b3804c6a952f8e5dc196343ec92749", kill_on_drop: false }`
[INFO] running `Command { std: "docker" "exec" "-e" "SOURCE_DIR=/opt/rustwide/workdir" "-e" "CARGO_HOME=/opt/rustwide/cargo-home" "-e" "RUSTUP_HOME=/opt/rustwide/rustup-home" "-e" "CARGO_TARGET_DIR=/opt/rustwide/target" "-e" "CARGO_INCREMENTAL=0" "-e" "RUST_BACKTRACE=full" "-e" "RUSTFLAGS=--cap-lints=warn" "-e" "RUSTDOCFLAGS=--cap-lints=warn" "-w" "/opt/rustwide/workdir" "--user" "0:0" "90791732d55509c005a24a40e0dcab95f8b3804c6a952f8e5dc196343ec92749" "/opt/rustwide/cargo-home/bin/cargo" "+1.99.0-beta.8" "build" "--frozen" "--message-format=json" "--release", kill_on_drop: false }`
[INFO] [stderr]    Compiling libc v0.2.185
[INFO] [stderr]    Compiling signal-hook v0.3.18
[INFO] [stderr]    Compiling x11 v2.21.0
[INFO] [stderr]    Compiling itertools v0.13.0
[INFO] [stderr]    Compiling bitflags v2.11.1
[INFO] [stderr]    Compiling castaway v0.2.4
[INFO] [stderr]    Compiling unicode-segmentation v1.13.2
[INFO] [stderr]    Compiling lru v0.12.5
[INFO] [stderr]    Compiling cassowary v0.3.0
[INFO] [stderr]    Compiling syn v2.0.117
[INFO] [stderr]    Compiling serde_json v1.0.149
[INFO] [stderr]    Compiling chrono v0.4.44
[INFO] [stderr]    Compiling compact_str v0.7.1
[INFO] [stderr]    Compiling errno v0.3.14
[INFO] [stderr]    Compiling parking_lot_core v0.9.12
[INFO] [stderr]    Compiling mio v0.8.11
[INFO] [stderr]    Compiling fs2 v0.4.3
[INFO] [stderr]    Compiling signal-hook-registry v1.4.8
[INFO] [stderr]    Compiling parking_lot v0.12.5
[INFO] [stderr]    Compiling signal-hook-mio v0.2.5
[INFO] [stderr]    Compiling crossterm v0.27.0
[INFO] [stderr]    Compiling unicode-truncate v1.1.0
[INFO] [stderr]    Compiling rdev v0.5.3
[INFO] [stderr]    Compiling strum_macros v0.26.4
[INFO] [stderr]    Compiling serde_derive v1.0.228
[INFO] [stderr]    Compiling stability v0.2.1
[INFO] [stderr]    Compiling strum v0.26.3
[INFO] [stderr]    Compiling ratatui v0.27.0
[INFO] [stderr]    Compiling serde v1.0.228
[INFO] [stderr]    Compiling tapstat v1.3.0 (/opt/rustwide/workdir)
[INFO] [stderr]     Finished `release` profile [optimized] target(s) in 36.94s
[INFO] running `Command { std: "docker" "inspect" "90791732d55509c005a24a40e0dcab95f8b3804c6a952f8e5dc196343ec92749", kill_on_drop: false }`
[INFO] running `Command { std: "docker" "exec" "-e" "SOURCE_DIR=/opt/rustwide/workdir" "-e" "CARGO_HOME=/opt/rustwide/cargo-home" "-e" "RUSTUP_HOME=/opt/rustwide/rustup-home" "-e" "CARGO_TARGET_DIR=/opt/rustwide/target" "-e" "CARGO_INCREMENTAL=0" "-e" "RUST_BACKTRACE=full" "-e" "RUSTFLAGS=--cap-lints=warn" "-e" "RUSTDOCFLAGS=--cap-lints=warn" "-w" "/opt/rustwide/workdir" "--user" "0:0" "90791732d55509c005a24a40e0dcab95f8b3804c6a952f8e5dc196343ec92749" "/opt/rustwide/cargo-home/bin/cargo" "+1.99.0-beta.8" "test" "--frozen" "--no-run" "--message-format=json" "--release", kill_on_drop: false }`
[INFO] [stderr]    Compiling tapstat v1.3.0 (/opt/rustwide/workdir)
[INFO] [stderr]     Finished `release` profile [optimized] target(s) in 5.63s
[INFO] running `Command { std: "docker" "inspect" "90791732d55509c005a24a40e0dcab95f8b3804c6a952f8e5dc196343ec92749", kill_on_drop: false }`
[INFO] running `Command { std: "docker" "exec" "-e" "SOURCE_DIR=/opt/rustwide/workdir" "-e" "CARGO_HOME=/opt/rustwide/cargo-home" "-e" "RUSTUP_HOME=/opt/rustwide/rustup-home" "-e" "CARGO_TARGET_DIR=/opt/rustwide/target" "-e" "CARGO_INCREMENTAL=0" "-e" "RUST_BACKTRACE=full" "-e" "RUSTFLAGS=--cap-lints=warn" "-e" "RUSTDOCFLAGS=--cap-lints=warn" "-w" "/opt/rustwide/workdir" "--user" "0:0" "90791732d55509c005a24a40e0dcab95f8b3804c6a952f8e5dc196343ec92749" "/opt/rustwide/cargo-home/bin/cargo" "+1.99.0-beta.8" "test" "--frozen" "--release", kill_on_drop: false }`
[INFO] [stderr]     Finished `release` profile [optimized] target(s) in 0.12s
[INFO] [stderr]      Running unittests src/main.rs (/opt/rustwide/target/release/deps/tapstat-aa42b23b128da1bf)
[INFO] [stdout] 
[INFO] [stdout] running 30 tests
[INFO] [stdout] test app::tests::test_correction_rate_empty ... ok
[INFO] [stdout] test app::tests::test_sorted_top_basic ... ok
[INFO] [stdout] test input::tests::test_format_key_unknown ... ok
[INFO] [stdout] test app::tests::test_shift_calendar_selection_cross_month_success ... ok
[INFO] [stdout] test app::tests::test_shift_calendar_selection_boundary_stays ... ok
[INFO] [stdout] test app::tests::test_sorted_top_n_larger_than_map ... ok
[INFO] [stdout] test app::tests::test_sorted_top_tie_breaker ... ok
[INFO] [stdout] test input::tests::test_format_button ... ok
[INFO] [stdout] test input::tests::test_format_key_letters ... ok
[INFO] [stdout] test app::tests::test_date_rollover_archives_and_resets ... ok
[INFO] [stdout] test input::tests::test_format_key_modifiers_split ... ok
[INFO] [stdout] test input::tests::test_format_key_specials ... ok
[INFO] [stdout] test app::tests::test_correction_rate_levels ... ok
[INFO] [stdout] test heatmap::tests::test_heat_color_zero ... ok
[INFO] [stdout] test heatmap::tests::test_heat_color_tiers ... ok
[INFO] [stdout] test storage::tests::test_cleanup_hourly_files_removes_old_files ... ok
[INFO] [stdout] test storage::tests::test_corrupt_json_is_quarantined ... ok
[INFO] [stdout] test app::tests::test_input_triggers_immediate_rollover ... ok
[INFO] [stdout] test app::tests::test_shift_calendar_selection_skips_empty_dates ... ok
[INFO] [stdout] test input::tests::test_is_modifier ... ok
[INFO] [stdout] test storage::tests::test_is_date_json_invalid ... ok
[INFO] [stdout] test storage::tests::test_is_date_json_valid ... ok
[INFO] [stdout] test storage::tests::test_has_data_for_month ... ok
[INFO] [stdout] test storage::tests::test_try_load_quick_save_v2_full_recovery ... ok
[INFO] [stdout] test storage::tests::test_merge_record_into_accumulates_counts ... ok
[INFO] [stdout] test storage::tests::test_try_load_quick_save_csv_fallback ... ok
[INFO] [stdout] test storage::tests::test_mouse_only_v2_snapshot_not_treated_as_csv ... ok
[INFO] [stderr] error: test failed, to rerun pass `--bin tapstat`
[INFO] [stdout] test storage::tests::test_load_history_summary_rebuilds_when_stale ... FAILED
[INFO] [stdout] test storage::tests::test_load_month_records ... ok
[INFO] [stdout] test storage::tests::test_rebuild_trend_cache_sorted_and_windowed ... ok
[INFO] [stdout] 
[INFO] [stdout] failures:
[INFO] [stdout] 
[INFO] [stdout] ---- storage::tests::test_load_history_summary_rebuilds_when_stale stdout ----
[INFO] [stdout] 
[INFO] [stdout] thread 'storage::tests::test_load_history_summary_rebuilds_when_stale' (787) panicked at src/storage.rs:861:9:
[INFO] [stdout] assertion `left == right` failed
[INFO] [stdout]   left: 100
[INFO] [stdout]  right: 300
[INFO] [stdout] stack backtrace:
[INFO] [stdout]    0:     0x5bd3ef75f761 - <<std[70759c8f55707aa4]::sys::backtrace::BacktraceLock>::print::DisplayBacktrace as core[df12db4294e9bfd3]::fmt::Display>::fmt
[INFO] [stdout]    1:     0x5bd3ef774cfa - core[df12db4294e9bfd3]::fmt::write
[INFO] [stdout]    2:     0x5bd3ef763f8c - <alloc[2182bb758b4b3781]::vec::Vec<u8> as core[df12db4294e9bfd3]::io::write::Write>::write_fmt
[INFO] [stdout]    3:     0x5bd3ef7395f6 - std[70759c8f55707aa4]::panicking::default_hook::{closure#0}
[INFO] [stdout]    4:     0x5bd3ef756909 - std[70759c8f55707aa4]::panicking::default_hook
[INFO] [stdout]    5:     0x5bd3ef6e0a20 - test[9d35eded1c95d3be]::test_main_inner::<test[9d35eded1c95d3be]::test_main_static::{closure#0}>::{closure#0}
[INFO] [stdout]    6:     0x5bd3ef756ac2 - std[70759c8f55707aa4]::panicking::panic_with_hook
[INFO] [stdout]    7:     0x5bd3ef7396a2 - std[70759c8f55707aa4]::panicking::panic_handler::{closure#0}
[INFO] [stdout]    8:     0x5bd3ef732079 - std[70759c8f55707aa4]::sys::backtrace::__rust_end_short_backtrace::<std[70759c8f55707aa4]::panicking::panic_handler::{closure#0}, !>
[INFO] [stdout]    9:     0x5bd3ef73a38d - __rustc[8fa7c3cbc660c2b3]::rust_begin_unwind
[INFO] [stdout]   10:     0x5bd3ef77542c - core[df12db4294e9bfd3]::panicking::panic_fmt
[INFO] [stdout]   11:     0x5bd3ef775343 - core[df12db4294e9bfd3]::panicking::assert_failed_inner
[INFO] [stdout]   12:     0x5bd3ef77157d - core[df12db4294e9bfd3]::panicking::assert_failed::<u64, u64>
[INFO] [stdout]   13:     0x5bd3ef6ada97 - tapstat[7a8bafd3f18ad965]::storage::tests::test_load_history_summary_rebuilds_when_stale
[INFO] [stdout]   14:     0x5bd3ef6cc1c9 - <tapstat[7a8bafd3f18ad965]::storage::tests::test_load_history_summary_rebuilds_when_stale::{closure#0} as core[df12db4294e9bfd3]::ops::function::FnOnce<()>>::call_once
[INFO] [stdout]   15:     0x5bd3ef6d3d0b - test[9d35eded1c95d3be]::__rust_begin_short_backtrace::<core[df12db4294e9bfd3]::result::Result<(), alloc[2182bb758b4b3781]::string::String>, fn() -> core[df12db4294e9bfd3]::result::Result<(), alloc[2182bb758b4b3781]::string::String>>
[INFO] [stdout]   16:     0x5bd3ef6e1375 - test[9d35eded1c95d3be]::run_test::{closure#0}
[INFO] [stdout]   17:     0x5bd3ef6dac34 - std[70759c8f55707aa4]::sys::backtrace::__rust_begin_short_backtrace::<test[9d35eded1c95d3be]::run_test::{closure#1}, ()>
[INFO] [stdout]   18:     0x5bd3ef6e44d2 - <std[70759c8f55707aa4]::thread::lifecycle::spawn_unchecked<test[9d35eded1c95d3be]::run_test::{closure#1}, ()>::{closure#1} as core[df12db4294e9bfd3]::ops::function::FnOnce<()>>::call_once::{shim:vtable#0}
[INFO] [stdout]   19:     0x5bd3ef75e7b9 - <std[70759c8f55707aa4]::sys::thread::unix::Thread>::new::thread_start
[INFO] [stdout]   20:     0x7eb374149dfa - <unknown>
[INFO] [stdout]   21:     0x7eb3741dd3d4 - clone
[INFO] [stdout]   22:                0x0 - <unknown>
[INFO] [stdout] 
[INFO] [stdout] 
[INFO] [stdout] failures:
[INFO] [stdout]     storage::tests::test_load_history_summary_rebuilds_when_stale
[INFO] [stdout] 
[INFO] [stdout] test result: FAILED. 29 passed; 1 failed; 0 ignored; 0 measured; 0 filtered out; finished in 0.02s
[INFO] [stdout] 
[INFO] running `Command { std: "docker" "inspect" "90791732d55509c005a24a40e0dcab95f8b3804c6a952f8e5dc196343ec92749", kill_on_drop: false }`
[INFO] running `Command { std: "docker" "rm" "-f" "90791732d55509c005a24a40e0dcab95f8b3804c6a952f8e5dc196343ec92749", kill_on_drop: false }`
[INFO] [stdout] 90791732d55509c005a24a40e0dcab95f8b3804c6a952f8e5dc196343ec92749
