[INFO] fetching crate t32-language-server 0.14.2...
[INFO] testing t32-language-server-0.14.2 against 1.99.0-beta.8+cargoflags=--release for beta-release-1.100-2
[INFO] extracting crate t32-language-server 0.14.2 into /workspace/builds/worker-0-tc1/source
[INFO] started tweaking crates.io crate t32-language-server 0.14.2
[INFO] removed 0 missing tests
[INFO] finished tweaking crates.io crate t32-language-server 0.14.2
[INFO] tweaked toml for crates.io crate t32-language-server 0.14.2 written to /workspace/builds/worker-0-tc1/source/Cargo.toml
[INFO] validating manifest of crates.io crate t32-language-server 0.14.2 on toolchain 1.99.0-beta.8
[INFO] running `Command { std: CARGO_HOME="/workspace/cargo-home" RUSTUP_HOME="/workspace/rustup-home" "/workspace/cargo-home/bin/cargo" "+1.99.0-beta.8" "metadata" "--manifest-path" "Cargo.toml" "--no-deps", kill_on_drop: false }`
[INFO] crate crates.io crate t32-language-server 0.14.2 already has a lockfile, it will not be regenerated
[INFO] running `Command { std: CARGO_HOME="/workspace/cargo-home" RUSTUP_HOME="/workspace/rustup-home" "/workspace/cargo-home/bin/cargo" "+1.99.0-beta.8" "fetch" "--manifest-path" "Cargo.toml", kill_on_drop: false }`
[INFO] [stderr]     Updating crates.io index
[INFO] [stderr]  Downloading crates ...
[INFO] [stderr]   Downloaded tree-sitter v0.26.9
[INFO] [stderr]   Downloaded tree-sitter-t32 v9.0.1
[INFO] running `Command { std: "docker" "create" "-v" "/var/lib/crater-agent-workspace/builds/worker-0-tc1/source:/opt/rustwide/workdir:ro,Z" "-v" "/var/lib/crater-agent-workspace/builds/worker-0-tc1/target:/opt/rustwide/target:rw,Z" "-v" "/var/lib/crater-agent-workspace/cargo-home:/opt/rustwide/cargo-home:ro,Z" "-v" "/var/lib/crater-agent-workspace/rustup-home:/opt/rustwide/rustup-home:ro,Z" "-m" "1610612736" "--network" "none" "ghcr.io/rust-lang/crates-build-env/linux@sha256:77db811e55d90add9212f6832c23229e3de5f1c1f9905e8cb07319ea15df73ac" "sleep" "infinity", kill_on_drop: false }`
[INFO] [stdout] 6d2512d98a3bf0478cf316ceb0c8894e36f68c4b7a8e0dd77542bd9f663bf02a
[INFO] running `Command { std: "docker" "start" "6d2512d98a3bf0478cf316ceb0c8894e36f68c4b7a8e0dd77542bd9f663bf02a", kill_on_drop: false }`
[INFO] running `Command { std: "docker" "inspect" "6d2512d98a3bf0478cf316ceb0c8894e36f68c4b7a8e0dd77542bd9f663bf02a", kill_on_drop: false }`
[INFO] running `Command { std: "docker" "exec" "-e" "SOURCE_DIR=/opt/rustwide/workdir" "-e" "CARGO_HOME=/opt/rustwide/cargo-home" "-e" "RUSTUP_HOME=/opt/rustwide/rustup-home" "-e" "CARGO_TARGET_DIR=/opt/rustwide/target" "-w" "/opt/rustwide/workdir" "--user" "0:0" "6d2512d98a3bf0478cf316ceb0c8894e36f68c4b7a8e0dd77542bd9f663bf02a" "/opt/rustwide/cargo-home/bin/cargo" "+1.99.0-beta.8" "metadata" "--no-deps" "--format-version=1", kill_on_drop: false }`
[INFO] running `Command { std: "docker" "inspect" "6d2512d98a3bf0478cf316ceb0c8894e36f68c4b7a8e0dd77542bd9f663bf02a", kill_on_drop: false }`
[INFO] running `Command { std: "docker" "exec" "-e" "SOURCE_DIR=/opt/rustwide/workdir" "-e" "CARGO_HOME=/opt/rustwide/cargo-home" "-e" "RUSTUP_HOME=/opt/rustwide/rustup-home" "-e" "CARGO_TARGET_DIR=/opt/rustwide/target" "-e" "CARGO_INCREMENTAL=0" "-e" "RUST_BACKTRACE=full" "-e" "RUSTFLAGS=--cap-lints=warn" "-e" "RUSTDOCFLAGS=--cap-lints=warn" "-w" "/opt/rustwide/workdir" "--user" "0:0" "6d2512d98a3bf0478cf316ceb0c8894e36f68c4b7a8e0dd77542bd9f663bf02a" "/opt/rustwide/cargo-home/bin/cargo" "+1.99.0-beta.8" "build" "--frozen" "--message-format=json" "--release", kill_on_drop: false }`
[INFO] [stderr]    Compiling syn v2.0.118
[INFO] [stderr]    Compiling tree-sitter-language v0.1.7
[INFO] [stderr]    Compiling cc v1.2.64
[INFO] [stderr]    Compiling serde_core v1.0.228
[INFO] [stderr]    Compiling memchr v2.8.2
[INFO] [stderr]    Compiling serde_json v1.0.150
[INFO] [stderr]    Compiling smallvec v1.15.2
[INFO] [stderr]    Compiling regex-syntax v0.8.11
[INFO] [stderr]    Compiling streaming-iterator v0.1.9
[INFO] [stderr]    Compiling aho-corasick v1.1.4
[INFO] [stderr]    Compiling tree-sitter-t32 v9.0.1
[INFO] [stderr]    Compiling regex-automata v0.4.14
[INFO] [stderr]    Compiling synstructure v0.13.2
[INFO] [stderr]    Compiling zerofrom-derive v0.1.7
[INFO] [stderr]    Compiling yoke-derive v0.8.2
[INFO] [stderr]    Compiling zerovec-derive v0.11.3
[INFO] [stderr]    Compiling zerofrom v0.1.8
[INFO] [stderr]    Compiling displaydoc v0.2.6
[INFO] [stderr]    Compiling yoke v0.8.3
[INFO] [stderr]    Compiling tree-sitter v0.26.9
[INFO] [stderr]    Compiling serde_derive v1.0.228
[INFO] [stderr]    Compiling zerotrie v0.2.4
[INFO] [stderr]    Compiling serde_repr v0.1.20
[INFO] [stderr]    Compiling zerovec v0.11.6
[INFO] [stderr]    Compiling regex v1.12.4
[INFO] [stderr]    Compiling tinystr v0.8.3
[INFO] [stderr]    Compiling icu_locale_core v2.2.0
[INFO] [stderr]    Compiling potential_utf v0.1.5
[INFO] [stderr]    Compiling icu_collections v2.2.0
[INFO] [stderr]    Compiling icu_provider v2.2.0
[INFO] [stderr]    Compiling icu_normalizer v2.2.0
[INFO] [stderr]    Compiling icu_properties v2.2.0
[INFO] [stderr]    Compiling serde v1.0.228
[INFO] [stderr]    Compiling idna_adapter v1.2.2
[INFO] [stderr]    Compiling idna v1.1.0
[INFO] [stderr]    Compiling url v2.5.8
[INFO] [stderr]    Compiling t32-language-server v0.14.2 (/opt/rustwide/workdir)
[INFO] [stderr]     Finished `release` profile [optimized] target(s) in 2m 02s
[INFO] running `Command { std: "docker" "inspect" "6d2512d98a3bf0478cf316ceb0c8894e36f68c4b7a8e0dd77542bd9f663bf02a", kill_on_drop: false }`
[INFO] running `Command { std: "docker" "exec" "-e" "SOURCE_DIR=/opt/rustwide/workdir" "-e" "CARGO_HOME=/opt/rustwide/cargo-home" "-e" "RUSTUP_HOME=/opt/rustwide/rustup-home" "-e" "CARGO_TARGET_DIR=/opt/rustwide/target" "-e" "CARGO_INCREMENTAL=0" "-e" "RUST_BACKTRACE=full" "-e" "RUSTFLAGS=--cap-lints=warn" "-e" "RUSTDOCFLAGS=--cap-lints=warn" "-w" "/opt/rustwide/workdir" "--user" "0:0" "6d2512d98a3bf0478cf316ceb0c8894e36f68c4b7a8e0dd77542bd9f663bf02a" "/opt/rustwide/cargo-home/bin/cargo" "+1.99.0-beta.8" "test" "--frozen" "--no-run" "--message-format=json" "--release", kill_on_drop: false }`
[INFO] [stderr]    Compiling t32-language-server v0.14.2 (/opt/rustwide/workdir)
[INFO] [stderr]     Finished `release` profile [optimized] target(s) in 59.45s
[INFO] running `Command { std: "docker" "inspect" "6d2512d98a3bf0478cf316ceb0c8894e36f68c4b7a8e0dd77542bd9f663bf02a", kill_on_drop: false }`
[INFO] running `Command { std: "docker" "exec" "-e" "SOURCE_DIR=/opt/rustwide/workdir" "-e" "CARGO_HOME=/opt/rustwide/cargo-home" "-e" "RUSTUP_HOME=/opt/rustwide/rustup-home" "-e" "CARGO_TARGET_DIR=/opt/rustwide/target" "-e" "CARGO_INCREMENTAL=0" "-e" "RUST_BACKTRACE=full" "-e" "RUSTFLAGS=--cap-lints=warn" "-e" "RUSTDOCFLAGS=--cap-lints=warn" "-w" "/opt/rustwide/workdir" "--user" "0:0" "6d2512d98a3bf0478cf316ceb0c8894e36f68c4b7a8e0dd77542bd9f663bf02a" "/opt/rustwide/cargo-home/bin/cargo" "+1.99.0-beta.8" "test" "--frozen" "--release", kill_on_drop: false }`
[INFO] [stderr]     Finished `release` profile [optimized] target(s) in 0.11s
[INFO] [stderr]      Running unittests src/lib.rs (/opt/rustwide/target/release/deps/t32_language_server-c523539eef6becfc)
[INFO] [stdout] 
[INFO] [stdout] running 183 tests
[INFO] [stderr] WARNING: Missing argument \"--clientProcessId=PID\"
[INFO] [stderr] Process ID of parent process is not available. The editor process cannot be
[INFO] [stderr] monitored for shutdown.
[INFO] [stderr] WARNING: Missing argument \"--clientProcessId=PID\"
[INFO] [stderr] Process ID of parent process is not available. The editor process cannot be
[INFO] [stderr] monitored for shutdown.
[INFO] [stdout] test config::tests::can_parse_t32_system_directory ... ok
[INFO] [stdout] test config::tests::can_parse_t32_temporary_directory ... ok
[INFO] [stdout] test ls::doc::store::test::can_close_documents ... ok
[INFO] [stdout] test ls::doc::store::test::can_open_documents ... ok
[INFO] [stdout] test ls::doc::test::can_find_commands ... ok
[INFO] [stdout] test ls::doc::test::can_find_all_macro_references ... ok
[INFO] [stdout] test ls::doc::test::can_find_global_scoped_macros ... ok
[INFO] [stdout] test ls::doc::store::test::can_update_callers ... ok
[INFO] [stdout] test ls::doc::store::test::can_rename_files ... ok
[INFO] [stdout] test ls::doc::store::test::can_update_command_index ... ok
[INFO] [stdout] test ls::doc::store::test::can_import_workspace ... ok
[INFO] [stdout] test ls::doc::test::can_find_end_of_subroutines_from_labeled_expression ... ok
[INFO] [stdout] test ls::doc::test::can_find_local_scoped_macros ... ok
[INFO] [stdout] test ls::doc::test::can_find_implicitly_defined_macros ... ok
[INFO] [stdout] test ls::doc::store::test::can_update_file_target_index ... ok
[INFO] [stdout] test ls::doc::test::can_find_macro_definitions_in_subroutines_without_caller ... ok
[INFO] [stdout] test ls::doc::test::can_resolve_ambiguous_script_call_targets ... ok
[INFO] [stdout] test ls::doc::test::can_find_subroutine_calls ... ok
[INFO] [stdout] test ls::doc::test::can_find_subroutines ... ok
[INFO] [stdout] test ls::doc::test::can_find_private_scoped_macros ... ok
[INFO] [stdout] test ls::doc::test::can_find_parameters ... ok
[INFO] [stdout] test ls::doc::test::can_find_script_calls ... ok
[INFO] [stdout] test ls::doc::test::can_resolve_script_call_targets_with_relative_path ... ok
[INFO] [stdout] test ls::doc::store::test::can_update_macro_index ... ok
[INFO] [stdout] test ls::doc::textdoc::test::can_calculate_distance ... ok
[INFO] [stdout] test ls::doc::textdoc::test::can_calculate_offsets_for_all_eol_variants ... ok
[INFO] [stdout] test ls::doc::textdoc::test::can_handle_edits_that_clear_the_complete_file ... ok
[INFO] [stdout] test ls::doc::textdoc::test::can_handle_edits_that_remove_text ... ok
[INFO] [stdout] test ls::doc::textdoc::test::can_handle_text_not_ending_with_newline ... ok
[INFO] [stdout] test ls::doc::test::can_resolve_script_call_targets ... ok
[INFO] [stdout] test ls::doc::textdoc::test::can_process_edits_that_insert_multi_lines ... ok
[INFO] [stdout] test ls::doc::textdoc::test::can_handle_edits_that_prepend_text ... ok
[INFO] [stdout] test ls::doc::textdoc::test::can_deal_with_malformed_ranges ... ok
[INFO] [stdout] test ls::doc::textdoc::test::can_handle_edits_that_append_text ... ok
[INFO] [stdout] test ls::lsp::header::tests::detects_invalid_headers ... ok
[INFO] [stdout] test ls::doc::textdoc::test::can_shift_byte_offset ... ok
[INFO] [stdout] test ls::doc::textdoc::test::uses_bytes_and_utf16_code_units_for_offsets ... ok
[INFO] [stdout] test ls::lsp::header::tests::detects_invalid_header ... ok
[INFO] [stdout] test ls::lsp::header::tests::scans_full_header ... ok
[INFO] [stdout] test ls::doc::textdoc::test::can_deal_with_edits_that_delete_empty_lines ... ok
[INFO] [stdout] test ls::lsp::header::tests::scans_min_header ... ok
[INFO] [stdout] test ls::lsp::header::tests::scans_single_token ... ok
[INFO] [stdout] test ls::lsp::jsonrpc::tests::can_create_did_change_text_document_notification ... ok
[INFO] [stdout] test ls::lsp::jsonrpc::tests::can_create_did_close_text_document_notification ... ok
[INFO] [stdout] test ls::lsp::jsonrpc::tests::can_create_did_open_text_document_notification ... ok
[INFO] [stdout] test ls::lsp::jsonrpc::tests::can_create_error_response ... ok
[INFO] [stdout] test ls::lsp::jsonrpc::tests::can_create_exit_notification ... ok
[INFO] [stdout] test ls::lsp::jsonrpc::tests::can_create_folding_range_response ... ok
[INFO] [stdout] test ls::lsp::jsonrpc::tests::can_create_goto_definition_response ... ok
[INFO] [stdout] test ls::lsp::jsonrpc::tests::can_create_initialize_request ... ok
[INFO] [stdout] test ls::lsp::header::tests::validates_full_header ... ok
[INFO] [stdout] test ls::lsp::jsonrpc::tests::can_create_initialize_response ... ok
[INFO] [stdout] test ls::lsp::header::tests::validates_min_header ... ok
[INFO] [stdout] test ls::lsp::jsonrpc::tests::can_create_goto_definition_request ... ok
[INFO] [stdout] test ls::doc::textdoc::test::can_calculate_position ... ok
[INFO] [stdout] test ls::lsp::jsonrpc::tests::can_create_initialized_notification ... ok
[INFO] [stdout] test ls::lsp::jsonrpc::tests::can_create_log_trace_notification ... ok
[INFO] [stdout] test ls::lsp::jsonrpc::tests::can_create_folding_range_request ... ok
[INFO] [stdout] test ls::lsp::jsonrpc::tests::can_create_set_trace_notification ... ok
[INFO] [stdout] test ls::lsp::jsonrpc::tests::can_create_shutdown_request ... ok
[INFO] [stdout] test ls::doc::textdoc::test::can_perform_incremenal_text_update ... ok
[INFO] [stdout] test ls::doc::textdoc::test::can_process_edits_that_cut_multi_lines ... ok
[INFO] [stdout] test ls::lsp::jsonrpc::tests::can_create_shutdown_response ... ok
[INFO] [stdout] test ls::lsp::jsonrpc::tests::can_create_window_workdone_progress_req ... ok
[INFO] [stdout] test ls::lsp::jsonrpc::tests::can_create_workdone_progress_notification ... ok
[INFO] [stdout] test ls::lsp::jsonrpc::tests::can_create_semantic_tokens_range_request ... ok
[INFO] [stdout] test ls::lsp::jsonrpc::tests::can_create_semantic_tokens_range_response ... ok
[INFO] [stdout] test ls::lsp::jsonrpc::tests::can_deserialize_error_response ... ok
[INFO] [stdout] test ls::lsp::jsonrpc::tests::can_create_workdone_progress_cancel_notif ... ok
[INFO] [stdout] test ls::lsp::jsonrpc::tests::can_deserialize_null_response ... ok
[INFO] [stdout] test ls::lsp::jsonrpc::tests::can_parse_null_response ... ok
[INFO] [stdout] test ls::lsp::jsonrpc::tests::throws_error_on_missing_field ... ok
[INFO] [stdout] test ls::lsp::tests::deals_with_malformed_header ... ok
[INFO] [stdout] test ls::lsp::tests::parses_all_lowercase_header ... ok
[INFO] [stdout] test ls::lsp::tests::parses_full_header ... ok
[INFO] [stdout] test ls::lsp::tests::parses_msg_content ... ok
[INFO] [stdout] test ls::lsp::tests::ignores_garbage_before_header ... ok
[INFO] [stdout] test ls::lsp::tests::parses_msg ... ok
[INFO] [stdout] test ls::lsp::tests::waits_for_content_len ... ok
[INFO] [stdout] test ls::proc::tests::detects_pid_alive ... ok
[INFO] [stdout] test ls::lsp::jsonrpc::tests::can_create_semantic_tokens_full_request ... ok
[INFO] [stdout] test ls::lsp::jsonrpc::tests::can_create_semantic_tokens_full_response ... ok
[INFO] [stdout] test ls::tasks::lang::definitions::tests::can_break_recursion_loops_for_subroutine_macro_defs ... ok
[INFO] [stdout] test ls::tasks::lang::definitions::tests::can_find_global_macro_definition ... ok
[INFO] [stdout] test ls::tasks::lang::definitions::tests::can_find_outside_macro_definition_for_subroutine ... ok
[INFO] [stdout] test ls::tasks::lang::definitions::tests::can_find_macro_definition_with_docstring ... ok
[INFO] [stdout] test ls::tasks::lang::definitions::tests::can_find_macro_definition_inside_subroutine ... ok
[INFO] [stdout] test ls::tasks::lang::definitions::tests::can_find_macro_definition_covering_subscript_call ... ok
[INFO] [stdout] test ls::tasks::lang::definitions::tests::can_progress_goto_external_macro_definition_req ... ok
[INFO] [stdout] test ls::tasks::lang::definitions::tests::can_find_subscript_call_target ... ok
[INFO] [stdout] test ls::tasks::lang::definitions::tests::visits_scripts_for_external_macro_definition_lookup_only_once ... ok
[INFO] [stdout] test ls::tasks::lang::definitions::tests::can_find_private_macro_definition ... ok
[INFO] [stdout] test ls::tasks::lang::definitions::tests::can_process_goto_definition_result ... ok
[INFO] [stdout] test ls::tasks::lang::references::tests::can_find_external_definitions_for_macro_ref ... ok
[INFO] [stdout] test ls::tasks::lang::definitions::tests::can_queue_lookups_for_external_macro_definitions ... ok
[INFO] [stdout] test ls::tasks::lang::folds::tests::can_encode_code_folds ... ok
[INFO] [stdout] test ls::tasks::lang::folds::tests::can_map_folding_range_types ... ok
[INFO] [stdout] test ls::tasks::lang::references::tests::can_find_infile_references_for_macro_definition ... ok
[INFO] [stdout] test ls::tasks::lang::references::tests::can_find_references_for_label ... ok
[INFO] [stdout] test ls::tasks::lang::definitions::tests::can_find_macro_global_macro_definition ... ok
[INFO] [stdout] test ls::tasks::lang::references::tests::can_find_references_for_subroutine_call ... ok
[INFO] [stdout] test ls::tasks::lang::references::tests::can_find_references_for_macros_on_stack ... ok
[INFO] [stdout] test ls::tasks::lang::references::tests::can_find_references_for_subroutine_defintion ... ok
[INFO] [stdout] test ls::tasks::lang::references::tests::can_progress_external_definition_lookup_for_final_definitions ... ok
[INFO] [stdout] test ls::tasks::lang::references::tests::can_progress_external_definition_lookup_for_partial_definitions ... ok
[INFO] [stdout] test ls::tasks::lang::references::tests::can_progress_macro_ref_lookup_from_definition ... ok
[INFO] [stdout] test ls::tasks::lang::references::tests::can_progress_macro_ref_lookup_in_subscripts ... ok
[INFO] [stdout] test ls::tasks::lang::definitions::tests::can_identify_implicit_macro_definitions ... ok
[INFO] [stdout] test ls::tasks::lang::references::tests::can_process_find_refs_result_for_file_target ... ok
[INFO] [stdout] test ls::tasks::lang::references::tests::can_queue_global_macro_reference_lookups ... ok
[INFO] [stdout] test ls::tasks::lang::references::tests::can_queue_lookups_for_subscript_macro_references ... ok
[INFO] [stdout] test ls::tasks::lang::references::tests::can_return_command_identifier_for_find_references_req ... ok
[INFO] [stdout] test ls::tasks::lang::references::tests::can_process_find_refs_result_for_macro_only_defined_in_file ... ok
[INFO] [stdout] test ls::tasks::lang::references::tests::can_return_subscript_call_file_target_for_find_reference_req ... ok
[INFO] [stdout] test ls::tasks::lang::references::tests::can_queue_lookups_for_externally_defined_macros ... ok
[INFO] [stdout] test ls::tasks::lang::references::tests::can_process_find_refs_result_for_externally_defined_macro ... ok
[INFO] [stdout] test ls::tasks::lang::definitions::tests::can_find_macro_definition_across_subroutine_calls ... ok
[INFO] [stdout] test ls::tasks::lang::references::tests::can_queue_lookups_for_macro_definition_references ... ok
[INFO] [stdout] test ls::tasks::lang::references::tests::skips_redundant_subscript_macro_ref_checks ... ok
[INFO] [stdout] test ls::tasks::lang::semantic::tests::can_flatten_overlapping_tokens ... ok
[INFO] [stdout] test ls::tasks::progress::tests::can_abort_workdone_progress ... ok
[INFO] [stdout] test ls::tasks::progress::tests::can_cancel_workdone_progress ... ok
[INFO] [stdout] test ls::tasks::progress::tests::can_confirm_workdone_progress ... ok
[INFO] [stdout] test ls::tasks::progress::tests::can_finish_wordone_progress ... ok
[INFO] [stdout] test ls::tasks::progress::tests::can_initiate_workdone_progress ... ok
[INFO] [stdout] test ls::tasks::progress::tests::can_report_progress_for_fast_task ... ok
[INFO] [stdout] test ls::tasks::progress::tests::can_report_workdone_progress ... ok
[INFO] [stdout] test ls::tasks::lang::semantic::tests::can_split_multiline_tokens ... ok
[INFO] [stdout] test ls::tasks::progress::tests::can_announce_workdone_progress ... ok
[INFO] [stdout] test ls::tasks::progress::tests::can_begin_workdone_progress ... ok
[INFO] [stdout] test ls::tasks::workspace::tests::can_finish_file_discovery_stage ... ok
[INFO] [stdout] test ls::tasks::workspace::tests::can_finish_file_indexing_stage ... ok
[INFO] [stdout] test ls::tasks::workspace::tests::can_finish_file_parsing_stage ... ok
[INFO] [stdout] test ls::tasks::workspace::tests::can_progress_file_discovery_stage ... ok
[INFO] [stdout] test ls::tasks::lang::references::tests::can_skip_redundant_lookups_for_externally_defined_macros ... ok
[INFO] [stdout] test ls::tasks::workspace::tests::can_start_file_discovery_stage ... ok
[INFO] [stdout] test ls::tasks::workspace::tests::can_progress_file_indexing_stage ... ok
[INFO] [stdout] test ls::tasks::workspace::tests::can_start_file_scanning_stage ... ok
[INFO] [stdout] test ls::tasks::workspace::tests::can_progress_file_parsing_stage ... ok
[INFO] [stdout] test ls::tasks::workspace::tests::can_start_file_indexing_stage ... ok
[INFO] [stdout] test ls::tasks::workspace::tests::reports_file_parse_errors ... ok
[INFO] [stdout] test ls::tasks::workspace::tests::reports_missing_workspace_roots ... ok
[INFO] [stdout] test ls::workspace::test::can_update_file_idx ... ok
[INFO] [stdout] test t32::expressions::tests::can_resolve_ambiguous_path_with_current_script_dir_prefix ... ok
[INFO] [stdout] test ls::tasks::workspace::tests::does_not_overwrite_doc_with_stale_data ... ok
[INFO] [stdout] test t32::expressions::tests::can_resolve_non_conflicting_path_with_current_script_dir_prefix ... ok
[INFO] [stdout] test t32::expressions::tests::detects_lower_or_mixed_case_parameter_declaration_keywords ... ok
[INFO] [stdout] test t32::expressions::tests::detects_subroutine_call_expressions_with_macro_target ... ok
[INFO] [stdout] test t32::macros::tests::detects_lower_or_mixed_case_macro_definition_keywords ... ok
[INFO] [stdout] test t32::macros::tests::can_extract_macro_from_definition_ending_with_comment ... ok
[INFO] [stdout] test t32::parse::test::can_create_ast ... ok
[INFO] [stdout] test t32::macros::tests::can_extract_params_around_line_directive ... ok
[INFO] [stdout] test t32::parse::test::can_update_ast_after_append_operation ... ok
[INFO] [stdout] test t32::parse::test::can_update_ast_after_prepend_operation ... ok
[INFO] [stdout] test t32::parse::test::can_update_ast_after_delete_operation ... ok
[INFO] [stdout] test t32::parse::test::can_update_ast_after_insert_operation ... ok
[INFO] [stdout] test ls::tasks::lang::references::tests::visits_subscripts_for_macro_reference_lookup_only_once ... ok
[INFO] [stdout] test t32::query::tests::can_mark_code_folds ... ok
[INFO] [stdout] test ls::tasks::tests::can_block_tasks_until_ready ... ok
[INFO] [stdout] test t32::query::tests::captures_semantic_tokens_for_control_flow_and_commands_keywords ... ok
[INFO] [stdout] test t32::query::tests::captures_semantic_tokens_for_comments ... ok
[INFO] [stdout] test t32::query::tests::captures_paths_as_special_string_semantic_tokens ... ok
[INFO] [stdout] test t32::query::tests::captures_semantic_tokens_for_operator_keywords ... ok
[INFO] [stdout] test t32::query::tests::captures_semantic_tokens_for_format_parameters ... ok
[INFO] [stdout] test t32::query::tests::captures_semantic_tokens_for_parameter_declarations ... ok
[INFO] [stdout] test t32::query::tests::captures_semantic_tokens_for_strings ... ok
[INFO] [stdout] test t32::query::tests::captures_semantic_tokens_for_subroutine_calls ... ok
[INFO] [stdout] test t32::query::tests::can_determine_syntax_highlights ... ok
[INFO] [stdout] test t32::query::tests::can_restrict_captures_to_range ... ok
[INFO] [stdout] test t32::query::tests::captures_semantic_tokens_for_option_parameters ... ok
[INFO] [stdout] test t32::query::tests::does_not_capture_other_keywords_with_function_definition ... ok
[INFO] [stdout] test t32::query::tests::does_not_capture_operators_in_macros ... ok
[INFO] [stdout] test t32::query::tests::ignores_tokens_with_zero_length ... ok
[INFO] [stdout] test t32::query::tests::selects_capture_with_higher_priority ... ok
[INFO] [stdout] test t32::query::tests::sets_token_modifier_for_builtin_functions ... ok
[INFO] [stdout] test t32::query::tests::sets_token_modifier_for_if_then_keywords ... ok
[INFO] [stdout] test t32::query::tests::sets_token_modifier_for_loop_keywords ... ok
[INFO] [stdout] test t32::query::tests::sets_token_modifier_for_return_keywords ... ok
[INFO] [stdout] test t32::query::tests::captures_semantic_tokens_for_numbers ... ok
[INFO] [stdout] test ls::tasks::lang::references::tests::can_process_find_refs_result_for_macro_without_definition ... ok
[INFO] [stdout] test ls::proc::tests::detects_pid_dead ... ok
[INFO] [stdout] test t32::query::tests::sets_token_modifier_for_macro_definitions ... ok
[INFO] [stdout] test ls::tasks::runners::tests::does_not_deadlock ... ok
[INFO] [stdout] 
[INFO] [stdout] test result: ok. 183 passed; 0 failed; 0 ignored; 0 measured; 0 filtered out; finished in 0.41s
[INFO] [stdout] 
[INFO] [stderr]      Running unittests src/main.rs (/opt/rustwide/target/release/deps/t32ls-d174d6ce0e33e11f)
[INFO] [stdout] 
[INFO] [stdout] running 0 tests
[INFO] [stdout] 
[INFO] [stdout] test result: ok. 0 passed; 0 failed; 0 ignored; 0 measured; 0 filtered out; finished in 0.00s
[INFO] [stdout] 
[INFO] [stderr]      Running tests/cli.rs (/opt/rustwide/target/release/deps/cli-8dac87de08f1c5b8)
[INFO] [stdout] 
[INFO] [stdout] running 4 tests
[INFO] [stdout] test prints_help has been running for over 60 seconds
[INFO] [stdout] test prints_version has been running for over 60 seconds
[INFO] [stdout] test reports_invalid_t32_sys_dir has been running for over 60 seconds
[INFO] [stdout] test reports_invalid_t32_temp_dir has been running for over 60 seconds
[INFO] [stdout] test prints_help ... ok
[INFO] [stdout] test reports_invalid_t32_sys_dir ... ok
[INFO] [stdout] test reports_invalid_t32_temp_dir ... ok
[INFO] [stdout] test prints_version ... ok
[INFO] [stderr]      Running tests/protocol.rs (/opt/rustwide/target/release/deps/protocol-495b16ea491ea9b1)
[INFO] [stdout] 
[INFO] [stdout] test result: ok. 4 passed; 0 failed; 0 ignored; 0 measured; 0 filtered out; finished in 68.59s
[INFO] [stdout] 
[INFO] [stdout] 
[INFO] [stdout] running 22 tests
[INFO] [stdout] test can_enable_logging ... ok
[INFO] [stdout] test exits_on_missing_parent_process ... ok
[INFO] [stdout] test exits_on_wrong_parent_pid ... ok
[INFO] [stdout] test supports_docsync_did_change_notification ... ok
[INFO] [stdout] test supports_did_rename_files_notification ... FAILED
[INFO] [stdout] test supports_docsync_did_open_notification ... ok
[INFO] [stdout] test supports_docsync_did_close_notification ... ok
[INFO] [stdout] test reports_invalid_workspace_roots ... ok
[INFO] [stdout] test can_build_semantic_token_legend ... ok
[INFO] [stdout] test supports_lang_find_references_request_for_command ... ok
[INFO] [stdout] test supports_lang_find_references_request_for_file ... ok
[INFO] [stdout] test supports_lang_find_references_request_for_macros ... ok
[INFO] [stdout] test supports_lifecycle_exit_notification ... ok
[INFO] [stdout] test supports_lifecycle_initialize_req ... ok
[INFO] [stdout] test supports_lifecycle_shutdown_req ... ok
[INFO] [stdout] test supports_lang_folding_range_request ... ok
[INFO] [stdout] test supports_lang_semantic_tokens_doc_range_request ... ok
[INFO] [stdout] test supports_server_workdone_progress ... ok
[INFO] [stdout] test can_index_workspace ... ok
[INFO] [stdout] test supports_lang_find_references_request_for_subroutines ... ok
[INFO] [stdout] test supports_lang_semantic_tokens_full_doc_request ... ok
[INFO] [stdout] test supports_lang_goto_definition_request ... ok
[INFO] [stdout] 
[INFO] [stdout] failures:
[INFO] [stdout] 
[INFO] [stdout] ---- supports_did_rename_files_notification stdout ----
[INFO] [stdout] 
[INFO] [stdout] thread 'supports_did_rename_files_notification' (2383) panicked at tests/protocol.rs:356:5:
[INFO] [stdout] assertion failed: std::str::from_utf8(&output.stdout).unwrap().contains("File rename request with ID")
[INFO] [stdout] stack backtrace:
[INFO] [stdout]    0:     0x6015c7da7c91 - <<std[70759c8f55707aa4]::sys::backtrace::BacktraceLock>::print::DisplayBacktrace as core[df12db4294e9bfd3]::fmt::Display>::fmt
[INFO] [stdout]    1:     0x6015c7dbc09a - core[df12db4294e9bfd3]::fmt::write
[INFO] [stdout]    2:     0x6015c7dac19c - <alloc[2182bb758b4b3781]::vec::Vec<u8> as core[df12db4294e9bfd3]::io::write::Write>::write_fmt
[INFO] [stdout]    3:     0x6015c7d83676 - std[70759c8f55707aa4]::panicking::default_hook::{closure#0}
[INFO] [stdout]    4:     0x6015c7d9ff59 - std[70759c8f55707aa4]::panicking::default_hook
[INFO] [stdout]    5:     0x6015c7d38020 - test[9d35eded1c95d3be]::test_main_inner::<test[9d35eded1c95d3be]::test_main_static::{closure#0}>::{closure#0}
[INFO] [stdout]    6:     0x6015c7da0112 - std[70759c8f55707aa4]::panicking::panic_with_hook
[INFO] [stdout]    7:     0x6015c7d83754 - std[70759c8f55707aa4]::panicking::panic_handler::{closure#0}
[INFO] [stdout]    8:     0x6015c7d7c4a9 - std[70759c8f55707aa4]::sys::backtrace::__rust_end_short_backtrace::<std[70759c8f55707aa4]::panicking::panic_handler::{closure#0}, !>
[INFO] [stdout]    9:     0x6015c7d8431d - __rustc[8fa7c3cbc660c2b3]::rust_begin_unwind
[INFO] [stdout]   10:     0x6015c7dbc7cc - core[df12db4294e9bfd3]::panicking::panic_fmt
[INFO] [stdout]   11:     0x6015c7dbc792 - core[df12db4294e9bfd3]::panicking::panic
[INFO] [stdout]   12:     0x6015c7d12b57 - <protocol[e6b40551af466fca]::supports_did_rename_files_notification::{closure#0} as core[df12db4294e9bfd3]::ops::function::FnOnce<()>>::call_once
[INFO] [stdout]   13:     0x6015c7d2b30b - test[9d35eded1c95d3be]::__rust_begin_short_backtrace::<core[df12db4294e9bfd3]::result::Result<(), alloc[2182bb758b4b3781]::string::String>, fn() -> core[df12db4294e9bfd3]::result::Result<(), alloc[2182bb758b4b3781]::string::String>>
[INFO] [stdout]   14:     0x6015c7d38975 - test[9d35eded1c95d3be]::run_test::{closure#0}
[INFO] [stdout]   15:     0x6015c7d32234 - std[70759c8f55707aa4]::sys::backtrace::__rust_begin_short_backtrace::<test[9d35eded1c95d3be]::run_test::{closure#1}, ()>
[INFO] [stdout]   16:     0x6015c7d3bad2 - <std[70759c8f55707aa4]::thread::lifecycle::spawn_unchecked<test[9d35eded1c95d3be]::run_test::{closure#1}, ()>::{closure#1} as core[df12db4294e9bfd3]::ops::function::FnOnce<()>>::call_once::{shim:vtable#0}
[INFO] [stdout]   17:     0x6015c7da7569 - <std[70759c8f55707aa4]::sys::thread::unix::Thread>::new::thread_start
[INFO] [stdout]   18:     0x730e8a67ddfa - <unknown>
[INFO] [stdout]   19:     0x730e8a7113d4 - clone
[INFO] [stdout]   20:                0x0 - <unknown>
[INFO] [stdout] 
[INFO] [stdout] 
[INFO] [stdout] failures:
[INFO] [stdout]     supports_did_rename_files_notification
[INFO] [stdout] 
[INFO] [stdout] test result: FAILED. 21 passed; 1 failed; 0 ignored; 0 measured; 0 filtered out; finished in 8.11s
[INFO] [stdout] 
[INFO] [stderr] error: test failed, to rerun pass `--test protocol`
[INFO] running `Command { std: "docker" "inspect" "6d2512d98a3bf0478cf316ceb0c8894e36f68c4b7a8e0dd77542bd9f663bf02a", kill_on_drop: false }`
[INFO] running `Command { std: "docker" "rm" "-f" "6d2512d98a3bf0478cf316ceb0c8894e36f68c4b7a8e0dd77542bd9f663bf02a", kill_on_drop: false }`
[INFO] [stdout] 6d2512d98a3bf0478cf316ceb0c8894e36f68c4b7a8e0dd77542bd9f663bf02a
