[INFO] fetching crate symqtt 0.1.1...
[INFO] testing symqtt-0.1.1 against 1.99.0-beta.8+cargoflags=--release for beta-release-1.100-2
[INFO] extracting crate symqtt 0.1.1 into /workspace/builds/worker-1-tc1/source
[INFO] started tweaking crates.io crate symqtt 0.1.1
[INFO] removed 0 missing tests
[INFO] finished tweaking crates.io crate symqtt 0.1.1
[INFO] tweaked toml for crates.io crate symqtt 0.1.1 written to /workspace/builds/worker-1-tc1/source/Cargo.toml
[INFO] validating manifest of crates.io crate symqtt 0.1.1 on toolchain 1.99.0-beta.8
[INFO] running `Command { std: CARGO_HOME="/workspace/cargo-home" RUSTUP_HOME="/workspace/rustup-home" "/workspace/cargo-home/bin/cargo" "+1.99.0-beta.8" "metadata" "--manifest-path" "Cargo.toml" "--no-deps", kill_on_drop: false }`
[INFO] crate crates.io crate symqtt 0.1.1 already has a lockfile, it will not be regenerated
[INFO] running `Command { std: CARGO_HOME="/workspace/cargo-home" RUSTUP_HOME="/workspace/rustup-home" "/workspace/cargo-home/bin/cargo" "+1.99.0-beta.8" "fetch" "--manifest-path" "Cargo.toml", kill_on_drop: false }`
[INFO] [stderr]     Updating crates.io index
[INFO] [stderr]  Downloading crates ...
[INFO] [stderr]   Downloaded symqtt-codec v0.1.0
[INFO] running `Command { std: "docker" "create" "-v" "/var/lib/crater-agent-workspace/builds/worker-1-tc1/source:/opt/rustwide/workdir:ro,Z" "-v" "/var/lib/crater-agent-workspace/builds/worker-1-tc1/target:/opt/rustwide/target:rw,Z" "-v" "/var/lib/crater-agent-workspace/cargo-home:/opt/rustwide/cargo-home:ro,Z" "-v" "/var/lib/crater-agent-workspace/rustup-home:/opt/rustwide/rustup-home:ro,Z" "-m" "1610612736" "--network" "none" "ghcr.io/rust-lang/crates-build-env/linux@sha256:77db811e55d90add9212f6832c23229e3de5f1c1f9905e8cb07319ea15df73ac" "sleep" "infinity", kill_on_drop: false }`
[INFO] [stdout] 10515d5111da278fb33a345887886c848879bfd89c936d4b8f870d82a286c820
[INFO] running `Command { std: "docker" "start" "10515d5111da278fb33a345887886c848879bfd89c936d4b8f870d82a286c820", kill_on_drop: false }`
[INFO] running `Command { std: "docker" "inspect" "10515d5111da278fb33a345887886c848879bfd89c936d4b8f870d82a286c820", kill_on_drop: false }`
[INFO] running `Command { std: "docker" "exec" "-e" "SOURCE_DIR=/opt/rustwide/workdir" "-e" "CARGO_HOME=/opt/rustwide/cargo-home" "-e" "RUSTUP_HOME=/opt/rustwide/rustup-home" "-e" "CARGO_TARGET_DIR=/opt/rustwide/target" "-w" "/opt/rustwide/workdir" "--user" "0:0" "10515d5111da278fb33a345887886c848879bfd89c936d4b8f870d82a286c820" "/opt/rustwide/cargo-home/bin/cargo" "+1.99.0-beta.8" "metadata" "--no-deps" "--format-version=1", kill_on_drop: false }`
[INFO] running `Command { std: "docker" "inspect" "10515d5111da278fb33a345887886c848879bfd89c936d4b8f870d82a286c820", kill_on_drop: false }`
[INFO] running `Command { std: "docker" "exec" "-e" "SOURCE_DIR=/opt/rustwide/workdir" "-e" "CARGO_HOME=/opt/rustwide/cargo-home" "-e" "RUSTUP_HOME=/opt/rustwide/rustup-home" "-e" "CARGO_TARGET_DIR=/opt/rustwide/target" "-e" "CARGO_INCREMENTAL=0" "-e" "RUST_BACKTRACE=full" "-e" "RUSTFLAGS=--cap-lints=warn" "-e" "RUSTDOCFLAGS=--cap-lints=warn" "-w" "/opt/rustwide/workdir" "--user" "0:0" "10515d5111da278fb33a345887886c848879bfd89c936d4b8f870d82a286c820" "/opt/rustwide/cargo-home/bin/cargo" "+1.99.0-beta.8" "build" "--frozen" "--message-format=json" "--release", kill_on_drop: false }`
[INFO] [stderr]    Compiling thiserror-impl v2.0.20
[INFO] [stderr]    Compiling thiserror v2.0.20
[INFO] [stderr]    Compiling symqtt-codec v0.1.0
[INFO] [stderr]    Compiling symqtt v0.1.1 (/opt/rustwide/workdir)
[INFO] [stderr]     Finished `release` profile [optimized] target(s) in 5.69s
[INFO] running `Command { std: "docker" "inspect" "10515d5111da278fb33a345887886c848879bfd89c936d4b8f870d82a286c820", kill_on_drop: false }`
[INFO] running `Command { std: "docker" "exec" "-e" "SOURCE_DIR=/opt/rustwide/workdir" "-e" "CARGO_HOME=/opt/rustwide/cargo-home" "-e" "RUSTUP_HOME=/opt/rustwide/rustup-home" "-e" "CARGO_TARGET_DIR=/opt/rustwide/target" "-e" "CARGO_INCREMENTAL=0" "-e" "RUST_BACKTRACE=full" "-e" "RUSTFLAGS=--cap-lints=warn" "-e" "RUSTDOCFLAGS=--cap-lints=warn" "-w" "/opt/rustwide/workdir" "--user" "0:0" "10515d5111da278fb33a345887886c848879bfd89c936d4b8f870d82a286c820" "/opt/rustwide/cargo-home/bin/cargo" "+1.99.0-beta.8" "test" "--frozen" "--no-run" "--message-format=json" "--release", kill_on_drop: false }`
[INFO] [stderr]    Compiling symqtt v0.1.1 (/opt/rustwide/workdir)
[INFO] [stderr]     Finished `release` profile [optimized] target(s) in 5.52s
[INFO] running `Command { std: "docker" "inspect" "10515d5111da278fb33a345887886c848879bfd89c936d4b8f870d82a286c820", kill_on_drop: false }`
[INFO] running `Command { std: "docker" "exec" "-e" "SOURCE_DIR=/opt/rustwide/workdir" "-e" "CARGO_HOME=/opt/rustwide/cargo-home" "-e" "RUSTUP_HOME=/opt/rustwide/rustup-home" "-e" "CARGO_TARGET_DIR=/opt/rustwide/target" "-e" "CARGO_INCREMENTAL=0" "-e" "RUST_BACKTRACE=full" "-e" "RUSTFLAGS=--cap-lints=warn" "-e" "RUSTDOCFLAGS=--cap-lints=warn" "-w" "/opt/rustwide/workdir" "--user" "0:0" "10515d5111da278fb33a345887886c848879bfd89c936d4b8f870d82a286c820" "/opt/rustwide/cargo-home/bin/cargo" "+1.99.0-beta.8" "test" "--frozen" "--release", kill_on_drop: false }`
[INFO] [stderr]     Finished `release` profile [optimized] target(s) in 0.03s
[INFO] [stderr]      Running unittests src/lib.rs (/opt/rustwide/target/release/deps/symqtt-268162f1887677a3)
[INFO] [stdout] 
[INFO] [stdout] running 25 tests
[INFO] [stdout] test time::tests::now_ms_returns_non_zero_after_small_delay ... ok
[INFO] [stdout] test transport::tests::writer_buf_initially_empty ... ok
[INFO] [stdout] test pinger::tests::new_pinger_sleeps_until_keepalive ... ok
[INFO] [stdout] test time::tests::elapsed_ms_saturates_on_future_timestamp ... ok
[INFO] [stdout] test v5::topic_alias::tests::inbound_reset ... ok
[INFO] [stdout] test transport::tests::writer_shutdown_delegates_to_stream ... ok
[INFO] [stdout] test transport::tests::writer_buf_can_hold_data ... ok
[INFO] [stdout] test v5::topic_alias::tests::inbound_alias_zero_is_error ... ok
[INFO] [stdout] test v5::topic_alias::tests::outbound_multiple_topics ... ok
[INFO] [stdout] test v5::topic_alias::tests::outbound_register_and_reuse ... ok
[INFO] [stdout] test v5::topic_alias::tests::outbound_full_returns_none ... ok
[INFO] [stdout] test v5::topic_alias::tests::inbound_unregistered_alias_lookup_is_error ... ok
[INFO] [stdout] test v5::topic_alias::tests::outbound_reset ... ok
[INFO] [stdout] test pinger::tests::record_sent_resets_keepalive_timer ... ok
[INFO] [stdout] test v5::topic_alias::tests::outbound_disabled_when_max_zero ... ok
[INFO] [stdout] test time::tests::elapsed_ms_measures_duration ... ok
[INFO] [stdout] test pinger::tests::record_ping_sent_also_updates_last_packet_sent ... ok
[INFO] [stdout] test pinger::tests::ping_response_resets_to_normal_sleep ... ok
[INFO] [stdout] test v5::topic_alias::tests::inbound_alias_exceeds_max_is_error ... ok
[INFO] [stdout] test pinger::tests::send_ping_after_keepalive_elapsed ... ok
[INFO] [stdout] test pinger::tests::record_received_resets_keepalive_timer ... ok
[INFO] [stdout] test pinger::tests::timeout_after_ping_sent_without_response ... ok
[INFO] [stdout] test time::tests::now_ms_is_monotonically_increasing ... ok
[INFO] [stdout] test v5::topic_alias::tests::inbound_register_and_lookup ... ok
[INFO] [stdout] test v5::topic_alias::tests::inbound_no_alias_passes_through ... ok
[INFO] [stdout] 
[INFO] [stdout] test result: ok. 25 passed; 0 failed; 0 ignored; 0 measured; 0 filtered out; finished in 0.36s
[INFO] [stdout] 
[INFO] [stderr]      Running tests/v3.rs (/opt/rustwide/target/release/deps/v3-c41fbda1fd5bff40)
[INFO] [stdout] 
[INFO] [stdout] running 84 tests
[INFO] [stdout] test client::lifecycle::disconnect_marks_client_as_not_connected ... ok
[INFO] [stdout] test client::connect::connect_fails_with_refused_error_on_bad_credentials ... ok
[INFO] [stdout] test client::lifecycle::disconnect_called_twice_does_not_panic ... ok
[INFO] [stdout] test client::lifecycle::disconnect_sends_disconnect_packet_to_broker ... ok
[INFO] [stdout] test client::lifecycle::drop_sends_disconnect_packet_to_broker ... ok
[INFO] [stdout] test client::connect::connect_succeeds_when_broker_accepts ... ok
[INFO] [stdout] test client::lifecycle::disconnect_wakes_all_pending_tokens_with_error ... ok
[INFO] [stdout] test client::connect::connect_fails_with_timeout_when_no_connack_received ... ok
[INFO] [stdout] test client::dispatch::inbound_unsuback_resolves_pending_unsubscribe_token ... ok
[INFO] [stdout] test client::connect::connect_clears_session_when_clean_session_indicated ... ok
[INFO] [stdout] test client::dispatch::inbound_suback_resolves_pending_subscribe_token ... ok
[INFO] [stdout] test client::dispatch::inbound_pubrel_releases_incoming_and_sends_pubcomp ... ok
[INFO] [stdout] test client::publish::publish_qos0_sends_packet_and_returns_no_token ... ok
[INFO] [stdout] test client::dispatch::inbound_qos0_publish_delivered_to_handler ... ok
[INFO] [stdout] test client::publish::publish_qos1_allocates_pkid_and_returns_pending_token ... ok
[INFO] [stdout] test client::publish::publish_on_closed_connection_returns_disconnected ... ok
[INFO] [stdout] test client::publish::publish_returns_window_full_when_all_ids_occupied ... ok
[INFO] [stdout] test client::publish::publish_releases_pkid_on_write_failure ... ok
[INFO] [stdout] test client::subscribe::subscribe_returns_window_full_when_exhausted ... ok
[INFO] [stdout] test client::subscribe::subscribe_multiple_filters_in_single_packet ... ok
[INFO] [stdout] test client::subscribe::unsubscribe_returns_window_full_when_exhausted ... ok
[INFO] [stdout] test client::publish::publish_encodes_retain_flag_correctly ... ok
[INFO] [stdout] test client::publish::publish_qos2_allocates_pkid_and_returns_pending_token ... ok
[INFO] [stdout] test client::subscribe::subscribe_sends_packet_with_topic_filters ... ok
[INFO] [stdout] test session::incoming_release_untracked_returns_unknown_error ... ok
[INFO] [stdout] test session::incoming_track_first_time_returns_not_duplicate ... ok
[INFO] [stdout] test session::incoming_track_after_release_is_treated_as_new_message ... ok
[INFO] [stdout] test client::subscribe::unsubscribe_sends_packet_with_topics ... ok
[INFO] [stdout] test session::incoming_track_same_pkid_twice_returns_duplicate ... ok
[INFO] [stdout] test client::dispatch::inbound_malformed_bytes_terminates_connection ... ok
[INFO] [stdout] test session::lifecycle_on_connect_clean_session_clears_all_state ... ok
[INFO] [stdout] test session::lifecycle_on_connect_session_present_returns_pubrel_for_mid_qos2 ... ok
[INFO] [stdout] test session::pkid_alloc_returns_none_when_all_ids_exhausted ... ok
[INFO] [stdout] test session::lifecycle_on_disconnect_wakes_all_pending_tokens_with_error ... ok
[INFO] [stdout] test session::lifecycle_on_disconnect_frees_all_pkid_slots ... ok
[INFO] [stdout] test session::pkid_alloc_scans_past_occupied_slots_with_wraparound ... ok
[INFO] [stdout] test session::pkid_alloc_succeeds_after_clean_session_reset ... ok
[INFO] [stdout] test client::dispatch::inbound_puback_resolves_pending_publish_token ... ok
[INFO] [stdout] test session::pkid_consecutive_alloc_returns_incremental_ids ... ok
[INFO] [stdout] test session::pkid_first_alloc_returns_1 ... ok
[INFO] [stdout] test session::pkid_release_untracked_does_not_panic ... ok
[INFO] [stdout] test session::qos1_puback_for_untracked_pkid_returns_unknown_error ... ok
[INFO] [stdout] test session::qos1_puback_on_qos2_slot_returns_wrong_stage_error ... ok
[INFO] [stdout] test session::qos1_puback_completes_flow_and_notifies_token ... ok
[INFO] [stdout] test client::dispatch::inbound_qos2_publish_delivered_then_pubrec_sent ... ok
[INFO] [stdout] test session::qos2_pubrec_for_untracked_pkid_returns_unknown_error ... ok
[INFO] [stdout] test session::qos1_puback_out_of_order_each_token_resolves_independently ... ok
[INFO] [stdout] test session::qos2_pubrec_then_pubcomp_completes_flow ... ok
[INFO] [stdout] test session::suback_delivers_granted_qos_codes_to_token ... ok
[INFO] [stdout] test client::dispatch::inbound_qos1_publish_delivered_then_puback_sent ... FAILED
[INFO] [stdout] test client::dispatch::inbound_qos2_duplicate_not_delivered_to_handler_twice ... ok
[INFO] [stdout] test session::unsuback_delivers_success_to_token ... ok
[INFO] [stdout] test session::unsuback_for_untracked_pkid_is_silent_noop ... ok
[INFO] [stdout] test token::suback_token_try_recv_returns_codes_after_suback ... ok
[INFO] [stdout] test session::qos2_pubcomp_before_pubrec_returns_wrong_stage_error ... ok
[INFO] [stdout] test session::qos2_pubcomp_for_untracked_pkid_returns_unknown_error ... ok
[INFO] [stdout] test token::suback_token_wait_returns_disconnected_when_channel_closed ... ok
[INFO] [stdout] test token::suback_token_wait_returns_granted_qos_codes ... ok
[INFO] [stdout] test token::suback_token_wait_timeout_returns_empty_vec_on_plain_success ... ok
[INFO] [stdout] test token::suback_token_wait_timeout_returns_error_on_disconnect ... ok
[INFO] [stdout] test token::suback_token_wait_timeout_returns_granted_qos_codes ... ok
[INFO] [stdout] test session::suback_for_untracked_pkid_is_silent_noop ... ok
[INFO] [stdout] test token::unit_token_try_recv_returns_none_when_pending ... ok
[INFO] [stdout] test token::unit_token_try_recv_returns_result_after_ack ... ok
[INFO] [stdout] test token::suback_token_try_recv_returns_none_when_pending ... ok
[INFO] [stdout] test token::unit_token_wait_returns_disconnected_when_channel_closed ... ok
[INFO] [stdout] test token::unit_token_wait_returns_error_on_ack_error ... ok
[INFO] [stdout] test token::unit_token_wait_timeout_treats_suback_as_success ... ok
[INFO] [stdout] test token::unit_token_wait_timeout_returns_error_on_disconnect ... ok
[INFO] [stdout] test token::unit_token_wait_treats_suback_as_success ... ok
[INFO] [stdout] test session::incoming_release_removes_tracked_pkid ... ok
[INFO] [stdout] test token::unit_token_wait_timeout_returns_ok_on_success ... ok
[INFO] [stdout] test token::unit_token_wait_returns_ok_on_success ... ok
[INFO] [stdout] test session::lifecycle_on_connect_session_present_returns_qos1_retransmit_with_dup ... ok
[INFO] [stdout] test session::qos2_pubrec_on_qos1_slot_returns_wrong_stage_error ... ok
[INFO] [stdout] test client::connect::connect_retransmits_inflight_when_session_present ... ok
[INFO] [stdout] test token::suback_token_wait_timeout_returns_timeout_when_no_suback ... ok
[INFO] [stdout] test token::unit_token_wait_timeout_returns_timeout_when_no_ack ... ok
[INFO] [stdout] test client::lifecycle::keepalive_zero_disables_ping_thread ... ok
[INFO] [stdout] test client::lifecycle::remote_eof_preserves_session_for_reconnect ... ok
[INFO] [stdout] test client::lifecycle::remote_eof_triggers_handler_on_disconnect ... ok
[INFO] [stdout] test client::lifecycle::keepalive_sends_pingreq_after_idle_period ... ok
[INFO] [stdout] test client::lifecycle::pingresp_keeps_connection_alive ... ok
[INFO] [stdout] test client::lifecycle::missing_pingresp_terminates_with_ping_timeout ... ok
[INFO] [stdout] 
[INFO] [stdout] failures:
[INFO] [stdout] 
[INFO] [stdout] ---- client::dispatch::inbound_qos1_publish_delivered_then_puback_sent stdout ----
[INFO] [stdout] 
[INFO] [stdout] thread 'client::dispatch::inbound_qos1_publish_delivered_then_puback_sent' (377) panicked at tests/v3/client/dispatch.rs:72:14:
[INFO] [stdout] expected PUBACK in captured packets: [Connect(Connect { clean_session: true, keep_alive: 0, client_id: "test-client", will: None, username: None, password: None }), Disconnect(Disconnect)]
[INFO] [stdout] stack backtrace:
[INFO] [stdout]    0:     0x58b881063111 - <<std[70759c8f55707aa4]::sys::backtrace::BacktraceLock>::print::DisplayBacktrace as core[df12db4294e9bfd3]::fmt::Display>::fmt
[INFO] [stdout]    1:     0x58b8810777ea - core[df12db4294e9bfd3]::fmt::write
[INFO] [stdout]    2:     0x58b8810675ac - <alloc[2182bb758b4b3781]::vec::Vec<u8> as core[df12db4294e9bfd3]::io::write::Write>::write_fmt
[INFO] [stdout]    3:     0x58b88103f616 - std[70759c8f55707aa4]::panicking::default_hook::{closure#0}
[INFO] [stdout]    4:     0x58b88105b7c9 - std[70759c8f55707aa4]::panicking::default_hook
[INFO] [stdout]    5:     0x58b880fe4690 - test[9d35eded1c95d3be]::test_main_inner::<test[9d35eded1c95d3be]::test_main_static::{closure#0}>::{closure#0}
[INFO] [stdout]    6:     0x58b88105b982 - std[70759c8f55707aa4]::panicking::panic_with_hook
[INFO] [stdout]    7:     0x58b88103f6c2 - std[70759c8f55707aa4]::panicking::panic_handler::{closure#0}
[INFO] [stdout]    8:     0x58b881038449 - std[70759c8f55707aa4]::sys::backtrace::__rust_end_short_backtrace::<std[70759c8f55707aa4]::panicking::panic_handler::{closure#0}, !>
[INFO] [stdout]    9:     0x58b8810402bd - __rustc[8fa7c3cbc660c2b3]::rust_begin_unwind
[INFO] [stdout]   10:     0x58b881077f1c - core[df12db4294e9bfd3]::panicking::panic_fmt
[INFO] [stdout]   11:     0x58b880fbafc2 - v3[4d0d4173cd093f86]::client::dispatch::inbound_qos1_publish_delivered_then_puback_sent
[INFO] [stdout]   12:     0x58b880fca529 - <v3[4d0d4173cd093f86]::client::dispatch::inbound_qos1_publish_delivered_then_puback_sent::{closure#0} as core[df12db4294e9bfd3]::ops::function::FnOnce<()>>::call_once
[INFO] [stdout]   13:     0x58b880fd797b - test[9d35eded1c95d3be]::__rust_begin_short_backtrace::<core[df12db4294e9bfd3]::result::Result<(), alloc[2182bb758b4b3781]::string::String>, fn() -> core[df12db4294e9bfd3]::result::Result<(), alloc[2182bb758b4b3781]::string::String>>
[INFO] [stdout]   14:     0x58b880fe4fe5 - test[9d35eded1c95d3be]::run_test::{closure#0}
[INFO] [stdout]   15:     0x58b880fde8a4 - std[70759c8f55707aa4]::sys::backtrace::__rust_begin_short_backtrace::<test[9d35eded1c95d3be]::run_test::{closure#1}, ()>
[INFO] [stdout]   16:     0x58b880fe8142 - <std[70759c8f55707aa4]::thread::lifecycle::spawn_unchecked<test[9d35eded1c95d3be]::run_test::{closure#1}, ()>::{closure#1} as core[df12db4294e9bfd3]::ops::function::FnOnce<()>>::call_once::{shim:vtable#0}
[INFO] [stdout]   17:     0x58b8810629e9 - <std[70759c8f55707aa4]::sys::thread::unix::Thread>::new::thread_start
[INFO] [stdout]   18:     0x7f1aa55e4dfa - <unknown>
[INFO] [stdout]   19:     0x7f1aa56783d4 - clone
[INFO] [stdout]   20:                0x0 - <unknown>
[INFO] [stdout] 
[INFO] [stdout] 
[INFO] [stdout] failures:
[INFO] [stdout]     client::dispatch::inbound_qos1_publish_delivered_then_puback_sent
[INFO] [stdout] 
[INFO] [stdout] test result: FAILED. 83 passed; 1 failed; 0 ignored; 0 measured; 0 filtered out; finished in 2.57s
[INFO] [stdout] 
[INFO] [stderr] error: test failed, to rerun pass `--test v3`
[INFO] running `Command { std: "docker" "inspect" "10515d5111da278fb33a345887886c848879bfd89c936d4b8f870d82a286c820", kill_on_drop: false }`
[INFO] running `Command { std: "docker" "rm" "-f" "10515d5111da278fb33a345887886c848879bfd89c936d4b8f870d82a286c820", kill_on_drop: false }`
[INFO] [stdout] 10515d5111da278fb33a345887886c848879bfd89c936d4b8f870d82a286c820
