[INFO] fetching crate stromadb-serve 0.3.0...
[INFO] testing stromadb-serve-0.3.0 against 1.99.0-beta.8+cargoflags=--release for beta-release-1.100-2
[INFO] extracting crate stromadb-serve 0.3.0 into /workspace/builds/worker-5-tc1/source
[INFO] started tweaking crates.io crate stromadb-serve 0.3.0
[INFO] removed 0 missing tests
[INFO] finished tweaking crates.io crate stromadb-serve 0.3.0
[INFO] tweaked toml for crates.io crate stromadb-serve 0.3.0 written to /workspace/builds/worker-5-tc1/source/Cargo.toml
[INFO] validating manifest of crates.io crate stromadb-serve 0.3.0 on toolchain 1.99.0-beta.8
[INFO] running `Command { std: CARGO_HOME="/workspace/cargo-home" RUSTUP_HOME="/workspace/rustup-home" "/workspace/cargo-home/bin/cargo" "+1.99.0-beta.8" "metadata" "--manifest-path" "Cargo.toml" "--no-deps", kill_on_drop: false }`
[INFO] crate crates.io crate stromadb-serve 0.3.0 already has a lockfile, it will not be regenerated
[INFO] running `Command { std: CARGO_HOME="/workspace/cargo-home" RUSTUP_HOME="/workspace/rustup-home" "/workspace/cargo-home/bin/cargo" "+1.99.0-beta.8" "fetch" "--manifest-path" "Cargo.toml", kill_on_drop: false }`
[INFO] [stderr]     Blocking waiting for file lock on package cache
[INFO] [stderr]     Updating crates.io index
[INFO] [stderr]  Downloading crates ...
[INFO] [stderr]   Downloaded stromadb-store v0.3.0
[INFO] [stderr]   Downloaded stromadb-core v0.3.0
[INFO] running `Command { std: "docker" "create" "-v" "/var/lib/crater-agent-workspace/builds/worker-5-tc1/source:/opt/rustwide/workdir:ro,Z" "-v" "/var/lib/crater-agent-workspace/builds/worker-5-tc1/target:/opt/rustwide/target:rw,Z" "-v" "/var/lib/crater-agent-workspace/cargo-home:/opt/rustwide/cargo-home:ro,Z" "-v" "/var/lib/crater-agent-workspace/rustup-home:/opt/rustwide/rustup-home:ro,Z" "-m" "1610612736" "--network" "none" "ghcr.io/rust-lang/crates-build-env/linux@sha256:77db811e55d90add9212f6832c23229e3de5f1c1f9905e8cb07319ea15df73ac" "sleep" "infinity", kill_on_drop: false }`
[INFO] [stdout] 63a818c34fea19348a29e77b108d2992dcba38d5f91b6669864a98b927e24e5e
[INFO] running `Command { std: "docker" "start" "63a818c34fea19348a29e77b108d2992dcba38d5f91b6669864a98b927e24e5e", kill_on_drop: false }`
[INFO] running `Command { std: "docker" "inspect" "63a818c34fea19348a29e77b108d2992dcba38d5f91b6669864a98b927e24e5e", kill_on_drop: false }`
[INFO] running `Command { std: "docker" "exec" "-e" "SOURCE_DIR=/opt/rustwide/workdir" "-e" "CARGO_HOME=/opt/rustwide/cargo-home" "-e" "RUSTUP_HOME=/opt/rustwide/rustup-home" "-e" "CARGO_TARGET_DIR=/opt/rustwide/target" "-w" "/opt/rustwide/workdir" "--user" "0:0" "63a818c34fea19348a29e77b108d2992dcba38d5f91b6669864a98b927e24e5e" "/opt/rustwide/cargo-home/bin/cargo" "+1.99.0-beta.8" "metadata" "--no-deps" "--format-version=1", kill_on_drop: false }`
[INFO] running `Command { std: "docker" "inspect" "63a818c34fea19348a29e77b108d2992dcba38d5f91b6669864a98b927e24e5e", kill_on_drop: false }`
[INFO] running `Command { std: "docker" "exec" "-e" "SOURCE_DIR=/opt/rustwide/workdir" "-e" "CARGO_HOME=/opt/rustwide/cargo-home" "-e" "RUSTUP_HOME=/opt/rustwide/rustup-home" "-e" "CARGO_TARGET_DIR=/opt/rustwide/target" "-e" "CARGO_INCREMENTAL=0" "-e" "RUST_BACKTRACE=full" "-e" "RUSTFLAGS=--cap-lints=warn" "-e" "RUSTDOCFLAGS=--cap-lints=warn" "-w" "/opt/rustwide/workdir" "--user" "0:0" "63a818c34fea19348a29e77b108d2992dcba38d5f91b6669864a98b927e24e5e" "/opt/rustwide/cargo-home/bin/cargo" "+1.99.0-beta.8" "build" "--frozen" "--message-format=json" "--release", kill_on_drop: false }`
[INFO] [stderr]    Compiling serde_core v1.0.228
[INFO] [stderr]    Compiling memchr v2.8.2
[INFO] [stderr]    Compiling chunked_transfer v1.5.0
[INFO] [stderr]    Compiling stromadb-core v0.3.0
[INFO] [stderr]    Compiling getrandom v0.3.4
[INFO] [stderr]    Compiling tiny_http v0.12.0
[INFO] [stderr]    Compiling serde_json v1.0.150
[INFO] [stderr]    Compiling stromadb-store v0.3.0
[INFO] [stderr]    Compiling stromadb-serve v0.3.0 (/opt/rustwide/workdir)
[INFO] [stderr]     Finished `release` profile [optimized] target(s) in 28.63s
[INFO] running `Command { std: "docker" "inspect" "63a818c34fea19348a29e77b108d2992dcba38d5f91b6669864a98b927e24e5e", kill_on_drop: false }`
[INFO] running `Command { std: "docker" "exec" "-e" "SOURCE_DIR=/opt/rustwide/workdir" "-e" "CARGO_HOME=/opt/rustwide/cargo-home" "-e" "RUSTUP_HOME=/opt/rustwide/rustup-home" "-e" "CARGO_TARGET_DIR=/opt/rustwide/target" "-e" "CARGO_INCREMENTAL=0" "-e" "RUST_BACKTRACE=full" "-e" "RUSTFLAGS=--cap-lints=warn" "-e" "RUSTDOCFLAGS=--cap-lints=warn" "-w" "/opt/rustwide/workdir" "--user" "0:0" "63a818c34fea19348a29e77b108d2992dcba38d5f91b6669864a98b927e24e5e" "/opt/rustwide/cargo-home/bin/cargo" "+1.99.0-beta.8" "test" "--frozen" "--no-run" "--message-format=json" "--release", kill_on_drop: false }`
[INFO] [stderr]    Compiling stromadb-serve v0.3.0 (/opt/rustwide/workdir)
[INFO] [stderr]     Finished `release` profile [optimized] target(s) in 3.52s
[INFO] running `Command { std: "docker" "inspect" "63a818c34fea19348a29e77b108d2992dcba38d5f91b6669864a98b927e24e5e", kill_on_drop: false }`
[INFO] running `Command { std: "docker" "exec" "-e" "SOURCE_DIR=/opt/rustwide/workdir" "-e" "CARGO_HOME=/opt/rustwide/cargo-home" "-e" "RUSTUP_HOME=/opt/rustwide/rustup-home" "-e" "CARGO_TARGET_DIR=/opt/rustwide/target" "-e" "CARGO_INCREMENTAL=0" "-e" "RUST_BACKTRACE=full" "-e" "RUSTFLAGS=--cap-lints=warn" "-e" "RUSTDOCFLAGS=--cap-lints=warn" "-w" "/opt/rustwide/workdir" "--user" "0:0" "63a818c34fea19348a29e77b108d2992dcba38d5f91b6669864a98b927e24e5e" "/opt/rustwide/cargo-home/bin/cargo" "+1.99.0-beta.8" "test" "--frozen" "--release", kill_on_drop: false }`
[INFO] [stderr]     Finished `release` profile [optimized] target(s) in 0.04s
[INFO] [stderr]      Running unittests src/lib.rs (/opt/rustwide/target/release/deps/stromadb_serve-8216f1ed95201291)
[INFO] [stdout] 
[INFO] [stdout] running 2 tests
[INFO] [stderr]      Running unittests src/main.rs (/opt/rustwide/target/release/deps/stroma_serve-88b343e5f2d53fac)
[INFO] [stdout] test tests::session_tokens_are_random_and_nonzero ... ok
[INFO] [stdout] test tests::token_registry_parses_and_fails_loudly ... ok
[INFO] [stdout] 
[INFO] [stdout] test result: ok. 2 passed; 0 failed; 0 ignored; 0 measured; 0 filtered out; finished in 0.00s
[INFO] [stdout] 
[INFO] [stdout] 
[INFO] [stderr]      Running tests/demo.rs (/opt/rustwide/target/release/deps/demo-1242f459eff556d4)
[INFO] [stdout] running 0 tests
[INFO] [stdout] 
[INFO] [stdout] test result: ok. 0 passed; 0 failed; 0 ignored; 0 measured; 0 filtered out; finished in 0.00s
[INFO] [stdout] 
[INFO] [stdout] 
[INFO] [stdout] running 3 tests
[INFO] [stdout] test demo_timeline_and_asof_fire ... ok
[INFO] [stderr]      Running tests/serve.rs (/opt/rustwide/target/release/deps/serve-6e7e7bcc82606a53)
[INFO] [stdout] test demo_conformance_verdicts_stay_mixed ... ok
[INFO] [stdout] test demo_confidence_tiers_and_search_fire ... ok
[INFO] [stdout] 
[INFO] [stdout] test result: ok. 3 passed; 0 failed; 0 ignored; 0 measured; 0 filtered out; finished in 0.02s
[INFO] [stdout] 
[INFO] [stdout] 
[INFO] [stdout] running 4 tests
[INFO] [stderr] stromadb serving on http://127.0.0.1:8224  (db: /tmp/stroma_serve_test_524/db, 16 workers)
[INFO] [stderr] console: open http://127.0.0.1:8224/ in a browser
[INFO] [stderr] WARNING: default console password in use — set --admin-password / $STROMA_ADMIN_PASSWORD before exposing this server.
[INFO] [stderr] error: data directory /tmp/stroma_serve_token_test_524/db is in use by another process (pid 524)
[INFO] [stderr] stromadb serving on http://127.0.0.1:9624  (db: /tmp/stroma_serve_mcp_test_524/db, 16 workers)
[INFO] [stderr] console: open http://127.0.0.1:9624/ in a browser
[INFO] [stderr] WARNING: default console password in use — set --admin-password / $STROMA_ADMIN_PASSWORD before exposing this server.
[INFO] [stderr] stromadb serving on http://127.0.0.1:8824  (db: /tmp/stroma_serve_reset_test_524/db, 16 workers)
[INFO] [stderr] console: open http://127.0.0.1:8824/ in a browser
[INFO] [stderr] WARNING: default console password in use — set --admin-password / $STROMA_ADMIN_PASSWORD before exposing this server.
[INFO] [stdout] test serve_reset_when_enabled ... ok
[INFO] [stdout] test serve_mcp_endpoint ... ok
[INFO] [stdout] test serve_health_query_ingest ... ok
[INFO] [stdout] test serve_api_token_auth ... FAILED
[INFO] [stdout] 
[INFO] [stdout] failures:
[INFO] [stdout] 
[INFO] [stdout] ---- serve_api_token_auth stdout ----
[INFO] [stdout] 
[INFO] [stdout] thread 'serve_api_token_auth' (525) panicked at tests/serve.rs:258:5:
[INFO] [stdout] server did not come up
[INFO] [stdout] stack backtrace:
[INFO] [stdout]    0:     0x614c726c2a91 - <<std[70759c8f55707aa4]::sys::backtrace::BacktraceLock>::print::DisplayBacktrace as core[df12db4294e9bfd3]::fmt::Display>::fmt
[INFO] [stdout]    1:     0x614c726d880a - core[df12db4294e9bfd3]::fmt::write
[INFO] [stdout]    2:     0x614c726c769c - <alloc[2182bb758b4b3781]::vec::Vec<u8> as core[df12db4294e9bfd3]::io::write::Write>::write_fmt
[INFO] [stdout]    3:     0x614c7269c4a6 - std[70759c8f55707aa4]::panicking::default_hook::{closure#0}
[INFO] [stdout]    4:     0x614c726b9a89 - std[70759c8f55707aa4]::panicking::default_hook
[INFO] [stdout]    5:     0x614c725dc0a0 - test[9d35eded1c95d3be]::test_main_inner::<test[9d35eded1c95d3be]::test_main_static::{closure#0}>::{closure#0}
[INFO] [stdout]    6:     0x614c726b9db2 - std[70759c8f55707aa4]::panicking::panic_with_hook
[INFO] [stdout]    7:     0x614c7269c584 - std[70759c8f55707aa4]::panicking::panic_handler::{closure#0}
[INFO] [stdout]    8:     0x614c72694f79 - std[70759c8f55707aa4]::sys::backtrace::__rust_end_short_backtrace::<std[70759c8f55707aa4]::panicking::panic_handler::{closure#0}, !>
[INFO] [stdout]    9:     0x614c7269d33d - __rustc[8fa7c3cbc660c2b3]::rust_begin_unwind
[INFO] [stdout]   10:     0x614c726d8f3c - core[df12db4294e9bfd3]::panicking::panic_fmt
[INFO] [stdout]   11:     0x614c725c2f2a - <serve[e7587005c5271aea]::serve_api_token_auth::{closure#0} as core[df12db4294e9bfd3]::ops::function::FnOnce<()>>::call_once
[INFO] [stdout]   12:     0x614c725cf38b - test[9d35eded1c95d3be]::__rust_begin_short_backtrace::<core[df12db4294e9bfd3]::result::Result<(), alloc[2182bb758b4b3781]::string::String>, fn() -> core[df12db4294e9bfd3]::result::Result<(), alloc[2182bb758b4b3781]::string::String>>
[INFO] [stdout]   13:     0x614c725dc9f5 - test[9d35eded1c95d3be]::run_test::{closure#0}
[INFO] [stdout]   14:     0x614c725d62b4 - std[70759c8f55707aa4]::sys::backtrace::__rust_begin_short_backtrace::<test[9d35eded1c95d3be]::run_test::{closure#1}, ()>
[INFO] [stdout]   15:     0x614c725dfb52 - <std[70759c8f55707aa4]::thread::lifecycle::spawn_unchecked<test[9d35eded1c95d3be]::run_test::{closure#1}, ()>::{closure#1} as core[df12db4294e9bfd3]::ops::function::FnOnce<()>>::call_once::{shim:vtable#0}
[INFO] [stdout]   16:     0x614c726c15b9 - <std[70759c8f55707aa4]::sys::thread::unix::Thread>::new::thread_start
[INFO] [stdout]   17:     0x74d495fcddfa - <unknown>
[INFO] [stdout]   18:     0x74d4960613d4 - clone
[INFO] [stdout]   19:                0x0 - <unknown>
[INFO] [stdout] 
[INFO] [stdout] 
[INFO] [stdout] failures:
[INFO] [stdout]     serve_api_token_auth
[INFO] [stdout] 
[INFO] [stdout] test result: FAILED. 3 passed; 1 failed; 0 ignored; 0 measured; 0 filtered out; finished in 5.04s
[INFO] [stdout] 
[INFO] [stderr] error: test failed, to rerun pass `--test serve`
[INFO] running `Command { std: "docker" "inspect" "63a818c34fea19348a29e77b108d2992dcba38d5f91b6669864a98b927e24e5e", kill_on_drop: false }`
[INFO] running `Command { std: "docker" "rm" "-f" "63a818c34fea19348a29e77b108d2992dcba38d5f91b6669864a98b927e24e5e", kill_on_drop: false }`
[INFO] [stdout] 63a818c34fea19348a29e77b108d2992dcba38d5f91b6669864a98b927e24e5e
