[INFO] fetching crate standard-yup-oauth2 12.1.2-2...
[INFO] testing standard-yup-oauth2-12.1.2-2 against 1.99.0-beta.8+cargoflags=--release for beta-release-1.100-2
[INFO] extracting crate standard-yup-oauth2 12.1.2-2 into /workspace/builds/worker-5-tc1/source
[INFO] started tweaking crates.io crate standard-yup-oauth2 12.1.2-2
[INFO] removed 0 missing examples
[INFO] removed 0 missing tests
[INFO] finished tweaking crates.io crate standard-yup-oauth2 12.1.2-2
[INFO] tweaked toml for crates.io crate standard-yup-oauth2 12.1.2-2 written to /workspace/builds/worker-5-tc1/source/Cargo.toml
[INFO] validating manifest of crates.io crate standard-yup-oauth2 12.1.2-2 on toolchain 1.99.0-beta.8
[INFO] running `Command { std: CARGO_HOME="/workspace/cargo-home" RUSTUP_HOME="/workspace/rustup-home" "/workspace/cargo-home/bin/cargo" "+1.99.0-beta.8" "metadata" "--manifest-path" "Cargo.toml" "--no-deps", kill_on_drop: false }`
[INFO] crate crates.io crate standard-yup-oauth2 12.1.2-2 already has a lockfile, it will not be regenerated
[INFO] running `Command { std: CARGO_HOME="/workspace/cargo-home" RUSTUP_HOME="/workspace/rustup-home" "/workspace/cargo-home/bin/cargo" "+1.99.0-beta.8" "fetch" "--manifest-path" "Cargo.toml", kill_on_drop: false }`
[INFO] [stderr]     Updating crates.io index
[INFO] [stderr]  Downloading crates ...
[INFO] [stderr]   Downloaded webbrowser v0.8.15
[INFO] [stderr]   Downloaded web-sys v0.3.100
[INFO] [stderr]   Downloaded httptest v0.16.4
[INFO] running `Command { std: "docker" "create" "-v" "/var/lib/crater-agent-workspace/builds/worker-5-tc1/source:/opt/rustwide/workdir:ro,Z" "-v" "/var/lib/crater-agent-workspace/builds/worker-5-tc1/target:/opt/rustwide/target:rw,Z" "-v" "/var/lib/crater-agent-workspace/cargo-home:/opt/rustwide/cargo-home:ro,Z" "-v" "/var/lib/crater-agent-workspace/rustup-home:/opt/rustwide/rustup-home:ro,Z" "-m" "1610612736" "--network" "none" "ghcr.io/rust-lang/crates-build-env/linux@sha256:77db811e55d90add9212f6832c23229e3de5f1c1f9905e8cb07319ea15df73ac" "sleep" "infinity", kill_on_drop: false }`
[INFO] [stdout] 7c5a441f14d1b770d0a10417c3da18985cd893b1a5de9435095c8fdc2d4a17b4
[INFO] running `Command { std: "docker" "start" "7c5a441f14d1b770d0a10417c3da18985cd893b1a5de9435095c8fdc2d4a17b4", kill_on_drop: false }`
[INFO] running `Command { std: "docker" "inspect" "7c5a441f14d1b770d0a10417c3da18985cd893b1a5de9435095c8fdc2d4a17b4", kill_on_drop: false }`
[INFO] running `Command { std: "docker" "exec" "-e" "SOURCE_DIR=/opt/rustwide/workdir" "-e" "CARGO_HOME=/opt/rustwide/cargo-home" "-e" "RUSTUP_HOME=/opt/rustwide/rustup-home" "-e" "CARGO_TARGET_DIR=/opt/rustwide/target" "-w" "/opt/rustwide/workdir" "--user" "0:0" "7c5a441f14d1b770d0a10417c3da18985cd893b1a5de9435095c8fdc2d4a17b4" "/opt/rustwide/cargo-home/bin/cargo" "+1.99.0-beta.8" "metadata" "--no-deps" "--format-version=1", kill_on_drop: false }`
[INFO] running `Command { std: "docker" "inspect" "7c5a441f14d1b770d0a10417c3da18985cd893b1a5de9435095c8fdc2d4a17b4", kill_on_drop: false }`
[INFO] running `Command { std: "docker" "exec" "-e" "SOURCE_DIR=/opt/rustwide/workdir" "-e" "CARGO_HOME=/opt/rustwide/cargo-home" "-e" "RUSTUP_HOME=/opt/rustwide/rustup-home" "-e" "CARGO_TARGET_DIR=/opt/rustwide/target" "-e" "CARGO_INCREMENTAL=0" "-e" "RUST_BACKTRACE=full" "-e" "RUSTFLAGS=--cap-lints=warn" "-e" "RUSTDOCFLAGS=--cap-lints=warn" "-w" "/opt/rustwide/workdir" "--user" "0:0" "7c5a441f14d1b770d0a10417c3da18985cd893b1a5de9435095c8fdc2d4a17b4" "/opt/rustwide/cargo-home/bin/cargo" "+1.99.0-beta.8" "build" "--frozen" "--message-format=json" "--release", kill_on_drop: false }`
[INFO] [stderr]    Compiling yoke v0.8.3
[INFO] [stderr]    Compiling tokio v1.52.3
[INFO] [stderr]    Compiling rustls v0.23.40
[INFO] [stderr]    Compiling futures-task v0.3.32
[INFO] [stderr]    Compiling rustls-native-certs v0.8.4
[INFO] [stderr]    Compiling serde v1.0.228
[INFO] [stderr]    Compiling time v0.3.47
[INFO] [stderr]    Compiling futures-util v0.3.32
[INFO] [stderr]    Compiling zerovec v0.11.6
[INFO] [stderr]    Compiling zerotrie v0.2.4
[INFO] [stderr]    Compiling tinystr v0.8.3
[INFO] [stderr]    Compiling potential_utf v0.1.5
[INFO] [stderr]    Compiling icu_collections v2.2.0
[INFO] [stderr]    Compiling icu_locale_core v2.2.0
[INFO] [stderr]    Compiling icu_provider v2.2.0
[INFO] [stderr]    Compiling icu_normalizer v2.2.0
[INFO] [stderr]    Compiling icu_properties v2.2.0
[INFO] [stderr]    Compiling idna_adapter v1.2.2
[INFO] [stderr]    Compiling idna v1.1.0
[INFO] [stderr]    Compiling url v2.5.8
[INFO] [stderr]    Compiling tokio-util v0.7.18
[INFO] [stderr]    Compiling tokio-rustls v0.26.4
[INFO] [stderr]    Compiling h2 v0.4.14
[INFO] [stderr]    Compiling hyper v1.10.1
[INFO] [stderr]    Compiling hyper-util v0.1.20
[INFO] [stderr]    Compiling hyper-rustls v0.27.9
[INFO] [stderr]    Compiling standard-yup-oauth2 v12.1.2-2 (/opt/rustwide/workdir)
[INFO] [stderr]     Finished `release` profile [optimized] target(s) in 47.12s
[INFO] running `Command { std: "docker" "inspect" "7c5a441f14d1b770d0a10417c3da18985cd893b1a5de9435095c8fdc2d4a17b4", kill_on_drop: false }`
[INFO] running `Command { std: "docker" "exec" "-e" "SOURCE_DIR=/opt/rustwide/workdir" "-e" "CARGO_HOME=/opt/rustwide/cargo-home" "-e" "RUSTUP_HOME=/opt/rustwide/rustup-home" "-e" "CARGO_TARGET_DIR=/opt/rustwide/target" "-e" "CARGO_INCREMENTAL=0" "-e" "RUST_BACKTRACE=full" "-e" "RUSTFLAGS=--cap-lints=warn" "-e" "RUSTDOCFLAGS=--cap-lints=warn" "-w" "/opt/rustwide/workdir" "--user" "0:0" "7c5a441f14d1b770d0a10417c3da18985cd893b1a5de9435095c8fdc2d4a17b4" "/opt/rustwide/cargo-home/bin/cargo" "+1.99.0-beta.8" "test" "--frozen" "--no-run" "--message-format=json" "--release", kill_on_drop: false }`
[INFO] [stderr]    Compiling tokio v1.52.3
[INFO] [stderr]    Compiling futures-util v0.3.32
[INFO] [stderr]    Compiling aho-corasick v1.1.4
[INFO] [stderr]    Compiling rustls v0.23.40
[INFO] [stderr]    Compiling serde_urlencoded v0.7.1
[INFO] [stderr]    Compiling is-terminal v0.4.17
[INFO] [stderr]    Compiling url v2.5.8
[INFO] [stderr]    Compiling tempfile v3.27.0
[INFO] [stderr]    Compiling webbrowser v0.8.15
[INFO] [stderr]    Compiling regex-automata v0.4.14
[INFO] [stderr]    Compiling futures v0.3.32
[INFO] [stderr]    Compiling tokio-util v0.7.18
[INFO] [stderr]    Compiling h2 v0.4.14
[INFO] [stderr]    Compiling tokio-rustls v0.26.4
[INFO] [stderr]    Compiling regex v1.12.4
[INFO] [stderr]    Compiling bstr v1.12.1
[INFO] [stderr]    Compiling env_logger v0.10.2
[INFO] [stderr]    Compiling hyper v1.10.1
[INFO] [stderr]    Compiling hyper-util v0.1.20
[INFO] [stderr]    Compiling hyper-rustls v0.27.9
[INFO] [stderr]    Compiling httptest v0.16.4
[INFO] [stderr]    Compiling standard-yup-oauth2 v12.1.2-2 (/opt/rustwide/workdir)
[INFO] [stderr]     Finished `release` profile [optimized] target(s) in 1m 59s
[INFO] running `Command { std: "docker" "inspect" "7c5a441f14d1b770d0a10417c3da18985cd893b1a5de9435095c8fdc2d4a17b4", kill_on_drop: false }`
[INFO] running `Command { std: "docker" "exec" "-e" "SOURCE_DIR=/opt/rustwide/workdir" "-e" "CARGO_HOME=/opt/rustwide/cargo-home" "-e" "RUSTUP_HOME=/opt/rustwide/rustup-home" "-e" "CARGO_TARGET_DIR=/opt/rustwide/target" "-e" "CARGO_INCREMENTAL=0" "-e" "RUST_BACKTRACE=full" "-e" "RUSTFLAGS=--cap-lints=warn" "-e" "RUSTDOCFLAGS=--cap-lints=warn" "-w" "/opt/rustwide/workdir" "--user" "0:0" "7c5a441f14d1b770d0a10417c3da18985cd893b1a5de9435095c8fdc2d4a17b4" "/opt/rustwide/cargo-home/bin/cargo" "+1.99.0-beta.8" "test" "--frozen" "--release", kill_on_drop: false }`
[INFO] [stderr]     Finished `release` profile [optimized] target(s) in 0.23s
[INFO] [stderr]      Running unittests src/lib.rs (/opt/rustwide/target/release/deps/yup_oauth2-8188e98810078631)
[INFO] [stdout] 
[INFO] [stdout] running 14 tests
[INFO] [stdout] test installed::tests::test_request_url_builder ... ok
[INFO] [stdout] test types::tests::no_default_expiry_for_access_token ... ok
[INFO] [stdout] test installed::tests::test_server_random_local_port ... ok
[INFO] [stdout] test authenticator::tests::ensure_send_sync ... ok
[INFO] [stdout] test installed::tests::test_server ... ok
[INFO] [stdout] test storage::tests::test_scope_filter ... ok
[INFO] [stdout] test types::tests::console_secret ... ok
[INFO] [stdout] test installed::tests::test_request_url_builder_appends_queries ... ok
[INFO] [stdout] test service_account::tests::test_jwt_initialize_claims ... ok
[INFO] [stdout] test installed::tests::test_http_handle_url ... ok
[INFO] [stdout] test types::tests::default_expiry_for_id_token_only ... ok
[INFO] [stdout] test storage::tests::test_disk_storage ... ok
[INFO] [stdout] test service_account::tests::test_jwt_sign ... ok
[INFO] [stderr]      Running tests/tests.rs (/opt/rustwide/target/release/deps/tests-bc099dd3822bf4e7)
[INFO] [stdout] test error::tests::test_auth_error_code_deserialize ... ok
[INFO] [stdout] 
[INFO] [stdout] test result: ok. 14 passed; 0 failed; 0 ignored; 0 measured; 0 filtered out; finished in 0.03s
[INFO] [stdout] 
[INFO] [stdout] 
[INFO] [stdout] running 14 tests
[INFO] [stdout] test test_token ... ok
[INFO] [stdout] test test_default_application_credentials_from_metadata_server ... ok
[INFO] [stdout] test test_service_account_error ... ok
[INFO] [stdout] test test_installed_redirect_success ... ok
[INFO] [stdout] test test_installed_interactive_success ... ok
[INFO] [stdout] test test_installed_error ... ok
[INFO] [stdout] test test_device_no_code ... ok
[INFO] [stdout] test test_device_delay ... FAILED
[INFO] [stdout] test test_disk_storage ... ok
[INFO] [stdout] test test_service_account_success ... ok
[INFO] [stdout] test test_refresh ... ok
[INFO] [stdout] test test_memory_storage ... ok
[INFO] [stdout] test test_device_no_token ... ok
[INFO] [stdout] test test_device_success ... ok
[INFO] [stdout] 
[INFO] [stdout] failures:
[INFO] [stdout] 
[INFO] [stdout] ---- test_device_delay stdout ----
[INFO] [stdout] 
[INFO] [stdout] thread 'test_device_delay' (1433) panicked at /opt/rustwide/cargo-home/registry/src/index.crates.io-1949cf8c6b5b557f/httptest-0.16.4/src/server.rs:77:17:
[INFO] [stdout] Unexpected number of requests for matcher 'AllOf[MethodPath { method: "POST", path: "/code" }, Body(UrlDecoded(Contains(("client_id", Matches(Regex("902216714886"))))))]'; received 0; expected Exactly(1). (no other unexpected requests)
[INFO] [stdout] stack backtrace:
[INFO] [stdout]    0:     0x6439acd751c1 - <<std[70759c8f55707aa4]::sys::backtrace::BacktraceLock>::print::DisplayBacktrace as core[df12db4294e9bfd3]::fmt::Display>::fmt
[INFO] [stdout]    1:     0x6439acd8c14a - core[df12db4294e9bfd3]::fmt::write
[INFO] [stdout]    2:     0x6439acd7a6dc - <alloc[2182bb758b4b3781]::vec::Vec<u8> as core[df12db4294e9bfd3]::io::write::Write>::write_fmt
[INFO] [stdout]    3:     0x6439acd4e5f6 - std[70759c8f55707aa4]::panicking::default_hook::{closure#0}
[INFO] [stdout]    4:     0x6439acd6c009 - std[70759c8f55707aa4]::panicking::default_hook
[INFO] [stdout]    5:     0x6439ac9f3960 - test[9d35eded1c95d3be]::test_main_inner::<test[9d35eded1c95d3be]::test_main_static::{closure#0}>::{closure#0}
[INFO] [stdout]    6:     0x6439acd6c332 - std[70759c8f55707aa4]::panicking::panic_with_hook
[INFO] [stdout]    7:     0x6439acd4e6a2 - std[70759c8f55707aa4]::panicking::panic_handler::{closure#0}
[INFO] [stdout]    8:     0x6439acd46f79 - std[70759c8f55707aa4]::sys::backtrace::__rust_end_short_backtrace::<std[70759c8f55707aa4]::panicking::panic_handler::{closure#0}, !>
[INFO] [stdout]    9:     0x6439acd4f50d - __rustc[8fa7c3cbc660c2b3]::rust_begin_unwind
[INFO] [stdout]   10:     0x6439acd8c92c - core[df12db4294e9bfd3]::panicking::panic_fmt
[INFO] [stdout]   11:     0x6439aca717c6 - <httptest[6774e2b0ed8ede7c]::server::Server>::verify_and_clear::safe_panic
[INFO] [stdout]   12:     0x6439aca6d840 - <httptest[6774e2b0ed8ede7c]::server::Server>::verify_and_clear
[INFO] [stdout]   13:     0x6439aca71f60 - <httptest[6774e2b0ed8ede7c]::server::Server as core[df12db4294e9bfd3]::ops::drop::Drop>::drop
[INFO] [stdout]   14:     0x6439ac90e66e - core[df12db4294e9bfd3]::ptr::drop_glue::<httptest[6774e2b0ed8ede7c]::server::Server>
[INFO] [stdout]   15:     0x6439ac92888d - tests[a00b8402ea9d23e9]::test_device_delay::{closure#0}
[INFO] [stdout]   16:     0x6439ac980713 - <tokio[c95afd17af178635]::runtime::scheduler::current_thread::Context>::enter::<core[df12db4294e9bfd3]::task::poll::Poll<()>, <tokio[c95afd17af178635]::runtime::scheduler::current_thread::CoreGuard>::block_on<core[df12db4294e9bfd3]::pin::Pin<&mut core[df12db4294e9bfd3]::pin::Pin<&mut dyn core[df12db4294e9bfd3]::future::future::Future<Output = ()>>>>::{closure#0}::{closure#0}>
[INFO] [stdout]   17:     0x6439ac9cfa8c - <tokio[c95afd17af178635]::runtime::context::scoped::Scoped<tokio[c95afd17af178635]::runtime::scheduler::Context>>::set::<<tokio[c95afd17af178635]::runtime::scheduler::current_thread::CoreGuard>::enter<<tokio[c95afd17af178635]::runtime::scheduler::current_thread::CoreGuard>::block_on<core[df12db4294e9bfd3]::pin::Pin<&mut core[df12db4294e9bfd3]::pin::Pin<&mut dyn core[df12db4294e9bfd3]::future::future::Future<Output = ()>>>>::{closure#0}, core[df12db4294e9bfd3]::option::Option<()>>::{closure#0}, (alloc[2182bb758b4b3781]::boxed::Box<tokio[c95afd17af178635]::runtime::scheduler::current_thread::Core>, core[df12db4294e9bfd3]::option::Option<()>)>
[INFO] [stdout]   18:     0x6439ac980a67 - <tokio[c95afd17af178635]::runtime::scheduler::current_thread::CoreGuard>::block_on::<core[df12db4294e9bfd3]::pin::Pin<&mut core[df12db4294e9bfd3]::pin::Pin<&mut dyn core[df12db4294e9bfd3]::future::future::Future<Output = ()>>>>
[INFO] [stdout]   19:     0x6439ac9d3177 - tokio[c95afd17af178635]::runtime::context::runtime::enter_runtime::<<tokio[c95afd17af178635]::runtime::scheduler::current_thread::CurrentThread>::block_on<core[df12db4294e9bfd3]::pin::Pin<&mut dyn core[df12db4294e9bfd3]::future::future::Future<Output = ()>>>::{closure#0}, ()>
[INFO] [stdout]   20:     0x6439ac9c6265 - <tokio[c95afd17af178635]::runtime::runtime::Runtime>::block_on::<core[df12db4294e9bfd3]::pin::Pin<&mut dyn core[df12db4294e9bfd3]::future::future::Future<Output = ()>>>
[INFO] [stdout]   21:     0x6439ac936d6e - <tests[a00b8402ea9d23e9]::test_device_delay::{closure#0} as core[df12db4294e9bfd3]::ops::function::FnOnce<()>>::call_once
[INFO] [stdout]   22:     0x6439ac9e6c4b - test[9d35eded1c95d3be]::__rust_begin_short_backtrace::<core[df12db4294e9bfd3]::result::Result<(), alloc[2182bb758b4b3781]::string::String>, fn() -> core[df12db4294e9bfd3]::result::Result<(), alloc[2182bb758b4b3781]::string::String>>
[INFO] [stdout]   23:     0x6439ac9f42b5 - test[9d35eded1c95d3be]::run_test::{closure#0}
[INFO] [stdout]   24:     0x6439ac9edb74 - std[70759c8f55707aa4]::sys::backtrace::__rust_begin_short_backtrace::<test[9d35eded1c95d3be]::run_test::{closure#1}, ()>
[INFO] [stdout]   25:     0x6439ac9f7412 - <std[70759c8f55707aa4]::thread::lifecycle::spawn_unchecked<test[9d35eded1c95d3be]::run_test::{closure#1}, ()>::{closure#1} as core[df12db4294e9bfd3]::ops::function::FnOnce<()>>::call_once::{shim:vtable#0}
[INFO] [stdout]   26:     0x6439acd73e09 - <std[70759c8f55707aa4]::sys::thread::unix::Thread>::new::thread_start
[INFO] [stdout]   27:     0x79665b2d2dfa - <unknown>
[INFO] [stdout]   28:     0x79665b3663d4 - clone
[INFO] [stdout]   29:                0x0 - <unknown>
[INFO] [stdout] 
[INFO] [stdout] 
[INFO] [stdout] failures:
[INFO] [stdout]     test_device_delay
[INFO] [stdout] 
[INFO] [stdout] test result: FAILED. 13 passed; 1 failed; 0 ignored; 0 measured; 0 filtered out; finished in 1.22s
[INFO] [stdout] 
[INFO] [stderr] error: test failed, to rerun pass `--test tests`
[INFO] running `Command { std: "docker" "inspect" "7c5a441f14d1b770d0a10417c3da18985cd893b1a5de9435095c8fdc2d4a17b4", kill_on_drop: false }`
[INFO] running `Command { std: "docker" "rm" "-f" "7c5a441f14d1b770d0a10417c3da18985cd893b1a5de9435095c8fdc2d4a17b4", kill_on_drop: false }`
[INFO] [stdout] 7c5a441f14d1b770d0a10417c3da18985cd893b1a5de9435095c8fdc2d4a17b4
