[INFO] fetching crate speare 0.4.3...
[INFO] testing speare-0.4.3 against 1.99.0-beta.8+cargoflags=--release for beta-release-1.100-2
[INFO] extracting crate speare 0.4.3 into /workspace/builds/worker-1-tc1/source
[INFO] started tweaking crates.io crate speare 0.4.3
[INFO] removed 0 missing tests
[INFO] finished tweaking crates.io crate speare 0.4.3
[INFO] tweaked toml for crates.io crate speare 0.4.3 written to /workspace/builds/worker-1-tc1/source/Cargo.toml
[INFO] validating manifest of crates.io crate speare 0.4.3 on toolchain 1.99.0-beta.8
[INFO] running `Command { std: CARGO_HOME="/workspace/cargo-home" RUSTUP_HOME="/workspace/rustup-home" "/workspace/cargo-home/bin/cargo" "+1.99.0-beta.8" "metadata" "--manifest-path" "Cargo.toml" "--no-deps", kill_on_drop: false }`
[INFO] crate crates.io crate speare 0.4.3 already has a lockfile, it will not be regenerated
[INFO] running `Command { std: CARGO_HOME="/workspace/cargo-home" RUSTUP_HOME="/workspace/rustup-home" "/workspace/cargo-home/bin/cargo" "+1.99.0-beta.8" "fetch" "--manifest-path" "Cargo.toml", kill_on_drop: false }`
[INFO] [stderr]  Downloading crates ...
[INFO] [stderr]   Downloaded syn v2.0.92
[INFO] running `Command { std: "docker" "create" "-v" "/var/lib/crater-agent-workspace/builds/worker-1-tc1/source:/opt/rustwide/workdir:ro,Z" "-v" "/var/lib/crater-agent-workspace/builds/worker-1-tc1/target:/opt/rustwide/target:rw,Z" "-v" "/var/lib/crater-agent-workspace/cargo-home:/opt/rustwide/cargo-home:ro,Z" "-v" "/var/lib/crater-agent-workspace/rustup-home:/opt/rustwide/rustup-home:ro,Z" "-m" "1610612736" "--network" "none" "ghcr.io/rust-lang/crates-build-env/linux@sha256:77db811e55d90add9212f6832c23229e3de5f1c1f9905e8cb07319ea15df73ac" "sleep" "infinity", kill_on_drop: false }`
[INFO] [stdout] 404a274d1c2a48d2e6124980d00845f692ace40198023f005ef1b7128ae8553e
[INFO] running `Command { std: "docker" "start" "404a274d1c2a48d2e6124980d00845f692ace40198023f005ef1b7128ae8553e", kill_on_drop: false }`
[INFO] running `Command { std: "docker" "inspect" "404a274d1c2a48d2e6124980d00845f692ace40198023f005ef1b7128ae8553e", kill_on_drop: false }`
[INFO] running `Command { std: "docker" "exec" "-e" "SOURCE_DIR=/opt/rustwide/workdir" "-e" "CARGO_HOME=/opt/rustwide/cargo-home" "-e" "RUSTUP_HOME=/opt/rustwide/rustup-home" "-e" "CARGO_TARGET_DIR=/opt/rustwide/target" "-w" "/opt/rustwide/workdir" "--user" "0:0" "404a274d1c2a48d2e6124980d00845f692ace40198023f005ef1b7128ae8553e" "/opt/rustwide/cargo-home/bin/cargo" "+1.99.0-beta.8" "metadata" "--no-deps" "--format-version=1", kill_on_drop: false }`
[INFO] running `Command { std: "docker" "inspect" "404a274d1c2a48d2e6124980d00845f692ace40198023f005ef1b7128ae8553e", kill_on_drop: false }`
[INFO] running `Command { std: "docker" "exec" "-e" "SOURCE_DIR=/opt/rustwide/workdir" "-e" "CARGO_HOME=/opt/rustwide/cargo-home" "-e" "RUSTUP_HOME=/opt/rustwide/rustup-home" "-e" "CARGO_TARGET_DIR=/opt/rustwide/target" "-e" "CARGO_INCREMENTAL=0" "-e" "RUST_BACKTRACE=full" "-e" "RUSTFLAGS=--cap-lints=warn" "-e" "RUSTDOCFLAGS=--cap-lints=warn" "-w" "/opt/rustwide/workdir" "--user" "0:0" "404a274d1c2a48d2e6124980d00845f692ace40198023f005ef1b7128ae8553e" "/opt/rustwide/cargo-home/bin/cargo" "+1.99.0-beta.8" "build" "--frozen" "--message-format=json" "--release", kill_on_drop: false }`
[INFO] [stderr]    Compiling proc-macro2 v1.0.92
[INFO] [stderr]    Compiling libc v0.2.149
[INFO] [stderr]    Compiling futures-sink v0.3.31
[INFO] [stderr]    Compiling pin-project-lite v0.2.13
[INFO] [stderr]    Compiling lock_api v0.4.10
[INFO] [stderr]    Compiling spin v0.9.8
[INFO] [stderr]    Compiling quote v1.0.38
[INFO] [stderr]    Compiling syn v2.0.92
[INFO] [stderr]    Compiling getrandom v0.2.10
[INFO] [stderr]    Compiling nanorand v0.7.0
[INFO] [stderr]    Compiling flume v0.11.1
[INFO] [stderr]    Compiling tokio-macros v2.4.0
[INFO] [stderr]    Compiling tokio v1.42.0
[INFO] [stderr]    Compiling speare v0.4.3 (/opt/rustwide/workdir)
[INFO] [stderr]     Finished `release` profile [optimized] target(s) in 10.23s
[INFO] running `Command { std: "docker" "inspect" "404a274d1c2a48d2e6124980d00845f692ace40198023f005ef1b7128ae8553e", kill_on_drop: false }`
[INFO] running `Command { std: "docker" "exec" "-e" "SOURCE_DIR=/opt/rustwide/workdir" "-e" "CARGO_HOME=/opt/rustwide/cargo-home" "-e" "RUSTUP_HOME=/opt/rustwide/rustup-home" "-e" "CARGO_TARGET_DIR=/opt/rustwide/target" "-e" "CARGO_INCREMENTAL=0" "-e" "RUST_BACKTRACE=full" "-e" "RUSTFLAGS=--cap-lints=warn" "-e" "RUSTDOCFLAGS=--cap-lints=warn" "-w" "/opt/rustwide/workdir" "--user" "0:0" "404a274d1c2a48d2e6124980d00845f692ace40198023f005ef1b7128ae8553e" "/opt/rustwide/cargo-home/bin/cargo" "+1.99.0-beta.8" "test" "--frozen" "--no-run" "--message-format=json" "--release", kill_on_drop: false }`
[INFO] [stderr]    Compiling unicode-segmentation v1.12.0
[INFO] [stderr]    Compiling syn v2.0.92
[INFO] [stderr]    Compiling convert_case v0.6.0
[INFO] [stderr]    Compiling tokio-macros v2.4.0
[INFO] [stderr]    Compiling derive_more-impl v1.0.0
[INFO] [stderr]    Compiling tokio v1.42.0
[INFO] [stderr]    Compiling derive_more v1.0.0
[INFO] [stderr]    Compiling speare v0.4.3 (/opt/rustwide/workdir)
[INFO] [stderr]     Finished `release` profile [optimized] target(s) in 1m 08s
[INFO] running `Command { std: "docker" "inspect" "404a274d1c2a48d2e6124980d00845f692ace40198023f005ef1b7128ae8553e", kill_on_drop: false }`
[INFO] running `Command { std: "docker" "exec" "-e" "SOURCE_DIR=/opt/rustwide/workdir" "-e" "CARGO_HOME=/opt/rustwide/cargo-home" "-e" "RUSTUP_HOME=/opt/rustwide/rustup-home" "-e" "CARGO_TARGET_DIR=/opt/rustwide/target" "-e" "CARGO_INCREMENTAL=0" "-e" "RUST_BACKTRACE=full" "-e" "RUSTFLAGS=--cap-lints=warn" "-e" "RUSTDOCFLAGS=--cap-lints=warn" "-w" "/opt/rustwide/workdir" "--user" "0:0" "404a274d1c2a48d2e6124980d00845f692ace40198023f005ef1b7128ae8553e" "/opt/rustwide/cargo-home/bin/cargo" "+1.99.0-beta.8" "test" "--frozen" "--release", kill_on_drop: false }`
[INFO] [stderr]     Finished `release` profile [optimized] target(s) in 0.07s
[INFO] [stdout] 
[INFO] [stderr]      Running unittests src/lib.rs (/opt/rustwide/target/release/deps/speare-ae4743c340a564c6)
[INFO] [stdout] running 0 tests
[INFO] [stderr]      Running tests/backoff.rs (/opt/rustwide/target/release/deps/backoff-44414d56d0c3b8c3)
[INFO] [stdout] 
[INFO] [stdout] test result: ok. 0 passed; 0 failed; 0 ignored; 0 measured; 0 filtered out; finished in 0.00s
[INFO] [stdout] 
[INFO] [stdout] 
[INFO] [stdout] running 4 tests
[INFO] [stdout] test no_backoff_restarts_immediately ... ok
[INFO] [stdout] test static_backoff_delays_each_restart_by_fixed_duration ... ok
[INFO] [stderr]      Running tests/beam_patterns.rs (/opt/rustwide/target/release/deps/beam_patterns-bd269f693c3fb712)
[INFO] [stdout] test incremental_backoff_increases_delay_linearly ... ok
[INFO] [stdout] test incremental_backoff_clamps_to_max ... ok
[INFO] [stdout] 
[INFO] [stdout] test result: ok. 4 passed; 0 failed; 0 ignored; 0 measured; 0 filtered out; finished in 0.00s
[INFO] [stdout] 
[INFO] [stdout] 
[INFO] [stdout] running 10 tests
[INFO] [stdout] test one_for_all::failing_one_child_restarts_all_children ... ok
[INFO] [stdout] test one_for_all::with_individual_restarts_before_escalation ... ok
[INFO] [stdout] test one_for_all::new_handles_are_alive_after_group_restart ... ok
[INFO] [stdout] test one_for_all::failing_any_child_triggers_group_restart ... ok
[INFO] [stdout] test one_for_all::old_handles_become_dead_after_group_restart ... ok
[INFO] [stderr]      Running tests/clear_mailbox.rs (/opt/rustwide/target/release/deps/clear_mailbox-fe9d77bc564e4bbd)
[INFO] [stdout] test rest_for_one::option1_clean_slate::foundational_child_failure_restarts_all ... ok
[INFO] [stdout] test rest_for_one::option1_clean_slate::non_foundational_child_failure_does_not_trigger_group_restart ... ok
[INFO] [stdout] test rest_for_one::option1_clean_slate::old_handles_dead_after_foundational_failure ... ok
[INFO] [stdout] test rest_for_one::option2_preserve_mailbox::new_worker_a_handle_is_alive_after_respawn ... ok
[INFO] [stdout] test rest_for_one::option2_preserve_mailbox::foundational_failure_restarts_surviving_and_respawns_dead ... ok
[INFO] [stdout] 
[INFO] [stdout] test result: ok. 10 passed; 0 failed; 0 ignored; 0 measured; 0 filtered out; finished in 0.00s
[INFO] [stdout] 
[INFO] [stdout] 
[INFO] [stdout] running 3 tests
[INFO] [stdout] test new_messages_after_clear_mailbox_are_received ... ok
[INFO] [stderr]      Running tests/handle_restart.rs (/opt/rustwide/target/release/deps/handle_restart-3cc909febcf3626a)
[INFO] [stdout] test clear_mailbox_discards_pending_messages_on_restart ... ok
[INFO] [stdout] test without_clear_mailbox_pending_messages_survive_restart ... ok
[INFO] [stdout] 
[INFO] [stdout] test result: ok. 3 passed; 0 failed; 0 ignored; 0 measured; 0 filtered out; finished in 0.01s
[INFO] [stdout] 
[INFO] [stdout] 
[INFO] [stdout] running 4 tests
[INFO] [stdout] test restart_allows_continued_messaging ... ok
[INFO] [stdout] test restart_calls_exit_then_init ... ok
[INFO] [stdout] test restart_keeps_actor_alive ... ok
[INFO] [stderr]      Running tests/handle_send.rs (/opt/rustwide/target/release/deps/handle_send-5530d2e6bb0b8781)
[INFO] [stdout] test restart_resets_actor_state ... ok
[INFO] [stdout] 
[INFO] [stdout] test result: ok. 4 passed; 0 failed; 0 ignored; 0 measured; 0 filtered out; finished in 0.01s
[INFO] [stdout] 
[INFO] [stdout] 
[INFO] [stdout] running 3 tests
[INFO] [stdout] test send_returns_true_when_actor_alive ... ok
[INFO] [stderr]      Running tests/handle_send_in.rs (/opt/rustwide/target/release/deps/handle_send_in-da9b1bbad0c41bdf)
[INFO] [stdout] test send_returns_false_when_actor_stopped ... ok
[INFO] [stdout] test sends_msgs_in_correct_order ... ok
[INFO] [stdout] 
[INFO] [stdout] test result: ok. 3 passed; 0 failed; 0 ignored; 0 measured; 0 filtered out; finished in 0.00s
[INFO] [stdout] 
[INFO] [stdout] 
[INFO] [stdout] running 3 tests
[INFO] [stdout] test send_in_does_not_deliver_before_delay ... ok
[INFO] [stdout] test send_in_delivers_message_after_delay ... ok
[INFO] [stdout] test send_in_ordering_with_immediate_send ... ok
[INFO] [stdout] 
[INFO] [stdout] test result: ok. 3 passed; 0 failed; 0 ignored; 0 measured; 0 filtered out; finished in 0.00s
[INFO] [stdout] 
[INFO] [stderr]      Running tests/intervals.rs (/opt/rustwide/target/release/deps/intervals-19ae72f8df362ca1)
[INFO] [stdout] 
[INFO] [stdout] running 4 tests
[INFO] [stdout] test interval_and_handle_messages_both_received ... ok
[INFO] [stdout] test interval_sends_ticks_to_actor ... ok
[INFO] [stdout] test multiple_intervals ... ok
[INFO] [stdout] test interval_stops_when_actor_stops ... ok
[INFO] [stderr]      Running tests/lifetime_deps.rs (/opt/rustwide/target/release/deps/lifetime_deps-5e113dfb9f12afe8)
[INFO] [stdout] 
[INFO] [stdout] test result: ok. 4 passed; 0 failed; 0 ignored; 0 measured; 0 filtered out; finished in 0.09s
[INFO] [stdout] 
[INFO] [stdout] 
[INFO] [stdout] running 2 tests
[INFO] [stdout] test order_preserved_even_with_startup_failure ... ok
[INFO] [stderr]      Running tests/mini.rs (/opt/rustwide/target/release/deps/mini-189c1ffa3f73d70b)
[INFO] [stdout] test on_init_and_on_exit_are_called_in_order ... ok
[INFO] [stdout] 
[INFO] [stdout] test result: ok. 2 passed; 0 failed; 0 ignored; 0 measured; 0 filtered out; finished in 0.00s
[INFO] [stdout] 
[INFO] [stdout] 
[INFO] [stdout] running 14 tests
[INFO] [stdout] test publish_to_empty_topic_is_ok ... ok
[INFO] [stdout] test task_with_passes_args_into_child_ctx ... ok
[INFO] [stdout] test publish_delivers_to_multiple_subscribers ... ok
[INFO] [stdout] test publish_delivers_to_subscriber ... ok
[INFO] [stdout] test publish_type_mismatch_returns_error ... ok
[INFO] [stdout] test subscribe_type_mismatch_returns_error ... ok
[INFO] [stdout] test spawnwatch_reports_error_once_for_stop_policy ... ok
[INFO] [stdout] test restart_stops_after_max_restarts ... ok
[INFO] [stdout] test restart_retries_until_success ... ok
[INFO] [stdout] test task_runs_once_with_async_closure ... ok
[INFO] [stdout] test oneshot_stops_after_first_error ... ok
[INFO] [stdout] test abort_children_stops_all_running_tasks ... ok
[INFO] [stdout] test dropping_root_aborts_running_children ... ok
[INFO] [stdout] test oneshot_runs_once_with_async_closure ... ok
[INFO] [stdout] 
[INFO] [stdout] test result: ok. 14 passed; 0 failed; 0 ignored; 0 measured; 0 filtered out; finished in 0.16s
[INFO] [stdout] 
[INFO] [stderr]      Running tests/node_shutdown.rs (/opt/rustwide/target/release/deps/node_shutdown-2d306e52938c8834)
[INFO] [stdout] 
[INFO] [stdout] running 3 tests
[INFO] [stdout] test shutdown_stops_all_children ... ok
[INFO] [stdout] test shutdown_stops_nested_children ... ok
[INFO] [stdout] test shutdown_calls_exit_on_all_children ... ok
[INFO] [stdout] 
[INFO] [stdout] test result: ok. 3 passed; 0 failed; 0 ignored; 0 measured; 0 filtered out; finished in 0.01s
[INFO] [stdout] 
[INFO] [stderr]      Running tests/pubsub.rs (/opt/rustwide/target/release/deps/pubsub-79dd9da12cea5953)
[INFO] [stdout] 
[INFO] [stdout] running 13 tests
[INFO] [stdout] test double_subscribe_delivers_message_twice ... ok
[INFO] [stdout] test double_subscribe_cleaned_up_fully_on_stop ... ok
[INFO] [stdout] test publish_delivers_to_subscriber ... ok
[INFO] [stdout] test publish_type_mismatch_returns_error ... ok
[INFO] [stdout] test subscriptions_cleaned_up_on_stop ... ok
[INFO] [stdout] test subscribe_from_handle_works ... ok
[INFO] [stderr]      Running tests/registry.rs (/opt/rustwide/target/release/deps/registry-71737229a34005c2)
[INFO] [stdout] test multi_topic_subscriptions_cleaned_up_on_stop ... ok
[INFO] [stdout] test publish_delivers_to_multiple_subscribers ... ok
[INFO] [stdout] test actor_subscribes_to_multiple_topics ... ok
[INFO] [stdout] test publish_to_empty_topic_is_noop ... ok
[INFO] [stdout] test subscribe_type_mismatch_returns_error ... ok
[INFO] [stdout] test publish_ignores_dead_subscriber_channels ... ok
[INFO] [stdout] test subscriptions_cleaned_up_on_restart_no_duplicates ... ok
[INFO] [stdout] 
[INFO] [stdout] test result: ok. 13 passed; 0 failed; 0 ignored; 0 measured; 0 filtered out; finished in 0.01s
[INFO] [stdout] 
[INFO] [stdout] 
[INFO] [stdout] running 22 tests
[INFO] [stdout] test spawn_named_allows_different_names ... ok
[INFO] [stdout] test spawn_named_actor_is_functional ... ok
[INFO] [stdout] test registered_actor_deregisters_on_stop ... ok
[INFO] [stdout] test send_delivers_msg_to_registered_actor ... ok
[INFO] [stdout] test get_handle_finds_named_actor ... ok
[INFO] [stdout] test get_handle_returns_none_for_wrong_msg_type ... ok
[INFO] [stdout] test send_to_returns_not_found_when_not_registered ... ok
[INFO] [stdout] test get_handle_returns_none_when_not_registered ... ok
[INFO] [stdout] test spawn_registered_returns_handle ... ok
[INFO] [stdout] test spawn_named_returns_name_taken_on_duplicate ... ok
[INFO] [stdout] test get_handle_returns_none_for_wrong_name ... ok
[INFO] [stdout] test spawn_named_with_type_name_collides_with_spawn_registered ... ok
[INFO] [stdout] test get_handle_for_finds_registered_actor ... ok
[INFO] [stdout] test get_handle_for_returns_none_when_not_registered ... ok
[INFO] [stdout] test send_returns_not_found_when_not_registered ... ok
[INFO] [stdout] test spawn_registered_collides_with_spawn_named_using_type_name ... ok
[INFO] [stdout] test send_to_delivers_msg_to_named_actor ... ok
[INFO] [stdout] test spawn_registered_returns_name_taken_on_duplicate ... ok
[INFO] [stdout] test named_actor_deregisters_on_stop ... ok
[INFO] [stderr]      Running tests/req_res.rs (/opt/rustwide/target/release/deps/req_res-5c745d33f03e9e9e)
[INFO] [stdout] test spawn_registered_actor_is_functional ... ok
[INFO] [stdout] test spawn_named_returns_handle ... ok
[INFO] [stdout] test spawn_registered_and_spawn_named_coexist_with_different_keys ... ok
[INFO] [stdout] 
[INFO] [stdout] test result: ok. 22 passed; 0 failed; 0 ignored; 0 measured; 0 filtered out; finished in 0.01s
[INFO] [stdout] 
[INFO] [stdout] 
[INFO] [stdout] running 13 tests
[INFO] [stdout] test req_returns_dropped_when_actor_never_replies ... ok
[INFO] [stdout] test req_returns_response_from_actor ... ok
[INFO] [stdout] test reqw_timeout_returns_response_within_deadline ... ok
[INFO] [stdout] test response_recv_timeout_returns_dropped_when_request_dropped ... ok
[INFO] [stdout] test req_works_with_complex_data ... ok
[INFO] [stdout] test reqw_sends_request_using_wrapper_function ... ok
[INFO] [stdout] test request_data_is_accessible ... ok
[INFO] [stdout] test concurrent_requests_from_multiple_callers ... ok
[INFO] [stdout] test actor_can_make_request_to_another_actor_inside_handle ... ok
[INFO] [stdout] test multiple_sequential_requests_to_same_actor ... ok
[INFO] [stdout] test req_returns_dropped_when_actor_is_stopped ... ok
[INFO] [stdout] test req_timeout_returns_response_within_deadline ... ok
[INFO] [stdout] test req_timeout_returns_timeout_when_deadline_exceeded ... ok
[INFO] [stderr]      Running tests/restart_children.rs (/opt/rustwide/target/release/deps/restart_children-9a708986e08ed235)
[INFO] [stdout] 
[INFO] [stdout] test result: ok. 13 passed; 0 failed; 0 ignored; 0 measured; 0 filtered out; finished in 0.01s
[INFO] [stdout] 
[INFO] [stdout] 
[INFO] [stdout] running 3 tests
[INFO] [stdout] test restart_children_allows_continued_messaging ... ok
[INFO] [stdout] test restart_children_resets_all_children_state ... ok
[INFO] [stdout] test restart_children_keeps_children_alive ... ok
[INFO] [stdout] 
[INFO] [stdout] test result: ok. 3 passed; 0 failed; 0 ignored; 0 measured; 0 filtered out; finished in 0.00s
[INFO] [stdout] 
[INFO] [stderr]      Running tests/root_process_stops_children.rs (/opt/rustwide/target/release/deps/root_process_stops_children-0550a47e87c05dc6)
[INFO] [stdout] 
[INFO] [stdout] running 3 tests
[INFO] [stdout] test stopping_a_root_actor_stops_all_its_children ... ok
[INFO] [stdout] test node_stops_all_actors_when_dropped ... ok
[INFO] [stdout] test root_supervision_works ... ok
[INFO] [stdout] 
[INFO] [stdout] test result: ok. 3 passed; 0 failed; 0 ignored; 0 measured; 0 filtered out; finished in 0.00s
[INFO] [stdout] 
[INFO] [stderr]      Running tests/streams.rs (/opt/rustwide/target/release/deps/streams-9608169ef7e1f72e)
[INFO] [stdout] 
[INFO] [stdout] running 4 tests
[INFO] [stderr]      Running tests/supervision.rs (/opt/rustwide/target/release/deps/supervision-376dbfd39bbbbda9)
[INFO] [stdout] test actor_receives_messages_from_stream ... ok
[INFO] [stdout] test actor_receives_from_multiple_streams ... ok
[INFO] [stdout] test actor_stops_cleanly_with_active_stream ... ok
[INFO] [stdout] test actor_receives_from_both_handle_and_stream ... ok
[INFO] [stdout] 
[INFO] [stdout] test result: ok. 4 passed; 0 failed; 0 ignored; 0 measured; 0 filtered out; finished in 0.00s
[INFO] [stdout] 
[INFO] [stdout] 
[INFO] [stdout] running 3 tests
[INFO] [stdout] test one_for_one::all_different_strategies_work ... ok
[INFO] [stdout] test one_for_one::reaches_max_reset_limit_and_shuts_down_actor ... ok
[INFO] [stdout] test one_for_one::using_node_as_parent_reaches_max_reset_limit_and_shuts_down_actor ... ok
[INFO] [stdout] 
[INFO] [stdout] test result: ok. 3 passed; 0 failed; 0 ignored; 0 measured; 0 filtered out; finished in 0.01s
[INFO] [stdout] 
[INFO] [stderr]      Running tests/sync_vec.rs (/opt/rustwide/target/release/deps/sync_vec-33b2271d1b336e6f)
[INFO] [stdout] 
[INFO] [stdout] running 0 tests
[INFO] [stdout] 
[INFO] [stderr]      Running tests/tasks.rs (/opt/rustwide/target/release/deps/tasks-c2706aba20889da4)
[INFO] [stdout] test result: ok. 0 passed; 0 failed; 0 ignored; 0 measured; 0 filtered out; finished in 0.00s
[INFO] [stdout] 
[INFO] [stdout] 
[INFO] [stdout] running 5 tests
[INFO] [stdout] test task_result_is_handled_as_message ... ok
[INFO] [stdout] test tasks_aborted_when_actor_stops ... ok
[INFO] [stderr] error: test failed, to rerun pass `--test tasks`
[INFO] [stdout] test task_and_handle_messages_interleave ... ok
[INFO] [stdout] test multiple_tasks_all_deliver ... FAILED
[INFO] [stdout] test task_spawned_in_handle ... ok
[INFO] [stdout] 
[INFO] [stdout] failures:
[INFO] [stdout] 
[INFO] [stdout] ---- multiple_tasks_all_deliver stdout ----
[INFO] [stdout] 
[INFO] [stdout] thread 'multiple_tasks_all_deliver' (1809) panicked at tests/tasks.rs:140:5:
[INFO] [stdout] assertion `left == right` failed
[INFO] [stdout]   left: 1
[INFO] [stdout]  right: 3
[INFO] [stdout] stack backtrace:
[INFO] [stdout]    0:     0x5fe73576fe91 - <<std[70759c8f55707aa4]::sys::backtrace::BacktraceLock>::print::DisplayBacktrace as core[df12db4294e9bfd3]::fmt::Display>::fmt
[INFO] [stdout]    1:     0x5fe73578413a - core[df12db4294e9bfd3]::fmt::write
[INFO] [stdout]    2:     0x5fe7357743cc - <alloc[2182bb758b4b3781]::vec::Vec<u8> as core[df12db4294e9bfd3]::io::write::Write>::write_fmt
[INFO] [stdout]    3:     0x5fe73574bd36 - std[70759c8f55707aa4]::panicking::default_hook::{closure#0}
[INFO] [stdout]    4:     0x5fe735768189 - std[70759c8f55707aa4]::panicking::default_hook
[INFO] [stdout]    5:     0x5fe7356e0140 - test[9d35eded1c95d3be]::test_main_inner::<test[9d35eded1c95d3be]::test_main_static::{closure#0}>::{closure#0}
[INFO] [stdout]    6:     0x5fe7357684b2 - std[70759c8f55707aa4]::panicking::panic_with_hook
[INFO] [stdout]    7:     0x5fe73574bde2 - std[70759c8f55707aa4]::panicking::panic_handler::{closure#0}
[INFO] [stdout]    8:     0x5fe735744b69 - std[70759c8f55707aa4]::sys::backtrace::__rust_end_short_backtrace::<std[70759c8f55707aa4]::panicking::panic_handler::{closure#0}, !>
[INFO] [stdout]    9:     0x5fe73574c9dd - __rustc[8fa7c3cbc660c2b3]::rust_begin_unwind
[INFO] [stdout]   10:     0x5fe73578489c - core[df12db4294e9bfd3]::panicking::panic_fmt
[INFO] [stdout]   11:     0x5fe7357847b3 - core[df12db4294e9bfd3]::panicking::assert_failed_inner
[INFO] [stdout]   12:     0x5fe735781078 - core[df12db4294e9bfd3]::panicking::assert_failed::<usize, usize>
[INFO] [stdout]   13:     0x5fe7356cb1ab - tasks[68732bd9f42a339e]::multiple_tasks_all_deliver::{closure#0}
[INFO] [stdout]   14:     0x5fe7356c1a28 - <tokio[dfa53b55a339369d]::runtime::context::scoped::Scoped<tokio[dfa53b55a339369d]::runtime::scheduler::Context>>::set::<<tokio[dfa53b55a339369d]::runtime::scheduler::current_thread::CoreGuard>::enter<<tokio[dfa53b55a339369d]::runtime::scheduler::current_thread::CoreGuard>::block_on<core[df12db4294e9bfd3]::pin::Pin<&mut core[df12db4294e9bfd3]::pin::Pin<&mut dyn core[df12db4294e9bfd3]::future::future::Future<Output = ()>>>>::{closure#0}, core[df12db4294e9bfd3]::option::Option<()>>::{closure#0}, (alloc[2182bb758b4b3781]::boxed::Box<tokio[dfa53b55a339369d]::runtime::scheduler::current_thread::Core>, core[df12db4294e9bfd3]::option::Option<()>)>
[INFO] [stdout]   15:     0x5fe7356c2a3d - <tokio[dfa53b55a339369d]::runtime::scheduler::current_thread::CoreGuard>::block_on::<core[df12db4294e9bfd3]::pin::Pin<&mut core[df12db4294e9bfd3]::pin::Pin<&mut dyn core[df12db4294e9bfd3]::future::future::Future<Output = ()>>>>
[INFO] [stdout]   16:     0x5fe7356cfb61 - tokio[dfa53b55a339369d]::runtime::context::runtime::enter_runtime::<<tokio[dfa53b55a339369d]::runtime::scheduler::current_thread::CurrentThread>::block_on<core[df12db4294e9bfd3]::pin::Pin<&mut dyn core[df12db4294e9bfd3]::future::future::Future<Output = ()>>>::{closure#0}, ()>
[INFO] [stdout]   17:     0x5fe7356ccc85 - <tokio[dfa53b55a339369d]::runtime::runtime::Runtime>::block_on::<core[df12db4294e9bfd3]::pin::Pin<&mut dyn core[df12db4294e9bfd3]::future::future::Future<Output = ()>>>
[INFO] [stdout]   18:     0x5fe7356cc72c - <tasks[68732bd9f42a339e]::multiple_tasks_all_deliver::{closure#0} as core[df12db4294e9bfd3]::ops::function::FnOnce<()>>::call_once
[INFO] [stdout]   19:     0x5fe7356d342b - test[9d35eded1c95d3be]::__rust_begin_short_backtrace::<core[df12db4294e9bfd3]::result::Result<(), alloc[2182bb758b4b3781]::string::String>, fn() -> core[df12db4294e9bfd3]::result::Result<(), alloc[2182bb758b4b3781]::string::String>>
[INFO] [stdout]   20:     0x5fe7356e0a95 - test[9d35eded1c95d3be]::run_test::{closure#0}
[INFO] [stdout]   21:     0x5fe7356da354 - std[70759c8f55707aa4]::sys::backtrace::__rust_begin_short_backtrace::<test[9d35eded1c95d3be]::run_test::{closure#1}, ()>
[INFO] [stdout]   22:     0x5fe7356e3bf2 - <std[70759c8f55707aa4]::thread::lifecycle::spawn_unchecked<test[9d35eded1c95d3be]::run_test::{closure#1}, ()>::{closure#1} as core[df12db4294e9bfd3]::ops::function::FnOnce<()>>::call_once::{shim:vtable#0}
[INFO] [stdout]   23:     0x5fe73576f729 - <std[70759c8f55707aa4]::sys::thread::unix::Thread>::new::thread_start
[INFO] [stdout]   24:     0x77789942bdfa - <unknown>
[INFO] [stdout]   25:     0x7778994bf3d4 - clone
[INFO] [stdout]   26:                0x0 - <unknown>
[INFO] [stdout] 
[INFO] [stdout] 
[INFO] [stdout] failures:
[INFO] [stdout]     multiple_tasks_all_deliver
[INFO] [stdout] 
[INFO] [stdout] test result: FAILED. 4 passed; 1 failed; 0 ignored; 0 measured; 0 filtered out; finished in 0.04s
[INFO] [stdout] 
[INFO] running `Command { std: "docker" "inspect" "404a274d1c2a48d2e6124980d00845f692ace40198023f005ef1b7128ae8553e", kill_on_drop: false }`
[INFO] running `Command { std: "docker" "rm" "-f" "404a274d1c2a48d2e6124980d00845f692ace40198023f005ef1b7128ae8553e", kill_on_drop: false }`
[INFO] [stdout] 404a274d1c2a48d2e6124980d00845f692ace40198023f005ef1b7128ae8553e
