[INFO] fetching crate smix-recorder-ir 1.0.27...
[INFO] testing smix-recorder-ir-1.0.27 against 1.99.0-beta.8+cargoflags=--release for beta-release-1.100-2
[INFO] extracting crate smix-recorder-ir 1.0.27 into /workspace/builds/worker-6-tc1/source
[INFO] started tweaking crates.io crate smix-recorder-ir 1.0.27
[INFO] removed 0 missing tests
[INFO] finished tweaking crates.io crate smix-recorder-ir 1.0.27
[INFO] tweaked toml for crates.io crate smix-recorder-ir 1.0.27 written to /workspace/builds/worker-6-tc1/source/Cargo.toml
[INFO] validating manifest of crates.io crate smix-recorder-ir 1.0.27 on toolchain 1.99.0-beta.8
[INFO] running `Command { std: CARGO_HOME="/workspace/cargo-home" RUSTUP_HOME="/workspace/rustup-home" "/workspace/cargo-home/bin/cargo" "+1.99.0-beta.8" "metadata" "--manifest-path" "Cargo.toml" "--no-deps", kill_on_drop: false }`
[INFO] crate crates.io crate smix-recorder-ir 1.0.27 already has a lockfile, it will not be regenerated
[INFO] running `Command { std: CARGO_HOME="/workspace/cargo-home" RUSTUP_HOME="/workspace/rustup-home" "/workspace/cargo-home/bin/cargo" "+1.99.0-beta.8" "fetch" "--manifest-path" "Cargo.toml", kill_on_drop: false }`
[INFO] [stderr]  Downloading crates ...
[INFO] [stderr]   Downloaded smix-input v1.0.27
[INFO] [stderr]   Downloaded smix-selector v1.0.27
[INFO] [stderr]   Downloaded smix-screen v1.0.27
[INFO] running `Command { std: "docker" "create" "-v" "/var/lib/crater-agent-workspace/builds/worker-6-tc1/source:/opt/rustwide/workdir:ro,Z" "-v" "/var/lib/crater-agent-workspace/builds/worker-6-tc1/target:/opt/rustwide/target:rw,Z" "-v" "/var/lib/crater-agent-workspace/cargo-home:/opt/rustwide/cargo-home:ro,Z" "-v" "/var/lib/crater-agent-workspace/rustup-home:/opt/rustwide/rustup-home:ro,Z" "-m" "1610612736" "--network" "none" "ghcr.io/rust-lang/crates-build-env/linux@sha256:77db811e55d90add9212f6832c23229e3de5f1c1f9905e8cb07319ea15df73ac" "sleep" "infinity", kill_on_drop: false }`
[INFO] [stdout] 25129ec4454b3296e28b69e6292675c4492f9ee9fbfe0ade9c16be0c1db0236c
[INFO] running `Command { std: "docker" "start" "25129ec4454b3296e28b69e6292675c4492f9ee9fbfe0ade9c16be0c1db0236c", kill_on_drop: false }`
[INFO] running `Command { std: "docker" "inspect" "25129ec4454b3296e28b69e6292675c4492f9ee9fbfe0ade9c16be0c1db0236c", kill_on_drop: false }`
[INFO] running `Command { std: "docker" "exec" "-e" "SOURCE_DIR=/opt/rustwide/workdir" "-e" "CARGO_HOME=/opt/rustwide/cargo-home" "-e" "RUSTUP_HOME=/opt/rustwide/rustup-home" "-e" "CARGO_TARGET_DIR=/opt/rustwide/target" "-w" "/opt/rustwide/workdir" "--user" "0:0" "25129ec4454b3296e28b69e6292675c4492f9ee9fbfe0ade9c16be0c1db0236c" "/opt/rustwide/cargo-home/bin/cargo" "+1.99.0-beta.8" "metadata" "--no-deps" "--format-version=1", kill_on_drop: false }`
[INFO] running `Command { std: "docker" "inspect" "25129ec4454b3296e28b69e6292675c4492f9ee9fbfe0ade9c16be0c1db0236c", kill_on_drop: false }`
[INFO] running `Command { std: "docker" "exec" "-e" "SOURCE_DIR=/opt/rustwide/workdir" "-e" "CARGO_HOME=/opt/rustwide/cargo-home" "-e" "RUSTUP_HOME=/opt/rustwide/rustup-home" "-e" "CARGO_TARGET_DIR=/opt/rustwide/target" "-e" "CARGO_INCREMENTAL=0" "-e" "RUST_BACKTRACE=full" "-e" "RUSTFLAGS=--cap-lints=warn" "-e" "RUSTDOCFLAGS=--cap-lints=warn" "-w" "/opt/rustwide/workdir" "--user" "0:0" "25129ec4454b3296e28b69e6292675c4492f9ee9fbfe0ade9c16be0c1db0236c" "/opt/rustwide/cargo-home/bin/cargo" "+1.99.0-beta.8" "build" "--frozen" "--message-format=json" "--release", kill_on_drop: false }`
[INFO] [stderr]    Compiling proc-macro2 v1.0.106
[INFO] [stderr]    Compiling quote v1.0.46
[INFO] [stderr]    Compiling aho-corasick v1.1.4
[INFO] [stderr]    Compiling syn v2.0.118
[INFO] [stderr]    Compiling regex-automata v0.4.14
[INFO] [stderr]    Compiling serde_derive v1.0.228
[INFO] [stderr]    Compiling regex v1.12.4
[INFO] [stderr]    Compiling serde v1.0.228
[INFO] [stderr]    Compiling smix-screen v1.0.27
[INFO] [stderr]    Compiling smix-input v1.0.27
[INFO] [stderr]    Compiling smix-selector v1.0.27
[INFO] [stderr]    Compiling smix-recorder-ir v1.0.27 (/opt/rustwide/workdir)
[INFO] [stderr]     Finished `release` profile [optimized] target(s) in 17.62s
[INFO] running `Command { std: "docker" "inspect" "25129ec4454b3296e28b69e6292675c4492f9ee9fbfe0ade9c16be0c1db0236c", kill_on_drop: false }`
[INFO] running `Command { std: "docker" "exec" "-e" "SOURCE_DIR=/opt/rustwide/workdir" "-e" "CARGO_HOME=/opt/rustwide/cargo-home" "-e" "RUSTUP_HOME=/opt/rustwide/rustup-home" "-e" "CARGO_TARGET_DIR=/opt/rustwide/target" "-e" "CARGO_INCREMENTAL=0" "-e" "RUST_BACKTRACE=full" "-e" "RUSTFLAGS=--cap-lints=warn" "-e" "RUSTDOCFLAGS=--cap-lints=warn" "-w" "/opt/rustwide/workdir" "--user" "0:0" "25129ec4454b3296e28b69e6292675c4492f9ee9fbfe0ade9c16be0c1db0236c" "/opt/rustwide/cargo-home/bin/cargo" "+1.99.0-beta.8" "test" "--frozen" "--no-run" "--message-format=json" "--release", kill_on_drop: false }`
[INFO] [stderr]    Compiling quote v1.0.46
[INFO] [stderr]    Compiling serde v1.0.228
[INFO] [stderr]    Compiling zerocopy v0.8.52
[INFO] [stderr]    Compiling ciborium-io v0.2.2
[INFO] [stderr]    Compiling either v1.16.0
[INFO] [stderr]    Compiling plotters-backend v0.3.7
[INFO] [stderr]    Compiling cast v0.3.0
[INFO] [stderr]    Compiling anes v0.1.6
[INFO] [stderr]    Compiling clap_builder v4.6.0
[INFO] [stderr]    Compiling oorandom v11.1.5
[INFO] [stderr]    Compiling serde_json v1.0.150
[INFO] [stderr]    Compiling itertools v0.13.0
[INFO] [stderr]    Compiling plotters-svg v0.3.7
[INFO] [stderr]    Compiling syn v2.0.118
[INFO] [stderr]    Compiling plotters v0.3.7
[INFO] [stderr]    Compiling criterion-plot v0.6.0
[INFO] [stderr]    Compiling clap v4.6.1
[INFO] [stderr]    Compiling serde_derive v1.0.228
[INFO] [stderr]    Compiling zerocopy-derive v0.8.52
[INFO] [stderr]    Compiling smix-screen v1.0.27
[INFO] [stderr]    Compiling tinytemplate v1.2.1
[INFO] [stderr]    Compiling smix-input v1.0.27
[INFO] [stderr]    Compiling smix-selector v1.0.27
[INFO] [stderr]    Compiling smix-recorder-ir v1.0.27 (/opt/rustwide/workdir)
[INFO] [stderr]    Compiling half v2.7.1
[INFO] [stderr]    Compiling ciborium-ll v0.2.2
[INFO] [stderr]    Compiling ciborium v0.2.2
[INFO] [stderr]    Compiling criterion v0.7.0
[INFO] [stderr]     Finished `release` profile [optimized] target(s) in 38.90s
[INFO] running `Command { std: "docker" "inspect" "25129ec4454b3296e28b69e6292675c4492f9ee9fbfe0ade9c16be0c1db0236c", kill_on_drop: false }`
[INFO] running `Command { std: "docker" "exec" "-e" "SOURCE_DIR=/opt/rustwide/workdir" "-e" "CARGO_HOME=/opt/rustwide/cargo-home" "-e" "RUSTUP_HOME=/opt/rustwide/rustup-home" "-e" "CARGO_TARGET_DIR=/opt/rustwide/target" "-e" "CARGO_INCREMENTAL=0" "-e" "RUST_BACKTRACE=full" "-e" "RUSTFLAGS=--cap-lints=warn" "-e" "RUSTDOCFLAGS=--cap-lints=warn" "-w" "/opt/rustwide/workdir" "--user" "0:0" "25129ec4454b3296e28b69e6292675c4492f9ee9fbfe0ade9c16be0c1db0236c" "/opt/rustwide/cargo-home/bin/cargo" "+1.99.0-beta.8" "test" "--frozen" "--release", kill_on_drop: false }`
[INFO] [stderr]     Finished `release` profile [optimized] target(s) in 0.09s
[INFO] [stderr]      Running unittests src/lib.rs (/opt/rustwide/target/release/deps/smix_recorder_ir-cb346fdc1d02f432)
[INFO] [stderr]      Running tests/ir.rs (/opt/rustwide/target/release/deps/ir-5d76da4a8af4a0c2)
[INFO] [stdout] 
[INFO] [stdout] running 0 tests
[INFO] [stdout] 
[INFO] [stdout] test result: ok. 0 passed; 0 failed; 0 ignored; 0 measured; 0 filtered out; finished in 0.00s
[INFO] [stdout] 
[INFO] [stdout] 
[INFO] [stdout] running 16 tests
[INFO] [stdout] test clear_wire_round_trip ... ok
[INFO] [stdout] test swipe_wire_omits_from_when_none ... ok
[INFO] [stdout] test go_back_wire_round_trip ... ok
[INFO] [stdout] test sort_by_timestamp_orders_ascending ... ok
[INFO] [stdout] test fill_wire_round_trip ... ok
[INFO] [stdout] test kind_accessor_matches_wire_tag ... ok
[INFO] [stdout] test recorder_error_reason_kebab_wire ... ok
[INFO] [stdout] test sort_by_timestamp_handles_equal_timestamps_stable ... ok
[INFO] [stdout] test press_key_wire_round_trip ... ok
[INFO] [stdout] test sort_by_timestamp_idempotent ... ok
[INFO] [stdout] test recorder_error_impl_error_trait ... ok
[INFO] [stdout] test timestamp_ms_accessor_works_across_variants ... ok
[INFO] [stdout] test swipe_wire_round_trip_with_from ... ok
[INFO] [stdout] test hide_keyboard_wire_round_trip ... ok
[INFO] [stdout] test tap_wire_round_trip_kind_tag ... ok
[INFO] [stdout] test wait_for_wire_round_trip ... ok
[INFO] [stdout] 
[INFO] [stdout] test result: ok. 16 passed; 0 failed; 0 ignored; 0 measured; 0 filtered out; finished in 0.15s
[INFO] [stdout] 
[INFO] [stderr]      Running tests/perf_gate.rs (/opt/rustwide/target/release/deps/perf_gate-66dbf96a78211e07)
[INFO] [stdout] 
[INFO] [stdout] running 5 tests
[INFO] [stdout] test perf_gate_kind_accessor_under_5ns ... ok
[INFO] [stdout] test perf_gate_serde_encode_tap_under_2us ... ok
[INFO] [stdout] test perf_gate_timestamp_accessor_under_5ns ... ok
[INFO] [stdout] test perf_gate_serde_decode_tap_under_10us ... ok
[INFO] [stdout] test perf_gate_sort_by_timestamp_100_under_15us ... FAILED
[INFO] [stdout] 
[INFO] [stdout] failures:
[INFO] [stdout] 
[INFO] [stdout] ---- perf_gate_sort_by_timestamp_100_under_15us stdout ----
[INFO] [stdout] 
[INFO] [stdout] thread 'perf_gate_sort_by_timestamp_100_under_15us' (1048) panicked at tests/perf_gate.rs:97:5:
[INFO] [stdout] sort_by_timestamp 100-action exceeded 15 μs: 16651 ns/iter
[INFO] [stdout] stack backtrace:
[INFO] [stdout]    0:     0x6138804c3711 - <<std[70759c8f55707aa4]::sys::backtrace::BacktraceLock>::print::DisplayBacktrace as core[df12db4294e9bfd3]::fmt::Display>::fmt
[INFO] [stdout]    1:     0x6138804d7fea - core[df12db4294e9bfd3]::fmt::write
[INFO] [stdout]    2:     0x6138804c7bac - <alloc[2182bb758b4b3781]::vec::Vec<u8> as core[df12db4294e9bfd3]::io::write::Write>::write_fmt
[INFO] [stdout]    3:     0x61388049fd06 - std[70759c8f55707aa4]::panicking::default_hook::{closure#0}
[INFO] [stdout]    4:     0x6138804bbe79 - std[70759c8f55707aa4]::panicking::default_hook
[INFO] [stdout]    5:     0x613880451200 - test[9d35eded1c95d3be]::test_main_inner::<test[9d35eded1c95d3be]::test_main_static::{closure#0}>::{closure#0}
[INFO] [stdout]    6:     0x6138804bc032 - std[70759c8f55707aa4]::panicking::panic_with_hook
[INFO] [stdout]    7:     0x61388049fdb2 - std[70759c8f55707aa4]::panicking::panic_handler::{closure#0}
[INFO] [stdout]    8:     0x613880498b39 - std[70759c8f55707aa4]::sys::backtrace::__rust_end_short_backtrace::<std[70759c8f55707aa4]::panicking::panic_handler::{closure#0}, !>
[INFO] [stdout]    9:     0x6138804a09ad - __rustc[8fa7c3cbc660c2b3]::rust_begin_unwind
[INFO] [stdout]   10:     0x6138804d871c - core[df12db4294e9bfd3]::panicking::panic_fmt
[INFO] [stdout]   11:     0x61388043b545 - <perf_gate[bae6efcc07fa46f7]::perf_gate_sort_by_timestamp_100_under_15us::{closure#0} as core[df12db4294e9bfd3]::ops::function::FnOnce<()>>::call_once
[INFO] [stdout]   12:     0x6138804444eb - test[9d35eded1c95d3be]::__rust_begin_short_backtrace::<core[df12db4294e9bfd3]::result::Result<(), alloc[2182bb758b4b3781]::string::String>, fn() -> core[df12db4294e9bfd3]::result::Result<(), alloc[2182bb758b4b3781]::string::String>>
[INFO] [stdout]   13:     0x613880451b55 - test[9d35eded1c95d3be]::run_test::{closure#0}
[INFO] [stdout]   14:     0x61388044b414 - std[70759c8f55707aa4]::sys::backtrace::__rust_begin_short_backtrace::<test[9d35eded1c95d3be]::run_test::{closure#1}, ()>
[INFO] [stdout]   15:     0x613880454cb2 - <std[70759c8f55707aa4]::thread::lifecycle::spawn_unchecked<test[9d35eded1c95d3be]::run_test::{closure#1}, ()>::{closure#1} as core[df12db4294e9bfd3]::ops::function::FnOnce<()>>::call_once::{shim:vtable#0}
[INFO] [stdout]   16:     0x6138804c2fe9 - <std[70759c8f55707aa4]::sys::thread::unix::Thread>::new::thread_start
[INFO] [stdout]   17:     0x710e5ada8dfa - <unknown>
[INFO] [stdout]   18:     0x710e5ae3c3d4 - clone
[INFO] [stdout]   19:                0x0 - <unknown>
[INFO] [stdout] 
[INFO] [stdout] 
[INFO] [stdout] failures:
[INFO] [stdout]     perf_gate_sort_by_timestamp_100_under_15us
[INFO] [stdout] 
[INFO] [stdout] test result: FAILED. 4 passed; 1 failed; 0 ignored; 0 measured; 0 filtered out; finished in 0.18s
[INFO] [stdout] 
[INFO] [stderr] error: test failed, to rerun pass `--test perf_gate`
[INFO] running `Command { std: "docker" "inspect" "25129ec4454b3296e28b69e6292675c4492f9ee9fbfe0ade9c16be0c1db0236c", kill_on_drop: false }`
[INFO] running `Command { std: "docker" "rm" "-f" "25129ec4454b3296e28b69e6292675c4492f9ee9fbfe0ade9c16be0c1db0236c", kill_on_drop: false }`
[INFO] [stdout] 25129ec4454b3296e28b69e6292675c4492f9ee9fbfe0ade9c16be0c1db0236c
