[INFO] fetching crate smith-config 0.1.2...
[INFO] testing smith-config-0.1.2 against 1.99.0-beta.8+cargoflags=--release for beta-release-1.100-2
[INFO] extracting crate smith-config 0.1.2 into /workspace/builds/worker-7-tc1/source
[INFO] started tweaking crates.io crate smith-config 0.1.2
[INFO] finished tweaking crates.io crate smith-config 0.1.2
[INFO] tweaked toml for crates.io crate smith-config 0.1.2 written to /workspace/builds/worker-7-tc1/source/Cargo.toml
[INFO] validating manifest of crates.io crate smith-config 0.1.2 on toolchain 1.99.0-beta.8
[INFO] running `Command { std: CARGO_HOME="/workspace/cargo-home" RUSTUP_HOME="/workspace/rustup-home" "/workspace/cargo-home/bin/cargo" "+1.99.0-beta.8" "metadata" "--manifest-path" "Cargo.toml" "--no-deps", kill_on_drop: false }`
[INFO] crate crates.io crate smith-config 0.1.2 already has a lockfile, it will not be regenerated
[INFO] running `Command { std: CARGO_HOME="/workspace/cargo-home" RUSTUP_HOME="/workspace/rustup-home" "/workspace/cargo-home/bin/cargo" "+1.99.0-beta.8" "fetch" "--manifest-path" "Cargo.toml", kill_on_drop: false }`
[INFO] [stderr]     Blocking waiting for file lock on package cache
[INFO] [stderr]     Updating crates.io index
[INFO] [stderr]     Blocking waiting for file lock on package cache
[INFO] [stderr]  Downloading crates ...
[INFO] [stderr]   Downloaded pear_codegen v0.2.9
[INFO] [stderr]   Downloaded proc-macro2-diagnostics v0.10.1
[INFO] [stderr]   Downloaded atomic v0.6.1
[INFO] [stderr]   Downloaded pear v0.2.9
[INFO] [stderr]   Downloaded inlinable_string v0.1.15
[INFO] [stderr]   Downloaded winnow v0.7.14
[INFO] [stderr]   Downloaded ryu v1.0.22
[INFO] [stderr]   Downloaded figment v0.10.19
[INFO] [stderr]   Downloaded indexmap v2.13.0
[INFO] running `Command { std: "docker" "create" "-v" "/var/lib/crater-agent-workspace/builds/worker-7-tc1/source:/opt/rustwide/workdir:ro,Z" "-v" "/var/lib/crater-agent-workspace/builds/worker-7-tc1/target:/opt/rustwide/target:rw,Z" "-v" "/var/lib/crater-agent-workspace/cargo-home:/opt/rustwide/cargo-home:ro,Z" "-v" "/var/lib/crater-agent-workspace/rustup-home:/opt/rustwide/rustup-home:ro,Z" "-m" "1610612736" "--network" "none" "ghcr.io/rust-lang/crates-build-env/linux@sha256:77db811e55d90add9212f6832c23229e3de5f1c1f9905e8cb07319ea15df73ac" "sleep" "infinity", kill_on_drop: false }`
[INFO] [stdout] dd9b45ee07d1702402a9b214e930102363a9541afe242ce90777fd70a8982427
[INFO] running `Command { std: "docker" "start" "dd9b45ee07d1702402a9b214e930102363a9541afe242ce90777fd70a8982427", kill_on_drop: false }`
[INFO] running `Command { std: "docker" "inspect" "dd9b45ee07d1702402a9b214e930102363a9541afe242ce90777fd70a8982427", kill_on_drop: false }`
[INFO] running `Command { std: "docker" "exec" "-e" "SOURCE_DIR=/opt/rustwide/workdir" "-e" "CARGO_HOME=/opt/rustwide/cargo-home" "-e" "RUSTUP_HOME=/opt/rustwide/rustup-home" "-e" "CARGO_TARGET_DIR=/opt/rustwide/target" "-w" "/opt/rustwide/workdir" "--user" "0:0" "dd9b45ee07d1702402a9b214e930102363a9541afe242ce90777fd70a8982427" "/opt/rustwide/cargo-home/bin/cargo" "+1.99.0-beta.8" "metadata" "--no-deps" "--format-version=1", kill_on_drop: false }`
[INFO] running `Command { std: "docker" "inspect" "dd9b45ee07d1702402a9b214e930102363a9541afe242ce90777fd70a8982427", kill_on_drop: false }`
[INFO] running `Command { std: "docker" "exec" "-e" "SOURCE_DIR=/opt/rustwide/workdir" "-e" "CARGO_HOME=/opt/rustwide/cargo-home" "-e" "RUSTUP_HOME=/opt/rustwide/rustup-home" "-e" "CARGO_TARGET_DIR=/opt/rustwide/target" "-e" "CARGO_INCREMENTAL=0" "-e" "RUST_BACKTRACE=full" "-e" "RUSTFLAGS=--cap-lints=warn" "-e" "RUSTDOCFLAGS=--cap-lints=warn" "-w" "/opt/rustwide/workdir" "--user" "0:0" "dd9b45ee07d1702402a9b214e930102363a9541afe242ce90777fd70a8982427" "/opt/rustwide/cargo-home/bin/cargo" "+1.99.0-beta.8" "build" "--frozen" "--message-format=json" "--release", kill_on_drop: false }`
[INFO] [stderr]    Compiling quote v1.0.44
[INFO] [stderr]    Compiling unicode-ident v1.0.22
[INFO] [stderr]    Compiling writeable v0.6.2
[INFO] [stderr]    Compiling litemap v0.8.1
[INFO] [stderr]    Compiling icu_properties_data v2.1.2
[INFO] [stderr]    Compiling icu_normalizer_data v2.1.1
[INFO] [stderr]    Compiling hashbrown v0.16.1
[INFO] [stderr]    Compiling memchr v2.7.6
[INFO] [stderr]    Compiling smallvec v1.15.1
[INFO] [stderr]    Compiling yansi v1.0.1
[INFO] [stderr]    Compiling proc-macro2-diagnostics v0.10.1
[INFO] [stderr]    Compiling zmij v1.0.19
[INFO] [stderr]    Compiling uncased v0.9.10
[INFO] [stderr]    Compiling serde_json v1.0.149
[INFO] [stderr]    Compiling winnow v0.7.14
[INFO] [stderr]    Compiling itoa v1.0.17
[INFO] [stderr]    Compiling proc-macro2 v1.0.106
[INFO] [stderr]    Compiling toml_write v0.1.2
[INFO] [stderr]    Compiling figment v0.10.19
[INFO] [stderr]    Compiling regex-syntax v0.8.8
[INFO] [stderr]    Compiling percent-encoding v2.3.2
[INFO] [stderr]    Compiling inlinable_string v0.1.15
[INFO] [stderr]    Compiling anyhow v1.0.100
[INFO] [stderr]    Compiling tracing-core v0.1.36
[INFO] [stderr]    Compiling iana-time-zone v0.1.65
[INFO] [stderr]    Compiling form_urlencoded v1.2.2
[INFO] [stderr]    Compiling ryu v1.0.22
[INFO] [stderr]    Compiling unsafe-libyaml v0.2.11
[INFO] [stderr]    Compiling aho-corasick v1.1.4
[INFO] [stderr]    Compiling syn v2.0.114
[INFO] [stderr]    Compiling indexmap v2.13.0
[INFO] [stderr]    Compiling regex-automata v0.4.13
[INFO] [stderr]    Compiling synstructure v0.13.2
[INFO] [stderr]    Compiling zerofrom-derive v0.1.6
[INFO] [stderr]    Compiling yoke-derive v0.8.1
[INFO] [stderr]    Compiling zerovec-derive v0.11.2
[INFO] [stderr]    Compiling displaydoc v0.2.5
[INFO] [stderr]    Compiling serde_derive v1.0.228
[INFO] [stderr]    Compiling pear_codegen v0.2.9
[INFO] [stderr]    Compiling tracing-attributes v0.1.31
[INFO] [stderr]    Compiling regex v1.12.2
[INFO] [stderr]    Compiling zerofrom v0.1.6
[INFO] [stderr]    Compiling pear v0.2.9
[INFO] [stderr]    Compiling yoke v0.8.1
[INFO] [stderr]    Compiling tracing v0.1.44
[INFO] [stderr]    Compiling zerovec v0.11.5
[INFO] [stderr]    Compiling zerotrie v0.2.3
[INFO] [stderr]    Compiling tinystr v0.8.2
[INFO] [stderr]    Compiling potential_utf v0.1.4
[INFO] [stderr]    Compiling icu_collections v2.1.1
[INFO] [stderr]    Compiling icu_locale_core v2.1.1
[INFO] [stderr]    Compiling serde v1.0.228
[INFO] [stderr]    Compiling icu_provider v2.1.1
[INFO] [stderr]    Compiling toml_datetime v0.6.11
[INFO] [stderr]    Compiling serde_spanned v0.6.9
[INFO] [stderr]    Compiling chrono v0.4.43
[INFO] [stderr]    Compiling serde_yaml v0.9.34+deprecated
[INFO] [stderr]    Compiling icu_properties v2.1.2
[INFO] [stderr]    Compiling icu_normalizer v2.1.1
[INFO] [stderr]    Compiling toml_edit v0.22.27
[INFO] [stderr]    Compiling idna_adapter v1.2.1
[INFO] [stderr]    Compiling idna v1.1.0
[INFO] [stderr]    Compiling url v2.5.8
[INFO] [stderr]    Compiling toml v0.8.23
[INFO] [stderr]    Compiling smith-config v0.1.2 (/opt/rustwide/workdir)
[INFO] [stderr]     Finished `release` profile [optimized] target(s) in 1m 47s
[INFO] running `Command { std: "docker" "inspect" "dd9b45ee07d1702402a9b214e930102363a9541afe242ce90777fd70a8982427", kill_on_drop: false }`
[INFO] running `Command { std: "docker" "exec" "-e" "SOURCE_DIR=/opt/rustwide/workdir" "-e" "CARGO_HOME=/opt/rustwide/cargo-home" "-e" "RUSTUP_HOME=/opt/rustwide/rustup-home" "-e" "CARGO_TARGET_DIR=/opt/rustwide/target" "-e" "CARGO_INCREMENTAL=0" "-e" "RUST_BACKTRACE=full" "-e" "RUSTFLAGS=--cap-lints=warn" "-e" "RUSTDOCFLAGS=--cap-lints=warn" "-w" "/opt/rustwide/workdir" "--user" "0:0" "dd9b45ee07d1702402a9b214e930102363a9541afe242ce90777fd70a8982427" "/opt/rustwide/cargo-home/bin/cargo" "+1.99.0-beta.8" "test" "--frozen" "--no-run" "--message-format=json" "--release", kill_on_drop: false }`
[INFO] [stderr]    Compiling libc v0.2.180
[INFO] [stderr]    Compiling rustix v1.1.3
[INFO] [stderr]    Compiling getrandom v0.3.4
[INFO] [stderr]    Compiling bitflags v2.10.0
[INFO] [stderr]    Compiling tempfile v3.24.0
[INFO] [stderr]    Compiling smith-config v0.1.2 (/opt/rustwide/workdir)
[INFO] [stderr]     Finished `release` profile [optimized] target(s) in 1m 10s
[INFO] running `Command { std: "docker" "inspect" "dd9b45ee07d1702402a9b214e930102363a9541afe242ce90777fd70a8982427", kill_on_drop: false }`
[INFO] running `Command { std: "docker" "exec" "-e" "SOURCE_DIR=/opt/rustwide/workdir" "-e" "CARGO_HOME=/opt/rustwide/cargo-home" "-e" "RUSTUP_HOME=/opt/rustwide/rustup-home" "-e" "CARGO_TARGET_DIR=/opt/rustwide/target" "-e" "CARGO_INCREMENTAL=0" "-e" "RUST_BACKTRACE=full" "-e" "RUSTFLAGS=--cap-lints=warn" "-e" "RUSTDOCFLAGS=--cap-lints=warn" "-w" "/opt/rustwide/workdir" "--user" "0:0" "dd9b45ee07d1702402a9b214e930102363a9541afe242ce90777fd70a8982427" "/opt/rustwide/cargo-home/bin/cargo" "+1.99.0-beta.8" "test" "--frozen" "--release", kill_on_drop: false }`
[INFO] [stderr]     Finished `release` profile [optimized] target(s) in 0.14s
[INFO] [stderr]      Running unittests src/lib.rs (/opt/rustwide/target/release/deps/smith_config-fc3ca1c0bd5f0fb1)
[INFO] [stdout] 
[INFO] [stdout] running 185 tests
[INFO] [stdout] test behavior::tests::test_strict_mode_validation_fails_with_atoms ... ok
[INFO] [stdout] test behavior::tests::test_behavior_pack_manager ... ok
[INFO] [stdout] test behavior_tests::test_behavior_mode_default ... ok
[INFO] [stdout] test behavior_tests::test_behavior_pack_creation ... ok
[INFO] [stdout] test behavior_tests::test_behavior_pack_manager_polling_config ... ok
[INFO] [stdout] test behavior_tests::test_behavior_pack_serialization ... ok
[INFO] [stdout] test behavior_tests::test_behavior_pack_edge_cases ... ok
[INFO] [stdout] test behavior_tests::test_enabled_capabilities_default ... ok
[INFO] [stdout] test behavior_tests::test_behavior_pack_manager_error_handling ... ok
[INFO] [stdout] test behavior_tests::test_capability_params_usage ... ok
[INFO] [stdout] test behavior_tests::test_behavior_pack_manager_load_pack ... ok
[INFO] [stdout] test behavior_tests::test_behavior_pack_manager_invalid_yaml ... ok
[INFO] [stdout] test behavior_tests::test_playbook_guards_default ... ok
[INFO] [stdout] test behavior_tests::test_guard_config_customization ... ok
[INFO] [stdout] test behavior_tests::test_validation_level_serialization ... ok
[INFO] [stdout] test behavior_tests::test_behavior_pack_manager_all_packs ... ok
[INFO] [stdout] test diff::tests::test_scope_expansion_detection ... ok
[INFO] [stdout] test behavior_tests::test_guard_config_default ... ok
[INFO] [stdout] test diff::tests::test_capability_changes_detection ... ok
[INFO] [stdout] test diff_tests::test_basic_pack_comparison ... ok
[INFO] [stdout] test diff_tests::test_complex_parameter_nesting ... ok
[INFO] [stdout] test behavior::tests::test_behavior_pack_validation ... ok
[INFO] [stdout] test diff_tests::test_risk_analysis_medium_risk ... ok
[INFO] [stdout] test behavior_tests::test_behavior_pack_validation ... ok
[INFO] [stdout] test behavior_tests::test_macro_guards_default ... ok
[INFO] [stdout] test diff_tests::test_guard_changes_detection ... ok
[INFO] [stdout] test diff_tests::test_scope_expansion_detection_hosts ... ok
[INFO] [stdout] test diff_tests::test_scope_expansion_detection_paths ... ok
[INFO] [stdout] test diff_tests::test_capability_changes_detection ... ok
[INFO] [stdout] test diff::tests::test_behavior_pack_diff_no_changes ... ok
[INFO] [stdout] test diff_tests::test_summary_generation ... ok
[INFO] [stdout] test diff_tests::test_error_handling_invalid_comparison ... ok
[INFO] [stdout] test diff_tests::test_diff_metadata_creation ... ok
[INFO] [stdout] test behavior_tests::test_behavior_pack_manager_new ... ok
[INFO] [stdout] test diff_tests::test_identical_packs_no_changes ... ok
[INFO] [stdout] test diff_tests::test_parameter_changes_detection ... ok
[INFO] [stdout] test diff_tests::test_review_requirements ... ok
[INFO] [stdout] test diff_tests::test_risk_analysis_low_risk ... ok
[INFO] [stdout] test diff_tests::test_risk_factors_comprehensive ... ok
[INFO] [stdout] test env_and_io_tests::tests::test_apply_all_env_overrides ... ok
[INFO] [stdout] test behavior_tests::test_behavior_mode_serialization ... ok
[INFO] [stdout] test env_and_io_tests::tests::test_apply_env_parse_bool ... ok
[INFO] [stdout] test env_and_io_tests::tests::test_apply_executor_env_overrides ... ok
[INFO] [stdout] test env_and_io_tests::tests::test_apply_http_env_overrides ... ok
[INFO] [stdout] test env_and_io_tests::tests::test_apply_logging_env_overrides ... ok
[INFO] [stdout] test diff_tests::test_to_report_generation ... ok
[INFO] [stdout] test env_and_io_tests::tests::test_apply_env_string ... ok
[INFO] [stdout] test env_and_io_tests::tests::test_apply_env_parse_u16 ... ok
[INFO] [stdout] test env_and_io_tests::tests::test_apply_nats_env_overrides ... ok
[INFO] [stdout] test env_and_io_tests::tests::test_complex_environment_variable_scenarios ... ok
[INFO] [stdout] test env_and_io_tests::tests::test_apply_observability_env_overrides ... ok
[INFO] [stdout] test env_and_io_tests::tests::test_config_from_file_invalid_toml ... ok
[INFO] [stdout] test env_and_io_tests::tests::test_observability_redaction_level_parsing ... ok
[INFO] [stdout] test executor::tests::test_cgroup_limits ... ok
[INFO] [stdout] test env_and_io_tests::tests::test_config_from_file_valid ... ok
[INFO] [stdout] test env_and_io_tests::tests::test_nats_logging_config_comprehensive ... ok
[INFO] [stdout] test executor::tests::test_executor_config_creation ... ok
[INFO] [stdout] test executor::tests::test_default_limits_validation ... ok
[INFO] [stdout] test env_and_io_tests::tests::test_config_from_file_missing ... ok
[INFO] [stdout] test env_and_io_tests::tests::test_from_env_without_figment ... ok
[INFO] [stdout] test executor::tests::test_attestation_config_default ... ok
[INFO] [stdout] test executor::tests::test_intent_stream_config ... ok
[INFO] [stdout] test executor::tests::test_executor_config_presets ... ok
[INFO] [stdout] test executor::tests::test_repo_executor_config_loads ... ignored
[INFO] [stdout] test executor::tests::test_results_config_default ... ok
[INFO] [stdout] test executor::tests::test_debug_formatting ... ok
[INFO] [stdout] test behavior_tests::test_atom_guards_default ... ok
[INFO] [stdout] test env_and_io_tests::tests::test_apply_metrics_env_overrides ... ok
[INFO] [stdout] test env_and_io_tests::tests::test_apply_nats_adapter_env_overrides ... ok
[INFO] [stdout] test behavior_tests::test_behavior_pack_manager_hot_reload ... ok
[INFO] [stdout] test executor::tests::test_executor_env_overrides_nats_servers ... ok
[INFO] [stdout] test env_and_io_tests::tests::test_from_env_uses_custom_config_file ... ok
[INFO] [stdout] test mcp::tests::test_config_validation ... ok
[INFO] [stdout] test executor::tests::test_limits_config_default ... ok
[INFO] [stdout] test env_and_io_tests::tests::test_from_env_succeeds_without_smith_toml ... FAILED
[INFO] [stdout] test executor::tests::test_executor_nats_config_validation ... ok
[INFO] [stdout] test env_and_io_tests::tests::test_environment_variable_parsing_errors ... ok
[INFO] [stdout] test executor::tests::test_parse_byte_size ... ok
[INFO] [stdout] test executor::tests::test_executor_nats_config_tls_validation ... ok
[INFO] [stdout] test nats_adapter::tests::invalid_topic_prefix_fails ... ok
[INFO] [stdout] test observability::tests::test_default_observability_config ... ok
[INFO] [stdout] test nats_adapter::tests::requires_credentials_when_auth_enabled ... ok
[INFO] [stdout] test observability::tests::test_environment_configs ... ok
[INFO] [stdout] test mcp::tests::test_server_config_validation ... ok
[INFO] [stdout] test mcp::tests::test_server_helpers ... ok
[INFO] [stdout] test observability::tests::test_performance_thresholds_validation ... ok
[INFO] [stdout] test observability::tests::test_redaction_levels ... ok
[INFO] [stdout] test nats_adapter::tests::default_config_validates ... ok
[INFO] [stdout] test nats_adapter::tests::queue_sizes_must_be_positive ... ok
[INFO] [stdout] test executor::tests::test_intent_stream_config_validation ... ok
[INFO] [stdout] test executor::tests::test_policy_config_validation ... ok
[INFO] [stdout] test shell::tests::test_duration_serialization ... ok
[INFO] [stdout] test observability::tests::test_sampling_validation ... ok
[INFO] [stdout] test shell::tests::test_environment_config ... ok
[INFO] [stdout] test shell::tests::test_environment_config_with_custom_settings ... ok
[INFO] [stdout] test shell::tests::test_pty_config ... ok
[INFO] [stdout] test shell::tests::test_shell_config_serialization_roundtrip ... ok
[INFO] [stdout] test shell::tests::test_shell_features ... ok
[INFO] [stdout] test shell::tests::test_shell_logging_config_validation ... ok
[INFO] [stdout] test shell::tests::test_shell_specific_config_validation ... ok
[INFO] [stdout] test shell::tests::test_pty_config_custom ... ok
[INFO] [stdout] test shell::tests::test_security_config_with_allowed_commands ... ok
[INFO] [stdout] test shell::tests::test_shell_config_default ... ok
[INFO] [stdout] test shell::tests::test_shell_security_config_validation ... ok
[INFO] [stdout] test shell::tests::test_working_directory_config_with_restrictions ... ok
[INFO] [stdout] test simple_coverage_tests::tests::test_admission_config_validation ... ok
[INFO] [stdout] test simple_coverage_tests::tests::test_attestation_config_validation ... ok
[INFO] [stdout] test simple_coverage_tests::tests::test_behavior_config_validation ... ok
[INFO] [stdout] test simple_coverage_tests::tests::test_config_bind_address_helpers ... ok
[INFO] [stdout] test simple_coverage_tests::tests::test_config_builder_comprehensive ... ok
[INFO] [stdout] test shell::tests::test_shell_config_validation ... ok
[INFO] [stdout] test shell::tests::test_shell_logging_config ... ok
[INFO] [stdout] test shell::tests::test_shell_security_config ... ok
[INFO] [stdout] test shell::tests::test_working_directory_config ... ok
[INFO] [stdout] test simple_coverage_tests::tests::test_config_builder_build ... ok
[INFO] [stdout] test simple_coverage_tests::tests::test_config_builder_with_http_port ... ok
[INFO] [stdout] test simple_coverage_tests::tests::test_config_builder_with_nats_url ... ok
[INFO] [stdout] test simple_coverage_tests::tests::test_config_builder_default ... ok
[INFO] [stdout] test simple_coverage_tests::tests::test_config_builder_for_environment ... ok
[INFO] [stdout] test simple_coverage_tests::tests::test_config_builder_new ... ok
[INFO] [stdout] test simple_coverage_tests::tests::test_config_clone_and_debug ... ok
[INFO] [stdout] test simple_coverage_tests::tests::test_config_environment_variable_handling ... ok
[INFO] [stdout] test simple_coverage_tests::tests::test_config_builder_with_log_level ... ok
[INFO] [stdout] test simple_coverage_tests::tests::test_config_clone ... ok
[INFO] [stdout] test simple_coverage_tests::tests::test_config_environment_variants ... ok
[INFO] [stdout] test simple_coverage_tests::tests::test_config_fields_access ... ok
[INFO] [stdout] test simple_coverage_tests::tests::test_config_from_file_nonexistent ... ok
[INFO] [stdout] test simple_coverage_tests::tests::test_config_port_validation ... ok
[INFO] [stdout] test simple_coverage_tests::tests::test_config_debug_format ... ok
[INFO] [stdout] test simple_coverage_tests::tests::test_config_defaults ... ok
[INFO] [stdout] test simple_coverage_tests::tests::test_config_environment_copy ... ok
[INFO] [stdout] test simple_coverage_tests::tests::test_config_presets ... ok
[INFO] [stdout] test simple_coverage_tests::tests::test_config_serialization ... ok
[INFO] [stdout] test simple_coverage_tests::tests::test_config_with_different_logging_levels ... ok
[INFO] [stdout] test simple_coverage_tests::tests::test_core_config_validation ... ok
[INFO] [stdout] test simple_coverage_tests::tests::test_config_serialization_comprehensive ... ok
[INFO] [stdout] test simple_coverage_tests::tests::test_defaults_comprehensive ... ok
[INFO] [stdout] test simple_coverage_tests::tests::test_environment_specific_configs ... ok
[INFO] [stdout] test simple_coverage_tests::tests::test_config_validation ... ok
[INFO] [stdout] test simple_coverage_tests::tests::test_config_comprehensive_validation ... ok
[INFO] [stdout] test simple_coverage_tests::tests::test_environment_variable_access ... ok
[INFO] [stdout] test simple_coverage_tests::tests::test_monitoring_config_validation ... ok
[INFO] [stdout] test simple_coverage_tests::tests::test_logging_config_validation ... ok
[INFO] [stdout] test simple_coverage_tests::tests::test_metrics_config_validation ... ok
[INFO] [stdout] test simple_coverage_tests::tests::test_nats_logging_config_environments ... ok
[INFO] [stdout] test simple_coverage_tests::tests::test_redaction_level_parsing ... ok
[INFO] [stdout] test tests::test_admission_config_comprehensive ... ok
[INFO] [stdout] test tests::test_complex_config_scenarios ... ignored
[INFO] [stdout] test tests::test_attestation_config_comprehensive ... ok
[INFO] [stdout] test tests::test_behavior_config_comprehensive ... ok
[INFO] [stdout] test tests::test_bind_address_helpers ... ok
[INFO] [stdout] test tests::test_config_from_file_error_handling ... ok
[INFO] [stdout] test tests::test_config_serialization ... ok
[INFO] [stdout] test tests::test_core_config_comprehensive ... ok
[INFO] [stdout] test tests::test_config_builder_edge_cases ... ok
[INFO] [stdout] test tests::test_config_builder_comprehensive ... ok
[INFO] [stdout] test tests::test_default_config ... ok
[INFO] [stdout] test tests::test_behavior_validation_comprehensive ... ok
[INFO] [stdout] test tests::test_config_from_file_success ... ok
[INFO] [stdout] test tests::test_logging_config_comprehensive ... ok
[INFO] [stdout] test tests::test_config_clone_and_default ... ok
[INFO] [stdout] test tests::test_environment_config_consistency ... ok
[INFO] [stdout] test tests::test_logging_validation_comprehensive ... ok
[INFO] [stdout] test tests::test_environment_profiles ... ok
[INFO] [stdout] test tests::test_config_debug_format ... ok
[INFO] [stdout] test tests::test_config_validation_failure_cascade ... ok
[INFO] [stdout] test tests::test_config_environment_variations ... ok
[INFO] [stdout] test tests::test_logging_validation ... ok
[INFO] [stdout] test tests::test_metrics_config_comprehensive ... ok
[INFO] [stdout] test tests::test_metrics_validation ... ok
[INFO] [stdout] test tests::test_monitoring_config_comprehensive ... ok
[INFO] [stdout] test tests::test_metrics_validation_comprehensive ... ok
[INFO] [stdout] test tests::test_nats_logging_config_comprehensive ... ok
[INFO] [stdout] test tests::test_port_validation ... ok
[INFO] [stdout] test tests::test_redaction_level_parsing ... ok
[INFO] [stdout] test tests::test_monitoring_validation_comprehensive ... ok
[INFO] [stdout] test tests::test_structured_validation ... ok
[INFO] [stdout] test tests::test_port_validation_comprehensive ... ok
[INFO] [stdout] test tests::test_config_toml_serialization ... ok
[INFO] [stdout] test tests::test_redaction_level_parsing_comprehensive ... ok
[INFO] [stdout] test executor::tests::test_security_config_validation ... ok
[INFO] [stderr] error: test failed, to rerun pass `--lib`
[INFO] [stdout] test executor::tests::test_serialization_roundtrip ... ok
[INFO] [stdout] test mcp::tests::test_config_defaults ... ok
[INFO] [stdout] test mcp::tests::test_config_server_finding ... ok
[INFO] [stdout] test tests::test_config_builder ... ok
[INFO] [stdout] 
[INFO] [stdout] failures:
[INFO] [stdout] 
[INFO] [stdout] ---- env_and_io_tests::tests::test_from_env_succeeds_without_smith_toml stdout ----
[INFO] [stdout] 
[INFO] [stdout] thread 'env_and_io_tests::tests::test_from_env_succeeds_without_smith_toml' (1743) panicked at src/env_and_io_tests.rs:216:9:
[INFO] [stdout] Config::from_env should not require smith.toml, error: Some(Failed to load configuration from environment
[INFO] [stdout] 
[INFO] [stdout] Caused by:
[INFO] [stdout]     invalid type: found string "invalid_port", expected u16 for key "HTTP.PORT" in `SMITH_` environment variable(s)
[INFO] [stdout] 
[INFO] [stdout] Stack backtrace:
[INFO] [stdout]    0: <figment::error::Error as anyhow::context::ext::StdError>::ext_context::<&str>
[INFO] [stdout]    1: <smith_config::Config>::from_env
[INFO] [stdout]    2: smith_config::env_and_io_tests::tests::test_from_env_succeeds_without_smith_toml
[INFO] [stdout]    3: <smith_config::env_and_io_tests::tests::test_from_env_succeeds_without_smith_toml::{closure#0} as core::ops::function::FnOnce<()>>::call_once
[INFO] [stdout]    4: test::__rust_begin_short_backtrace::<core::result::Result<(), alloc::string::String>, fn() -> core::result::Result<(), alloc::string::String>>
[INFO] [stdout]    5: test::run_test::{closure#0}
[INFO] [stdout]    6: std::sys::backtrace::__rust_begin_short_backtrace::<test::run_test::{closure#1}, ()>
[INFO] [stdout]    7: <std::thread::lifecycle::spawn_unchecked<test::run_test::{closure#1}, ()>::{closure#1} as core::ops::function::FnOnce<()>>::call_once::{shim:vtable#0}
[INFO] [stdout]    8: <std::sys::thread::unix::Thread>::new::thread_start
[INFO] [stdout]    9: <unknown>
[INFO] [stdout]   10: clone)
[INFO] [stdout] stack backtrace:
[INFO] [stdout]    0:     0x5b6e46ea8be1 - <<std[70759c8f55707aa4]::sys::backtrace::BacktraceLock>::print::DisplayBacktrace as core[df12db4294e9bfd3]::fmt::Display>::fmt
[INFO] [stdout]    1:     0x5b6e46ec1b5a - core[df12db4294e9bfd3]::fmt::write
[INFO] [stdout]    2:     0x5b6e46ead95c - <alloc[2182bb758b4b3781]::vec::Vec<u8> as core[df12db4294e9bfd3]::io::write::Write>::write_fmt
[INFO] [stdout]    3:     0x5b6e46e82686 - std[70759c8f55707aa4]::panicking::default_hook::{closure#0}
[INFO] [stdout]    4:     0x5b6e46e9ffa9 - std[70759c8f55707aa4]::panicking::default_hook
[INFO] [stdout]    5:     0x5b6e46d0ff00 - test[9d35eded1c95d3be]::test_main_inner::<test[9d35eded1c95d3be]::test_main_static::{closure#0}>::{closure#0}
[INFO] [stdout]    6:     0x5b6e46ea0162 - std[70759c8f55707aa4]::panicking::panic_with_hook
[INFO] [stdout]    7:     0x5b6e46e82732 - std[70759c8f55707aa4]::panicking::panic_handler::{closure#0}
[INFO] [stdout]    8:     0x5b6e46e7aa19 - std[70759c8f55707aa4]::sys::backtrace::__rust_end_short_backtrace::<std[70759c8f55707aa4]::panicking::panic_handler::{closure#0}, !>
[INFO] [stdout]    9:     0x5b6e46e8365d - __rustc[8fa7c3cbc660c2b3]::rust_begin_unwind
[INFO] [stdout]   10:     0x5b6e46ec233c - core[df12db4294e9bfd3]::panicking::panic_fmt
[INFO] [stdout]   11:     0x5b6e46c7dd06 - smith_config[3558f291b37338f0]::env_and_io_tests::tests::test_from_env_succeeds_without_smith_toml
[INFO] [stdout]   12:     0x5b6e46ca8d59 - <smith_config[3558f291b37338f0]::env_and_io_tests::tests::test_from_env_succeeds_without_smith_toml::{closure#0} as core[df12db4294e9bfd3]::ops::function::FnOnce<()>>::call_once
[INFO] [stdout]   13:     0x5b6e46d031eb - test[9d35eded1c95d3be]::__rust_begin_short_backtrace::<core[df12db4294e9bfd3]::result::Result<(), alloc[2182bb758b4b3781]::string::String>, fn() -> core[df12db4294e9bfd3]::result::Result<(), alloc[2182bb758b4b3781]::string::String>>
[INFO] [stdout]   14:     0x5b6e46d10855 - test[9d35eded1c95d3be]::run_test::{closure#0}
[INFO] [stdout]   15:     0x5b6e46d0a114 - std[70759c8f55707aa4]::sys::backtrace::__rust_begin_short_backtrace::<test[9d35eded1c95d3be]::run_test::{closure#1}, ()>
[INFO] [stdout]   16:     0x5b6e46d139b2 - <std[70759c8f55707aa4]::thread::lifecycle::spawn_unchecked<test[9d35eded1c95d3be]::run_test::{closure#1}, ()>::{closure#1} as core[df12db4294e9bfd3]::ops::function::FnOnce<()>>::call_once::{shim:vtable#0}
[INFO] [stdout]   17:     0x5b6e46ea7f29 - <std[70759c8f55707aa4]::sys::thread::unix::Thread>::new::thread_start
[INFO] [stdout]   18:     0x7edb47388dfa - <unknown>
[INFO] [stdout]   19:     0x7edb4741c3d4 - clone
[INFO] [stdout]   20:                0x0 - <unknown>
[INFO] [stdout] 
[INFO] [stdout] 
[INFO] [stdout] failures:
[INFO] [stdout]     env_and_io_tests::tests::test_from_env_succeeds_without_smith_toml
[INFO] [stdout] 
[INFO] [stdout] test result: FAILED. 182 passed; 1 failed; 2 ignored; 0 measured; 0 filtered out; finished in 0.09s
[INFO] [stdout] 
[INFO] running `Command { std: "docker" "inspect" "dd9b45ee07d1702402a9b214e930102363a9541afe242ce90777fd70a8982427", kill_on_drop: false }`
[INFO] running `Command { std: "docker" "rm" "-f" "dd9b45ee07d1702402a9b214e930102363a9541afe242ce90777fd70a8982427", kill_on_drop: false }`
[INFO] [stdout] dd9b45ee07d1702402a9b214e930102363a9541afe242ce90777fd70a8982427
