[INFO] fetching crate skeg-rigging-net-resp3 0.1.1...
[INFO] testing skeg-rigging-net-resp3-0.1.1 against 1.99.0-beta.8+cargoflags=--release for beta-release-1.100-2
[INFO] extracting crate skeg-rigging-net-resp3 0.1.1 into /workspace/builds/worker-6-tc1/source
[INFO] started tweaking crates.io crate skeg-rigging-net-resp3 0.1.1
[INFO] removed 0 missing tests
[INFO] finished tweaking crates.io crate skeg-rigging-net-resp3 0.1.1
[INFO] tweaked toml for crates.io crate skeg-rigging-net-resp3 0.1.1 written to /workspace/builds/worker-6-tc1/source/Cargo.toml
[INFO] validating manifest of crates.io crate skeg-rigging-net-resp3 0.1.1 on toolchain 1.99.0-beta.8
[INFO] running `Command { std: CARGO_HOME="/workspace/cargo-home" RUSTUP_HOME="/workspace/rustup-home" "/workspace/cargo-home/bin/cargo" "+1.99.0-beta.8" "metadata" "--manifest-path" "Cargo.toml" "--no-deps", kill_on_drop: false }`
[INFO] crate crates.io crate skeg-rigging-net-resp3 0.1.1 already has a lockfile, it will not be regenerated
[INFO] running `Command { std: CARGO_HOME="/workspace/cargo-home" RUSTUP_HOME="/workspace/rustup-home" "/workspace/cargo-home/bin/cargo" "+1.99.0-beta.8" "fetch" "--manifest-path" "Cargo.toml", kill_on_drop: false }`
[INFO] [stderr]     Blocking waiting for file lock on package cache
[INFO] [stderr]     Updating crates.io index
[INFO] [stderr]  Downloading crates ...
[INFO] [stderr]   Downloaded skeg-resp3 v0.1.3
[INFO] [stderr]   Downloaded skeg-rigging-net v0.1.1
[INFO] [stderr]   Downloaded skeg-rigging v0.1.1
[INFO] running `Command { std: "docker" "create" "-v" "/var/lib/crater-agent-workspace/builds/worker-6-tc1/source:/opt/rustwide/workdir:ro,Z" "-v" "/var/lib/crater-agent-workspace/builds/worker-6-tc1/target:/opt/rustwide/target:rw,Z" "-v" "/var/lib/crater-agent-workspace/cargo-home:/opt/rustwide/cargo-home:ro,Z" "-v" "/var/lib/crater-agent-workspace/rustup-home:/opt/rustwide/rustup-home:ro,Z" "-m" "1610612736" "--network" "none" "ghcr.io/rust-lang/crates-build-env/linux@sha256:77db811e55d90add9212f6832c23229e3de5f1c1f9905e8cb07319ea15df73ac" "sleep" "infinity", kill_on_drop: false }`
[INFO] [stdout] d24193305aa85c64ee995ad41bc8c143b3be94aa68bfd605c1bbb3ecd24c4b0f
[INFO] running `Command { std: "docker" "start" "d24193305aa85c64ee995ad41bc8c143b3be94aa68bfd605c1bbb3ecd24c4b0f", kill_on_drop: false }`
[INFO] running `Command { std: "docker" "inspect" "d24193305aa85c64ee995ad41bc8c143b3be94aa68bfd605c1bbb3ecd24c4b0f", kill_on_drop: false }`
[INFO] running `Command { std: "docker" "exec" "-e" "SOURCE_DIR=/opt/rustwide/workdir" "-e" "CARGO_HOME=/opt/rustwide/cargo-home" "-e" "RUSTUP_HOME=/opt/rustwide/rustup-home" "-e" "CARGO_TARGET_DIR=/opt/rustwide/target" "-w" "/opt/rustwide/workdir" "--user" "0:0" "d24193305aa85c64ee995ad41bc8c143b3be94aa68bfd605c1bbb3ecd24c4b0f" "/opt/rustwide/cargo-home/bin/cargo" "+1.99.0-beta.8" "metadata" "--no-deps" "--format-version=1", kill_on_drop: false }`
[INFO] running `Command { std: "docker" "inspect" "d24193305aa85c64ee995ad41bc8c143b3be94aa68bfd605c1bbb3ecd24c4b0f", kill_on_drop: false }`
[INFO] running `Command { std: "docker" "exec" "-e" "SOURCE_DIR=/opt/rustwide/workdir" "-e" "CARGO_HOME=/opt/rustwide/cargo-home" "-e" "RUSTUP_HOME=/opt/rustwide/rustup-home" "-e" "CARGO_TARGET_DIR=/opt/rustwide/target" "-e" "CARGO_INCREMENTAL=0" "-e" "RUST_BACKTRACE=full" "-e" "RUSTFLAGS=--cap-lints=warn" "-e" "RUSTDOCFLAGS=--cap-lints=warn" "-w" "/opt/rustwide/workdir" "--user" "0:0" "d24193305aa85c64ee995ad41bc8c143b3be94aa68bfd605c1bbb3ecd24c4b0f" "/opt/rustwide/cargo-home/bin/cargo" "+1.99.0-beta.8" "build" "--frozen" "--message-format=json" "--release", kill_on_drop: false }`
[INFO] [stderr]    Compiling zstd-sys v2.0.16+zstd.1.5.7
[INFO] [stderr]    Compiling crc32c v0.6.8
[INFO] [stderr]    Compiling serde_json v1.0.150
[INFO] [stderr]    Compiling thiserror v2.0.18
[INFO] [stderr]    Compiling skeg-rigging v0.1.1
[INFO] [stderr]    Compiling skeg-resp3 v0.1.3
[INFO] [stderr]    Compiling zstd-safe v7.2.4
[INFO] [stderr]    Compiling zstd v0.13.3
[INFO] [stderr]    Compiling skeg-rigging-net v0.1.1
[INFO] [stderr]    Compiling skeg-rigging-net-resp3 v0.1.1 (/opt/rustwide/workdir)
[INFO] [stderr]     Finished `release` profile [optimized] target(s) in 35.01s
[INFO] running `Command { std: "docker" "inspect" "d24193305aa85c64ee995ad41bc8c143b3be94aa68bfd605c1bbb3ecd24c4b0f", kill_on_drop: false }`
[INFO] running `Command { std: "docker" "exec" "-e" "SOURCE_DIR=/opt/rustwide/workdir" "-e" "CARGO_HOME=/opt/rustwide/cargo-home" "-e" "RUSTUP_HOME=/opt/rustwide/rustup-home" "-e" "CARGO_TARGET_DIR=/opt/rustwide/target" "-e" "CARGO_INCREMENTAL=0" "-e" "RUST_BACKTRACE=full" "-e" "RUSTFLAGS=--cap-lints=warn" "-e" "RUSTDOCFLAGS=--cap-lints=warn" "-w" "/opt/rustwide/workdir" "--user" "0:0" "d24193305aa85c64ee995ad41bc8c143b3be94aa68bfd605c1bbb3ecd24c4b0f" "/opt/rustwide/cargo-home/bin/cargo" "+1.99.0-beta.8" "test" "--frozen" "--no-run" "--message-format=json" "--release", kill_on_drop: false }`
[INFO] [stderr]    Compiling skeg-rigging-net-resp3 v0.1.1 (/opt/rustwide/workdir)
[INFO] [stderr]     Finished `release` profile [optimized] target(s) in 3.22s
[INFO] running `Command { std: "docker" "inspect" "d24193305aa85c64ee995ad41bc8c143b3be94aa68bfd605c1bbb3ecd24c4b0f", kill_on_drop: false }`
[INFO] running `Command { std: "docker" "exec" "-e" "SOURCE_DIR=/opt/rustwide/workdir" "-e" "CARGO_HOME=/opt/rustwide/cargo-home" "-e" "RUSTUP_HOME=/opt/rustwide/rustup-home" "-e" "CARGO_TARGET_DIR=/opt/rustwide/target" "-e" "CARGO_INCREMENTAL=0" "-e" "RUST_BACKTRACE=full" "-e" "RUSTFLAGS=--cap-lints=warn" "-e" "RUSTDOCFLAGS=--cap-lints=warn" "-w" "/opt/rustwide/workdir" "--user" "0:0" "d24193305aa85c64ee995ad41bc8c143b3be94aa68bfd605c1bbb3ecd24c4b0f" "/opt/rustwide/cargo-home/bin/cargo" "+1.99.0-beta.8" "test" "--frozen" "--release", kill_on_drop: false }`
[INFO] [stderr]     Finished `release` profile [optimized] target(s) in 0.09s
[INFO] [stderr]      Running unittests src/lib.rs (/opt/rustwide/target/release/deps/skeg_rigging_net_resp3-f61450094c28be54)
[INFO] [stdout] 
[INFO] [stdout] running 6 tests
[INFO] [stdout] test pool::tests::connect_failure_releases_reservation ... ok
[INFO] [stdout] test pool::tests::acquire_and_return_reuses_connection ... ok
[INFO] [stdout] test pool::tests::max_idle_caps_returned_count ... ok
[INFO] [stdout] test pool::tests::discard_does_not_return_to_pool ... ok
[INFO] [stdout] test pool::tests::idle_timeout_recycles_stale_connection ... ok
[INFO] [stdout] test pool::tests::max_total_blocks_until_released ... ok
[INFO] [stderr]      Running tests/gates.rs (/opt/rustwide/target/release/deps/gates-781208f18a6f312e)
[INFO] [stdout] 
[INFO] [stdout] test result: ok. 6 passed; 0 failed; 0 ignored; 0 measured; 0 filtered out; finished in 0.09s
[INFO] [stdout] 
[INFO] [stdout] 
[INFO] [stdout] running 2 tests
[INFO] [stdout] test gate_acquire_release_throughput_under_threshold ... ok
[INFO] [stdout] test gate_acquire_from_warm_pool_under_threshold ... ok
[INFO] [stdout] 
[INFO] [stdout] test result: ok. 2 passed; 0 failed; 0 ignored; 0 measured; 0 filtered out; finished in 0.11s
[INFO] [stdout] 
[INFO] [stderr]      Running tests/mock_roundtrip.rs (/opt/rustwide/target/release/deps/mock_roundtrip-e29ee516bec1f490)
[INFO] [stdout] 
[INFO] [stdout] running 5 tests
[INFO] [stdout] test read_only_view_object_safety ... ok
[INFO] [stdout] test query_filtered_drops_non_shareable ... ok
[INFO] [stdout] test connect_and_resolve_dim ... ok
[INFO] [stdout] test iter_vectors_is_empty_on_resp3 ... ok
[INFO] [stderr]      Running tests/pool_roundtrip.rs (/opt/rustwide/target/release/deps/pool_roundtrip-33a972af3361f976)
[INFO] [stdout] test query_filtered_accept_all_returns_top_k_in_score_order ... ok
[INFO] [stdout] 
[INFO] [stdout] test result: ok. 5 passed; 0 failed; 0 ignored; 0 measured; 0 filtered out; finished in 0.02s
[INFO] [stdout] 
[INFO] [stdout] 
[INFO] [stdout] running 4 tests
[INFO] [stdout] test from_pool_resolves_dim_and_count ... ok
[INFO] [stdout] test pooled_tenant_as_readonly_view_trait_object ... ok
[INFO] [stdout] test pooled_tenant_query_returns_hits ... ok
[INFO] [stdout] test concurrent_queries_open_multiple_connections ... FAILED
[INFO] [stdout] 
[INFO] [stderr] error: test failed, to rerun pass `--test pool_roundtrip`
[INFO] [stdout] failures:
[INFO] [stdout] 
[INFO] [stdout] ---- concurrent_queries_open_multiple_connections stdout ----
[INFO] [stdout] 
[INFO] [stdout] thread 'concurrent_queries_open_multiple_connections' (570) panicked at tests/pool_roundtrip.rs:239:5:
[INFO] [stdout] expected pool to open multiple connections, server saw 2 total (before workers: 1)
[INFO] [stdout] stack backtrace:
[INFO] [stdout]    0:     0x55b00eea0a11 - <<std[70759c8f55707aa4]::sys::backtrace::BacktraceLock>::print::DisplayBacktrace as core[df12db4294e9bfd3]::fmt::Display>::fmt
[INFO] [stdout]    1:     0x55b00eeb70aa - core[df12db4294e9bfd3]::fmt::write
[INFO] [stdout]    2:     0x55b00eea520c - <alloc[2182bb758b4b3781]::vec::Vec<u8> as core[df12db4294e9bfd3]::io::write::Write>::write_fmt
[INFO] [stdout]    3:     0x55b00ee7bea6 - std[70759c8f55707aa4]::panicking::default_hook::{closure#0}
[INFO] [stdout]    4:     0x55b00ee98a09 - std[70759c8f55707aa4]::panicking::default_hook
[INFO] [stdout]    5:     0x55b00edfbd30 - test[9d35eded1c95d3be]::test_main_inner::<test[9d35eded1c95d3be]::test_main_static::{closure#0}>::{closure#0}
[INFO] [stdout]    6:     0x55b00ee98bc2 - std[70759c8f55707aa4]::panicking::panic_with_hook
[INFO] [stdout]    7:     0x55b00ee7bf52 - std[70759c8f55707aa4]::panicking::panic_handler::{closure#0}
[INFO] [stdout]    8:     0x55b00ee74c29 - std[70759c8f55707aa4]::sys::backtrace::__rust_end_short_backtrace::<std[70759c8f55707aa4]::panicking::panic_handler::{closure#0}, !>
[INFO] [stdout]    9:     0x55b00ee7cd3d - __rustc[8fa7c3cbc660c2b3]::rust_begin_unwind
[INFO] [stdout]   10:     0x55b00eeb77dc - core[df12db4294e9bfd3]::panicking::panic_fmt
[INFO] [stdout]   11:     0x55b00ede8244 - <pool_roundtrip[33756d0e7eeae37f]::concurrent_queries_open_multiple_connections::{closure#0} as core[df12db4294e9bfd3]::ops::function::FnOnce<()>>::call_once
[INFO] [stdout]   12:     0x55b00edef01b - test[9d35eded1c95d3be]::__rust_begin_short_backtrace::<core[df12db4294e9bfd3]::result::Result<(), alloc[2182bb758b4b3781]::string::String>, fn() -> core[df12db4294e9bfd3]::result::Result<(), alloc[2182bb758b4b3781]::string::String>>
[INFO] [stdout]   13:     0x55b00edfc685 - test[9d35eded1c95d3be]::run_test::{closure#0}
[INFO] [stdout]   14:     0x55b00edf5f44 - std[70759c8f55707aa4]::sys::backtrace::__rust_begin_short_backtrace::<test[9d35eded1c95d3be]::run_test::{closure#1}, ()>
[INFO] [stdout]   15:     0x55b00edff7e2 - <std[70759c8f55707aa4]::thread::lifecycle::spawn_unchecked<test[9d35eded1c95d3be]::run_test::{closure#1}, ()>::{closure#1} as core[df12db4294e9bfd3]::ops::function::FnOnce<()>>::call_once::{shim:vtable#0}
[INFO] [stdout]   16:     0x55b00ee9fb79 - <std[70759c8f55707aa4]::sys::thread::unix::Thread>::new::thread_start
[INFO] [stdout]   17:     0x77c6043a9dfa - <unknown>
[INFO] [stdout]   18:     0x77c60443d3d4 - clone
[INFO] [stdout]   19:                0x0 - <unknown>
[INFO] [stdout] 
[INFO] [stdout] 
[INFO] [stdout] failures:
[INFO] [stdout]     concurrent_queries_open_multiple_connections
[INFO] [stdout] 
[INFO] [stdout] test result: FAILED. 3 passed; 1 failed; 0 ignored; 0 measured; 0 filtered out; finished in 0.01s
[INFO] [stdout] 
[INFO] running `Command { std: "docker" "inspect" "d24193305aa85c64ee995ad41bc8c143b3be94aa68bfd605c1bbb3ecd24c4b0f", kill_on_drop: false }`
[INFO] running `Command { std: "docker" "rm" "-f" "d24193305aa85c64ee995ad41bc8c143b3be94aa68bfd605c1bbb3ecd24c4b0f", kill_on_drop: false }`
[INFO] [stdout] d24193305aa85c64ee995ad41bc8c143b3be94aa68bfd605c1bbb3ecd24c4b0f
