[INFO] fetching crate serde-implicit 0.3.1...
[INFO] testing serde-implicit-0.3.1 against 1.99.0-beta.8+cargoflags=--release for beta-release-1.100-2
[INFO] extracting crate serde-implicit 0.3.1 into /workspace/builds/worker-4-tc1/source
[INFO] started tweaking crates.io crate serde-implicit 0.3.1
[INFO] removed 0 missing tests
[INFO] finished tweaking crates.io crate serde-implicit 0.3.1
[INFO] tweaked toml for crates.io crate serde-implicit 0.3.1 written to /workspace/builds/worker-4-tc1/source/Cargo.toml
[INFO] validating manifest of crates.io crate serde-implicit 0.3.1 on toolchain 1.99.0-beta.8
[INFO] running `Command { std: CARGO_HOME="/workspace/cargo-home" RUSTUP_HOME="/workspace/rustup-home" "/workspace/cargo-home/bin/cargo" "+1.99.0-beta.8" "metadata" "--manifest-path" "Cargo.toml" "--no-deps", kill_on_drop: false }`
[INFO] crate crates.io crate serde-implicit 0.3.1 already has a lockfile, it will not be regenerated
[INFO] running `Command { std: CARGO_HOME="/workspace/cargo-home" RUSTUP_HOME="/workspace/rustup-home" "/workspace/cargo-home/bin/cargo" "+1.99.0-beta.8" "fetch" "--manifest-path" "Cargo.toml", kill_on_drop: false }`
[INFO] [stderr]     Updating crates.io index
[INFO] [stderr]  Downloading crates ...
[INFO] [stderr]   Downloaded toml_writer v1.0.7+spec-1.1.0
[INFO] [stderr]   Downloaded trybuild v1.0.116
[INFO] [stderr]   Downloaded proptest-arbitrary-interop v0.1.0
[INFO] [stderr]   Downloaded target-triple v1.0.0
[INFO] [stderr]   Downloaded serde-implicit-proc v0.3.1
[INFO] [stderr]   Downloaded arbitrary-json v0.1.1
[INFO] [stderr]   Downloaded toml_datetime v1.0.1+spec-1.1.0
[INFO] [stderr]   Downloaded arbitrary v1.4.2
[INFO] [stderr]   Downloaded toml_parser v1.0.10+spec-1.1.0
[INFO] [stderr]   Downloaded toml v1.0.7+spec-1.1.0
[INFO] [stderr]   Downloaded proptest-derive v0.5.1
[INFO] [stderr]   Downloaded zerocopy-derive v0.8.47
[INFO] [stderr]   Downloaded winnow v1.0.0
[INFO] [stderr]   Downloaded zerocopy v0.8.47
[INFO] running `Command { std: "docker" "create" "-v" "/var/lib/crater-agent-workspace/builds/worker-4-tc1/source:/opt/rustwide/workdir:ro,Z" "-v" "/var/lib/crater-agent-workspace/builds/worker-4-tc1/target:/opt/rustwide/target:rw,Z" "-v" "/var/lib/crater-agent-workspace/cargo-home:/opt/rustwide/cargo-home:ro,Z" "-v" "/var/lib/crater-agent-workspace/rustup-home:/opt/rustwide/rustup-home:ro,Z" "-m" "1610612736" "--network" "none" "ghcr.io/rust-lang/crates-build-env/linux@sha256:77db811e55d90add9212f6832c23229e3de5f1c1f9905e8cb07319ea15df73ac" "sleep" "infinity", kill_on_drop: false }`
[INFO] [stdout] bea70fe2d9f463a163ad727b9db6d17402552920d89b03f2d6c3efede1ffcc1a
[INFO] running `Command { std: "docker" "start" "bea70fe2d9f463a163ad727b9db6d17402552920d89b03f2d6c3efede1ffcc1a", kill_on_drop: false }`
[INFO] running `Command { std: "docker" "inspect" "bea70fe2d9f463a163ad727b9db6d17402552920d89b03f2d6c3efede1ffcc1a", kill_on_drop: false }`
[INFO] running `Command { std: "docker" "exec" "-e" "SOURCE_DIR=/opt/rustwide/workdir" "-e" "CARGO_HOME=/opt/rustwide/cargo-home" "-e" "RUSTUP_HOME=/opt/rustwide/rustup-home" "-e" "CARGO_TARGET_DIR=/opt/rustwide/target" "-w" "/opt/rustwide/workdir" "--user" "0:0" "bea70fe2d9f463a163ad727b9db6d17402552920d89b03f2d6c3efede1ffcc1a" "/opt/rustwide/cargo-home/bin/cargo" "+1.99.0-beta.8" "metadata" "--no-deps" "--format-version=1", kill_on_drop: false }`
[INFO] running `Command { std: "docker" "inspect" "bea70fe2d9f463a163ad727b9db6d17402552920d89b03f2d6c3efede1ffcc1a", kill_on_drop: false }`
[INFO] running `Command { std: "docker" "exec" "-e" "SOURCE_DIR=/opt/rustwide/workdir" "-e" "CARGO_HOME=/opt/rustwide/cargo-home" "-e" "RUSTUP_HOME=/opt/rustwide/rustup-home" "-e" "CARGO_TARGET_DIR=/opt/rustwide/target" "-e" "CARGO_INCREMENTAL=0" "-e" "RUST_BACKTRACE=full" "-e" "RUSTFLAGS=--cap-lints=warn" "-e" "RUSTDOCFLAGS=--cap-lints=warn" "-w" "/opt/rustwide/workdir" "--user" "0:0" "bea70fe2d9f463a163ad727b9db6d17402552920d89b03f2d6c3efede1ffcc1a" "/opt/rustwide/cargo-home/bin/cargo" "+1.99.0-beta.8" "build" "--frozen" "--message-format=json" "--release", kill_on_drop: false }`
[INFO] [stderr]    Compiling serde_core v1.0.228
[INFO] [stderr]    Compiling serde v1.0.228
[INFO] [stderr]    Compiling syn v2.0.117
[INFO] [stderr]    Compiling serde_derive v1.0.228
[INFO] [stderr]    Compiling serde-implicit-proc v0.3.1
[INFO] [stderr]    Compiling serde-implicit v0.3.1 (/opt/rustwide/workdir)
[INFO] [stderr]     Finished `release` profile [optimized] target(s) in 10.28s
[INFO] running `Command { std: "docker" "inspect" "bea70fe2d9f463a163ad727b9db6d17402552920d89b03f2d6c3efede1ffcc1a", kill_on_drop: false }`
[INFO] running `Command { std: "docker" "exec" "-e" "SOURCE_DIR=/opt/rustwide/workdir" "-e" "CARGO_HOME=/opt/rustwide/cargo-home" "-e" "RUSTUP_HOME=/opt/rustwide/rustup-home" "-e" "CARGO_TARGET_DIR=/opt/rustwide/target" "-e" "CARGO_INCREMENTAL=0" "-e" "RUST_BACKTRACE=full" "-e" "RUSTFLAGS=--cap-lints=warn" "-e" "RUSTDOCFLAGS=--cap-lints=warn" "-w" "/opt/rustwide/workdir" "--user" "0:0" "bea70fe2d9f463a163ad727b9db6d17402552920d89b03f2d6c3efede1ffcc1a" "/opt/rustwide/cargo-home/bin/cargo" "+1.99.0-beta.8" "test" "--frozen" "--no-run" "--message-format=json" "--release", kill_on_drop: false }`
[INFO] [stderr]    Compiling libc v0.2.183
[INFO] [stderr]    Compiling serde_core v1.0.228
[INFO] [stderr]    Compiling getrandom v0.3.4
[INFO] [stderr]    Compiling getrandom v0.4.2
[INFO] [stderr]    Compiling rustix v1.1.4
[INFO] [stderr]    Compiling zerocopy v0.8.47
[INFO] [stderr]    Compiling bitflags v2.11.0
[INFO] [stderr]    Compiling zmij v1.0.21
[INFO] [stderr]    Compiling num-traits v0.2.19
[INFO] [stderr]    Compiling fastrand v2.3.0
[INFO] [stderr]    Compiling serde_json v1.0.149
[INFO] [stderr]    Compiling once_cell v1.21.4
[INFO] [stderr]    Compiling bit-vec v0.8.0
[INFO] [stderr]    Compiling syn v2.0.117
[INFO] [stderr]    Compiling winnow v1.0.0
[INFO] [stderr]    Compiling memchr v2.8.0
[INFO] [stderr]    Compiling quick-error v1.2.3
[INFO] [stderr]    Compiling target-triple v1.0.0
[INFO] [stderr]    Compiling unarray v0.1.4
[INFO] [stderr]    Compiling arbitrary v1.4.2
[INFO] [stderr]    Compiling bit-set v0.8.0
[INFO] [stderr]    Compiling regex-syntax v0.8.10
[INFO] [stderr]    Compiling toml_writer v1.0.7+spec-1.1.0
[INFO] [stderr]    Compiling glob v0.3.3
[INFO] [stderr]    Compiling toml_parser v1.0.10+spec-1.1.0
[INFO] [stderr]    Compiling wait-timeout v0.2.1
[INFO] [stderr]    Compiling rand_core v0.9.5
[INFO] [stderr]    Compiling rand v0.9.2
[INFO] [stderr]    Compiling rand_xorshift v0.4.0
[INFO] [stderr]    Compiling tempfile v3.27.0
[INFO] [stderr]    Compiling rusty-fork v0.3.1
[INFO] [stderr]    Compiling toml_datetime v1.0.1+spec-1.1.0
[INFO] [stderr]    Compiling serde_spanned v1.0.4
[INFO] [stderr]    Compiling toml v1.0.7+spec-1.1.0
[INFO] [stderr]    Compiling arbitrary-json v0.1.1
[INFO] [stderr]    Compiling serde_derive v1.0.228
[INFO] [stderr]    Compiling proptest-derive v0.5.1
[INFO] [stderr]    Compiling ppv-lite86 v0.2.21
[INFO] [stderr]    Compiling rand_chacha v0.9.0
[INFO] [stderr]    Compiling proptest v1.10.0
[INFO] [stderr]    Compiling serde v1.0.228
[INFO] [stderr]    Compiling serde-implicit-proc v0.3.1
[INFO] [stderr]    Compiling trybuild v1.0.116
[INFO] [stderr]    Compiling serde-implicit v0.3.1 (/opt/rustwide/workdir)
[INFO] [stderr]    Compiling proptest-arbitrary-interop v0.1.0
[INFO] [stdout] warning: enum `RecursiveEnum` is never used
[INFO] [stdout]   --> tests/proptest.rs:67:6
[INFO] [stdout]    |
[INFO] [stdout] 67 | enum RecursiveEnum {
[INFO] [stdout]    |      ^^^^^^^^^^^^^
[INFO] [stdout]    |
[INFO] [stdout]    = note: `#[warn(dead_code)]` (part of `#[warn(unused)]`) on by default
[INFO] [stdout] 
[INFO] [stdout] 
[INFO] [stdout] warning: enum `EmptyEnum` is never used
[INFO] [stdout]   --> tests/proptest.rs:83:10
[INFO] [stdout]    |
[INFO] [stdout] 83 |     enum EmptyEnum {}
[INFO] [stdout]    |          ^^^^^^^^^
[INFO] [stdout] 
[INFO] [stdout] 
[INFO] [stdout] warning: enum `SingleVariant` is never used
[INFO] [stdout]   --> tests/proptest.rs:86:10
[INFO] [stdout]    |
[INFO] [stdout] 86 |     enum SingleVariant {
[INFO] [stdout]    |          ^^^^^^^^^^^^^
[INFO] [stdout] 
[INFO] [stdout] 
[INFO] [stdout] warning: fields `0` and `1` are never read
[INFO] [stdout]    --> tests/dummy.rs:222:38
[INFO] [stdout]     |
[INFO] [stdout] 222 |         Case1(#[serde_implicit(tag)] String, u32),
[INFO] [stdout]     |         ----- fields in this variant ^^^^^^  ^^^
[INFO] [stdout]     |
[INFO] [stdout]     = note: `TupleEnum` has a derived impl for the trait `Debug`, but this is intentionally ignored during dead code analysis
[INFO] [stdout]     = note: `#[warn(dead_code)]` (part of `#[warn(unused)]`) on by default
[INFO] [stdout] help: consider changing the fields to be of unit type to suppress this warning while preserving the field numbering, or remove the fields
[INFO] [stdout]     |
[INFO] [stdout] 222 -         Case1(#[serde_implicit(tag)] String, u32),
[INFO] [stdout] 222 +         Case1(#[serde_implicit(tag)] (), ()),
[INFO] [stdout]     |
[INFO] [stdout] 
[INFO] [stdout] 
[INFO] [stdout] warning: fields `0` and `1` are never read
[INFO] [stdout]    --> tests/dummy.rs:223:15
[INFO] [stdout]     |
[INFO] [stdout] 223 |         Case2(bool, #[serde_implicit(tag)] u32),
[INFO] [stdout]     |         ----- ^^^^                         ^^^
[INFO] [stdout]     |         |
[INFO] [stdout]     |         fields in this variant
[INFO] [stdout]     |
[INFO] [stdout]     = note: `TupleEnum` has a derived impl for the trait `Debug`, but this is intentionally ignored during dead code analysis
[INFO] [stdout] help: consider changing the fields to be of unit type to suppress this warning while preserving the field numbering, or remove the fields
[INFO] [stdout]     |
[INFO] [stdout] 223 -         Case2(bool, #[serde_implicit(tag)] u32),
[INFO] [stdout] 223 +         Case2((), #[serde_implicit(tag)] ()),
[INFO] [stdout]     |
[INFO] [stdout] 
[INFO] [stdout] 
[INFO] [stdout] warning: field `tag` is never read
[INFO] [stdout]    --> tests/dummy.rs:393:13
[INFO] [stdout]     |
[INFO] [stdout] 391 |         Variant {
[INFO] [stdout]     |         ------- field in this variant
[INFO] [stdout] 392 |             #[serde_implicit(tag)]
[INFO] [stdout] 393 |             tag: String,
[INFO] [stdout]     |             ^^^
[INFO] [stdout]     |
[INFO] [stdout]     = note: `WithMap` has a derived impl for the trait `Debug`, but this is intentionally ignored during dead code analysis
[INFO] [stdout] 
[INFO] [stdout] 
[INFO] [stdout] warning: field `0` is never read
[INFO] [stdout]    --> tests/dummy.rs:530:17
[INFO] [stdout]     |
[INFO] [stdout] 530 |         Literal(u64),
[INFO] [stdout]     |         ------- ^^^
[INFO] [stdout]     |         |
[INFO] [stdout]     |         field in this variant
[INFO] [stdout]     |
[INFO] [stdout]     = note: `Message` has a derived impl for the trait `Debug`, but this is intentionally ignored during dead code analysis
[INFO] [stdout] help: consider changing the field to be of unit type to suppress this warning while preserving the field numbering, or remove the field
[INFO] [stdout]     |
[INFO] [stdout] 530 -         Literal(u64),
[INFO] [stdout] 530 +         Literal(()),
[INFO] [stdout]     |
[INFO] [stdout] 
[INFO] [stdout] 
[INFO] [stdout] warning: field `1` is never read
[INFO] [stdout]    --> tests/dummy.rs:531:19
[INFO] [stdout]     |
[INFO] [stdout] 531 |         BigOp(Op, Vec<Message>),
[INFO] [stdout]     |         -----     ^^^^^^^^^^^^
[INFO] [stdout]     |         |
[INFO] [stdout]     |         field in this variant
[INFO] [stdout]     |
[INFO] [stdout]     = note: `Message` has a derived impl for the trait `Debug`, but this is intentionally ignored during dead code analysis
[INFO] [stdout] help: consider changing the field to be of unit type to suppress this warning while preserving the field numbering, or remove the field
[INFO] [stdout]     |
[INFO] [stdout] 531 -         BigOp(Op, Vec<Message>),
[INFO] [stdout] 531 +         BigOp(Op, ()),
[INFO] [stdout]     |
[INFO] [stdout] 
[INFO] [stdout] 
[INFO] [stderr]     Finished `release` profile [optimized] target(s) in 52.24s
[INFO] running `Command { std: "docker" "inspect" "bea70fe2d9f463a163ad727b9db6d17402552920d89b03f2d6c3efede1ffcc1a", kill_on_drop: false }`
[INFO] running `Command { std: "docker" "exec" "-e" "SOURCE_DIR=/opt/rustwide/workdir" "-e" "CARGO_HOME=/opt/rustwide/cargo-home" "-e" "RUSTUP_HOME=/opt/rustwide/rustup-home" "-e" "CARGO_TARGET_DIR=/opt/rustwide/target" "-e" "CARGO_INCREMENTAL=0" "-e" "RUST_BACKTRACE=full" "-e" "RUSTFLAGS=--cap-lints=warn" "-e" "RUSTDOCFLAGS=--cap-lints=warn" "-w" "/opt/rustwide/workdir" "--user" "0:0" "bea70fe2d9f463a163ad727b9db6d17402552920d89b03f2d6c3efede1ffcc1a" "/opt/rustwide/cargo-home/bin/cargo" "+1.99.0-beta.8" "test" "--frozen" "--release", kill_on_drop: false }`
[INFO] [stderr] warning: enum `RecursiveEnum` is never used
[INFO] [stderr]   --> tests/proptest.rs:67:6
[INFO] [stderr]    |
[INFO] [stderr] 67 | enum RecursiveEnum {
[INFO] [stderr]    |      ^^^^^^^^^^^^^
[INFO] [stderr]    |
[INFO] [stderr]    = note: `#[warn(dead_code)]` (part of `#[warn(unused)]`) on by default
[INFO] [stderr] 
[INFO] [stderr] warning: enum `EmptyEnum` is never used
[INFO] [stderr]   --> tests/proptest.rs:83:10
[INFO] [stderr]    |
[INFO] [stderr] 83 |     enum EmptyEnum {}
[INFO] [stderr]    |          ^^^^^^^^^
[INFO] [stderr] 
[INFO] [stderr] warning: enum `SingleVariant` is never used
[INFO] [stderr]   --> tests/proptest.rs:86:10
[INFO] [stderr]    |
[INFO] [stderr] 86 |     enum SingleVariant {
[INFO] [stderr]    |          ^^^^^^^^^^^^^
[INFO] [stderr] 
[INFO] [stderr] warning: fields `0` and `1` are never read
[INFO] [stderr]    --> tests/dummy.rs:222:38
[INFO] [stderr]     |
[INFO] [stderr] 222 |         Case1(#[serde_implicit(tag)] String, u32),
[INFO] [stderr]     |         ----- fields in this variant ^^^^^^  ^^^
[INFO] [stderr]     |
[INFO] [stderr]     = note: `TupleEnum` has a derived impl for the trait `Debug`, but this is intentionally ignored during dead code analysis
[INFO] [stderr]     = note: `#[warn(dead_code)]` (part of `#[warn(unused)]`) on by default
[INFO] [stderr] help: consider changing the fields to be of unit type to suppress this warning while preserving the field numbering, or remove the fields
[INFO] [stderr]     |
[INFO] [stderr] 222 -         Case1(#[serde_implicit(tag)] String, u32),
[INFO] [stderr] 222 +         Case1(#[serde_implicit(tag)] (), ()),
[INFO] [stderr]     |
[INFO] [stderr] 
[INFO] [stderr] warning: fields `0` and `1` are never read
[INFO] [stderr]    --> tests/dummy.rs:223:15
[INFO] [stderr]     |
[INFO] [stderr] 223 |         Case2(bool, #[serde_implicit(tag)] u32),
[INFO] [stderr]     |         ----- ^^^^                         ^^^
[INFO] [stderr]     |         |
[INFO] [stderr]     |         fields in this variant
[INFO] [stderr]     |
[INFO] [stderr]     = note: `TupleEnum` has a derived impl for the trait `Debug`, but this is intentionally ignored during dead code analysis
[INFO] [stderr] help: consider changing the fields to be of unit type to suppress this warning while preserving the field numbering, or remove the fields
[INFO] [stderr]     |
[INFO] [stderr] 223 -         Case2(bool, #[serde_implicit(tag)] u32),
[INFO] [stderr] 223 +         Case2((), #[serde_implicit(tag)] ()),
[INFO] [stderr]     |
[INFO] [stderr] 
[INFO] [stderr] warning: field `tag` is never read
[INFO] [stderr]    --> tests/dummy.rs:393:13
[INFO] [stderr]     |
[INFO] [stderr] 391 |         Variant {
[INFO] [stderr]     |         ------- field in this variant
[INFO] [stderr] 392 |             #[serde_implicit(tag)]
[INFO] [stderr] 393 |             tag: String,
[INFO] [stderr]     |             ^^^
[INFO] [stderr]     |
[INFO] [stderr]     = note: `WithMap` has a derived impl for the trait `Debug`, but this is intentionally ignored during dead code analysis
[INFO] [stderr] 
[INFO] [stderr] warning: field `0` is never read
[INFO] [stderr]    --> tests/dummy.rs:530:17
[INFO] [stderr]     |
[INFO] [stderr] 530 |         Literal(u64),
[INFO] [stderr]     |         ------- ^^^
[INFO] [stderr]     |         |
[INFO] [stderr]     |         field in this variant
[INFO] [stderr]     |
[INFO] [stderr]     = note: `Message` has a derived impl for the trait `Debug`, but this is intentionally ignored during dead code analysis
[INFO] [stderr] help: consider changing the field to be of unit type to suppress this warning while preserving the field numbering, or remove the field
[INFO] [stderr]     |
[INFO] [stderr] 530 -         Literal(u64),
[INFO] [stderr] 530 +         Literal(()),
[INFO] [stderr]     |
[INFO] [stderr] 
[INFO] [stderr] warning: field `1` is never read
[INFO] [stderr]    --> tests/dummy.rs:531:19
[INFO] [stderr]     |
[INFO] [stderr] 531 |         BigOp(Op, Vec<Message>),
[INFO] [stderr]     |         -----     ^^^^^^^^^^^^
[INFO] [stderr]     |         |
[INFO] [stderr]     |         field in this variant
[INFO] [stderr]     |
[INFO] [stderr]     = note: `Message` has a derived impl for the trait `Debug`, but this is intentionally ignored during dead code analysis
[INFO] [stderr] help: consider changing the field to be of unit type to suppress this warning while preserving the field numbering, or remove the field
[INFO] [stderr]     |
[INFO] [stderr] 531 -         BigOp(Op, Vec<Message>),
[INFO] [stderr] 531 +         BigOp(Op, ()),
[INFO] [stderr]     |
[INFO] [stderr] 
[INFO] [stderr] warning: `serde-implicit` (test "proptest") generated 3 warnings
[INFO] [stderr] warning: `serde-implicit` (test "dummy") generated 5 warnings
[INFO] [stderr]     Finished `release` profile [optimized] target(s) in 0.11s
[INFO] [stderr]      Running unittests src/lib.rs (/opt/rustwide/target/release/deps/serde_implicit-9a8876e3be9652fd)
[INFO] [stdout] 
[INFO] [stdout] running 0 tests
[INFO] [stdout] 
[INFO] [stdout] test result: ok. 0 passed; 0 failed; 0 ignored; 0 measured; 0 filtered out; finished in 0.00s
[INFO] [stdout] 
[INFO] [stderr]      Running tests/dummy.rs (/opt/rustwide/target/release/deps/dummy-0f6a756011617d88)
[INFO] [stdout] 
[INFO] [stdout] running 20 tests
[INFO] [stdout] test tuple_flatten_basic ... ok
[INFO] [stdout] test tuple_flatten_fallback_only ... ok
[INFO] [stdout] test tuple_flatten_multiple ... ok
[INFO] [stdout] test tuple_commit_semantics_verification ... ok
[INFO] [stdout] test tuple_custom_tag_overlapping_resolved ... ok
[INFO] [stdout] test tuple_overlap ... ok
[INFO] [stdout] test test_missing_option_field_defaults_to_none ... ok
[INFO] [stdout] test tuple_flatten_no_match ... ok
[INFO] [stdout] test tuple_mixed_tag_positions ... ok
[INFO] [stdout] test test_newtype_struct_map_key ... ok
[INFO] [stdout] test tuple_basic ... ok
[INFO] [stdout] test test_basic ... ok
[INFO] [stdout] test fallthrough_basic ... ok
[INFO] [stdout] test tuple_custom_tag_no_match ... ok
[INFO] [stdout] test test_readme_tuples ... ok
[INFO] [stdout] test tuple_custom_tag_position_last ... ok
[INFO] [stdout] test test_string_key_map_to_integer_key ... ok
[INFO] [stdout] test test_null_tag_value_skipped ... ok
[INFO] [stdout] test tuple_custom_tag_position_middle ... ok
[INFO] [stderr]    Compiling libc v0.2.183
[INFO] [stderr]    Compiling serde_core v1.0.228
[INFO] [stderr]     Checking cfg-if v1.0.4
[INFO] [stderr]    Compiling proc-macro2 v1.0.106
[INFO] [stderr]    Compiling quote v1.0.45
[INFO] [stderr]    Compiling unicode-ident v1.0.24
[INFO] [stderr]    Compiling getrandom v0.3.4
[INFO] [stderr]    Compiling rustix v1.1.4
[INFO] [stderr]    Compiling getrandom v0.4.2
[INFO] [stderr]    Compiling serde v1.0.228
[INFO] [stderr]    Compiling zerocopy v0.8.47
[INFO] [stderr]     Checking linux-raw-sys v0.12.1
[INFO] [stderr]    Compiling autocfg v1.5.0
[INFO] [stderr]     Checking bitflags v2.11.0
[INFO] [stderr]     Checking once_cell v1.21.4
[INFO] [stderr]     Checking fastrand v2.3.0
[INFO] [stderr]    Compiling zmij v1.0.21
[INFO] [stderr]     Checking bit-vec v0.8.0
[INFO] [stderr]     Checking quick-error v1.2.3
[INFO] [stderr]     Checking fnv v1.0.7
[INFO] [stderr]    Compiling serde_json v1.0.149
[INFO] [stderr]     Checking bit-set v0.8.0
[INFO] [stderr]     Checking memchr v2.8.0
[INFO] [stderr]     Checking itoa v1.0.18
[INFO] [stderr]     Checking arbitrary v1.4.2
[INFO] [stderr]     Checking regex-syntax v0.8.10
[INFO] [stderr]     Checking unarray v0.1.4
[INFO] [stderr]    Compiling num-traits v0.2.19
[INFO] [stderr]    Compiling syn v2.0.117
[INFO] [stderr]     Checking wait-timeout v0.2.1
[INFO] [stderr]     Checking rand_core v0.9.5
[INFO] [stderr]     Checking tempfile v3.27.0
[INFO] [stderr]     Checking rand_xorshift v0.4.0
[INFO] [stderr]     Checking rand v0.9.2
[INFO] [stderr]     Checking rusty-fork v0.3.1
[INFO] [stderr]     Checking arbitrary-json v0.1.1
[INFO] [stderr]     Checking ppv-lite86 v0.2.21
[INFO] [stderr]     Checking rand_chacha v0.9.0
[INFO] [stderr]     Checking proptest v1.10.0
[INFO] [stderr]    Compiling serde_derive v1.0.228
[INFO] [stderr]    Compiling proptest-derive v0.5.1
[INFO] [stderr]     Checking proptest-arbitrary-interop v0.1.0
[INFO] [stderr]    Compiling serde-implicit-proc v0.3.1
[INFO] [stderr]     Checking serde-implicit v0.3.1 (/opt/rustwide/workdir)
[INFO] [stderr]     Checking serde-implicit-tests v0.0.0 (/opt/rustwide/target/tests/trybuild/serde-implicit)
[INFO] [stderr]     Finished `dev` profile [unoptimized + debuginfo] target(s) in 22.08s
[INFO] [stderr] 
[INFO] [stderr] 
[INFO] [stdout] test ui ... ok
[INFO] [stderr] test tests/ui/duplicate_tags.rs ... ok
[INFO] [stdout] 
[INFO] [stderr] test tests/ui/flatten_multiple_fields.rs ... ok
[INFO] [stdout] test result: ok. 20 passed; 0 failed; 0 ignored; 0 measured; 0 filtered out; finished in 34.57s
[INFO] [stderr] test tests/ui/flatten_not_at_end.rs ... ok
[INFO] [stdout] 
[INFO] [stderr] test tests/ui/missing_tags.rs ... ok
[INFO] [stderr] test tests/ui/repeated_tag.rs ... ok
[INFO] [stderr] test tests/ui/tag_and_flatten.rs ... ok
[INFO] [stderr] 
[INFO] [stderr] 
[INFO] [stderr]      Running tests/proptest.rs (/opt/rustwide/target/release/deps/proptest-8b7ba340e4b5d989)
[INFO] [stdout] 
[INFO] [stdout] running 13 tests
[INFO] [stdout] test fuzz_multi_type_tag_no_panic ... ok
[INFO] [stdout] test fuzz_tuple_enum_no_panic ... ok
[INFO] [stdout] test fuzz_tuple_flatten_no_panic ... ok
[INFO] [stdout] test test_tuple_enum_roundtrip ... ok
[INFO] [stdout] test test_tuple_flatten_roundtrip ... ok
[INFO] [stdout] test fuzz_nested_enum_no_panic ... FAILED
[INFO] [stdout] test test_tuple_custom_tag_roundtrip ... ok
[INFO] [stdout] test fuzz_overlapping_fields_no_panic ... ok
[INFO] [stdout] test fuzz_tuple_custom_tag_no_panic ... ok
[INFO] [stdout] test test_tags_nested_enum ... ok
[INFO] [stdout] test test_tags_overlapping_fields ... ok
[INFO] [stdout] test test_tags_different_types ... ok
[INFO] [stdout] test test_agrees_with_serde ... ok
[INFO] [stdout] 
[INFO] [stdout] failures:
[INFO] [stdout] 
[INFO] [stdout] ---- fuzz_nested_enum_no_panic stdout ----
[INFO] [stdout] proptest: FileFailurePersistence::SourceParallel set, but failed to find lib.rs or main.rs
[INFO] [stdout] 
[INFO] [stdout] thread 'fuzz_nested_enum_no_panic' (2421) panicked at tests/proptest.rs:129:1:
[INFO] [stdout] Test aborted: initial arbitrary call failed
[INFO] [stdout] 	successes: 78
[INFO] [stdout] 	local rejects: 0
[INFO] [stdout] 	global rejects: 0
[INFO] [stdout] 
[INFO] [stdout] stack backtrace:
[INFO] [stdout]    0:     0x5d23f54c7521 - <<std[70759c8f55707aa4]::sys::backtrace::BacktraceLock>::print::DisplayBacktrace as core[df12db4294e9bfd3]::fmt::Display>::fmt
[INFO] [stdout]    1:     0x5d23f54dd70a - core[df12db4294e9bfd3]::fmt::write
[INFO] [stdout]    2:     0x5d23f54cbe1c - <alloc[2182bb758b4b3781]::vec::Vec<u8> as core[df12db4294e9bfd3]::io::write::Write>::write_fmt
[INFO] [stdout]    3:     0x5d23f54a2516 - std[70759c8f55707aa4]::panicking::default_hook::{closure#0}
[INFO] [stdout]    4:     0x5d23f54bfa99 - std[70759c8f55707aa4]::panicking::default_hook
[INFO] [stdout]    5:     0x5d23f5400220 - test[9d35eded1c95d3be]::test_main_inner::<test[9d35eded1c95d3be]::test_main_static::{closure#0}>::{closure#0}
[INFO] [stdout]    6:     0x5d23f54bfc52 - std[70759c8f55707aa4]::panicking::panic_with_hook
[INFO] [stdout]    7:     0x5d23f54a25c2 - std[70759c8f55707aa4]::panicking::panic_handler::{closure#0}
[INFO] [stdout]    8:     0x5d23f549b1f9 - std[70759c8f55707aa4]::sys::backtrace::__rust_end_short_backtrace::<std[70759c8f55707aa4]::panicking::panic_handler::{closure#0}, !>
[INFO] [stdout]    9:     0x5d23f54a31bd - __rustc[8fa7c3cbc660c2b3]::rust_begin_unwind
[INFO] [stdout]   10:     0x5d23f54ddeec - core[df12db4294e9bfd3]::panicking::panic_fmt
[INFO] [stdout]   11:     0x5d23f53c446f - <proptest[cbbf8dd81055c2ad]::fuzz_nested_enum_no_panic::{closure#0} as core[df12db4294e9bfd3]::ops::function::FnOnce<()>>::call_once
[INFO] [stdout]   12:     0x5d23f53f350b - test[9d35eded1c95d3be]::__rust_begin_short_backtrace::<core[df12db4294e9bfd3]::result::Result<(), alloc[2182bb758b4b3781]::string::String>, fn() -> core[df12db4294e9bfd3]::result::Result<(), alloc[2182bb758b4b3781]::string::String>>
[INFO] [stdout]   13:     0x5d23f5400b75 - test[9d35eded1c95d3be]::run_test::{closure#0}
[INFO] [stdout]   14:     0x5d23f53fa434 - std[70759c8f55707aa4]::sys::backtrace::__rust_begin_short_backtrace::<test[9d35eded1c95d3be]::run_test::{closure#1}, ()>
[INFO] [stdout]   15:     0x5d23f5403cd2 - <std[70759c8f55707aa4]::thread::lifecycle::spawn_unchecked<test[9d35eded1c95d3be]::run_test::{closure#1}, ()>::{closure#1} as core[df12db4294e9bfd3]::ops::function::FnOnce<()>>::call_once::{shim:vtable#0}
[INFO] [stdout]   16:     0x5d23f54c6df9 - <std[70759c8f55707aa4]::sys::thread::unix::Thread>::new::thread_start
[INFO] [stdout]   17:     0x7c5629020dfa - <unknown>
[INFO] [stdout]   18:     0x7c56290b43d4 - clone
[INFO] [stdout]   19:                0x0 - <unknown>
[INFO] [stdout] 
[INFO] [stdout] 
[INFO] [stdout] failures:
[INFO] [stdout]     fuzz_nested_enum_no_panic
[INFO] [stdout] 
[INFO] [stdout] test result: FAILED. 12 passed; 1 failed; 0 ignored; 0 measured; 0 filtered out; finished in 0.18s
[INFO] [stdout] 
[INFO] [stderr] error: test failed, to rerun pass `--test proptest`
[INFO] running `Command { std: "docker" "inspect" "bea70fe2d9f463a163ad727b9db6d17402552920d89b03f2d6c3efede1ffcc1a", kill_on_drop: false }`
[INFO] running `Command { std: "docker" "rm" "-f" "bea70fe2d9f463a163ad727b9db6d17402552920d89b03f2d6c3efede1ffcc1a", kill_on_drop: false }`
[INFO] [stdout] bea70fe2d9f463a163ad727b9db6d17402552920d89b03f2d6c3efede1ffcc1a
