[INFO] fetching crate rustls-ccm 0.2.1...
[INFO] testing rustls-ccm-0.2.1 against 1.99.0-beta.8+cargoflags=--release for beta-release-1.100-2
[INFO] extracting crate rustls-ccm 0.2.1 into /workspace/builds/worker-6-tc1/source
[INFO] started tweaking crates.io crate rustls-ccm 0.2.1
[INFO] removed 0 missing tests
[INFO] finished tweaking crates.io crate rustls-ccm 0.2.1
[INFO] tweaked toml for crates.io crate rustls-ccm 0.2.1 written to /workspace/builds/worker-6-tc1/source/Cargo.toml
[INFO] validating manifest of crates.io crate rustls-ccm 0.2.1 on toolchain 1.99.0-beta.8
[INFO] running `Command { std: CARGO_HOME="/workspace/cargo-home" RUSTUP_HOME="/workspace/rustup-home" "/workspace/cargo-home/bin/cargo" "+1.99.0-beta.8" "metadata" "--manifest-path" "Cargo.toml" "--no-deps", kill_on_drop: false }`
[INFO] crate crates.io crate rustls-ccm 0.2.1 already has a lockfile, it will not be regenerated
[INFO] running `Command { std: CARGO_HOME="/workspace/cargo-home" RUSTUP_HOME="/workspace/rustup-home" "/workspace/cargo-home/bin/cargo" "+1.99.0-beta.8" "fetch" "--manifest-path" "Cargo.toml", kill_on_drop: false }`
[INFO] [stderr]     Blocking waiting for file lock on package cache
[INFO] [stderr]     Updating crates.io index
[INFO] [stderr]  Downloading crates ...
[INFO] [stderr]   Downloaded time-core v0.1.7
[INFO] [stderr]   Downloaded time-macros v0.2.25
[INFO] [stderr]   Downloaded time v0.3.45
[INFO] [stderr]   Downloaded ccm v0.6.1
[INFO] running `Command { std: "docker" "create" "-v" "/var/lib/crater-agent-workspace/builds/worker-6-tc1/source:/opt/rustwide/workdir:ro,Z" "-v" "/var/lib/crater-agent-workspace/builds/worker-6-tc1/target:/opt/rustwide/target:rw,Z" "-v" "/var/lib/crater-agent-workspace/cargo-home:/opt/rustwide/cargo-home:ro,Z" "-v" "/var/lib/crater-agent-workspace/rustup-home:/opt/rustwide/rustup-home:ro,Z" "-m" "1610612736" "--network" "none" "ghcr.io/rust-lang/crates-build-env/linux@sha256:77db811e55d90add9212f6832c23229e3de5f1c1f9905e8cb07319ea15df73ac" "sleep" "infinity", kill_on_drop: false }`
[INFO] [stdout] 155cf68336c3f93d273643784202bc74fff6c9dd64c3dddbd22f8c8f4aaa5f76
[INFO] running `Command { std: "docker" "start" "155cf68336c3f93d273643784202bc74fff6c9dd64c3dddbd22f8c8f4aaa5f76", kill_on_drop: false }`
[INFO] running `Command { std: "docker" "inspect" "155cf68336c3f93d273643784202bc74fff6c9dd64c3dddbd22f8c8f4aaa5f76", kill_on_drop: false }`
[INFO] running `Command { std: "docker" "exec" "-e" "SOURCE_DIR=/opt/rustwide/workdir" "-e" "CARGO_HOME=/opt/rustwide/cargo-home" "-e" "RUSTUP_HOME=/opt/rustwide/rustup-home" "-e" "CARGO_TARGET_DIR=/opt/rustwide/target" "-w" "/opt/rustwide/workdir" "--user" "0:0" "155cf68336c3f93d273643784202bc74fff6c9dd64c3dddbd22f8c8f4aaa5f76" "/opt/rustwide/cargo-home/bin/cargo" "+1.99.0-beta.8" "metadata" "--no-deps" "--format-version=1", kill_on_drop: false }`
[INFO] running `Command { std: "docker" "inspect" "155cf68336c3f93d273643784202bc74fff6c9dd64c3dddbd22f8c8f4aaa5f76", kill_on_drop: false }`
[INFO] running `Command { std: "docker" "exec" "-e" "SOURCE_DIR=/opt/rustwide/workdir" "-e" "CARGO_HOME=/opt/rustwide/cargo-home" "-e" "RUSTUP_HOME=/opt/rustwide/rustup-home" "-e" "CARGO_TARGET_DIR=/opt/rustwide/target" "-e" "CARGO_INCREMENTAL=0" "-e" "RUST_BACKTRACE=full" "-e" "RUSTFLAGS=--cap-lints=warn" "-e" "RUSTDOCFLAGS=--cap-lints=warn" "-w" "/opt/rustwide/workdir" "--user" "0:0" "155cf68336c3f93d273643784202bc74fff6c9dd64c3dddbd22f8c8f4aaa5f76" "/opt/rustwide/cargo-home/bin/cargo" "+1.99.0-beta.8" "build" "--frozen" "--message-format=json" "--release", kill_on_drop: false }`
[INFO] [stderr]    Compiling find-msvc-tools v0.1.11
[INFO] [stderr]    Compiling libc v0.2.189
[INFO] [stderr]    Compiling getrandom v0.4.3
[INFO] [stderr]    Compiling aws-lc-rs v1.18.0
[INFO] [stderr]    Compiling rustls v0.23.43
[INFO] [stderr]    Compiling hybrid-array v0.4.14
[INFO] [stderr]    Compiling cc v1.4.4
[INFO] [stderr]    Compiling inout v0.2.2
[INFO] [stderr]    Compiling block-buffer v0.12.1
[INFO] [stderr]    Compiling cmake v0.1.58
[INFO] [stderr]    Compiling aws-lc-sys v0.44.0
[INFO] [stderr]    Compiling crypto-common v0.2.2
[INFO] [stderr]    Compiling cipher v0.5.2
[INFO] [stderr]    Compiling aead v0.6.1
[INFO] [stderr]    Compiling ctr v0.10.1
[INFO] [stderr]    Compiling aes v0.9.2
[INFO] [stderr]    Compiling ccm v0.6.1
[INFO] [stderr]    Compiling rustls-webpki v0.103.15
[INFO] [stderr]    Compiling rustls-ccm v0.2.1 (/opt/rustwide/workdir)
[INFO] [stderr]     Finished `release` profile [optimized] target(s) in 1m 00s
[INFO] running `Command { std: "docker" "inspect" "155cf68336c3f93d273643784202bc74fff6c9dd64c3dddbd22f8c8f4aaa5f76", kill_on_drop: false }`
[INFO] running `Command { std: "docker" "exec" "-e" "SOURCE_DIR=/opt/rustwide/workdir" "-e" "CARGO_HOME=/opt/rustwide/cargo-home" "-e" "RUSTUP_HOME=/opt/rustwide/rustup-home" "-e" "CARGO_TARGET_DIR=/opt/rustwide/target" "-e" "CARGO_INCREMENTAL=0" "-e" "RUST_BACKTRACE=full" "-e" "RUSTFLAGS=--cap-lints=warn" "-e" "RUSTDOCFLAGS=--cap-lints=warn" "-w" "/opt/rustwide/workdir" "--user" "0:0" "155cf68336c3f93d273643784202bc74fff6c9dd64c3dddbd22f8c8f4aaa5f76" "/opt/rustwide/cargo-home/bin/cargo" "+1.99.0-beta.8" "test" "--frozen" "--no-run" "--message-format=json" "--release", kill_on_drop: false }`
[INFO] [stderr]    Compiling time-core v0.1.7
[INFO] [stderr]    Compiling num-conv v0.1.0
[INFO] [stderr]    Compiling base64 v0.23.1
[INFO] [stderr]    Compiling deranged v0.5.8
[INFO] [stderr]    Compiling getrandom v0.2.17
[INFO] [stderr]    Compiling ring v0.17.14
[INFO] [stderr]    Compiling pem v4.0.0
[INFO] [stderr]    Compiling time v0.3.45
[INFO] [stderr]    Compiling yasna v0.6.0
[INFO] [stderr]    Compiling rcgen v0.14.10
[INFO] [stderr]    Compiling rustls-ccm v0.2.1 (/opt/rustwide/workdir)
[INFO] [stderr]     Finished `release` profile [optimized] target(s) in 19.45s
[INFO] running `Command { std: "docker" "inspect" "155cf68336c3f93d273643784202bc74fff6c9dd64c3dddbd22f8c8f4aaa5f76", kill_on_drop: false }`
[INFO] running `Command { std: "docker" "exec" "-e" "SOURCE_DIR=/opt/rustwide/workdir" "-e" "CARGO_HOME=/opt/rustwide/cargo-home" "-e" "RUSTUP_HOME=/opt/rustwide/rustup-home" "-e" "CARGO_TARGET_DIR=/opt/rustwide/target" "-e" "CARGO_INCREMENTAL=0" "-e" "RUST_BACKTRACE=full" "-e" "RUSTFLAGS=--cap-lints=warn" "-e" "RUSTDOCFLAGS=--cap-lints=warn" "-w" "/opt/rustwide/workdir" "--user" "0:0" "155cf68336c3f93d273643784202bc74fff6c9dd64c3dddbd22f8c8f4aaa5f76" "/opt/rustwide/cargo-home/bin/cargo" "+1.99.0-beta.8" "test" "--frozen" "--release", kill_on_drop: false }`
[INFO] [stderr]     Finished `release` profile [optimized] target(s) in 0.10s
[INFO] [stderr]      Running unittests src/lib.rs (/opt/rustwide/target/release/deps/rustls_ccm-87eddd9a1f056d93)
[INFO] [stdout] 
[INFO] [stdout] running 7 tests
[INFO] [stdout] test tests::all_suites_accessible ... ok
[INFO] [stdout] test tests::ccm_tampered_fails ... ok
[INFO] [stdout] test tests::tls12_key_block_shapes ... ok
[INFO] [stdout] test tests::tls13_key_lens ... ok
[INFO] [stdout] test tests::ccm256_round_trip ... ok
[INFO] [stdout] test tests::ccm_round_trip ... ok
[INFO] [stdout] test tests::crypto_provider_includes_all_ccm ... ok
[INFO] [stdout] 
[INFO] [stdout] test result: ok. 7 passed; 0 failed; 0 ignored; 0 measured; 0 filtered out; finished in 0.00s
[INFO] [stdout] 
[INFO] [stderr]      Running tests/handshake.rs (/opt/rustwide/target/release/deps/handshake-3f254e8584cdebd7)
[INFO] [stdout] 
[INFO] [stdout] running 9 tests
[INFO] [stdout] test tls12_ecdhe_ecdsa_aes256_ccm ... ok
[INFO] [stdout] test multiple_messages ... ok
[INFO] [stdout] test tls12_ecdhe_ecdsa_aes256_ccm8 ... ok
[INFO] [stdout] test tls13_ccm ... ok
[INFO] [stdout] test tls13_ccm8 ... ok
[INFO] [stdout] test large_payload ... ok
[INFO] [stdout] test tls12_ecdhe_ecdsa_aes128_ccm8 ... ok
[INFO] [stdout] test full_provider_negotiates_ccm ... ok
[INFO] [stdout] test tls12_ecdhe_ecdsa_aes128_ccm ... ok
[INFO] [stdout] 
[INFO] [stdout] test result: ok. 9 passed; 0 failed; 0 ignored; 0 measured; 0 filtered out; finished in 0.10s
[INFO] [stdout] 
[INFO] [stderr]      Running tests/interop.rs (/opt/rustwide/target/release/deps/interop-fc7cd16a67e36033)
[INFO] [stdout] 
[INFO] [stdout] running 6 tests
[INFO] [stdout] test tls12_aes256_ccm_vs_openssl ... ok
[INFO] [stdout] test tls12_aes256_ccm8_vs_openssl ... FAILED
[INFO] [stdout] test tls12_aes128_ccm_vs_openssl ... ok
[INFO] [stdout] test tls12_aes128_ccm8_vs_openssl ... ok
[INFO] [stdout] test tls13_aes128_ccm8_vs_openssl ... ok
[INFO] [stdout] test tls13_aes128_ccm_vs_openssl ... ok
[INFO] [stdout] 
[INFO] [stdout] failures:
[INFO] [stdout] 
[INFO] [stdout] ---- tls12_aes256_ccm8_vs_openssl stdout ----
[INFO] [stdout] 
[INFO] [stdout] thread 'tls12_aes256_ccm8_vs_openssl' (2089) panicked at tests/interop.rs:123:30:
[INFO] [stdout] called `Result::unwrap()` on an `Err` value: Os { code: 104, kind: ConnectionReset, message: "Connection reset by peer" }
[INFO] [stdout] stack backtrace:
[INFO] [stdout]    0:     0x6038d3a9b121 - <<std[70759c8f55707aa4]::sys::backtrace::BacktraceLock>::print::DisplayBacktrace as core[df12db4294e9bfd3]::fmt::Display>::fmt
[INFO] [stdout]    1:     0x6038d3ab104a - core[df12db4294e9bfd3]::fmt::write
[INFO] [stdout]    2:     0x6038d3a9fedc - <alloc[2182bb758b4b3781]::vec::Vec<u8> as core[df12db4294e9bfd3]::io::write::Write>::write_fmt
[INFO] [stdout]    3:     0x6038d3a751e6 - std[70759c8f55707aa4]::panicking::default_hook::{closure#0}
[INFO] [stdout]    4:     0x6038d3a92789 - std[70759c8f55707aa4]::panicking::default_hook
[INFO] [stdout]    5:     0x6038d379d5b0 - test[9d35eded1c95d3be]::test_main_inner::<test[9d35eded1c95d3be]::test_main_static::{closure#0}>::{closure#0}
[INFO] [stdout]    6:     0x6038d3a92942 - std[70759c8f55707aa4]::panicking::panic_with_hook
[INFO] [stdout]    7:     0x6038d3a75292 - std[70759c8f55707aa4]::panicking::panic_handler::{closure#0}
[INFO] [stdout]    8:     0x6038d3a6de49 - std[70759c8f55707aa4]::sys::backtrace::__rust_end_short_backtrace::<std[70759c8f55707aa4]::panicking::panic_handler::{closure#0}, !>
[INFO] [stdout]    9:     0x6038d3a7607d - __rustc[8fa7c3cbc660c2b3]::rust_begin_unwind
[INFO] [stdout]   10:     0x6038d3ab177c - core[df12db4294e9bfd3]::panicking::panic_fmt
[INFO] [stdout]   11:     0x6038d3ab1552 - core[df12db4294e9bfd3]::result::unwrap_failed
[INFO] [stdout]   12:     0x6038d373883c - interop[4095729dbd1c6587]::interop
[INFO] [stdout]   13:     0x6038d3739651 - <interop[4095729dbd1c6587]::tls12_aes256_ccm8_vs_openssl::{closure#0} as core[df12db4294e9bfd3]::ops::function::FnOnce<()>>::call_once
[INFO] [stdout]   14:     0x6038d379089b - test[9d35eded1c95d3be]::__rust_begin_short_backtrace::<core[df12db4294e9bfd3]::result::Result<(), alloc[2182bb758b4b3781]::string::String>, fn() -> core[df12db4294e9bfd3]::result::Result<(), alloc[2182bb758b4b3781]::string::String>>
[INFO] [stdout]   15:     0x6038d379df05 - test[9d35eded1c95d3be]::run_test::{closure#0}
[INFO] [stdout]   16:     0x6038d37977c4 - std[70759c8f55707aa4]::sys::backtrace::__rust_begin_short_backtrace::<test[9d35eded1c95d3be]::run_test::{closure#1}, ()>
[INFO] [stdout]   17:     0x6038d37a1062 - <std[70759c8f55707aa4]::thread::lifecycle::spawn_unchecked<test[9d35eded1c95d3be]::run_test::{closure#1}, ()>::{closure#1} as core[df12db4294e9bfd3]::ops::function::FnOnce<()>>::call_once::{shim:vtable#0}
[INFO] [stdout]   18:     0x6038d3a9a099 - <std[70759c8f55707aa4]::sys::thread::unix::Thread>::new::thread_start
[INFO] [stdout]   19:     0x7dc0a4a5adfa - <unknown>
[INFO] [stdout]   20:     0x7dc0a4aee3d4 - clone
[INFO] [stdout]   21:                0x0 - <unknown>
[INFO] [stdout] 
[INFO] [stdout] 
[INFO] [stdout] failures:
[INFO] [stdout]     tls12_aes256_ccm8_vs_openssl
[INFO] [stdout] 
[INFO] [stdout] test result: FAILED. 5 passed; 1 failed; 0 ignored; 0 measured; 0 filtered out; finished in 0.16s
[INFO] [stdout] 
[INFO] [stderr] error: test failed, to rerun pass `--test interop`
[INFO] running `Command { std: "docker" "inspect" "155cf68336c3f93d273643784202bc74fff6c9dd64c3dddbd22f8c8f4aaa5f76", kill_on_drop: false }`
[INFO] running `Command { std: "docker" "rm" "-f" "155cf68336c3f93d273643784202bc74fff6c9dd64c3dddbd22f8c8f4aaa5f76", kill_on_drop: false }`
[INFO] [stdout] 155cf68336c3f93d273643784202bc74fff6c9dd64c3dddbd22f8c8f4aaa5f76
