[INFO] fetching crate rustfs-lock 1.0.1...
[INFO] testing rustfs-lock-1.0.1 against 1.99.0-beta.8+cargoflags=--release for beta-release-1.100-2
[INFO] extracting crate rustfs-lock 1.0.1 into /workspace/builds/worker-0-tc1/source
[INFO] started tweaking crates.io crate rustfs-lock 1.0.1
[INFO] finished tweaking crates.io crate rustfs-lock 1.0.1
[INFO] tweaked toml for crates.io crate rustfs-lock 1.0.1 written to /workspace/builds/worker-0-tc1/source/Cargo.toml
[INFO] validating manifest of crates.io crate rustfs-lock 1.0.1 on toolchain 1.99.0-beta.8
[INFO] running `Command { std: CARGO_HOME="/workspace/cargo-home" RUSTUP_HOME="/workspace/rustup-home" "/workspace/cargo-home/bin/cargo" "+1.99.0-beta.8" "metadata" "--manifest-path" "Cargo.toml" "--no-deps", kill_on_drop: false }`
[INFO] crate crates.io crate rustfs-lock 1.0.1 already has a lockfile, it will not be regenerated
[INFO] running `Command { std: CARGO_HOME="/workspace/cargo-home" RUSTUP_HOME="/workspace/rustup-home" "/workspace/cargo-home/bin/cargo" "+1.99.0-beta.8" "fetch" "--manifest-path" "Cargo.toml", kill_on_drop: false }`
[INFO] [stderr]     Updating crates.io index
[INFO] [stderr]     Blocking waiting for file lock on package cache
[INFO] [stderr]  Downloading crates ...
[INFO] [stderr]   Downloaded neli-proc-macros v0.2.2
[INFO] [stderr]   Downloaded local-ip-address v0.6.13
[INFO] [stderr]   Downloaded getset v0.1.7
[INFO] [stderr]   Downloaded chunked_transfer v1.5.0
[INFO] [stderr]   Downloaded hotpath-macros v0.28.0
[INFO] [stderr]   Downloaded rustfs-utils v1.0.1
[INFO] [stderr]   Downloaded hotpath-drain v0.0.2
[INFO] [stderr]   Downloaded rustfs-s3-ops v1.0.1
[INFO] [stderr]   Downloaded rustfs-s3-types v1.0.1
[INFO] [stderr]   Downloaded neli v0.7.4
[INFO] [stderr]   Downloaded tiny_http v0.12.0
[INFO] [stderr]   Downloaded objc2-open-directory v0.3.2
[INFO] [stderr]   Downloaded metrics v0.24.6
[INFO] [stderr]   Downloaded rustfs-io-metrics v1.0.1
[INFO] [stderr]   Downloaded rapidhash v4.5.1
[INFO] [stderr]   Downloaded sysinfo v0.39.6
[INFO] [stderr]   Downloaded hdrhistogram v7.6.0
[INFO] [stderr]   Downloaded hotpath v0.28.0
[INFO] running `Command { std: "docker" "create" "-v" "/var/lib/crater-agent-workspace/builds/worker-0-tc1/source:/opt/rustwide/workdir:ro,Z" "-v" "/var/lib/crater-agent-workspace/builds/worker-0-tc1/target:/opt/rustwide/target:rw,Z" "-v" "/var/lib/crater-agent-workspace/cargo-home:/opt/rustwide/cargo-home:ro,Z" "-v" "/var/lib/crater-agent-workspace/rustup-home:/opt/rustwide/rustup-home:ro,Z" "-m" "1610612736" "--network" "none" "ghcr.io/rust-lang/crates-build-env/linux@sha256:77db811e55d90add9212f6832c23229e3de5f1c1f9905e8cb07319ea15df73ac" "sleep" "infinity", kill_on_drop: false }`
[INFO] [stdout] aa55fa95ab0445ea56378df46969e2b13eb48105220f5e5f13f37764cf32fbe9
[INFO] running `Command { std: "docker" "start" "aa55fa95ab0445ea56378df46969e2b13eb48105220f5e5f13f37764cf32fbe9", kill_on_drop: false }`
[INFO] running `Command { std: "docker" "inspect" "aa55fa95ab0445ea56378df46969e2b13eb48105220f5e5f13f37764cf32fbe9", kill_on_drop: false }`
[INFO] running `Command { std: "docker" "exec" "-e" "SOURCE_DIR=/opt/rustwide/workdir" "-e" "CARGO_HOME=/opt/rustwide/cargo-home" "-e" "RUSTUP_HOME=/opt/rustwide/rustup-home" "-e" "CARGO_TARGET_DIR=/opt/rustwide/target" "-w" "/opt/rustwide/workdir" "--user" "0:0" "aa55fa95ab0445ea56378df46969e2b13eb48105220f5e5f13f37764cf32fbe9" "/opt/rustwide/cargo-home/bin/cargo" "+1.99.0-beta.8" "metadata" "--no-deps" "--format-version=1", kill_on_drop: false }`
[INFO] running `Command { std: "docker" "inspect" "aa55fa95ab0445ea56378df46969e2b13eb48105220f5e5f13f37764cf32fbe9", kill_on_drop: false }`
[INFO] running `Command { std: "docker" "exec" "-e" "SOURCE_DIR=/opt/rustwide/workdir" "-e" "CARGO_HOME=/opt/rustwide/cargo-home" "-e" "RUSTUP_HOME=/opt/rustwide/rustup-home" "-e" "CARGO_TARGET_DIR=/opt/rustwide/target" "-e" "CARGO_INCREMENTAL=0" "-e" "RUST_BACKTRACE=full" "-e" "RUSTFLAGS=--cap-lints=warn" "-e" "RUSTDOCFLAGS=--cap-lints=warn" "-w" "/opt/rustwide/workdir" "--user" "0:0" "aa55fa95ab0445ea56378df46969e2b13eb48105220f5e5f13f37764cf32fbe9" "/opt/rustwide/cargo-home/bin/cargo" "+1.99.0-beta.8" "build" "--frozen" "--message-format=json" "--release", kill_on_drop: false }`
[INFO] [stderr]    Compiling unicode-ident v1.0.26
[INFO] [stderr]    Compiling futures-core v0.3.34
[INFO] [stderr]    Compiling futures-sink v0.3.34
[INFO] [stderr]    Compiling slab v0.4.12
[INFO] [stderr]    Compiling futures-io v0.3.34
[INFO] [stderr]    Compiling futures-task v0.3.34
[INFO] [stderr]    Compiling indexmap v2.14.2
[INFO] [stderr]    Compiling hotpath v0.28.0
[INFO] [stderr]    Compiling serde_json v1.0.151
[INFO] [stderr]    Compiling hotpath-macros v0.28.0
[INFO] [stderr]    Compiling crc32fast v1.5.2
[INFO] [stderr]    Compiling either v1.18.0
[INFO] [stderr]    Compiling simd-adler32 v0.3.10
[INFO] [stderr]    Compiling adler2 v2.0.1
[INFO] [stderr]    Compiling bitflags v2.13.2
[INFO] [stderr]    Compiling crossbeam-utils v0.8.23
[INFO] [stderr]    Compiling proc-macro2 v1.0.107
[INFO] [stderr]    Compiling http-body-util v0.1.5
[INFO] [stderr]    Compiling byteorder v1.5.0
[INFO] [stderr]    Compiling log v0.4.34
[INFO] [stderr]    Compiling futures-channel v0.3.34
[INFO] [stderr]    Compiling chacha20 v0.10.2
[INFO] [stderr]    Compiling miniz_oxide v0.9.1
[INFO] [stderr]    Compiling getrandom v0.4.3
[INFO] [stderr]    Compiling rapidhash v4.5.1
[INFO] [stderr]    Compiling castaway v0.2.4
[INFO] [stderr]    Compiling num_cpus v1.17.0
[INFO] [stderr]    Compiling sysinfo v0.39.6
[INFO] [stderr]    Compiling compact_str v0.10.0
[INFO] [stderr]    Compiling axum-core v0.5.6
[INFO] [stderr]    Compiling rand v0.10.3
[INFO] [stderr]    Compiling quote v1.0.47
[INFO] [stderr]    Compiling metrics v0.24.6
[INFO] [stderr]    Compiling syn v3.0.6
[INFO] [stderr]    Compiling syn v2.0.119
[INFO] [stderr]    Compiling crossbeam-queue v0.3.14
[INFO] [stderr]    Compiling flate2 v1.1.10
[INFO] [stderr]    Compiling uuid v1.26.1
[INFO] [stderr]    Compiling darling_core v0.20.11
[INFO] [stderr]    Compiling serde_derive v1.0.229
[INFO] [stderr]    Compiling tokio-macros v2.7.2
[INFO] [stderr]    Compiling futures-macro v0.3.34
[INFO] [stderr]    Compiling thiserror-impl v2.0.21
[INFO] [stderr]    Compiling async-trait v0.1.92
[INFO] [stderr]    Compiling tracing-attributes v0.1.31
[INFO] [stderr]    Compiling getset v0.1.7
[INFO] [stderr]    Compiling pin-project-internal v1.1.13
[INFO] [stderr]    Compiling tokio v1.53.1
[INFO] [stderr]    Compiling futures-util v0.3.34
[INFO] [stderr]    Compiling tracing v0.1.44
[INFO] [stderr]    Compiling pin-project v1.1.13
[INFO] [stderr]    Compiling thiserror v2.0.21
[INFO] [stderr]    Compiling darling_macro v0.20.11
[INFO] [stderr]    Compiling darling v0.20.11
[INFO] [stderr]    Compiling derive_builder_core v0.20.2
[INFO] [stderr]    Compiling derive_builder_macro v0.20.2
[INFO] [stderr]    Compiling derive_builder v0.20.2
[INFO] [stderr]    Compiling serde v1.0.229
[INFO] [stderr]    Compiling smallvec v1.16.2
[INFO] [stderr]    Compiling rustfs-s3-types v1.0.1
[INFO] [stderr]    Compiling neli-proc-macros v0.2.2
[INFO] [stderr]    Compiling rustfs-s3-ops v1.0.1
[INFO] [stderr]    Compiling parking_lot_core v0.9.12
[INFO] [stderr]    Compiling futures-executor v0.3.34
[INFO] [stderr]    Compiling parking_lot v0.12.5
[INFO] [stderr]    Compiling futures v0.3.34
[INFO] [stderr]    Compiling neli v0.7.4
[INFO] [stderr]    Compiling tokio-util v0.7.19
[INFO] [stderr]    Compiling tokio-stream v0.1.19
[INFO] [stderr]    Compiling rustfs-io-metrics v1.0.1
[INFO] [stderr]    Compiling h2 v0.4.19
[INFO] [stderr]    Compiling tower v0.5.3
[INFO] [stderr]    Compiling local-ip-address v0.6.13
[INFO] [stderr]    Compiling axum v0.8.9
[INFO] [stderr]    Compiling rustfs-utils v1.0.1
[INFO] [stderr]    Compiling hyper v1.11.1
[INFO] [stderr]    Compiling hyper-util v0.1.21
[INFO] [stderr]    Compiling hyper-timeout v0.5.2
[INFO] [stderr]    Compiling tonic v0.14.6
[INFO] [stderr]    Compiling rustfs-lock v1.0.1 (/opt/rustwide/workdir)
[INFO] [stderr]     Finished `release` profile [optimized] target(s) in 55.04s
[INFO] running `Command { std: "docker" "inspect" "aa55fa95ab0445ea56378df46969e2b13eb48105220f5e5f13f37764cf32fbe9", kill_on_drop: false }`
[INFO] running `Command { std: "docker" "exec" "-e" "SOURCE_DIR=/opt/rustwide/workdir" "-e" "CARGO_HOME=/opt/rustwide/cargo-home" "-e" "RUSTUP_HOME=/opt/rustwide/rustup-home" "-e" "CARGO_TARGET_DIR=/opt/rustwide/target" "-e" "CARGO_INCREMENTAL=0" "-e" "RUST_BACKTRACE=full" "-e" "RUSTFLAGS=--cap-lints=warn" "-e" "RUSTDOCFLAGS=--cap-lints=warn" "-w" "/opt/rustwide/workdir" "--user" "0:0" "aa55fa95ab0445ea56378df46969e2b13eb48105220f5e5f13f37764cf32fbe9" "/opt/rustwide/cargo-home/bin/cargo" "+1.99.0-beta.8" "test" "--frozen" "--no-run" "--message-format=json" "--release", kill_on_drop: false }`
[INFO] [stderr]    Compiling tokio v1.53.1
[INFO] [stderr]    Compiling tokio-util v0.7.19
[INFO] [stderr]    Compiling tokio-stream v0.1.19
[INFO] [stderr]    Compiling rustfs-io-metrics v1.0.1
[INFO] [stderr]    Compiling h2 v0.4.19
[INFO] [stderr]    Compiling tower v0.5.3
[INFO] [stderr]    Compiling axum v0.8.9
[INFO] [stderr]    Compiling hyper v1.11.1
[INFO] [stderr]    Compiling hyper-util v0.1.21
[INFO] [stderr]    Compiling hyper-timeout v0.5.2
[INFO] [stderr]    Compiling tonic v0.14.6
[INFO] [stderr]    Compiling rustfs-lock v1.0.1 (/opt/rustwide/workdir)
[INFO] [stderr]     Finished `release` profile [optimized] target(s) in 51.86s
[INFO] running `Command { std: "docker" "inspect" "aa55fa95ab0445ea56378df46969e2b13eb48105220f5e5f13f37764cf32fbe9", kill_on_drop: false }`
[INFO] running `Command { std: "docker" "exec" "-e" "SOURCE_DIR=/opt/rustwide/workdir" "-e" "CARGO_HOME=/opt/rustwide/cargo-home" "-e" "RUSTUP_HOME=/opt/rustwide/rustup-home" "-e" "CARGO_TARGET_DIR=/opt/rustwide/target" "-e" "CARGO_INCREMENTAL=0" "-e" "RUST_BACKTRACE=full" "-e" "RUSTFLAGS=--cap-lints=warn" "-e" "RUSTDOCFLAGS=--cap-lints=warn" "-w" "/opt/rustwide/workdir" "--user" "0:0" "aa55fa95ab0445ea56378df46969e2b13eb48105220f5e5f13f37764cf32fbe9" "/opt/rustwide/cargo-home/bin/cargo" "+1.99.0-beta.8" "test" "--frozen" "--release", kill_on_drop: false }`
[INFO] [stderr]     Finished `release` profile [optimized] target(s) in 0.17s
[INFO] [stderr]      Running unittests src/lib.rs (/opt/rustwide/target/release/deps/rustfs_lock-256bd26343eb5d1d)
[INFO] [stdout] 
[INFO] [stdout] running 135 tests
[INFO] [stdout] test client::local::tests::acquire_does_not_wait_on_unrelated_guard_shards ... ok
[INFO] [stdout] test client::local::tests::acquire_rejects_a_lock_id_for_another_resource ... ok
[INFO] [stdout] test client::local::tests::reclaim_expired_guard_only_writes_the_resource_shard ... ok
[INFO] [stdout] test client::local::tests::acquire_deadline_includes_resource_shard_reclaim_wait ... ok
[INFO] [stdout] test client::local::tests::refresh_after_expiry_releases_guard_without_reviving_it ... ok
[INFO] [stdout] test client::local::tests::lease_snapshot_tracks_refresh_without_resetting_acquisition_time ... ok
[INFO] [stdout] test client::local::tests::acquire_retry_preserves_total_deadline ... FAILED
[INFO] [stdout] test distributed_lock::tests::acquire_guard_returns_timeout_when_quorum_remains_contended ... ok
[INFO] [stdout] test distributed_lock::tests::acquire_guard_returns_timeout_when_zero_locks_make_quorum_impossible_for_attempt ... ok
[INFO] [stdout] test client::local::tests::zero_ttl_is_reaped_and_oversized_ttl_does_not_panic ... ok
[INFO] [stdout] test client::local::tests::expired_guard_is_reaped_without_resource_reacquire ... ok
[INFO] [stdout] test distributed_lock::tests::deadline_notification_permanently_fences_the_signal ... ok
[INFO] [stdout] test distributed_lock::tests::expired_lease_cannot_be_revived_by_a_later_deadline ... ok
[INFO] [stdout] test distributed_lock::tests::expired_lease_is_fenced_without_waiting_for_monitor_scheduling ... ok
[INFO] [stdout] test client::local::tests::refresh_wins_before_deadline_and_reaper_wins_after_deadline ... ok
[INFO] [stdout] test client::local::tests::sibling_client_cannot_reclaim_but_owner_reaper_releases_shared_lock ... ok
[INFO] [stdout] test distributed_lock::tests::heartbeat_quorum_loss_signals_lock_lost ... ok
[INFO] [stdout] test distributed_lock::tests::heartbeat_keeps_distributed_lock_refreshed ... ok
[INFO] [stdout] test distributed_lock::tests::lock_acquire_retry_backoff_uses_bounded_jitter ... ok
[INFO] [stdout] test distributed_lock::tests::lock_lost_notification_cannot_be_missed_after_waiter_registration ... ok
[INFO] [stdout] test distributed_lock::tests::acquire_quorum_timeout_preserves_non_retryable_failure ... ok
[INFO] [stdout] test distributed_lock::tests::release_entries_gives_up_after_the_deferred_schedule ... ok
[INFO] [stdout] test distributed_lock::tests::release_entries_keeps_retrying_transient_failures_after_the_fast_loop ... ok
[INFO] [stdout] test distributed_lock::tests::dropping_guard_stops_heartbeat ... ok
[INFO] [stdout] test distributed_lock::tests::disarm_stops_heartbeat ... ok
[INFO] [stdout] test distributed_lock::tests::heartbeat_rpc_error_expires_at_backend_ttl ... ok
[INFO] [stdout] test distributed_lock::tests::shared_lock_acquire_starts_quorum_plus_one_clients ... ok
[INFO] [stdout] test distributed_lock::tests::test_is_remote_lock_rpc_failure ... ok
[INFO] [stdout] test distributed_lock::tests::acquire_guard_enforces_attempt_timeout_when_clients_ignore_budget ... ok
[INFO] [stdout] test error::tests::test_error_creation ... ok
[INFO] [stdout] test distributed_lock::tests::test_should_warn_lock_failure ... ok
[INFO] [stdout] test error::tests::test_error_fatal ... ok
[INFO] [stdout] test error::tests::test_error_retryable ... ok
[INFO] [stdout] test fast_lock::manager::tests::test_force_unlock_releases_stuck_lock ... ok
[INFO] [stdout] test fast_lock::manager::tests::test_group_requests_by_shard_preserves_sorted_shard_order ... ok
[INFO] [stdout] test fast_lock::manager::tests::test_list_locks_reports_held_locks ... ok
[INFO] [stdout] test fast_lock::metrics::tests::test_global_metrics ... ok
[INFO] [stdout] test fast_lock::manager::tests::test_manager_construction_without_runtime_does_not_panic ... ok
[INFO] [stdout] test distributed_lock::tests::namespace_guard_forwards_lock_lost ... ok
[INFO] [stdout] test distributed_lock::tests::acquire_guard_retries_partial_quorum_after_rollback ... ok
[INFO] [stdout] test fast_lock::metrics::tests::test_shard_metrics ... ok
[INFO] [stdout] test fast_lock::object_pool::tests::test_object_pool ... ok
[INFO] [stdout] test fast_lock::object_pool::tests::test_state_reset ... ok
[INFO] [stdout] test distributed_lock::tests::acquire_guard_retries_remote_rpc_failures_that_temporarily_preclude_quorum ... ok
[INFO] [stdout] test distributed_lock::tests::single_client_guard_keeps_backend_lease_refreshed ... ok
[INFO] [stdout] test fast_lock::shard::tests::test_adaptive_timeout_does_not_exceed_global_max_acquire_timeout ... ok
[INFO] [stdout] test fast_lock::shard::tests::test_adaptive_timeout_does_not_exceed_request_acquire_timeout ... ok
[INFO] [stdout] test fast_lock::optimized_notify::tests::test_reader_waiter_count_released_on_abort ... ok
[INFO] [stdout] test fast_lock::optimized_notify::tests::test_optimized_notify ... ok
[INFO] [stdout] test fast_lock::shard::tests::test_batch_operations ... ok
[INFO] [stdout] test fast_lock::optimized_notify::tests::test_writer_notification ... ok
[INFO] [stdout] test fast_lock::shard::tests::test_cleanup_expired_batch_recycles_into_pool ... ok
[INFO] [stdout] test distributed_lock::tests::subsecond_ttl_guard_does_not_panic_and_skips_heartbeat ... ok
[INFO] [stdout] test fast_lock::shard::tests::early_retry_registers_as_waiter ... ok
[INFO] [stdout] test fast_lock::shard::tests::test_shard_fast_path ... ok
[INFO] [stdout] test distributed_lock::tests::heartbeat_slow_refresh_is_fenced_by_backend_ttl ... ok
[INFO] [stdout] test fast_lock::shard::tests::test_exclusive_waiter_abort_does_not_block_following_shared_lock ... ok
[INFO] [stdout] test distributed_lock::tests::shared_lock_acquire_replenishes_after_early_failure ... ok
[INFO] [stdout] test fast_lock::state::tests::test_object_lock_state ... ok
[INFO] [stdout] test fast_lock::state::tests::exclusive_acquisition_ignores_registered_waiters ... ok
[INFO] [stdout] test fast_lock::state::tests::test_atomic_lock_state ... ok
[INFO] [stdout] test fast_lock::tests::fast_lock_tests::current_lock_counts_report_live_holders_and_waiters ... ok
[INFO] [stdout] test fast_lock::shard::tests::test_shared_waiter_abort_does_not_block_following_exclusive_lock ... ok
[INFO] [stdout] test fast_lock::tests::fast_lock_tests::test_basic_read_lock_acquire_release ... ok
[INFO] [stdout] test fast_lock::tests::fast_lock_tests::test_different_keys_no_conflict ... ok
[INFO] [stdout] test fast_lock::tests::fast_lock_tests::test_basic_write_lock_acquire_release ... ok
[INFO] [stdout] test fast_lock::tests::fast_lock_tests::test_lock_info ... ok
[INFO] [stdout] test fast_lock::tests::fast_lock_tests::test_double_release ... ok
[INFO] [stdout] test fast_lock::tests::fast_lock_tests::test_concurrent_read_locks ... ok
[INFO] [stdout] test fast_lock::tests::fast_lock_tests::test_multiple_read_locks ... ok
[INFO] [stdout] test fast_lock::tests::fast_lock_tests::test_lock_auto_release_on_drop ... ok
[INFO] [stdout] test fast_lock::optimized_notify::tests::test_writer_waiter_count_released_after_capped_timeouts ... ok
[INFO] [stdout] test fast_lock::tests::fast_lock_tests::test_concurrent_write_lock_contention ... ok
[INFO] [stdout] test fast_lock::tests::fast_lock_tests::test_versioned_keys ... ok
[INFO] [stdout] test fast_lock::tests::fast_lock_tests::test_lock_timeout ... ok
[INFO] [stdout] test distributed_lock::tests::acquire_guard_retries_client_errors_that_temporarily_preclude_quorum ... ok
[INFO] [stdout] test fast_lock::tests::fast_lock_tests::try_with_config_returns_error_for_invalid_shard_count ... ok
[INFO] [stdout] test fast_lock::tests::fast_lock_tests::with_config_falls_back_to_default_for_invalid_shard_count ... ok
[INFO] [stdout] test fast_lock::shard::tests::test_shard_contention ... ok
[INFO] [stdout] test fast_lock::shard::tests::test_batch_lock_cleanup_safety ... ok
[INFO] [stdout] test fast_lock::types::tests::test_lock_request ... ok
[INFO] [stdout] test fast_lock::types::tests::test_batch_request ... ok
[INFO] [stdout] test fast_lock::types::tests::test_object_key ... ok
[INFO] [stdout] test fast_lock::tests::fast_lock_tests::test_lock_priority ... ok
[INFO] [stdout] test fast_lock::tests::fast_lock_tests::test_read_lock_excludes_write_lock ... ok
[INFO] [stdout] test fast_lock::tests::fast_lock_tests::test_same_owner_reentrant_write_lock ... ok
[INFO] [stdout] test namespace::tests::namespace_lock_preserves_shared_namespace_storage ... ok
[INFO] [stdout] test namespace::tests::test_local_client_uses_request_lock_id_for_release ... ok
[INFO] [stdout] test namespace::tests::test_lock_client_default_batch_acquire_and_release ... ok
[INFO] [stdout] test namespace::tests::test_namespace_lock_acquire_guard_local ... ok
[INFO] [stdout] test namespace::tests::test_namespace_lock_default ... ok
[INFO] [stdout] test namespace::tests::test_namespace_lock_distributed_contention_quorum_miss_times_out ... ok
[INFO] [stdout] test fast_lock::tests::fast_lock_tests::test_write_lock_excludes_read_lock ... ok
[INFO] [stdout] test fast_lock::tests::fast_lock_tests::test_write_lock_excludes_write_lock ... ok
[INFO] [stdout] test namespace::tests::test_namespace_lock_distributed_drop_without_runtime_does_not_panic ... ok
[INFO] [stdout] test namespace::tests::test_namespace_lock_distributed_even_node_read_write_quorum_split ... ok
[INFO] [stdout] test fast_lock::tests::fast_lock_tests::test_read_write_mixed_scenario ... ok
[INFO] [stdout] test namespace::tests::crashed_owner_distributed_lock_is_reclaimed ... ok
[INFO] [stdout] test namespace::tests::test_namespace_lock_distributed_quorum_failure_rolls_back_successful_nodes ... ok
[INFO] [stdout] test namespace::tests::test_namespace_lock_distributed_multi_node_simulation ... ok
[INFO] [stdout] test namespace::tests::test_namespace_lock_distributed_read_lock_succeeds_with_two_nodes_one_offline ... ok
[INFO] [stdout] test namespace::tests::test_namespace_lock_distributed_eight_node_write_releases_all_nodes ... ok
[INFO] [stdout] test fast_lock::tests::fast_lock_tests::contended_writers_drain_promptly_after_release ... ok
[INFO] [stdout] test namespace::tests::test_namespace_lock_distributed_quorum_rollback_retries_release_false ... ok
[INFO] [stdout] test namespace::tests::four_node_stale_quorum_contention_respects_acquire_deadline ... ok
[INFO] [stdout] test namespace::tests::test_namespace_lock_distributed_reclaims_expired_same_resource_after_failed_unlocks ... ok
[INFO] [stdout] test distributed_lock::tests::acquire_guard_returns_quorum_error_when_rpc_failures_make_quorum_impossible ... ok
[INFO] [stdout] test namespace::tests::test_namespace_lock_distributed_write_lock_fails_with_two_nodes_one_offline ... ok
[INFO] [stdout] test namespace::tests::test_namespace_lock_get_health_local ... ok
[INFO] [stdout] test namespace::tests::test_namespace_lock_get_read_lock_local ... ok
[INFO] [stdout] test namespace::tests::test_namespace_lock_get_resource_key ... ok
[INFO] [stdout] test namespace::tests::test_namespace_lock_get_stats_local ... ok
[INFO] [stdout] test namespace::tests::test_namespace_lock_get_write_lock_local ... ok
[INFO] [stdout] test namespace::tests::test_namespace_lock_guard_lock_id ... ok
[INFO] [stdout] test namespace::tests::test_namespace_lock_guard_release ... ok
[INFO] [stdout] test namespace::tests::test_namespace_lock_new ... ok
[INFO] [stdout] test namespace::tests::test_namespace_lock_with_client ... ok
[INFO] [stdout] test namespace::tests::test_namespace_lock_with_clients ... ok
[INFO] [stdout] test namespace::tests::test_namespace_lock_with_local_manager ... ok
[INFO] [stdout] test namespace::tests::test_namespace_lock_wrapper ... ok
[INFO] [stdout] test namespace::tests::test_namespace_lock_distributed_unlock_retries_release_false ... ok
[INFO] [stdout] test namespace::tests::four_node_failed_release_converges_without_replica_repair ... ok
[INFO] [stdout] test namespace::tests::test_namespace_lock_distributed_with_clients_and_quorum ... ok
[INFO] [stdout] test distributed_lock::tests::acquire_guard_retries_rpc_timeouts_until_caller_timeout ... ok
[INFO] [stdout] test namespace::tests::test_namespace_lock_distributed_retries_transient_acquire_timeout ... ok
[INFO] [stdout] test distributed_lock::tests::acquire_guard_retries_transient_timeout_before_quorum ... ok
[INFO] [stdout] test namespace::tests::test_namespace_lock_distributed_read_lock_returns_after_quorum_without_waiting_for_slow_clients ... ok
[INFO] [stdout] test namespace::tests::distributed_write_lock_survives_past_ttl_with_heartbeat ... ok
[INFO] [stdout] test distributed_lock::tests::acquire_guard_uses_fresh_lock_ids_across_retry_attempts ... ok
[INFO] [stdout] test distributed_lock::tests::acquire_guard_retries_attempt_timeout_when_hard_failure_does_not_preclude_quorum ... ok
[INFO] [stdout] test namespace::tests::test_namespace_lock_distributed_remote_rpc_failures_retry_before_final_quorum_failure ... ok
[INFO] [stdout] test fast_lock::tests::fast_lock_tests::write_lock_waiter_is_not_stranded_by_missed_wakeup ... ok
[INFO] [stdout] test distributed_lock::tests::acquire_guard_uses_bounded_distributed_attempt_timeout ... ok
[INFO] [stdout] test namespace::tests::test_namespace_lock_distributed_waits_full_timeout_for_late_release ... ok
[INFO] [stdout] test namespace::tests::test_namespace_lock_distributed_failure_retries_and_cleans_up_late_successes ... ok
[INFO] [stdout] 
[INFO] [stdout] failures:
[INFO] [stdout] 
[INFO] [stdout] ---- client::local::tests::acquire_retry_preserves_total_deadline stdout ----
[INFO] [stdout] 
[INFO] [stdout] thread 'client::local::tests::acquire_retry_preserves_total_deadline' (1882) panicked at src/client/local.rs:741:9:
[INFO] [stdout] the first attempt consumed the caller's acquire budget
[INFO] [stdout] stack backtrace:
[INFO] [stdout]    0:     0x59b8e6b1e1b1 - <<std[70759c8f55707aa4]::sys::backtrace::BacktraceLock>::print::DisplayBacktrace as core[df12db4294e9bfd3]::fmt::Display>::fmt
[INFO] [stdout]    1:     0x59b8e6b3408a - core[df12db4294e9bfd3]::fmt::write
[INFO] [stdout]    2:     0x59b8e6b2292c - <alloc[2182bb758b4b3781]::vec::Vec<u8> as core[df12db4294e9bfd3]::io::write::Write>::write_fmt
[INFO] [stdout]    3:     0x59b8e6afa046 - std[70759c8f55707aa4]::panicking::default_hook::{closure#0}
[INFO] [stdout]    4:     0x59b8e6b16549 - std[70759c8f55707aa4]::panicking::default_hook
[INFO] [stdout]    5:     0x59b8e6a8daf0 - test[9d35eded1c95d3be]::test_main_inner::<test[9d35eded1c95d3be]::test_main_static::{closure#0}>::{closure#0}
[INFO] [stdout]    6:     0x59b8e6b16872 - std[70759c8f55707aa4]::panicking::panic_with_hook
[INFO] [stdout]    7:     0x59b8e6afa124 - std[70759c8f55707aa4]::panicking::panic_handler::{closure#0}
[INFO] [stdout]    8:     0x59b8e6af2e79 - std[70759c8f55707aa4]::sys::backtrace::__rust_end_short_backtrace::<std[70759c8f55707aa4]::panicking::panic_handler::{closure#0}, !>
[INFO] [stdout]    9:     0x59b8e6afaced - __rustc[8fa7c3cbc660c2b3]::rust_begin_unwind
[INFO] [stdout]   10:     0x59b8e6b347ec - core[df12db4294e9bfd3]::panicking::panic_fmt
[INFO] [stdout]   11:     0x59b8e6a15380 - rustfs_lock[5ce7036c2a50efd]::client::local::tests::acquire_retry_preserves_total_deadline::{closure#0}
[INFO] [stdout]   12:     0x59b8e6a01d93 - <tokio[999f08820be78f2d]::runtime::scheduler::current_thread::Context>::enter::<core[df12db4294e9bfd3]::task::poll::Poll<()>, <tokio[999f08820be78f2d]::runtime::scheduler::current_thread::CoreGuard>::block_on<core[df12db4294e9bfd3]::pin::Pin<&mut core[df12db4294e9bfd3]::pin::Pin<&mut dyn core[df12db4294e9bfd3]::future::future::Future<Output = ()>>>>::{closure#0}::{closure#0}>
[INFO] [stdout]   13:     0x59b8e6a6d16c - <tokio[999f08820be78f2d]::runtime::context::scoped::Scoped<tokio[999f08820be78f2d]::runtime::scheduler::Context>>::set::<<tokio[999f08820be78f2d]::runtime::scheduler::current_thread::CoreGuard>::enter<<tokio[999f08820be78f2d]::runtime::scheduler::current_thread::CoreGuard>::block_on<core[df12db4294e9bfd3]::pin::Pin<&mut core[df12db4294e9bfd3]::pin::Pin<&mut dyn core[df12db4294e9bfd3]::future::future::Future<Output = ()>>>>::{closure#0}, core[df12db4294e9bfd3]::option::Option<()>>::{closure#0}, (alloc[2182bb758b4b3781]::boxed::Box<tokio[999f08820be78f2d]::runtime::scheduler::current_thread::Core>, core[df12db4294e9bfd3]::option::Option<()>)>
[INFO] [stdout]   14:     0x59b8e69ff772 - <tokio[999f08820be78f2d]::runtime::runtime::Runtime>::block_on::<core[df12db4294e9bfd3]::pin::Pin<&mut dyn core[df12db4294e9bfd3]::future::future::Future<Output = ()>>>
[INFO] [stdout]   15:     0x59b8e6a2451b - rustfs_lock[5ce7036c2a50efd]::client::local::tests::acquire_retry_preserves_total_deadline
[INFO] [stdout]   16:     0x59b8e69d5869 - <rustfs_lock[5ce7036c2a50efd]::client::local::tests::acquire_retry_preserves_total_deadline::{closure#0} as core[df12db4294e9bfd3]::ops::function::FnOnce<()>>::call_once
[INFO] [stdout]   17:     0x59b8e6a80ddb - test[9d35eded1c95d3be]::__rust_begin_short_backtrace::<core[df12db4294e9bfd3]::result::Result<(), alloc[2182bb758b4b3781]::string::String>, fn() -> core[df12db4294e9bfd3]::result::Result<(), alloc[2182bb758b4b3781]::string::String>>
[INFO] [stdout]   18:     0x59b8e6a8e445 - test[9d35eded1c95d3be]::run_test::{closure#0}
[INFO] [stdout]   19:     0x59b8e6a87d04 - std[70759c8f55707aa4]::sys::backtrace::__rust_begin_short_backtrace::<test[9d35eded1c95d3be]::run_test::{closure#1}, ()>
[INFO] [stdout]   20:     0x59b8e6a915a2 - <std[70759c8f55707aa4]::thread::lifecycle::spawn_unchecked<test[9d35eded1c95d3be]::run_test::{closure#1}, ()>::{closure#1} as core[df12db4294e9bfd3]::ops::function::FnOnce<()>>::call_once::{shim:vtable#0}
[INFO] [stdout]   21:     0x59b8e6b1da49 - <std[70759c8f55707aa4]::sys::thread::unix::Thread>::new::thread_start
[INFO] [stdout]   22:     0x72137db5cdfa - <unknown>
[INFO] [stdout]   23:     0x72137dbf03d4 - clone
[INFO] [stdout]   24:                0x0 - <unknown>
[INFO] [stdout] 
[INFO] [stdout] 
[INFO] [stdout] failures:
[INFO] [stdout]     client::local::tests::acquire_retry_preserves_total_deadline
[INFO] [stdout] 
[INFO] [stdout] test result: FAILED. 134 passed; 1 failed; 0 ignored; 0 measured; 0 filtered out; finished in 1.76s
[INFO] [stdout] 
[INFO] [stderr] error: test failed, to rerun pass `--lib`
[INFO] running `Command { std: "docker" "inspect" "aa55fa95ab0445ea56378df46969e2b13eb48105220f5e5f13f37764cf32fbe9", kill_on_drop: false }`
[INFO] running `Command { std: "docker" "rm" "-f" "aa55fa95ab0445ea56378df46969e2b13eb48105220f5e5f13f37764cf32fbe9", kill_on_drop: false }`
[INFO] [stdout] aa55fa95ab0445ea56378df46969e2b13eb48105220f5e5f13f37764cf32fbe9
