[INFO] fetching crate rust_bus 3.0.7...
[INFO] testing rust_bus-3.0.7 against 1.99.0-beta.8+cargoflags=--release for beta-release-1.100-2
[INFO] extracting crate rust_bus 3.0.7 into /workspace/builds/worker-6-tc1/source
[INFO] started tweaking crates.io crate rust_bus 3.0.7
[INFO] finished tweaking crates.io crate rust_bus 3.0.7
[INFO] tweaked toml for crates.io crate rust_bus 3.0.7 written to /workspace/builds/worker-6-tc1/source/Cargo.toml
[INFO] validating manifest of crates.io crate rust_bus 3.0.7 on toolchain 1.99.0-beta.8
[INFO] running `Command { std: CARGO_HOME="/workspace/cargo-home" RUSTUP_HOME="/workspace/rustup-home" "/workspace/cargo-home/bin/cargo" "+1.99.0-beta.8" "metadata" "--manifest-path" "Cargo.toml" "--no-deps", kill_on_drop: false }`
[INFO] crate crates.io crate rust_bus 3.0.7 already has a lockfile, it will not be regenerated
[INFO] running `Command { std: CARGO_HOME="/workspace/cargo-home" RUSTUP_HOME="/workspace/rustup-home" "/workspace/cargo-home/bin/cargo" "+1.99.0-beta.8" "fetch" "--manifest-path" "Cargo.toml", kill_on_drop: false }`
[INFO] [stderr]     Updating crates.io index
[INFO] [stderr]  Downloading crates ...
[INFO] [stderr]   Downloaded block-buffer v0.12.0
[INFO] [stderr]   Downloaded whoami v2.1.2
[INFO] [stderr]   Downloaded sqlx-macros v0.9.0
[INFO] [stderr]   Downloaded hybrid-array v0.4.12
[INFO] [stderr]   Downloaded hashlink v0.11.1
[INFO] [stderr]   Downloaded sqlx-macros-core v0.9.0
[INFO] [stderr]   Downloaded sqlx-core v0.9.0
[INFO] [stderr]   Downloaded sqlx-mysql v0.9.0
[INFO] [stderr]   Downloaded sqlx-sqlite v0.9.0
[INFO] [stderr]   Downloaded sqlx-postgres v0.9.0
[INFO] [stderr]   Downloaded inventory v0.3.22
[INFO] [stderr]   Downloaded sqlx v0.9.0
[INFO] [stderr]   Downloaded etcetera v0.11.0
[INFO] [stderr]   Downloaded rust_bus_macros v3.0.0
[INFO] running `Command { std: "docker" "create" "-v" "/var/lib/crater-agent-workspace/builds/worker-6-tc1/source:/opt/rustwide/workdir:ro,Z" "-v" "/var/lib/crater-agent-workspace/builds/worker-6-tc1/target:/opt/rustwide/target:rw,Z" "-v" "/var/lib/crater-agent-workspace/cargo-home:/opt/rustwide/cargo-home:ro,Z" "-v" "/var/lib/crater-agent-workspace/rustup-home:/opt/rustwide/rustup-home:ro,Z" "-m" "1610612736" "--network" "none" "ghcr.io/rust-lang/crates-build-env/linux@sha256:77db811e55d90add9212f6832c23229e3de5f1c1f9905e8cb07319ea15df73ac" "sleep" "infinity", kill_on_drop: false }`
[INFO] [stdout] fc55fae215ed0dbcec12a0b61962e07cb923f7e387ddfada60fb5ee943a3ce6c
[INFO] running `Command { std: "docker" "start" "fc55fae215ed0dbcec12a0b61962e07cb923f7e387ddfada60fb5ee943a3ce6c", kill_on_drop: false }`
[INFO] running `Command { std: "docker" "inspect" "fc55fae215ed0dbcec12a0b61962e07cb923f7e387ddfada60fb5ee943a3ce6c", kill_on_drop: false }`
[INFO] running `Command { std: "docker" "exec" "-e" "SOURCE_DIR=/opt/rustwide/workdir" "-e" "CARGO_HOME=/opt/rustwide/cargo-home" "-e" "RUSTUP_HOME=/opt/rustwide/rustup-home" "-e" "CARGO_TARGET_DIR=/opt/rustwide/target" "-w" "/opt/rustwide/workdir" "--user" "0:0" "fc55fae215ed0dbcec12a0b61962e07cb923f7e387ddfada60fb5ee943a3ce6c" "/opt/rustwide/cargo-home/bin/cargo" "+1.99.0-beta.8" "metadata" "--no-deps" "--format-version=1", kill_on_drop: false }`
[INFO] running `Command { std: "docker" "inspect" "fc55fae215ed0dbcec12a0b61962e07cb923f7e387ddfada60fb5ee943a3ce6c", kill_on_drop: false }`
[INFO] running `Command { std: "docker" "exec" "-e" "SOURCE_DIR=/opt/rustwide/workdir" "-e" "CARGO_HOME=/opt/rustwide/cargo-home" "-e" "RUSTUP_HOME=/opt/rustwide/rustup-home" "-e" "CARGO_TARGET_DIR=/opt/rustwide/target" "-e" "CARGO_INCREMENTAL=0" "-e" "RUST_BACKTRACE=full" "-e" "RUSTFLAGS=--cap-lints=warn" "-e" "RUSTDOCFLAGS=--cap-lints=warn" "-w" "/opt/rustwide/workdir" "--user" "0:0" "fc55fae215ed0dbcec12a0b61962e07cb923f7e387ddfada60fb5ee943a3ce6c" "/opt/rustwide/cargo-home/bin/cargo" "+1.99.0-beta.8" "build" "--frozen" "--message-format=json" "--release", kill_on_drop: false }`
[INFO] [stderr]    Compiling proc-macro2 v1.0.106
[INFO] [stderr]    Compiling libc v0.2.183
[INFO] [stderr]    Compiling memchr v2.8.0
[INFO] [stderr]    Compiling futures-sink v0.3.32
[INFO] [stderr]    Compiling futures-core v0.3.32
[INFO] [stderr]    Compiling getrandom v0.4.2
[INFO] [stderr]    Compiling rand_core v0.10.0
[INFO] [stderr]    Compiling zerocopy v0.8.47
[INFO] [stderr]    Compiling futures-task v0.3.32
[INFO] [stderr]    Compiling zmij v1.0.21
[INFO] [stderr]    Compiling futures-io v0.3.32
[INFO] [stderr]    Compiling num-traits v0.2.19
[INFO] [stderr]    Compiling cpufeatures v0.3.0
[INFO] [stderr]    Compiling inventory v0.3.22
[INFO] [stderr]    Compiling chacha20 v0.10.0
[INFO] [stderr]    Compiling futures-channel v0.3.32
[INFO] [stderr]    Compiling serde_json v1.0.149
[INFO] [stderr]    Compiling quote v1.0.45
[INFO] [stderr]    Compiling chrono v0.4.44
[INFO] [stderr]    Compiling syn v2.0.117
[INFO] [stderr]    Compiling rand v0.10.1
[INFO] [stderr]    Compiling futures-macro v0.3.32
[INFO] [stderr]    Compiling bytemuck_derive v1.10.2
[INFO] [stderr]    Compiling zerocopy-derive v0.8.47
[INFO] [stderr]    Compiling tokio-macros v2.7.0
[INFO] [stderr]    Compiling serde_derive v1.0.228
[INFO] [stderr]    Compiling rust_bus_macros v3.0.0
[INFO] [stderr]    Compiling tokio v1.52.3
[INFO] [stderr]    Compiling futures-util v0.3.32
[INFO] [stderr]    Compiling bytemuck v1.25.0
[INFO] [stderr]    Compiling atomic v0.6.1
[INFO] [stderr]    Compiling serde v1.0.228
[INFO] [stderr]    Compiling futures-executor v0.3.32
[INFO] [stderr]    Compiling futures v0.3.32
[INFO] [stderr]    Compiling uuid v1.22.0
[INFO] [stderr]    Compiling rust_bus v3.0.7 (/opt/rustwide/workdir)
[INFO] [stderr]     Finished `release` profile [optimized] target(s) in 20.03s
[INFO] running `Command { std: "docker" "inspect" "fc55fae215ed0dbcec12a0b61962e07cb923f7e387ddfada60fb5ee943a3ce6c", kill_on_drop: false }`
[INFO] running `Command { std: "docker" "exec" "-e" "SOURCE_DIR=/opt/rustwide/workdir" "-e" "CARGO_HOME=/opt/rustwide/cargo-home" "-e" "RUSTUP_HOME=/opt/rustwide/rustup-home" "-e" "CARGO_TARGET_DIR=/opt/rustwide/target" "-e" "CARGO_INCREMENTAL=0" "-e" "RUST_BACKTRACE=full" "-e" "RUSTFLAGS=--cap-lints=warn" "-e" "RUSTDOCFLAGS=--cap-lints=warn" "-w" "/opt/rustwide/workdir" "--user" "0:0" "fc55fae215ed0dbcec12a0b61962e07cb923f7e387ddfada60fb5ee943a3ce6c" "/opt/rustwide/cargo-home/bin/cargo" "+1.99.0-beta.8" "test" "--frozen" "--no-run" "--message-format=json" "--release", kill_on_drop: false }`
[INFO] [stderr]    Compiling libc v0.2.183
[INFO] [stderr]    Compiling parking_lot_core v0.9.12
[INFO] [stderr]    Compiling getrandom v0.4.2
[INFO] [stderr]    Compiling errno v0.3.14
[INFO] [stderr]    Compiling mio v1.2.1
[INFO] [stderr]    Compiling socket2 v0.6.3
[INFO] [stderr]    Compiling parking_lot v0.12.5
[INFO] [stderr]    Compiling signal-hook-registry v1.4.8
[INFO] [stderr]    Compiling rand v0.10.1
[INFO] [stderr]    Compiling tokio v1.52.3
[INFO] [stderr]    Compiling uuid v1.22.0
[INFO] [stderr]    Compiling rust_bus v3.0.7 (/opt/rustwide/workdir)
[INFO] [stderr]     Finished `release` profile [optimized] target(s) in 14.77s
[INFO] running `Command { std: "docker" "inspect" "fc55fae215ed0dbcec12a0b61962e07cb923f7e387ddfada60fb5ee943a3ce6c", kill_on_drop: false }`
[INFO] running `Command { std: "docker" "exec" "-e" "SOURCE_DIR=/opt/rustwide/workdir" "-e" "CARGO_HOME=/opt/rustwide/cargo-home" "-e" "RUSTUP_HOME=/opt/rustwide/rustup-home" "-e" "CARGO_TARGET_DIR=/opt/rustwide/target" "-e" "CARGO_INCREMENTAL=0" "-e" "RUST_BACKTRACE=full" "-e" "RUSTFLAGS=--cap-lints=warn" "-e" "RUSTDOCFLAGS=--cap-lints=warn" "-w" "/opt/rustwide/workdir" "--user" "0:0" "fc55fae215ed0dbcec12a0b61962e07cb923f7e387ddfada60fb5ee943a3ce6c" "/opt/rustwide/cargo-home/bin/cargo" "+1.99.0-beta.8" "test" "--frozen" "--release", kill_on_drop: false }`
[INFO] [stderr]     Finished `release` profile [optimized] target(s) in 0.17s
[INFO] [stderr]      Running unittests src/lib.rs (/opt/rustwide/target/release/deps/rust_bus-37c9787b534d9425)
[INFO] [stdout] 
[INFO] [stdout] running 7 tests
[INFO] [stdout] test tests::dispatch_in_memory::not_context::no_db::tests::test_dispatch ... ok
[INFO] [stdout] test tests::dispatch_in_memory::not_context::no_db::tests::test_handler_chain_stops_immediately ... ok
[INFO] [stdout] test tests::dispatch_in_memory::not_context::no_db::tests::test_context ... ok
[INFO] [stdout] test tests::dispatch_in_memory::not_context::no_db::tests::test_dispatch_multiple_handlers ... ok
[INFO] [stdout] test tests::dispatch_in_memory::not_context::no_db::tests::test_deep_nested_dispatch ... ok
[INFO] [stdout] test tests::dispatch_in_memory::not_context::no_db::tests::test_handler_panic_safety ... ok
[INFO] [stdout] test tests::dispatch_in_memory::not_context::no_db::tests::test_nested_dispatch ... FAILED
[INFO] [stdout] 
[INFO] [stdout] failures:
[INFO] [stdout] 
[INFO] [stdout] ---- tests::dispatch_in_memory::not_context::no_db::tests::test_nested_dispatch stdout ----
[INFO] [stdout] 
[INFO] [stdout] thread 'tests::dispatch_in_memory::not_context::no_db::tests::test_nested_dispatch' (1021) panicked at src/tests/dispatch_in_memory/not_context/no_db.rs:157:9:
[INFO] [stdout] assertion `left == right` failed: Child handler should be called by Parent handler
[INFO] [stdout]   left: 101
[INFO] [stdout]  right: 1
[INFO] [stdout] stack backtrace:
[INFO] [stdout]    0:     0x646ad280d721 - <<std[70759c8f55707aa4]::sys::backtrace::BacktraceLock>::print::DisplayBacktrace as core[df12db4294e9bfd3]::fmt::Display>::fmt
[INFO] [stdout]    1:     0x646ad2821b6a - core[df12db4294e9bfd3]::fmt::write
[INFO] [stdout]    2:     0x646ad2811d0c - <alloc[2182bb758b4b3781]::vec::Vec<u8> as core[df12db4294e9bfd3]::io::write::Write>::write_fmt
[INFO] [stdout]    3:     0x646ad27e97c6 - std[70759c8f55707aa4]::panicking::default_hook::{closure#0}
[INFO] [stdout]    4:     0x646ad2805c59 - std[70759c8f55707aa4]::panicking::default_hook
[INFO] [stdout]    5:     0x646ad277af20 - test[9d35eded1c95d3be]::test_main_inner::<test[9d35eded1c95d3be]::test_main_static::{closure#0}>::{closure#0}
[INFO] [stdout]    6:     0x646ad2805e12 - std[70759c8f55707aa4]::panicking::panic_with_hook
[INFO] [stdout]    7:     0x646ad27e9872 - std[70759c8f55707aa4]::panicking::panic_handler::{closure#0}
[INFO] [stdout]    8:     0x646ad27e25f9 - std[70759c8f55707aa4]::sys::backtrace::__rust_end_short_backtrace::<std[70759c8f55707aa4]::panicking::panic_handler::{closure#0}, !>
[INFO] [stdout]    9:     0x646ad27ea46d - __rustc[8fa7c3cbc660c2b3]::rust_begin_unwind
[INFO] [stdout]   10:     0x646ad28222cc - core[df12db4294e9bfd3]::panicking::panic_fmt
[INFO] [stdout]   11:     0x646ad2822243 - core[df12db4294e9bfd3]::panicking::assert_failed_inner
[INFO] [stdout]   12:     0x646ad281e9d8 - core[df12db4294e9bfd3]::panicking::assert_failed::<usize, usize>
[INFO] [stdout]   13:     0x646ad27619a7 - rust_bus[ed77333c1639c23f]::tests::dispatch_in_memory::not_context::no_db::tests::test_nested_dispatch::{closure#0}
[INFO] [stdout]   14:     0x646ad276d5b3 - <tokio[665323ab5be04aeb]::runtime::scheduler::current_thread::Context>::enter::<core[df12db4294e9bfd3]::task::poll::Poll<()>, <tokio[665323ab5be04aeb]::runtime::scheduler::current_thread::CoreGuard>::block_on<core[df12db4294e9bfd3]::pin::Pin<&mut core[df12db4294e9bfd3]::pin::Pin<&mut dyn core[df12db4294e9bfd3]::future::future::Future<Output = ()>>>>::{closure#0}::{closure#0}>
[INFO] [stdout]   15:     0x646ad276648c - <tokio[665323ab5be04aeb]::runtime::context::scoped::Scoped<tokio[665323ab5be04aeb]::runtime::scheduler::Context>>::set::<<tokio[665323ab5be04aeb]::runtime::scheduler::current_thread::CoreGuard>::enter<<tokio[665323ab5be04aeb]::runtime::scheduler::current_thread::CoreGuard>::block_on<core[df12db4294e9bfd3]::pin::Pin<&mut core[df12db4294e9bfd3]::pin::Pin<&mut dyn core[df12db4294e9bfd3]::future::future::Future<Output = ()>>>>::{closure#0}, core[df12db4294e9bfd3]::option::Option<()>>::{closure#0}, (alloc[2182bb758b4b3781]::boxed::Box<tokio[665323ab5be04aeb]::runtime::scheduler::current_thread::Core>, core[df12db4294e9bfd3]::option::Option<()>)>
[INFO] [stdout]   16:     0x646ad276d907 - <tokio[665323ab5be04aeb]::runtime::scheduler::current_thread::CoreGuard>::block_on::<core[df12db4294e9bfd3]::pin::Pin<&mut core[df12db4294e9bfd3]::pin::Pin<&mut dyn core[df12db4294e9bfd3]::future::future::Future<Output = ()>>>>
[INFO] [stdout]   17:     0x646ad276a1bd - tokio[665323ab5be04aeb]::runtime::context::runtime::enter_runtime::<<tokio[665323ab5be04aeb]::runtime::scheduler::current_thread::CurrentThread>::block_on<core[df12db4294e9bfd3]::pin::Pin<&mut dyn core[df12db4294e9bfd3]::future::future::Future<Output = ()>>>::{closure#0}, ()>
[INFO] [stdout]   18:     0x646ad2768c9e - <tokio[665323ab5be04aeb]::runtime::runtime::Runtime>::block_on::<core[df12db4294e9bfd3]::pin::Pin<&mut dyn core[df12db4294e9bfd3]::future::future::Future<Output = ()>>>
[INFO] [stdout]   19:     0x646ad2764acb - rust_bus[ed77333c1639c23f]::tests::dispatch_in_memory::not_context::no_db::tests::test_nested_dispatch
[INFO] [stdout]   20:     0x646ad276be89 - <rust_bus[ed77333c1639c23f]::tests::dispatch_in_memory::not_context::no_db::tests::test_nested_dispatch::{closure#0} as core[df12db4294e9bfd3]::ops::function::FnOnce<()>>::call_once
[INFO] [stdout]   21:     0x646ad276e20b - test[9d35eded1c95d3be]::__rust_begin_short_backtrace::<core[df12db4294e9bfd3]::result::Result<(), alloc[2182bb758b4b3781]::string::String>, fn() -> core[df12db4294e9bfd3]::result::Result<(), alloc[2182bb758b4b3781]::string::String>>
[INFO] [stdout]   22:     0x646ad277b875 - test[9d35eded1c95d3be]::run_test::{closure#0}
[INFO] [stdout]   23:     0x646ad2775134 - std[70759c8f55707aa4]::sys::backtrace::__rust_begin_short_backtrace::<test[9d35eded1c95d3be]::run_test::{closure#1}, ()>
[INFO] [stdout]   24:     0x646ad277e9d2 - <std[70759c8f55707aa4]::thread::lifecycle::spawn_unchecked<test[9d35eded1c95d3be]::run_test::{closure#1}, ()>::{closure#1} as core[df12db4294e9bfd3]::ops::function::FnOnce<()>>::call_once::{shim:vtable#0}
[INFO] [stdout]   25:     0x646ad280cfc9 - <std[70759c8f55707aa4]::sys::thread::unix::Thread>::new::thread_start
[INFO] [stdout]   26:     0x7573252c4dfa - <unknown>
[INFO] [stdout]   27:     0x7573253583d4 - clone
[INFO] [stdout]   28:                0x0 - <unknown>
[INFO] [stdout] 
[INFO] [stdout] 
[INFO] [stdout] failures:
[INFO] [stdout]     tests::dispatch_in_memory::not_context::no_db::tests::test_nested_dispatch
[INFO] [stdout] 
[INFO] [stdout] test result: FAILED. 6 passed; 1 failed; 0 ignored; 0 measured; 0 filtered out; finished in 0.00s
[INFO] [stdout] 
[INFO] [stderr] error: test failed, to rerun pass `--lib`
[INFO] running `Command { std: "docker" "inspect" "fc55fae215ed0dbcec12a0b61962e07cb923f7e387ddfada60fb5ee943a3ce6c", kill_on_drop: false }`
[INFO] running `Command { std: "docker" "rm" "-f" "fc55fae215ed0dbcec12a0b61962e07cb923f7e387ddfada60fb5ee943a3ce6c", kill_on_drop: false }`
[INFO] [stdout] fc55fae215ed0dbcec12a0b61962e07cb923f7e387ddfada60fb5ee943a3ce6c
