[INFO] fetching crate quotachecker-tui 0.5.3...
[INFO] testing quotachecker-tui-0.5.3 against 1.99.0-beta.8+cargoflags=--release for beta-release-1.100-2
[INFO] extracting crate quotachecker-tui 0.5.3 into /workspace/builds/worker-4-tc1/source
[INFO] started tweaking crates.io crate quotachecker-tui 0.5.3
[INFO] finished tweaking crates.io crate quotachecker-tui 0.5.3
[INFO] tweaked toml for crates.io crate quotachecker-tui 0.5.3 written to /workspace/builds/worker-4-tc1/source/Cargo.toml
[INFO] validating manifest of crates.io crate quotachecker-tui 0.5.3 on toolchain 1.99.0-beta.8
[INFO] running `Command { std: CARGO_HOME="/workspace/cargo-home" RUSTUP_HOME="/workspace/rustup-home" "/workspace/cargo-home/bin/cargo" "+1.99.0-beta.8" "metadata" "--manifest-path" "Cargo.toml" "--no-deps", kill_on_drop: false }`
[INFO] crate crates.io crate quotachecker-tui 0.5.3 already has a lockfile, it will not be regenerated
[INFO] running `Command { std: CARGO_HOME="/workspace/cargo-home" RUSTUP_HOME="/workspace/rustup-home" "/workspace/cargo-home/bin/cargo" "+1.99.0-beta.8" "fetch" "--manifest-path" "Cargo.toml", kill_on_drop: false }`
[INFO] [stderr]     Updating crates.io index
[INFO] [stderr]  Downloading crates ...
[INFO] [stderr]   Downloaded ratatui-termion v0.1.0
[INFO] [stderr]   Downloaded numtoa v0.2.4
[INFO] [stderr]   Downloaded termion v4.0.6
[INFO] running `Command { std: "docker" "create" "-v" "/var/lib/crater-agent-workspace/builds/worker-4-tc1/source:/opt/rustwide/workdir:ro,Z" "-v" "/var/lib/crater-agent-workspace/builds/worker-4-tc1/target:/opt/rustwide/target:rw,Z" "-v" "/var/lib/crater-agent-workspace/cargo-home:/opt/rustwide/cargo-home:ro,Z" "-v" "/var/lib/crater-agent-workspace/rustup-home:/opt/rustwide/rustup-home:ro,Z" "-m" "1610612736" "--network" "none" "ghcr.io/rust-lang/crates-build-env/linux@sha256:77db811e55d90add9212f6832c23229e3de5f1c1f9905e8cb07319ea15df73ac" "sleep" "infinity", kill_on_drop: false }`
[INFO] [stdout] 741944c680b22bec86c2f1513f271bc76633ef154229a95d06fbb1af6627df0c
[INFO] running `Command { std: "docker" "start" "741944c680b22bec86c2f1513f271bc76633ef154229a95d06fbb1af6627df0c", kill_on_drop: false }`
[INFO] running `Command { std: "docker" "inspect" "741944c680b22bec86c2f1513f271bc76633ef154229a95d06fbb1af6627df0c", kill_on_drop: false }`
[INFO] running `Command { std: "docker" "exec" "-e" "SOURCE_DIR=/opt/rustwide/workdir" "-e" "CARGO_HOME=/opt/rustwide/cargo-home" "-e" "RUSTUP_HOME=/opt/rustwide/rustup-home" "-e" "CARGO_TARGET_DIR=/opt/rustwide/target" "-w" "/opt/rustwide/workdir" "--user" "0:0" "741944c680b22bec86c2f1513f271bc76633ef154229a95d06fbb1af6627df0c" "/opt/rustwide/cargo-home/bin/cargo" "+1.99.0-beta.8" "metadata" "--no-deps" "--format-version=1", kill_on_drop: false }`
[INFO] running `Command { std: "docker" "inspect" "741944c680b22bec86c2f1513f271bc76633ef154229a95d06fbb1af6627df0c", kill_on_drop: false }`
[INFO] running `Command { std: "docker" "exec" "-e" "SOURCE_DIR=/opt/rustwide/workdir" "-e" "CARGO_HOME=/opt/rustwide/cargo-home" "-e" "RUSTUP_HOME=/opt/rustwide/rustup-home" "-e" "CARGO_TARGET_DIR=/opt/rustwide/target" "-e" "CARGO_INCREMENTAL=0" "-e" "RUST_BACKTRACE=full" "-e" "RUSTFLAGS=--cap-lints=warn" "-e" "RUSTDOCFLAGS=--cap-lints=warn" "-w" "/opt/rustwide/workdir" "--user" "0:0" "741944c680b22bec86c2f1513f271bc76633ef154229a95d06fbb1af6627df0c" "/opt/rustwide/cargo-home/bin/cargo" "+1.99.0-beta.8" "build" "--frozen" "--message-format=json" "--release", kill_on_drop: false }`
[INFO] [stderr]    Compiling either v1.16.0
[INFO] [stderr]    Compiling unicode-segmentation v1.13.2
[INFO] [stderr]    Compiling zerocopy v0.8.49
[INFO] [stderr]    Compiling lru v0.16.4
[INFO] [stderr]    Compiling syn v2.0.117
[INFO] [stderr]    Compiling bitflags v2.11.1
[INFO] [stderr]    Compiling log v0.4.30
[INFO] [stderr]    Compiling parking_lot_core v0.9.12
[INFO] [stderr]    Compiling signal-hook v0.3.18
[INFO] [stderr]    Compiling libsqlite3-sys v0.30.1
[INFO] [stderr]    Compiling time v0.3.47
[INFO] [stderr]    Compiling dirs-sys v0.4.1
[INFO] [stderr]    Compiling memchr v2.8.1
[INFO] [stderr]    Compiling chrono v0.4.44
[INFO] [stderr]    Compiling shlex v2.0.1
[INFO] [stderr]    Compiling mio v1.2.1
[INFO] [stderr]    Compiling directories v5.0.1
[INFO] [stderr]    Compiling parking_lot v0.12.5
[INFO] [stderr]    Compiling itertools v0.14.0
[INFO] [stderr]    Compiling line-clipping v0.3.7
[INFO] [stderr]    Compiling rustix v1.1.4
[INFO] [stderr]    Compiling convert_case v0.10.0
[INFO] [stderr]    Compiling serde_json v1.0.150
[INFO] [stderr]    Compiling signal-hook-mio v0.2.5
[INFO] [stderr]    Compiling unicode-truncate v2.0.1
[INFO] [stderr]    Compiling darling_core v0.23.0
[INFO] [stderr]    Compiling serde_derive v1.0.228
[INFO] [stderr]    Compiling thiserror-impl v2.0.18
[INFO] [stderr]    Compiling strum_macros v0.27.2
[INFO] [stderr]    Compiling derive_more-impl v2.1.1
[INFO] [stderr]    Compiling derive_more v2.1.1
[INFO] [stderr]    Compiling strum v0.27.2
[INFO] [stderr]    Compiling ahash v0.8.12
[INFO] [stderr]    Compiling thiserror v2.0.18
[INFO] [stderr]    Compiling kasuari v0.4.12
[INFO] [stderr]    Compiling hashbrown v0.14.5
[INFO] [stderr]    Compiling darling_macro v0.23.0
[INFO] [stderr]    Compiling darling v0.23.0
[INFO] [stderr]    Compiling instability v0.3.12
[INFO] [stderr]    Compiling hashlink v0.9.1
[INFO] [stderr]    Compiling serde v1.0.228
[INFO] [stderr]    Compiling compact_str v0.9.1
[INFO] [stderr]    Compiling toml_datetime v0.6.11
[INFO] [stderr]    Compiling serde_spanned v0.6.9
[INFO] [stderr]    Compiling crossterm v0.29.0
[INFO] [stderr]    Compiling toml_edit v0.22.27
[INFO] [stderr]    Compiling ratatui-core v0.1.0
[INFO] [stderr]    Compiling ratatui-widgets v0.3.0
[INFO] [stderr]    Compiling ratatui-crossterm v0.1.0
[INFO] [stderr]    Compiling toml v0.8.23
[INFO] [stderr]    Compiling ratatui-macros v0.7.0
[INFO] [stderr]    Compiling ratatui v0.30.0
[INFO] [stderr]    Compiling rusqlite v0.32.1
[INFO] [stderr]    Compiling quotachecker-tui v0.5.3 (/opt/rustwide/workdir)
[INFO] [stderr]     Finished `release` profile [optimized] target(s) in 1m 59s
[INFO] running `Command { std: "docker" "inspect" "741944c680b22bec86c2f1513f271bc76633ef154229a95d06fbb1af6627df0c", kill_on_drop: false }`
[INFO] running `Command { std: "docker" "exec" "-e" "SOURCE_DIR=/opt/rustwide/workdir" "-e" "CARGO_HOME=/opt/rustwide/cargo-home" "-e" "RUSTUP_HOME=/opt/rustwide/rustup-home" "-e" "CARGO_TARGET_DIR=/opt/rustwide/target" "-e" "CARGO_INCREMENTAL=0" "-e" "RUST_BACKTRACE=full" "-e" "RUSTFLAGS=--cap-lints=warn" "-e" "RUSTDOCFLAGS=--cap-lints=warn" "-w" "/opt/rustwide/workdir" "--user" "0:0" "741944c680b22bec86c2f1513f271bc76633ef154229a95d06fbb1af6627df0c" "/opt/rustwide/cargo-home/bin/cargo" "+1.99.0-beta.8" "test" "--frozen" "--no-run" "--message-format=json" "--release", kill_on_drop: false }`
[INFO] [stderr]    Compiling rustix v1.1.4
[INFO] [stderr]    Compiling ahash v0.8.12
[INFO] [stderr]    Compiling hashbrown v0.14.5
[INFO] [stderr]    Compiling hashlink v0.9.1
[INFO] [stderr]    Compiling rusqlite v0.32.1
[INFO] [stderr]    Compiling crossterm v0.29.0
[INFO] [stderr]    Compiling tempfile v3.27.0
[INFO] [stderr]    Compiling ratatui-crossterm v0.1.0
[INFO] [stderr]    Compiling ratatui v0.30.0
[INFO] [stderr]    Compiling quotachecker-tui v0.5.3 (/opt/rustwide/workdir)
[INFO] [stderr]     Finished `release` profile [optimized] target(s) in 12.25s
[INFO] running `Command { std: "docker" "inspect" "741944c680b22bec86c2f1513f271bc76633ef154229a95d06fbb1af6627df0c", kill_on_drop: false }`
[INFO] running `Command { std: "docker" "exec" "-e" "SOURCE_DIR=/opt/rustwide/workdir" "-e" "CARGO_HOME=/opt/rustwide/cargo-home" "-e" "RUSTUP_HOME=/opt/rustwide/rustup-home" "-e" "CARGO_TARGET_DIR=/opt/rustwide/target" "-e" "CARGO_INCREMENTAL=0" "-e" "RUST_BACKTRACE=full" "-e" "RUSTFLAGS=--cap-lints=warn" "-e" "RUSTDOCFLAGS=--cap-lints=warn" "-w" "/opt/rustwide/workdir" "--user" "0:0" "741944c680b22bec86c2f1513f271bc76633ef154229a95d06fbb1af6627df0c" "/opt/rustwide/cargo-home/bin/cargo" "+1.99.0-beta.8" "test" "--frozen" "--release", kill_on_drop: false }`
[INFO] [stderr]     Finished `release` profile [optimized] target(s) in 0.18s
[INFO] [stderr]      Running unittests src/main.rs (/opt/rustwide/target/release/deps/quotachecker_tui-5cfe939ae1b7ae97)
[INFO] [stdout] 
[INFO] [stdout] running 47 tests
[INFO] [stdout] test agent::tests::test_build_model_usages_agy_free_tier ... ok
[INFO] [stdout] test agent::tests::test_build_model_usages_opencode_copilot ... ok
[INFO] [stdout] test agent::tests::test_effective_limit_tier_default ... ok
[INFO] [stdout] test agent::tests::test_build_model_usages_codex ... ok
[INFO] [stdout] test agent::tests::test_build_model_usages_agy ... ok
[INFO] [stdout] test agent::tests::test_effective_limit_custom_override ... ok
[INFO] [stdout] test agent::tests::test_default_tier_limit_all_agents ... ok
[INFO] [stdout] test agent::tests::test_parse_codex_auth_invalid_json ... ok
[INFO] [stdout] test agent::tests::test_default_tier_limit_codex ... ok
[INFO] [stdout] test agent::tests::test_default_tier_limit_agy ... ok
[INFO] [stdout] test agent::tests::test_get_version_success_long_flag ... FAILED
[INFO] [stdout] test agent::tests::test_parse_codex_auth_invalid_jwt ... ok
[INFO] [stdout] test agent::tests::test_parse_codex_auth_missing_id_token ... ok
[INFO] [stdout] test agent::tests::test_parse_codex_auth_success_free ... ok
[INFO] [stdout] test agent::tests::test_parse_codex_auth_success_enterprise ... ok
[INFO] [stdout] test agent::tests::test_parse_codex_auth_missing_tokens ... ok
[INFO] [stdout] test agent::tests::test_get_version_fallback_codex ... ok
[INFO] [stdout] test config::tests::test_load_existing_valid_file ... ok
[INFO] [stdout] test agent::tests::test_default_tier_limit_opencode ... ok
[INFO] [stdout] test config::tests::test_load_invalid_file ... ok
[INFO] [stdout] test agent::tests::test_get_version_fallback_continue ... ok
[INFO] [stdout] test config::tests::test_load_legacy_file ... ok
[INFO] [stdout] test config::tests::test_save_config ... ok
[INFO] [stdout] test config::tests::test_load_non_existent_file ... ok
[INFO] [stdout] test agent::tests::test_parse_codex_auth_missing_file ... ok
[INFO] [stdout] test agent::tests::test_get_version_fallback_ollama ... ok
[INFO] [stdout] test tests::unit_tests::test_base64_decode ... ok
[INFO] [stdout] test tests::unit_tests::test_calculate_seconds_monthly_reset_year_boundary ... ok
[INFO] [stdout] test agent::tests::test_get_version_not_found ... ok
[INFO] [stdout] test tests::unit_tests::test_calculate_seconds_monthly_reset_mid_month ... ok
[INFO] [stdout] test tests::unit_tests::test_config_default ... ok
[INFO] [stdout] test tests::unit_tests::test_decode_jwt_payload ... ok
[INFO] [stdout] test tests::unit_tests::test_seconds_until_daily_reset ... ok
[INFO] [stdout] test agent::tests::test_get_version_success_short_flag ... ok
[INFO] [stdout] test agent::tests::test_get_version_fallback_cody ... ok
[INFO] [stdout] test agent::tests::test_get_version_fallback_aider ... ok
[INFO] [stdout] test tests::unit_tests::test_tier_quota_limits ... ok
[INFO] [stdout] test agent::tests::test_get_version_fallback_supermaven ... ok
[INFO] [stdout] test tests::unit_tests::test_user_tier_names ... ok
[INFO] [stdout] test ui::tests::test_ratio_color ... ok
[INFO] [stdout] test tests::unit_tests::test_seconds_until_weekly_reset ... ok
[INFO] [stdout] test agent::tests::test_get_cached_executable ... ok
[INFO] [stdout] test tests::unit_tests::test_check_executable_exists ... ok
[INFO] [stdout] test tests::unit_tests::test_scan_all_agents ... ok
[INFO] [stdout] test tests::unit_tests::test_check_executable_not_exists ... ok
[INFO] [stdout] test tests::unit_tests::test_check_executable_fallback_path ... ok
[INFO] [stdout] test agent::tests::test_get_version_fallback_zeditor ... ok
[INFO] [stdout] 
[INFO] [stdout] failures:
[INFO] [stdout] 
[INFO] [stdout] ---- agent::tests::test_get_version_success_long_flag stdout ----
[INFO] [stdout] 
[INFO] [stdout] thread 'agent::tests::test_get_version_success_long_flag' (1287) panicked at src/agent.rs:1820:9:
[INFO] [stdout] assertion `left == right` failed
[INFO] [stdout]   left: None
[INFO] [stdout]  right: Some("mock-app v1.0.0")
[INFO] [stdout] stack backtrace:
[INFO] [stdout]    0:     0x5beed5f52341 - <<std[70759c8f55707aa4]::sys::backtrace::BacktraceLock>::print::DisplayBacktrace as core[df12db4294e9bfd3]::fmt::Display>::fmt
[INFO] [stdout]    1:     0x5beed5f68a4a - core[df12db4294e9bfd3]::fmt::write
[INFO] [stdout]    2:     0x5beed5f56aac - <alloc[2182bb758b4b3781]::vec::Vec<u8> as core[df12db4294e9bfd3]::io::write::Write>::write_fmt
[INFO] [stdout]    3:     0x5beed5f2beb6 - std[70759c8f55707aa4]::panicking::default_hook::{closure#0}
[INFO] [stdout]    4:     0x5beed5f49319 - std[70759c8f55707aa4]::panicking::default_hook
[INFO] [stdout]    5:     0x5beed5d40d20 - test[9d35eded1c95d3be]::test_main_inner::<test[9d35eded1c95d3be]::test_main_static::{closure#0}>::{closure#0}
[INFO] [stdout]    6:     0x5beed5f494d2 - std[70759c8f55707aa4]::panicking::panic_with_hook
[INFO] [stdout]    7:     0x5beed5f2bf62 - std[70759c8f55707aa4]::panicking::panic_handler::{closure#0}
[INFO] [stdout]    8:     0x5beed5f24809 - std[70759c8f55707aa4]::sys::backtrace::__rust_end_short_backtrace::<std[70759c8f55707aa4]::panicking::panic_handler::{closure#0}, !>
[INFO] [stdout]    9:     0x5beed5f2ce3d - __rustc[8fa7c3cbc660c2b3]::rust_begin_unwind
[INFO] [stdout]   10:     0x5beed5f691ac - core[df12db4294e9bfd3]::panicking::panic_fmt
[INFO] [stdout]   11:     0x5beed5f690c3 - core[df12db4294e9bfd3]::panicking::assert_failed_inner
[INFO] [stdout]   12:     0x5beed5d20b9a - core[df12db4294e9bfd3]::panicking::assert_failed::<core[df12db4294e9bfd3]::option::Option<alloc[2182bb758b4b3781]::string::String>, core[df12db4294e9bfd3]::option::Option<alloc[2182bb758b4b3781]::string::String>>
[INFO] [stdout]   13:     0x5beed5d23e82 - quotachecker_tui[dc77be0b82450b]::agent::tests::test_get_version_success_long_flag
[INFO] [stdout]   14:     0x5beed5d1fae9 - <quotachecker_tui[dc77be0b82450b]::agent::tests::test_get_version_success_long_flag::{closure#0} as core[df12db4294e9bfd3]::ops::function::FnOnce<()>>::call_once
[INFO] [stdout]   15:     0x5beed5d3400b - test[9d35eded1c95d3be]::__rust_begin_short_backtrace::<core[df12db4294e9bfd3]::result::Result<(), alloc[2182bb758b4b3781]::string::String>, fn() -> core[df12db4294e9bfd3]::result::Result<(), alloc[2182bb758b4b3781]::string::String>>
[INFO] [stdout]   16:     0x5beed5d41675 - test[9d35eded1c95d3be]::run_test::{closure#0}
[INFO] [stdout]   17:     0x5beed5d3af34 - std[70759c8f55707aa4]::sys::backtrace::__rust_begin_short_backtrace::<test[9d35eded1c95d3be]::run_test::{closure#1}, ()>
[INFO] [stdout]   18:     0x5beed5d447d2 - <std[70759c8f55707aa4]::thread::lifecycle::spawn_unchecked<test[9d35eded1c95d3be]::run_test::{closure#1}, ()>::{closure#1} as core[df12db4294e9bfd3]::ops::function::FnOnce<()>>::call_once::{shim:vtable#0}
[INFO] [stdout]   19:     0x5beed5f51399 - <std[70759c8f55707aa4]::sys::thread::unix::Thread>::new::thread_start
[INFO] [stdout]   20:     0x7419e43efdfa - <unknown>
[INFO] [stdout]   21:     0x7419e44833d4 - clone
[INFO] [stdout]   22:                0x0 - <unknown>
[INFO] [stdout] 
[INFO] [stdout] 
[INFO] [stdout] failures:
[INFO] [stdout]     agent::tests::test_get_version_success_long_flag
[INFO] [stdout] 
[INFO] [stdout] test result: FAILED. 46 passed; 1 failed; 0 ignored; 0 measured; 0 filtered out; finished in 0.12s
[INFO] [stdout] 
[INFO] [stderr] error: test failed, to rerun pass `--bin quotachecker-tui`
[INFO] running `Command { std: "docker" "inspect" "741944c680b22bec86c2f1513f271bc76633ef154229a95d06fbb1af6627df0c", kill_on_drop: false }`
[INFO] running `Command { std: "docker" "rm" "-f" "741944c680b22bec86c2f1513f271bc76633ef154229a95d06fbb1af6627df0c", kill_on_drop: false }`
[INFO] [stdout] 741944c680b22bec86c2f1513f271bc76633ef154229a95d06fbb1af6627df0c
