[INFO] fetching crate project-scaffold 0.1.0...
[INFO] testing project-scaffold-0.1.0 against 1.99.0-beta.8+cargoflags=--release for beta-release-1.100-2
[INFO] extracting crate project-scaffold 0.1.0 into /workspace/builds/worker-3-tc1/source
[INFO] started tweaking crates.io crate project-scaffold 0.1.0
[INFO] removed 0 missing tests
[INFO] finished tweaking crates.io crate project-scaffold 0.1.0
[INFO] tweaked toml for crates.io crate project-scaffold 0.1.0 written to /workspace/builds/worker-3-tc1/source/Cargo.toml
[INFO] validating manifest of crates.io crate project-scaffold 0.1.0 on toolchain 1.99.0-beta.8
[INFO] running `Command { std: CARGO_HOME="/workspace/cargo-home" RUSTUP_HOME="/workspace/rustup-home" "/workspace/cargo-home/bin/cargo" "+1.99.0-beta.8" "metadata" "--manifest-path" "Cargo.toml" "--no-deps", kill_on_drop: false }`
[INFO] crate crates.io crate project-scaffold 0.1.0 already has a lockfile, it will not be regenerated
[INFO] running `Command { std: CARGO_HOME="/workspace/cargo-home" RUSTUP_HOME="/workspace/rustup-home" "/workspace/cargo-home/bin/cargo" "+1.99.0-beta.8" "fetch" "--manifest-path" "Cargo.toml", kill_on_drop: false }`
[INFO] [stderr]  Downloading crates ...
[INFO] [stderr]   Downloaded proc-macro2 v1.0.105
[INFO] [stderr]   Downloaded rust-embed-utils v8.9.0
[INFO] [stderr]   Downloaded rust-embed-impl v8.9.0
[INFO] [stderr]   Downloaded quote v1.0.43
[INFO] [stderr]   Downloaded clap v4.5.54
[INFO] [stderr]   Downloaded portable-atomic v1.13.0
[INFO] [stderr]   Downloaded clap_builder v4.5.54
[INFO] [stderr]   Downloaded rust-embed v8.9.0
[INFO] running `Command { std: "docker" "create" "-v" "/var/lib/crater-agent-workspace/builds/worker-3-tc1/source:/opt/rustwide/workdir:ro,Z" "-v" "/var/lib/crater-agent-workspace/builds/worker-3-tc1/target:/opt/rustwide/target:rw,Z" "-v" "/var/lib/crater-agent-workspace/cargo-home:/opt/rustwide/cargo-home:ro,Z" "-v" "/var/lib/crater-agent-workspace/rustup-home:/opt/rustwide/rustup-home:ro,Z" "-m" "1610612736" "--network" "none" "ghcr.io/rust-lang/crates-build-env/linux@sha256:77db811e55d90add9212f6832c23229e3de5f1c1f9905e8cb07319ea15df73ac" "sleep" "infinity", kill_on_drop: false }`
[INFO] [stdout] 5d5da1f3ec802dab0bc3d02f6439f62b9a7d011942ca409b448354d586abf9a8
[INFO] running `Command { std: "docker" "start" "5d5da1f3ec802dab0bc3d02f6439f62b9a7d011942ca409b448354d586abf9a8", kill_on_drop: false }`
[INFO] running `Command { std: "docker" "inspect" "5d5da1f3ec802dab0bc3d02f6439f62b9a7d011942ca409b448354d586abf9a8", kill_on_drop: false }`
[INFO] running `Command { std: "docker" "exec" "-e" "SOURCE_DIR=/opt/rustwide/workdir" "-e" "CARGO_HOME=/opt/rustwide/cargo-home" "-e" "RUSTUP_HOME=/opt/rustwide/rustup-home" "-e" "CARGO_TARGET_DIR=/opt/rustwide/target" "-w" "/opt/rustwide/workdir" "--user" "0:0" "5d5da1f3ec802dab0bc3d02f6439f62b9a7d011942ca409b448354d586abf9a8" "/opt/rustwide/cargo-home/bin/cargo" "+1.99.0-beta.8" "metadata" "--no-deps" "--format-version=1", kill_on_drop: false }`
[INFO] running `Command { std: "docker" "inspect" "5d5da1f3ec802dab0bc3d02f6439f62b9a7d011942ca409b448354d586abf9a8", kill_on_drop: false }`
[INFO] running `Command { std: "docker" "exec" "-e" "SOURCE_DIR=/opt/rustwide/workdir" "-e" "CARGO_HOME=/opt/rustwide/cargo-home" "-e" "RUSTUP_HOME=/opt/rustwide/rustup-home" "-e" "CARGO_TARGET_DIR=/opt/rustwide/target" "-e" "CARGO_INCREMENTAL=0" "-e" "RUST_BACKTRACE=full" "-e" "RUSTFLAGS=--cap-lints=warn" "-e" "RUSTDOCFLAGS=--cap-lints=warn" "-w" "/opt/rustwide/workdir" "--user" "0:0" "5d5da1f3ec802dab0bc3d02f6439f62b9a7d011942ca409b448354d586abf9a8" "/opt/rustwide/cargo-home/bin/cargo" "+1.99.0-beta.8" "build" "--frozen" "--message-format=json" "--release", kill_on_drop: false }`
[INFO] [stderr]    Compiling typenum v1.19.0
[INFO] [stderr]    Compiling version_check v0.9.5
[INFO] [stderr]    Compiling proc-macro2 v1.0.105
[INFO] [stderr]    Compiling unicode-ident v1.0.22
[INFO] [stderr]    Compiling quote v1.0.43
[INFO] [stderr]    Compiling libc v0.2.180
[INFO] [stderr]    Compiling cfg-if v1.0.4
[INFO] [stderr]    Compiling serde_core v1.0.228
[INFO] [stderr]    Compiling serde v1.0.228
[INFO] [stderr]    Compiling once_cell v1.21.3
[INFO] [stderr]    Compiling same-file v1.0.6
[INFO] [stderr]    Compiling rustix v1.1.3
[INFO] [stderr]    Compiling cpufeatures v0.2.17
[INFO] [stderr]    Compiling getrandom v0.3.4
[INFO] [stderr]    Compiling anstyle-parse v0.2.7
[INFO] [stderr]    Compiling thiserror v1.0.69
[INFO] [stderr]    Compiling memchr v2.7.6
[INFO] [stderr]    Compiling hashbrown v0.16.1
[INFO] [stderr]    Compiling equivalent v1.0.2
[INFO] [stderr]    Compiling anstyle v1.0.13
[INFO] [stderr]    Compiling anstyle-query v1.1.5
[INFO] [stderr]    Compiling walkdir v2.5.0
[INFO] [stderr]    Compiling linux-raw-sys v0.11.0
[INFO] [stderr]    Compiling bitflags v2.10.0
[INFO] [stderr]    Compiling unicode-width v0.2.2
[INFO] [stderr]    Compiling portable-atomic v1.13.0
[INFO] [stderr]    Compiling generic-array v0.14.7
[INFO] [stderr]    Compiling is_terminal_polyfill v1.70.2
[INFO] [stderr]    Compiling colorchoice v1.0.4
[INFO] [stderr]    Compiling anstream v0.6.21
[INFO] [stderr]    Compiling aho-corasick v1.1.4
[INFO] [stderr]    Compiling thread_local v1.1.9
[INFO] [stderr]    Compiling winnow v0.7.14
[INFO] [stderr]    Compiling option-ext v0.2.0
[INFO] [stderr]    Compiling toml_write v0.1.2
[INFO] [stderr]    Compiling regex-syntax v0.8.8
[INFO] [stderr]    Compiling anyhow v1.0.100
[INFO] [stderr]    Compiling clap_lex v0.7.6
[INFO] [stderr]    Compiling number_prefix v0.4.0
[INFO] [stderr]    Compiling clap_builder v4.5.54
[INFO] [stderr]    Compiling fuzzy-matcher v0.3.7
[INFO] [stderr]    Compiling zeroize v1.8.2
[INFO] [stderr]    Compiling shell-words v1.1.1
[INFO] [stderr]    Compiling syn v2.0.114
[INFO] [stderr]    Compiling indexmap v2.13.0
[INFO] [stderr]    Compiling block-buffer v0.10.4
[INFO] [stderr]    Compiling crypto-common v0.1.7
[INFO] [stderr]    Compiling console v0.15.11
[INFO] [stderr]    Compiling dirs-sys v0.4.1
[INFO] [stderr]    Compiling digest v0.10.7
[INFO] [stderr]    Compiling dirs v5.0.1
[INFO] [stderr]    Compiling sha2 v0.10.9
[INFO] [stderr]    Compiling rust-embed-utils v8.9.0
[INFO] [stderr]    Compiling indicatif v0.17.11
[INFO] [stderr]    Compiling regex-automata v0.4.13
[INFO] [stderr]    Compiling tempfile v3.24.0
[INFO] [stderr]    Compiling serde_derive v1.0.228
[INFO] [stderr]    Compiling thiserror-impl v1.0.69
[INFO] [stderr]    Compiling rust-embed-impl v8.9.0
[INFO] [stderr]    Compiling clap_derive v4.5.49
[INFO] [stderr]    Compiling rust-embed v8.9.0
[INFO] [stderr]    Compiling dialoguer v0.11.0
[INFO] [stderr]    Compiling regex v1.12.2
[INFO] [stderr]    Compiling clap v4.5.54
[INFO] [stderr]    Compiling toml_datetime v0.6.11
[INFO] [stderr]    Compiling serde_spanned v0.6.9
[INFO] [stderr]    Compiling toml_edit v0.22.27
[INFO] [stderr]    Compiling toml v0.8.23
[INFO] [stderr]    Compiling project-scaffold v0.1.0 (/opt/rustwide/workdir)
[INFO] [stderr]     Finished `release` profile [optimized] target(s) in 1m 10s
[INFO] running `Command { std: "docker" "inspect" "5d5da1f3ec802dab0bc3d02f6439f62b9a7d011942ca409b448354d586abf9a8", kill_on_drop: false }`
[INFO] running `Command { std: "docker" "exec" "-e" "SOURCE_DIR=/opt/rustwide/workdir" "-e" "CARGO_HOME=/opt/rustwide/cargo-home" "-e" "RUSTUP_HOME=/opt/rustwide/rustup-home" "-e" "CARGO_TARGET_DIR=/opt/rustwide/target" "-e" "CARGO_INCREMENTAL=0" "-e" "RUST_BACKTRACE=full" "-e" "RUSTFLAGS=--cap-lints=warn" "-e" "RUSTDOCFLAGS=--cap-lints=warn" "-w" "/opt/rustwide/workdir" "--user" "0:0" "5d5da1f3ec802dab0bc3d02f6439f62b9a7d011942ca409b448354d586abf9a8" "/opt/rustwide/cargo-home/bin/cargo" "+1.99.0-beta.8" "test" "--frozen" "--no-run" "--message-format=json" "--release", kill_on_drop: false }`
[INFO] [stderr]    Compiling project-scaffold v0.1.0 (/opt/rustwide/workdir)
[INFO] [stderr]     Finished `release` profile [optimized] target(s) in 29.65s
[INFO] running `Command { std: "docker" "inspect" "5d5da1f3ec802dab0bc3d02f6439f62b9a7d011942ca409b448354d586abf9a8", kill_on_drop: false }`
[INFO] running `Command { std: "docker" "exec" "-e" "SOURCE_DIR=/opt/rustwide/workdir" "-e" "CARGO_HOME=/opt/rustwide/cargo-home" "-e" "RUSTUP_HOME=/opt/rustwide/rustup-home" "-e" "CARGO_TARGET_DIR=/opt/rustwide/target" "-e" "CARGO_INCREMENTAL=0" "-e" "RUST_BACKTRACE=full" "-e" "RUSTFLAGS=--cap-lints=warn" "-e" "RUSTDOCFLAGS=--cap-lints=warn" "-w" "/opt/rustwide/workdir" "--user" "0:0" "5d5da1f3ec802dab0bc3d02f6439f62b9a7d011942ca409b448354d586abf9a8" "/opt/rustwide/cargo-home/bin/cargo" "+1.99.0-beta.8" "test" "--frozen" "--release", kill_on_drop: false }`
[INFO] [stderr]     Finished `release` profile [optimized] target(s) in 0.12s
[INFO] [stderr]      Running unittests src/main.rs (/opt/rustwide/target/release/deps/scaffold-6166ede2afe32355)
[INFO] [stdout] 
[INFO] [stdout] running 31 tests
[INFO] [stdout] test bundled::tests::test_bundled_templates_exist ... ok
[INFO] [stdout] test bundled::tests::test_bundled_templates_have_config ... ok
[INFO] [stdout] test commands::add::tests::test_validate_template_name_empty ... ok
[INFO] [stdout] test commands::add::tests::test_validate_template_name_with_slash ... ok
[INFO] [stdout] test git::tests::test_parse_git_url_github_shorthand ... ok
[INFO] [stderr]      Running tests/integration.rs (/opt/rustwide/target/release/deps/integration-648499544775ac27)
[INFO] [stdout] test commands::add::tests::test_validate_template_name_special_chars ... ok
[INFO] [stdout] test commands::add::tests::test_validate_template_name_starts_with_dot ... ok
[INFO] [stdout] test commands::add::tests::test_validate_template_name_valid ... ok
[INFO] [stdout] test git::tests::test_parse_git_url_github_shorthand_with_subpath ... ok
[INFO] [stdout] test git::tests::test_parse_git_url_https ... ok
[INFO] [stdout] test git::tests::test_is_git_url ... ok
[INFO] [stdout] test git::tests::test_parse_git_url_with_subpath ... ok
[INFO] [stdout] test tests::test_parse_key_val_empty_value ... ok
[INFO] [stdout] test tests::test_parse_key_val_invalid ... ok
[INFO] [stdout] test tests::test_parse_key_val_with_equals_in_value ... ok
[INFO] [stdout] test template::config::tests::test_parse_nextjs_template ... ok
[INFO] [stdout] test template::config::tests::test_parse_template_with_hooks ... ok
[INFO] [stdout] test tests::test_parse_key_val_valid ... ok
[INFO] [stdout] test template::config::tests::test_parse_template_without_hooks ... ok
[INFO] [stdout] test global_config::tests::test_global_config_empty ... ok
[INFO] [stdout] test global_config::tests::test_global_config_serialization ... ok
[INFO] [stdout] test variables::tests::test_substitute_variables_no_match ... ok
[INFO] [stdout] test variables::tests::test_substitute_variables_spaced ... ok
[INFO] [stdout] test variables::tests::test_substitute_variables_multiple ... ok
[INFO] [stdout] test variables::tests::test_substitute_variables_basic ... ok
[INFO] [stdout] test variables::tests::test_evaluate_condition_missing_var ... ok
[INFO] [stdout] test variables::tests::test_evaluate_conditionals_include ... ok
[INFO] [stdout] test variables::tests::test_evaluate_conditionals_exclude ... ok
[INFO] [stdout] test variables::tests::test_evaluate_condition_bool_true ... ok
[INFO] [stdout] test variables::tests::test_evaluate_condition_string_value ... ok
[INFO] [stdout] test variables::tests::test_evaluate_condition_bool_false ... ok
[INFO] [stdout] 
[INFO] [stdout] test result: ok. 31 passed; 0 failed; 0 ignored; 0 measured; 0 filtered out; finished in 0.01s
[INFO] [stdout] 
[INFO] [stdout] 
[INFO] [stdout] running 11 tests
[INFO] [stdout] test test_config_commands ... ok
[INFO] [stdout] test test_validate_command_valid_template ... ok
[INFO] [stdout] test test_validate_command_nonexistent ... ok
[INFO] [stdout] test test_create_project ... ok
[INFO] [stdout] test test_list_command ... FAILED
[INFO] [stdout] test test_create_dry_run ... ok
[INFO] [stdout] test test_add_and_remove_template ... ok
[INFO] [stdout] test test_info_command_nonexistent ... ok
[INFO] [stdout] test test_variable_substitution_in_filename ... ok
[INFO] [stdout] test test_conditional_file_exclusion ... ok
[INFO] [stdout] test test_conditional_file_inclusion ... ok
[INFO] [stdout] 
[INFO] [stdout] failures:
[INFO] [stdout] 
[INFO] [stdout] ---- test_list_command stdout ----
[INFO] [stdout] 
[INFO] [stdout] thread 'test_list_command' (1298) panicked at tests/integration.rs:14:5:
[INFO] [stdout] assertion failed: stdout.contains("Available templates") ||
[INFO] [stdout]     stdout.contains("No templates found")
[INFO] [stdout] stack backtrace:
[INFO] [stdout]    0:     0x5af3c5e9cb05 - <unknown>
[INFO] [stdout]    1:     0x5af3c5e8501a - <unknown>
[INFO] [stdout]    2:     0x5af3c5e9c19b - <unknown>
[INFO] [stdout]    3:     0x5af3c5e9bc7f - <unknown>
[INFO] [stdout]    4:     0x5af3c5e9b8aa - <unknown>
[INFO] [stdout]    5:     0x5af3c5e9b3e2 - <unknown>
[INFO] [stdout]    6:     0x5af3c5ec2912 - <unknown>
[INFO] [stdout]    7:     0x5af3c5ec2899 - <unknown>
[INFO] [stdout]    8:     0x5af3c5ec2dac - <unknown>
[INFO] [stdout]    9:     0x5af3c5e84eab - <unknown>
[INFO] [stdout]   10:     0x5af3c5e86d01 - <unknown>
[INFO] [stdout]   11:     0x5af3c5e7eac8 - <unknown>
[INFO] [stdout]   12:     0x5af3c5ede8fb - <unknown>
[INFO] [stdout]   13:     0x5af3c5edaa71 - <unknown>
[INFO] [stdout]   14:     0x5af3c5eda25c - <unknown>
[INFO] [stdout]   15:     0x5af3c5ef6b4c - <unknown>
[INFO] [stdout]   16:     0x5af3c5ec4202 - <unknown>
[INFO] [stdout]   17:     0x7c7f3973cdfa - <unknown>
[INFO] [stdout]   18:     0x7c7f397d03d4 - clone
[INFO] [stdout]   19:                0x0 - <unknown>
[INFO] [stdout] 
[INFO] [stdout] 
[INFO] [stdout] failures:
[INFO] [stdout]     test_list_command
[INFO] [stdout] 
[INFO] [stdout] test result: FAILED. 10 passed; 1 failed; 0 ignored; 0 measured; 0 filtered out; finished in 0.06s
[INFO] [stdout] 
[INFO] [stderr] error: test failed, to rerun pass `--test integration`
[INFO] running `Command { std: "docker" "inspect" "5d5da1f3ec802dab0bc3d02f6439f62b9a7d011942ca409b448354d586abf9a8", kill_on_drop: false }`
[INFO] running `Command { std: "docker" "rm" "-f" "5d5da1f3ec802dab0bc3d02f6439f62b9a7d011942ca409b448354d586abf9a8", kill_on_drop: false }`
[INFO] [stdout] 5d5da1f3ec802dab0bc3d02f6439f62b9a7d011942ca409b448354d586abf9a8
