[INFO] fetching crate probing-memtable 0.2.5...
[INFO] testing probing-memtable-0.2.5 against 1.99.0-beta.8+cargoflags=--release for beta-release-1.100-2
[INFO] extracting crate probing-memtable 0.2.5 into /workspace/builds/worker-3-tc1/source
[INFO] started tweaking crates.io crate probing-memtable 0.2.5
[INFO] removed 0 missing tests
[INFO] finished tweaking crates.io crate probing-memtable 0.2.5
[INFO] tweaked toml for crates.io crate probing-memtable 0.2.5 written to /workspace/builds/worker-3-tc1/source/Cargo.toml
[INFO] validating manifest of crates.io crate probing-memtable 0.2.5 on toolchain 1.99.0-beta.8
[INFO] running `Command { std: CARGO_HOME="/workspace/cargo-home" RUSTUP_HOME="/workspace/rustup-home" "/workspace/cargo-home/bin/cargo" "+1.99.0-beta.8" "metadata" "--manifest-path" "Cargo.toml" "--no-deps", kill_on_drop: false }`
[INFO] crate crates.io crate probing-memtable 0.2.5 already has a lockfile, it will not be regenerated
[INFO] running `Command { std: CARGO_HOME="/workspace/cargo-home" RUSTUP_HOME="/workspace/rustup-home" "/workspace/cargo-home/bin/cargo" "+1.99.0-beta.8" "fetch" "--manifest-path" "Cargo.toml", kill_on_drop: false }`
[INFO] [stderr]  Downloading crates ...
[INFO] [stderr]   Downloaded better_io v0.1.0
[INFO] [stderr]   Downloaded dtype_dispatch v0.1.1
[INFO] [stderr]   Downloaded pco v0.4.2
[INFO] running `Command { std: "docker" "create" "-v" "/var/lib/crater-agent-workspace/builds/worker-3-tc1/source:/opt/rustwide/workdir:ro,Z" "-v" "/var/lib/crater-agent-workspace/builds/worker-3-tc1/target:/opt/rustwide/target:rw,Z" "-v" "/var/lib/crater-agent-workspace/cargo-home:/opt/rustwide/cargo-home:ro,Z" "-v" "/var/lib/crater-agent-workspace/rustup-home:/opt/rustwide/rustup-home:ro,Z" "-m" "1610612736" "--network" "none" "ghcr.io/rust-lang/crates-build-env/linux@sha256:77db811e55d90add9212f6832c23229e3de5f1c1f9905e8cb07319ea15df73ac" "sleep" "infinity", kill_on_drop: false }`
[INFO] [stdout] b995a7e36203c35c117026f53a8cc25484daf300296caa631370d80452b320e4
[INFO] running `Command { std: "docker" "start" "b995a7e36203c35c117026f53a8cc25484daf300296caa631370d80452b320e4", kill_on_drop: false }`
[INFO] running `Command { std: "docker" "inspect" "b995a7e36203c35c117026f53a8cc25484daf300296caa631370d80452b320e4", kill_on_drop: false }`
[INFO] running `Command { std: "docker" "exec" "-e" "SOURCE_DIR=/opt/rustwide/workdir" "-e" "CARGO_HOME=/opt/rustwide/cargo-home" "-e" "RUSTUP_HOME=/opt/rustwide/rustup-home" "-e" "CARGO_TARGET_DIR=/opt/rustwide/target" "-w" "/opt/rustwide/workdir" "--user" "0:0" "b995a7e36203c35c117026f53a8cc25484daf300296caa631370d80452b320e4" "/opt/rustwide/cargo-home/bin/cargo" "+1.99.0-beta.8" "metadata" "--no-deps" "--format-version=1", kill_on_drop: false }`
[INFO] running `Command { std: "docker" "inspect" "b995a7e36203c35c117026f53a8cc25484daf300296caa631370d80452b320e4", kill_on_drop: false }`
[INFO] running `Command { std: "docker" "exec" "-e" "SOURCE_DIR=/opt/rustwide/workdir" "-e" "CARGO_HOME=/opt/rustwide/cargo-home" "-e" "RUSTUP_HOME=/opt/rustwide/rustup-home" "-e" "CARGO_TARGET_DIR=/opt/rustwide/target" "-e" "CARGO_INCREMENTAL=0" "-e" "RUST_BACKTRACE=full" "-e" "RUSTFLAGS=--cap-lints=warn" "-e" "RUSTDOCFLAGS=--cap-lints=warn" "-w" "/opt/rustwide/workdir" "--user" "0:0" "b995a7e36203c35c117026f53a8cc25484daf300296caa631370d80452b320e4" "/opt/rustwide/cargo-home/bin/cargo" "+1.99.0-beta.8" "build" "--frozen" "--message-format=json" "--release", kill_on_drop: false }`
[INFO] [stderr]    Compiling proc-macro2 v1.0.95
[INFO] [stderr]    Compiling zerocopy v0.8.48
[INFO] [stderr]    Compiling dtype_dispatch v0.1.1
[INFO] [stderr]    Compiling better_io v0.1.0
[INFO] [stderr]    Compiling rand_xoshiro v0.6.0
[INFO] [stderr]    Compiling memmap2 v0.9.5
[INFO] [stderr]    Compiling quote v1.0.45
[INFO] [stderr]    Compiling syn v2.0.117
[INFO] [stderr]    Compiling zerocopy-derive v0.8.48
[INFO] [stderr]    Compiling half v2.7.1
[INFO] [stderr]    Compiling pco v0.4.2
[INFO] [stderr]    Compiling probing-memtable v0.2.5 (/opt/rustwide/workdir)
[INFO] [stderr]     Finished `release` profile [optimized] target(s) in 19.95s
[INFO] running `Command { std: "docker" "inspect" "b995a7e36203c35c117026f53a8cc25484daf300296caa631370d80452b320e4", kill_on_drop: false }`
[INFO] running `Command { std: "docker" "exec" "-e" "SOURCE_DIR=/opt/rustwide/workdir" "-e" "CARGO_HOME=/opt/rustwide/cargo-home" "-e" "RUSTUP_HOME=/opt/rustwide/rustup-home" "-e" "CARGO_TARGET_DIR=/opt/rustwide/target" "-e" "CARGO_INCREMENTAL=0" "-e" "RUST_BACKTRACE=full" "-e" "RUSTFLAGS=--cap-lints=warn" "-e" "RUSTDOCFLAGS=--cap-lints=warn" "-w" "/opt/rustwide/workdir" "--user" "0:0" "b995a7e36203c35c117026f53a8cc25484daf300296caa631370d80452b320e4" "/opt/rustwide/cargo-home/bin/cargo" "+1.99.0-beta.8" "test" "--frozen" "--no-run" "--message-format=json" "--release", kill_on_drop: false }`
[INFO] [stderr]    Compiling probing-memtable v0.2.5 (/opt/rustwide/workdir)
[INFO] [stderr]     Finished `release` profile [optimized] target(s) in 7.67s
[INFO] running `Command { std: "docker" "inspect" "b995a7e36203c35c117026f53a8cc25484daf300296caa631370d80452b320e4", kill_on_drop: false }`
[INFO] running `Command { std: "docker" "exec" "-e" "SOURCE_DIR=/opt/rustwide/workdir" "-e" "CARGO_HOME=/opt/rustwide/cargo-home" "-e" "RUSTUP_HOME=/opt/rustwide/rustup-home" "-e" "CARGO_TARGET_DIR=/opt/rustwide/target" "-e" "CARGO_INCREMENTAL=0" "-e" "RUST_BACKTRACE=full" "-e" "RUSTFLAGS=--cap-lints=warn" "-e" "RUSTDOCFLAGS=--cap-lints=warn" "-w" "/opt/rustwide/workdir" "--user" "0:0" "b995a7e36203c35c117026f53a8cc25484daf300296caa631370d80452b320e4" "/opt/rustwide/cargo-home/bin/cargo" "+1.99.0-beta.8" "test" "--frozen" "--release", kill_on_drop: false }`
[INFO] [stderr]     Finished `release` profile [optimized] target(s) in 0.04s
[INFO] [stderr]      Running unittests src/lib.rs (/opt/rustwide/target/release/deps/probing_memtable-bdbfe848d137c0db)
[INFO] [stdout] 
[INFO] [stdout] running 141 tests
[INFO] [stdout] test dedup::tests::dedup_across_chunk_boundary_resets ... ok
[INFO] [stdout] test dedup::tests::dedup_str_saves_space ... ok
[INFO] [stdout] test dedup::tests::dedup_empty_str_not_deduped ... ok
[INFO] [stdout] test dedup::tests::dedup_row_writer_cursor_read ... ok
[INFO] [stdout] test cache::tests::cached_reader_dedup_ref_retained ... ok
[INFO] [stdout] test dedup::tests::dedup_many_duplicates ... ok
[INFO] [stdout] test cache::tests::cached_reader_eviction ... ok
[INFO] [stdout] test dedup::tests::stress_tiny_chunks_rapid_advance ... ok
[INFO] [stdout] test cache::tests::stress_cached_reader_high_cardinality_with_dedup ... ok
[INFO] [stdout] test dedup::tests::dedup_bytes_column ... ok
[INFO] [stdout] test dedup::tests::stress_long_strings_dedup ... ok
[INFO] [stdout] test dedup::tests::stress_ring_buffer_wrap_with_dedup ... ok
[INFO] [stdout] test cache::tests::cached_reader_basic ... ok
[INFO] [stdout] test dedup::tests::stress_many_columns_dedup ... ok
[INFO] [stdout] test dedup::tests::stress_dedup_writer_large_volume ... ok
[INFO] [stdout] test layout::tests::struct_sizes ... ok
[INFO] [stdout] test discover::tests::cleanup_removes_dead_pid ... ok
[INFO] [stdout] test memc::codec::tests::column_builder_from_values ... ok
[INFO] [stdout] test discover::tests::discover_empty_dir ... ok
[INFO] [stdout] test discover::tests::exposed_table_roundtrip ... ok
[INFO] [stdout] test memc::codec::tests::corrupt_payload_len_is_rejected ... ok
[INFO] [stdout] test memc::codec::tests::varlen_columns_roundtrip ... ok
[INFO] [stdout] test discover::tests::is_creator_alive_current_process ... ok
[INFO] [stdout] test dedup::tests::stress_concurrent_dedup_writers ... ok
[INFO] [stdout] test discover::tests::drop_cleans_up_file ... ok
[INFO] [stdout] test cache::tests::cached_reader_max_entries_cap ... ok
[INFO] [stdout] test memc::layout::tests::magics_are_distinct_from_hot_formats ... ok
[INFO] [stdout] test memc::layout::tests::table_payload_roundtrip ... ok
[INFO] [stdout] test discover::tests::discover_finds_table ... ok
[INFO] [stdout] test discover::tests::discover_nonexistent_dir ... ok
[INFO] [stdout] test cache::tests::cached_reader_does_not_reuse_old_entry_after_generation_change ... ok
[INFO] [stdout] test memc::layout::tests::block_header_roundtrip_and_corruption ... ok
[INFO] [stdout] test memc::layout::tests::segment_header_roundtrip ... ok
[INFO] [stdout] test memc::codec::tests::numeric_columns_roundtrip ... ok
[INFO] [stdout] test memc::codec::tests::pco_actually_compresses_monotonic_i64 ... ok
[INFO] [stdout] test memc::store::tests::writer_id_is_stable_and_pid_sensitive ... ok
[INFO] [stdout] test cache::tests::stress_concurrent_dedup_write_cached_read ... ok
[INFO] [stdout] test memc::store::tests::sequence_numbers_increment_and_persist ... ok
[INFO] [stdout] test discover::tests::is_creator_alive_dead_pid ... ok
[INFO] [stdout] test layout::tests::byte_order_mark_sanity ... ok
[INFO] [stdout] test memc::store::tests::parse_segment_name_roundtrip ... ok
[INFO] [stdout] test memc::tests::multi_table_segment ... ok
[INFO] [stdout] test memc::tests::compactor_multi_table_shares_segments ... ok
[INFO] [stdout] test memh::table::tests::compact_reduces_arena_size ... ok
[INFO] [stdout] test memh::table::tests::insert_and_get_scalar ... ok
[INFO] [stdout] test memc::tests::pco_compresses_large_numeric_segment ... ok
[INFO] [stdout] test memc::tests::compactor_without_prime_redrains_on_restart ... ok
[INFO] [stdout] test memc::tests::torn_tail_block_is_dropped ... ok
[INFO] [stdout] test memc::tests::page_pruning_by_time_range ... ok
[INFO] [stdout] test memc::tests::compactor_restart_dedup_via_prime ... ok
[INFO] [stdout] test memc::tests::cold_store_segment_creation_and_listing ... ok
[INFO] [stdout] test memh::table::tests::insert_and_get_str_value ... ok
[INFO] [stdout] test memh::table::tests::insert_update_scalar ... ok
[INFO] [stdout] test memh::table::tests::iter_only_yields_latest_version ... ok
[INFO] [stdout] test memh::table::tests::mixed_inline_and_arena_entries ... ok
[INFO] [stdout] test memh::table::tests::remove_key ... ok
[INFO] [stdout] test memh::table::tests::iter_yields_all_live_entries ... ok
[INFO] [stdout] test memh::table::tests::scalar_update_zero_arena_growth ... ok
[INFO] [stdout] test memh::table::tests::shared_writer_basic ... ok
[INFO] [stdout] test memh::table::tests::remove_then_iter_skips_tombstone ... ok
[INFO] [stdout] test memh::table::tests::validate_detects_wrong_magic ... ok
[INFO] [stdout] test memc::tests::compactor_drains_only_sealed_chunks ... ok
[INFO] [stdout] test memc::tests::segment_roundtrip_sealed ... ok
[INFO] [stdout] test memtable::tests::chunk_header_init_state ... ok
[INFO] [stdout] test memh::table::tests::shared_writer_concurrent_updates ... ok
[INFO] [stdout] test memh::table::tests::shared_writer_concurrent_inserts ... ok
[INFO] [stdout] test memtable::tests::chunk_used_tracking ... ok
[INFO] [stdout] test memtable::tests::bytes_column ... ok
[INFO] [stdout] test memtable::tests::chunks_logical_post_wrap ... ok
[INFO] [stdout] test memtable::tests::chunks_logical_pre_wrap ... ok
[INFO] [stdout] test memtable::tests::col_desc_direct_access ... ok
[INFO] [stdout] test memtable::tests::append_row_returns_false_when_full ... ok
[INFO] [stdout] test memtable::tests::chunk_state_transitions ... ok
[INFO] [stdout] test memtable::tests::chunk_ts_range_tracks_min_max ... ok
[INFO] [stdout] test memtable::tests::chunk_generation_increments_on_wrap ... ok
[INFO] [stdout] test memtable::tests::chunk_ts_range_resets_on_wrap ... ok
[INFO] [stdout] test memtable::tests::dedup_writer_maintains_ts_range ... ok
[INFO] [stdout] test memtable::tests::from_buf_rejects_bad_data_offset ... ok
[INFO] [stdout] test memtable::tests::display_format ... ok
[INFO] [stdout] test memtable::tests::create_and_read_schema ... ok
[INFO] [stdout] test memtable::tests::file_backing_persists_across_reopen ... ok
[INFO] [stdout] test memtable::tests::header_direct_access ... ok
[INFO] [stdout] test memtable::tests::invalid_magic_rejected ... ok
[INFO] [stdout] test memtable::tests::empty_chunk_iteration ... ok
[INFO] [stdout] test memtable::tests::mem_table_writer_basic ... ok
[INFO] [stdout] test memtable::tests::mem_table_writer_auto_advance ... ok
[INFO] [stdout] test memtable::tests::mem_table_writer_dedup ... ok
[INFO] [stdout] test memtable::tests::expose_register_via_pointer ... FAILED
[INFO] [stdout] test memtable::tests::mut_view_on_external_buf ... ok
[INFO] [stdout] test memtable::tests::mixed_fixed_and_variable ... ok
[INFO] [stdout] test memtable::tests::mem_table_writer_row_writer ... ok
[INFO] [stdout] test memtable::tests::push_row_rejects_wrong_column_count - should panic ... ok
[INFO] [stdout] test memtable::tests::push_row_rejects_wrong_dtype - should panic ... ok
[INFO] [stdout] test memtable::tests::num_rows_count ... ok
[INFO] [stdout] test memtable::tests::producer_consumer_threaded ... FAILED
[INFO] [stdout] test memtable::tests::required_size_calculation ... ok
[INFO] [stdout] test memtable::tests::ring_buffer_with_str ... ok
[INFO] [stdout] test memc::tests::compactor_enforce_evicts_oldest_segments ... ok
[INFO] [stdout] test memc::tests::compactor_rolls_by_size_and_reregisters_table ... ok
[INFO] [stdout] test memtable::tests::ring_buffer_wrap ... ok
[INFO] [stdout] test memtable::tests::num_rows_matches_iteration ... ok
[INFO] [stdout] test memh::table::tests::type_change_scalar_to_str ... ok
[INFO] [stdout] test memtable::tests::schema_reconstruct ... ok
[INFO] [stdout] test memtable::tests::shm_backing_roundtrip_and_unlink ... ok
[INFO] [stdout] test memtable::tests::shared_and_heap_share_write_semantics_across_wrap ... ok
[INFO] [stdout] test memtable::tests::shared_backing_roundtrip_and_cleanup ... ok
[INFO] [stdout] test memtable::tests::stress_dedup_savings_measurement ... ok
[INFO] [stdout] test memtable::tests::ts_col_detection ... ok
[INFO] [stdout] test memtable::tests::view_from_bytes ... ok
[INFO] [stdout] test memtable::tests::version_field_set ... ok
[INFO] [stdout] test memtable::tests::validate_rejects_bad_ts_col ... ok
[INFO] [stdout] test memtable::tests::write_and_read_fixed_row ... ok
[INFO] [stdout] test memtable::tests::row_writer_maintains_ts_range ... ok
[INFO] [stdout] test refcount::tests::refcount_lifecycle ... ok
[INFO] [stdout] test memtable::tests::u32_column ... ok
[INFO] [stdout] test row::tests::cursor_multiple_rows ... ok
[INFO] [stdout] test memtable::tests::variable_length_rows ... ok
[INFO] [stdout] test row::tests::row_becomes_invalid_after_wrap_and_col_asserts ... ok
[INFO] [stdout] test memtable::tests::single_writer_concurrent_readers ... ok
[INFO] [stdout] test raw::tests::init_buf_rejects_small_buffer ... ok
[INFO] [stdout] test memtable::tests::write_and_read_str_column ... ok
[INFO] [stdout] test row::tests::row_cursor_basic ... ok
[INFO] [stdout] test row::tests::row_iter_is_valid_detects_wrap ... ok
[INFO] [stdout] test memc::tests::unsealed_segment_recovers_via_forward_scan ... ok
[INFO] [stdout] test memh::table::tests::tombstone_probe_chain_intact ... ok
[INFO] [stdout] test memtable::tests::from_buf_rejects_bad_version ... ok
[INFO] [stdout] test refcount::tests::stress_refcount_concurrent_dedup_lifecycle ... ok
[INFO] [stdout] test writer::tests::row_writer_drop_without_finish_commits_nothing ... ok
[INFO] [stdout] test memtable::tests::heap_backing_is_private ... ok
[INFO] [stdout] test row::tests::row_raw_bytes ... ok
[INFO] [stdout] test schema::tests::schema_debug_format ... ok
[INFO] [stdout] test writer::tests::mixed_push_and_row_writer ... ok
[INFO] [stdout] test writer::tests::row_writer_overflow ... ok
[INFO] [stdout] test writer::tests::row_writer_with_str ... ok
[INFO] [stdout] test memc::tests::size_bytes_tracks_growth_for_roll_decisions ... ok
[INFO] [stdout] test memc::tests::eviction_by_ttl ... ok
[INFO] [stdout] test refcount::tests::concurrent_refcount_stress ... ok
[INFO] [stdout] test writer::tests::row_writer_basic ... ok
[INFO] [stdout] test writer::tests::writer_and_value_interop ... ok
[INFO] [stdout] test memc::tests::compactor_background_thread_drains_on_stop ... ok
[INFO] [stderr] error: test failed, to rerun pass `--lib`
[INFO] [stdout] test memc::tests::eviction_respects_byte_budget_and_keeps_newest ... ok
[INFO] [stdout] 
[INFO] [stdout] failures:
[INFO] [stdout] 
[INFO] [stdout] ---- memtable::tests::expose_register_via_pointer stdout ----
[INFO] [stdout] 
[INFO] [stdout] thread 'memtable::tests::expose_register_via_pointer' (606) panicked at src/memtable.rs:1328:13:
[INFO] [stdout] assertion `left == right` failed
[INFO] [stdout]   left: 1
[INFO] [stdout]  right: 2
[INFO] [stdout] stack backtrace:
[INFO] [stdout]    0:     0x5c286163cb01 - <<std[70759c8f55707aa4]::sys::backtrace::BacktraceLock>::print::DisplayBacktrace as core[df12db4294e9bfd3]::fmt::Display>::fmt
[INFO] [stdout]    1:     0x5c28616526fa - core[df12db4294e9bfd3]::fmt::write
[INFO] [stdout]    2:     0x5c286164135c - <alloc[2182bb758b4b3781]::vec::Vec<u8> as core[df12db4294e9bfd3]::io::write::Write>::write_fmt
[INFO] [stdout]    3:     0x5c2861616496 - std[70759c8f55707aa4]::panicking::default_hook::{closure#0}
[INFO] [stdout]    4:     0x5c2861633bf9 - std[70759c8f55707aa4]::panicking::default_hook
[INFO] [stdout]    5:     0x5c286159e8a0 - test[9d35eded1c95d3be]::test_main_inner::<test[9d35eded1c95d3be]::test_main_static::{closure#0}>::{closure#0}
[INFO] [stdout]    6:     0x5c2861633db2 - std[70759c8f55707aa4]::panicking::panic_with_hook
[INFO] [stdout]    7:     0x5c2861616542 - std[70759c8f55707aa4]::panicking::panic_handler::{closure#0}
[INFO] [stdout]    8:     0x5c286160ef79 - std[70759c8f55707aa4]::sys::backtrace::__rust_end_short_backtrace::<std[70759c8f55707aa4]::panicking::panic_handler::{closure#0}, !>
[INFO] [stdout]    9:     0x5c286161713d - __rustc[8fa7c3cbc660c2b3]::rust_begin_unwind
[INFO] [stdout]   10:     0x5c2861652e2c - core[df12db4294e9bfd3]::panicking::panic_fmt
[INFO] [stdout]   11:     0x5c2861652d43 - core[df12db4294e9bfd3]::panicking::assert_failed_inner
[INFO] [stdout]   12:     0x5c286160e78a - core[df12db4294e9bfd3]::panicking::assert_failed::<u32, u32>
[INFO] [stdout]   13:     0x5c286151a6c6 - probing_memtable[9c8bb7654df7d77c]::memtable::tests::expose_register_via_pointer
[INFO] [stdout]   14:     0x5c2861533199 - <probing_memtable[9c8bb7654df7d77c]::memtable::tests::expose_register_via_pointer::{closure#0} as core[df12db4294e9bfd3]::ops::function::FnOnce<()>>::call_once
[INFO] [stdout]   15:     0x5c2861591b8b - test[9d35eded1c95d3be]::__rust_begin_short_backtrace::<core[df12db4294e9bfd3]::result::Result<(), alloc[2182bb758b4b3781]::string::String>, fn() -> core[df12db4294e9bfd3]::result::Result<(), alloc[2182bb758b4b3781]::string::String>>
[INFO] [stdout]   16:     0x5c286159f1f5 - test[9d35eded1c95d3be]::run_test::{closure#0}
[INFO] [stdout]   17:     0x5c2861598ab4 - std[70759c8f55707aa4]::sys::backtrace::__rust_begin_short_backtrace::<test[9d35eded1c95d3be]::run_test::{closure#1}, ()>
[INFO] [stdout]   18:     0x5c28615a2352 - <std[70759c8f55707aa4]::thread::lifecycle::spawn_unchecked<test[9d35eded1c95d3be]::run_test::{closure#1}, ()>::{closure#1} as core[df12db4294e9bfd3]::ops::function::FnOnce<()>>::call_once::{shim:vtable#0}
[INFO] [stdout]   19:     0x5c286163bb29 - <std[70759c8f55707aa4]::sys::thread::unix::Thread>::new::thread_start
[INFO] [stdout]   20:     0x763c26ef0dfa - <unknown>
[INFO] [stdout]   21:     0x763c26f843d4 - clone
[INFO] [stdout]   22:                0x0 - <unknown>
[INFO] [stdout] 
[INFO] [stdout] ---- memtable::tests::producer_consumer_threaded stdout ----
[INFO] [stdout] 
[INFO] [stdout] thread 'memtable::tests::producer_consumer_threaded' (621) panicked at src/memtable.rs:1398:13:
[INFO] [stdout] assertion `left == right` failed
[INFO] [stdout]   left: 4294967295
[INFO] [stdout]  right: 0
[INFO] [stdout] stack backtrace:
[INFO] [stdout]    0:     0x5c286163cb01 - <<std[70759c8f55707aa4]::sys::backtrace::BacktraceLock>::print::DisplayBacktrace as core[df12db4294e9bfd3]::fmt::Display>::fmt
[INFO] [stdout]    1:     0x5c28616526fa - core[df12db4294e9bfd3]::fmt::write
[INFO] [stdout]    2:     0x5c286164135c - <alloc[2182bb758b4b3781]::vec::Vec<u8> as core[df12db4294e9bfd3]::io::write::Write>::write_fmt
[INFO] [stdout]    3:     0x5c2861616496 - std[70759c8f55707aa4]::panicking::default_hook::{closure#0}
[INFO] [stdout]    4:     0x5c2861633bf9 - std[70759c8f55707aa4]::panicking::default_hook
[INFO] [stdout]    5:     0x5c286159e8a0 - test[9d35eded1c95d3be]::test_main_inner::<test[9d35eded1c95d3be]::test_main_static::{closure#0}>::{closure#0}
[INFO] [stdout]    6:     0x5c2861633db2 - std[70759c8f55707aa4]::panicking::panic_with_hook
[INFO] [stdout]    7:     0x5c2861616542 - std[70759c8f55707aa4]::panicking::panic_handler::{closure#0}
[INFO] [stdout]    8:     0x5c286160ef79 - std[70759c8f55707aa4]::sys::backtrace::__rust_end_short_backtrace::<std[70759c8f55707aa4]::panicking::panic_handler::{closure#0}, !>
[INFO] [stdout]    9:     0x5c286161713d - __rustc[8fa7c3cbc660c2b3]::rust_begin_unwind
[INFO] [stdout]   10:     0x5c2861652e2c - core[df12db4294e9bfd3]::panicking::panic_fmt
[INFO] [stdout]   11:     0x5c2861652d43 - core[df12db4294e9bfd3]::panicking::assert_failed_inner
[INFO] [stdout]   12:     0x5c286160e78a - core[df12db4294e9bfd3]::panicking::assert_failed::<u32, u32>
[INFO] [stdout]   13:     0x5c2861519119 - probing_memtable[9c8bb7654df7d77c]::memtable::tests::producer_consumer_threaded
[INFO] [stdout]   14:     0x5c2861533179 - <probing_memtable[9c8bb7654df7d77c]::memtable::tests::producer_consumer_threaded::{closure#0} as core[df12db4294e9bfd3]::ops::function::FnOnce<()>>::call_once
[INFO] [stdout]   15:     0x5c2861591b8b - test[9d35eded1c95d3be]::__rust_begin_short_backtrace::<core[df12db4294e9bfd3]::result::Result<(), alloc[2182bb758b4b3781]::string::String>, fn() -> core[df12db4294e9bfd3]::result::Result<(), alloc[2182bb758b4b3781]::string::String>>
[INFO] [stdout]   16:     0x5c286159f1f5 - test[9d35eded1c95d3be]::run_test::{closure#0}
[INFO] [stdout]   17:     0x5c2861598ab4 - std[70759c8f55707aa4]::sys::backtrace::__rust_begin_short_backtrace::<test[9d35eded1c95d3be]::run_test::{closure#1}, ()>
[INFO] [stdout]   18:     0x5c28615a2352 - <std[70759c8f55707aa4]::thread::lifecycle::spawn_unchecked<test[9d35eded1c95d3be]::run_test::{closure#1}, ()>::{closure#1} as core[df12db4294e9bfd3]::ops::function::FnOnce<()>>::call_once::{shim:vtable#0}
[INFO] [stdout]   19:     0x5c286163bb29 - <std[70759c8f55707aa4]::sys::thread::unix::Thread>::new::thread_start
[INFO] [stdout]   20:     0x763c26ef0dfa - <unknown>
[INFO] [stdout]   21:     0x763c26f843d4 - clone
[INFO] [stdout]   22:                0x0 - <unknown>
[INFO] [stdout] 
[INFO] [stdout] 
[INFO] [stdout] failures:
[INFO] [stdout]     memtable::tests::expose_register_via_pointer
[INFO] [stdout]     memtable::tests::producer_consumer_threaded
[INFO] [stdout] 
[INFO] [stdout] test result: FAILED. 139 passed; 2 failed; 0 ignored; 0 measured; 0 filtered out; finished in 0.13s
[INFO] [stdout] 
[INFO] running `Command { std: "docker" "inspect" "b995a7e36203c35c117026f53a8cc25484daf300296caa631370d80452b320e4", kill_on_drop: false }`
[INFO] running `Command { std: "docker" "rm" "-f" "b995a7e36203c35c117026f53a8cc25484daf300296caa631370d80452b320e4", kill_on_drop: false }`
[INFO] [stdout] b995a7e36203c35c117026f53a8cc25484daf300296caa631370d80452b320e4
