[INFO] fetching crate pktgen 0.1.2...
[INFO] testing pktgen-0.1.2 against 1.99.0-beta.8+cargoflags=--release for beta-release-1.100-2
[INFO] extracting crate pktgen 0.1.2 into /workspace/builds/worker-4-tc1/source
[INFO] started tweaking crates.io crate pktgen 0.1.2
[INFO] finished tweaking crates.io crate pktgen 0.1.2
[INFO] tweaked toml for crates.io crate pktgen 0.1.2 written to /workspace/builds/worker-4-tc1/source/Cargo.toml
[INFO] validating manifest of crates.io crate pktgen 0.1.2 on toolchain 1.99.0-beta.8
[INFO] running `Command { std: CARGO_HOME="/workspace/cargo-home" RUSTUP_HOME="/workspace/rustup-home" "/workspace/cargo-home/bin/cargo" "+1.99.0-beta.8" "metadata" "--manifest-path" "Cargo.toml" "--no-deps", kill_on_drop: false }`
[INFO] crate crates.io crate pktgen 0.1.2 already has a lockfile, it will not be regenerated
[INFO] running `Command { std: CARGO_HOME="/workspace/cargo-home" RUSTUP_HOME="/workspace/rustup-home" "/workspace/cargo-home/bin/cargo" "+1.99.0-beta.8" "fetch" "--manifest-path" "Cargo.toml", kill_on_drop: false }`
[INFO] running `Command { std: "docker" "create" "-v" "/var/lib/crater-agent-workspace/builds/worker-4-tc1/source:/opt/rustwide/workdir:ro,Z" "-v" "/var/lib/crater-agent-workspace/builds/worker-4-tc1/target:/opt/rustwide/target:rw,Z" "-v" "/var/lib/crater-agent-workspace/cargo-home:/opt/rustwide/cargo-home:ro,Z" "-v" "/var/lib/crater-agent-workspace/rustup-home:/opt/rustwide/rustup-home:ro,Z" "-m" "1610612736" "--network" "none" "ghcr.io/rust-lang/crates-build-env/linux@sha256:77db811e55d90add9212f6832c23229e3de5f1c1f9905e8cb07319ea15df73ac" "sleep" "infinity", kill_on_drop: false }`
[INFO] [stdout] d67c41aef48b20f42babc00370f9cd70155c7fda9707c23292247fdfc1a4db1b
[INFO] running `Command { std: "docker" "start" "d67c41aef48b20f42babc00370f9cd70155c7fda9707c23292247fdfc1a4db1b", kill_on_drop: false }`
[INFO] running `Command { std: "docker" "inspect" "d67c41aef48b20f42babc00370f9cd70155c7fda9707c23292247fdfc1a4db1b", kill_on_drop: false }`
[INFO] running `Command { std: "docker" "exec" "-e" "SOURCE_DIR=/opt/rustwide/workdir" "-e" "CARGO_HOME=/opt/rustwide/cargo-home" "-e" "RUSTUP_HOME=/opt/rustwide/rustup-home" "-e" "CARGO_TARGET_DIR=/opt/rustwide/target" "-w" "/opt/rustwide/workdir" "--user" "0:0" "d67c41aef48b20f42babc00370f9cd70155c7fda9707c23292247fdfc1a4db1b" "/opt/rustwide/cargo-home/bin/cargo" "+1.99.0-beta.8" "metadata" "--no-deps" "--format-version=1", kill_on_drop: false }`
[INFO] running `Command { std: "docker" "inspect" "d67c41aef48b20f42babc00370f9cd70155c7fda9707c23292247fdfc1a4db1b", kill_on_drop: false }`
[INFO] running `Command { std: "docker" "exec" "-e" "SOURCE_DIR=/opt/rustwide/workdir" "-e" "CARGO_HOME=/opt/rustwide/cargo-home" "-e" "RUSTUP_HOME=/opt/rustwide/rustup-home" "-e" "CARGO_TARGET_DIR=/opt/rustwide/target" "-e" "CARGO_INCREMENTAL=0" "-e" "RUST_BACKTRACE=full" "-e" "RUSTFLAGS=--cap-lints=warn" "-e" "RUSTDOCFLAGS=--cap-lints=warn" "-w" "/opt/rustwide/workdir" "--user" "0:0" "d67c41aef48b20f42babc00370f9cd70155c7fda9707c23292247fdfc1a4db1b" "/opt/rustwide/cargo-home/bin/cargo" "+1.99.0-beta.8" "build" "--frozen" "--message-format=json" "--release", kill_on_drop: false }`
[INFO] [stderr]    Compiling syn v2.0.101
[INFO] [stderr]    Compiling smallvec v1.15.0
[INFO] [stderr]    Compiling signal-hook-registry v1.4.5
[INFO] [stderr]    Compiling socket2 v0.5.10
[INFO] [stderr]    Compiling mio v1.0.4
[INFO] [stderr]    Compiling lock_api v0.4.13
[INFO] [stderr]    Compiling parking_lot_core v0.9.11
[INFO] [stderr]    Compiling parking_lot v0.12.4
[INFO] [stderr]    Compiling serde_derive v1.0.219
[INFO] [stderr]    Compiling tokio-macros v2.5.0
[INFO] [stderr]    Compiling thiserror-impl v1.0.69
[INFO] [stderr]    Compiling tokio v1.45.1
[INFO] [stderr]    Compiling thiserror v1.0.69
[INFO] [stderr]    Compiling serde v1.0.219
[INFO] [stderr]    Compiling serde_bytes v0.11.17
[INFO] [stderr]    Compiling pktgen v0.1.2 (/opt/rustwide/workdir)
[INFO] [stderr]     Finished `release` profile [optimized] target(s) in 20.81s
[INFO] running `Command { std: "docker" "inspect" "d67c41aef48b20f42babc00370f9cd70155c7fda9707c23292247fdfc1a4db1b", kill_on_drop: false }`
[INFO] running `Command { std: "docker" "exec" "-e" "SOURCE_DIR=/opt/rustwide/workdir" "-e" "CARGO_HOME=/opt/rustwide/cargo-home" "-e" "RUSTUP_HOME=/opt/rustwide/rustup-home" "-e" "CARGO_TARGET_DIR=/opt/rustwide/target" "-e" "CARGO_INCREMENTAL=0" "-e" "RUST_BACKTRACE=full" "-e" "RUSTFLAGS=--cap-lints=warn" "-e" "RUSTDOCFLAGS=--cap-lints=warn" "-w" "/opt/rustwide/workdir" "--user" "0:0" "d67c41aef48b20f42babc00370f9cd70155c7fda9707c23292247fdfc1a4db1b" "/opt/rustwide/cargo-home/bin/cargo" "+1.99.0-beta.8" "test" "--frozen" "--no-run" "--message-format=json" "--release", kill_on_drop: false }`
[INFO] [stderr]    Compiling tokio v1.45.1
[INFO] [stderr]    Compiling pktgen v0.1.2 (/opt/rustwide/workdir)
[INFO] [stderr]     Finished `release` profile [optimized] target(s) in 14.08s
[INFO] running `Command { std: "docker" "inspect" "d67c41aef48b20f42babc00370f9cd70155c7fda9707c23292247fdfc1a4db1b", kill_on_drop: false }`
[INFO] running `Command { std: "docker" "exec" "-e" "SOURCE_DIR=/opt/rustwide/workdir" "-e" "CARGO_HOME=/opt/rustwide/cargo-home" "-e" "RUSTUP_HOME=/opt/rustwide/rustup-home" "-e" "CARGO_TARGET_DIR=/opt/rustwide/target" "-e" "CARGO_INCREMENTAL=0" "-e" "RUST_BACKTRACE=full" "-e" "RUSTFLAGS=--cap-lints=warn" "-e" "RUSTDOCFLAGS=--cap-lints=warn" "-w" "/opt/rustwide/workdir" "--user" "0:0" "d67c41aef48b20f42babc00370f9cd70155c7fda9707c23292247fdfc1a4db1b" "/opt/rustwide/cargo-home/bin/cargo" "+1.99.0-beta.8" "test" "--frozen" "--release", kill_on_drop: false }`
[INFO] [stderr]     Finished `release` profile [optimized] target(s) in 0.05s
[INFO] [stderr]      Running unittests src/lib.rs (/opt/rustwide/target/release/deps/pktgen-cc5da946ac9b3cb8)
[INFO] [stdout] 
[INFO] [stdout] running 31 tests
[INFO] [stdout] test arp::tests::test_arp_request ... ok
[INFO] [stdout] test arp::tests::test_arp_reply ... ok
[INFO] [stdout] test icmp::tests::test_icmp_builder ... ok
[INFO] [stdout] test icmp::tests::test_invalid_payload_size ... ok
[INFO] [stdout] test dhcp::tests::test_dhcp_builder ... ok
[INFO] [stdout] test socket::tests::test_blocking_send_receive ... ok
[INFO] [stdout] test socket::tests::test_socket_bind ... ok
[INFO] [stdout] test arp::tests::test_arp_builder ... ok
[INFO] [stdout] test ip::tests::test_ipv4_builder ... ok
[INFO] [stdout] test dhcp::tests::test_dhcp_discover ... ok
[INFO] [stdout] test dhcp::tests::test_invalid_dhcp_packet ... ok
[INFO] [stdout] test icmp::tests::test_icmp_echo_reply ... ok
[INFO] [stdout] test icmp::tests::test_icmp_echo_request ... ok
[INFO] [stdout] test ethernet::tests::test_ethernet_builder ... ok
[INFO] [stdout] test socket::tests::test_socket_timeout ... ok
[INFO] [stdout] test dhcp::tests::test_dhcp_request ... ok
[INFO] [stdout] test socket::tests::test_async_socket_creation ... ok
[INFO] [stdout] test tests::test_udp_packet ... ok
[INFO] [stdout] test socket::tests::test_buffer_boundaries ... FAILED
[INFO] [stdout] test socket::tests::test_socket_creation ... ok
[INFO] [stdout] test socket::tests::test_async_send_receive ... ok
[INFO] [stdout] test socket::tests::test_async_socket_bind ... ok
[INFO] [stdout] test tcp::tests::test_tcp_builder ... ok
[INFO] [stdout] test tests::test_arp_packet ... ok
[INFO] [stdout] test tests::test_icmp_packet ... ok
[INFO] [stdout] test tests::test_ipv4_packet ... ok
[INFO] [stdout] test tests::test_dhcp_packet ... ok
[INFO] [stdout] test tests::test_tcp_packet ... ok
[INFO] [stdout] test tests::test_ethernet_packet ... ok
[INFO] [stdout] test udp::tests::test_udp_builder ... ok
[INFO] [stdout] test socket::tests::test_async_ready ... ok
[INFO] [stdout] 
[INFO] [stdout] failures:
[INFO] [stdout] 
[INFO] [stdout] ---- socket::tests::test_buffer_boundaries stdout ----
[INFO] [stdout] 
[INFO] [stdout] thread 'socket::tests::test_buffer_boundaries' (535) panicked at src/socket.rs:360:22:
[INFO] [stdout] Should not succeed when no data is available
[INFO] [stdout] stack backtrace:
[INFO] [stdout]    0:     0x623bc6b33be1 - <<std[70759c8f55707aa4]::sys::backtrace::BacktraceLock>::print::DisplayBacktrace as core[df12db4294e9bfd3]::fmt::Display>::fmt
[INFO] [stdout]    1:     0x623bc6b480da - core[df12db4294e9bfd3]::fmt::write
[INFO] [stdout]    2:     0x623bc6b3827c - <alloc[2182bb758b4b3781]::vec::Vec<u8> as core[df12db4294e9bfd3]::io::write::Write>::write_fmt
[INFO] [stdout]    3:     0x623bc6b0fa26 - std[70759c8f55707aa4]::panicking::default_hook::{closure#0}
[INFO] [stdout]    4:     0x623bc6b2c0d9 - std[70759c8f55707aa4]::panicking::default_hook
[INFO] [stdout]    5:     0x623bc6aa2d00 - test[9d35eded1c95d3be]::test_main_inner::<test[9d35eded1c95d3be]::test_main_static::{closure#0}>::{closure#0}
[INFO] [stdout]    6:     0x623bc6b2c402 - std[70759c8f55707aa4]::panicking::panic_with_hook
[INFO] [stdout]    7:     0x623bc6b0fb04 - std[70759c8f55707aa4]::panicking::panic_handler::{closure#0}
[INFO] [stdout]    8:     0x623bc6b08859 - std[70759c8f55707aa4]::sys::backtrace::__rust_end_short_backtrace::<std[70759c8f55707aa4]::panicking::panic_handler::{closure#0}, !>
[INFO] [stdout]    9:     0x623bc6b106cd - __rustc[8fa7c3cbc660c2b3]::rust_begin_unwind
[INFO] [stdout]   10:     0x623bc6b4883c - core[df12db4294e9bfd3]::panicking::panic_fmt
[INFO] [stdout]   11:     0x623bc6a8abd4 - pktgen[d2f1cf6b5fa8910]::socket::tests::test_buffer_boundaries
[INFO] [stdout]   12:     0x623bc6a8de89 - <pktgen[d2f1cf6b5fa8910]::socket::tests::test_buffer_boundaries::{closure#0} as core[df12db4294e9bfd3]::ops::function::FnOnce<()>>::call_once
[INFO] [stdout]   13:     0x623bc6a95feb - test[9d35eded1c95d3be]::__rust_begin_short_backtrace::<core[df12db4294e9bfd3]::result::Result<(), alloc[2182bb758b4b3781]::string::String>, fn() -> core[df12db4294e9bfd3]::result::Result<(), alloc[2182bb758b4b3781]::string::String>>
[INFO] [stdout]   14:     0x623bc6aa3655 - test[9d35eded1c95d3be]::run_test::{closure#0}
[INFO] [stdout]   15:     0x623bc6a9cf14 - std[70759c8f55707aa4]::sys::backtrace::__rust_begin_short_backtrace::<test[9d35eded1c95d3be]::run_test::{closure#1}, ()>
[INFO] [stdout]   16:     0x623bc6aa67b2 - <std[70759c8f55707aa4]::thread::lifecycle::spawn_unchecked<test[9d35eded1c95d3be]::run_test::{closure#1}, ()>::{closure#1} as core[df12db4294e9bfd3]::ops::function::FnOnce<()>>::call_once::{shim:vtable#0}
[INFO] [stdout]   17:     0x623bc6b334a9 - <std[70759c8f55707aa4]::sys::thread::unix::Thread>::new::thread_start
[INFO] [stdout]   18:     0x77c3eae25dfa - <unknown>
[INFO] [stdout]   19:     0x77c3eaeb93d4 - clone
[INFO] [stdout]   20:                0x0 - <unknown>
[INFO] [stdout] 
[INFO] [stdout] 
[INFO] [stdout] failures:
[INFO] [stdout]     socket::tests::test_buffer_boundaries
[INFO] [stdout] 
[INFO] [stdout] test result: FAILED. 30 passed; 1 failed; 0 ignored; 0 measured; 0 filtered out; finished in 0.11s
[INFO] [stdout] 
[INFO] [stderr] error: test failed, to rerun pass `--lib`
[INFO] running `Command { std: "docker" "inspect" "d67c41aef48b20f42babc00370f9cd70155c7fda9707c23292247fdfc1a4db1b", kill_on_drop: false }`
[INFO] running `Command { std: "docker" "rm" "-f" "d67c41aef48b20f42babc00370f9cd70155c7fda9707c23292247fdfc1a4db1b", kill_on_drop: false }`
[INFO] [stdout] d67c41aef48b20f42babc00370f9cd70155c7fda9707c23292247fdfc1a4db1b
