[INFO] fetching crate pinka 0.1.0-beta.1...
[INFO] testing pinka-0.1.0-beta.1 against 1.100.0-beta.1+cargoflags=--release for beta-release-1.100-2
[INFO] extracting crate pinka 0.1.0-beta.1 into /workspace/builds/worker-7-tc2/source
[INFO] started tweaking crates.io crate pinka 0.1.0-beta.1
[INFO] finished tweaking crates.io crate pinka 0.1.0-beta.1
[INFO] tweaked toml for crates.io crate pinka 0.1.0-beta.1 written to /workspace/builds/worker-7-tc2/source/Cargo.toml
[INFO] validating manifest of crates.io crate pinka 0.1.0-beta.1 on toolchain 1.100.0-beta.1
[INFO] running `Command { std: CARGO_HOME="/workspace/cargo-home" RUSTUP_HOME="/workspace/rustup-home" "/workspace/cargo-home/bin/cargo" "+1.100.0-beta.1" "metadata" "--manifest-path" "Cargo.toml" "--no-deps", kill_on_drop: false }`
[INFO] crate crates.io crate pinka 0.1.0-beta.1 already has a lockfile, it will not be regenerated
[INFO] running `Command { std: CARGO_HOME="/workspace/cargo-home" RUSTUP_HOME="/workspace/rustup-home" "/workspace/cargo-home/bin/cargo" "+1.100.0-beta.1" "fetch" "--manifest-path" "Cargo.toml", kill_on_drop: false }`
[INFO] running `Command { std: "docker" "create" "-v" "/var/lib/crater-agent-workspace/builds/worker-7-tc2/source:/opt/rustwide/workdir:ro,Z" "-v" "/var/lib/crater-agent-workspace/builds/worker-7-tc2/target:/opt/rustwide/target:rw,Z" "-v" "/var/lib/crater-agent-workspace/cargo-home:/opt/rustwide/cargo-home:ro,Z" "-v" "/var/lib/crater-agent-workspace/rustup-home:/opt/rustwide/rustup-home:ro,Z" "-m" "1610612736" "--network" "none" "ghcr.io/rust-lang/crates-build-env/linux@sha256:77db811e55d90add9212f6832c23229e3de5f1c1f9905e8cb07319ea15df73ac" "sleep" "infinity", kill_on_drop: false }`
[INFO] [stdout] faeb6329b5f87d33b7c170be1da9e2c7fee1baf8069c456f1f54bbcc3d58dd18
[INFO] running `Command { std: "docker" "start" "faeb6329b5f87d33b7c170be1da9e2c7fee1baf8069c456f1f54bbcc3d58dd18", kill_on_drop: false }`
[INFO] running `Command { std: "docker" "inspect" "faeb6329b5f87d33b7c170be1da9e2c7fee1baf8069c456f1f54bbcc3d58dd18", kill_on_drop: false }`
[INFO] running `Command { std: "docker" "exec" "-e" "SOURCE_DIR=/opt/rustwide/workdir" "-e" "CARGO_HOME=/opt/rustwide/cargo-home" "-e" "RUSTUP_HOME=/opt/rustwide/rustup-home" "-e" "CARGO_TARGET_DIR=/opt/rustwide/target" "-w" "/opt/rustwide/workdir" "--user" "0:0" "faeb6329b5f87d33b7c170be1da9e2c7fee1baf8069c456f1f54bbcc3d58dd18" "/opt/rustwide/cargo-home/bin/cargo" "+1.100.0-beta.1" "metadata" "--no-deps" "--format-version=1", kill_on_drop: false }`
[INFO] running `Command { std: "docker" "inspect" "faeb6329b5f87d33b7c170be1da9e2c7fee1baf8069c456f1f54bbcc3d58dd18", kill_on_drop: false }`
[INFO] running `Command { std: "docker" "exec" "-e" "SOURCE_DIR=/opt/rustwide/workdir" "-e" "CARGO_HOME=/opt/rustwide/cargo-home" "-e" "RUSTUP_HOME=/opt/rustwide/rustup-home" "-e" "CARGO_TARGET_DIR=/opt/rustwide/target" "-e" "CARGO_INCREMENTAL=0" "-e" "RUST_BACKTRACE=full" "-e" "RUSTFLAGS=--cap-lints=warn" "-e" "RUSTDOCFLAGS=--cap-lints=warn" "-w" "/opt/rustwide/workdir" "--user" "0:0" "faeb6329b5f87d33b7c170be1da9e2c7fee1baf8069c456f1f54bbcc3d58dd18" "/opt/rustwide/cargo-home/bin/cargo" "+1.100.0-beta.1" "build" "--frozen" "--message-format=json" "--release", kill_on_drop: false }`
[INFO] [stderr]    Compiling proc-macro2 v1.0.93
[INFO] [stderr]    Compiling unicode-ident v1.0.17
[INFO] [stderr]    Compiling libc v0.2.170
[INFO] [stderr]    Compiling autocfg v1.4.0
[INFO] [stderr]    Compiling once_cell v1.20.3
[INFO] [stderr]    Compiling smallvec v1.14.0
[INFO] [stderr]    Compiling memchr v2.7.4
[INFO] [stderr]    Compiling serde v1.0.218
[INFO] [stderr]    Compiling log v0.4.26
[INFO] [stderr]    Compiling bytes v1.10.0
[INFO] [stderr]    Compiling futures-sink v0.3.31
[INFO] [stderr]    Compiling slab v0.4.9
[INFO] [stderr]    Compiling stable_deref_trait v1.2.0
[INFO] [stderr]    Compiling rustix v0.38.44
[INFO] [stderr]    Compiling itoa v1.0.14
[INFO] [stderr]    Compiling futures-channel v0.3.31
[INFO] [stderr]    Compiling anyhow v1.0.96
[INFO] [stderr]    Compiling pin-utils v0.1.0
[INFO] [stderr]    Compiling futures-io v0.3.31
[INFO] [stderr]    Compiling futures-task v0.3.31
[INFO] [stderr]    Compiling lock_api v0.4.12
[INFO] [stderr]    Compiling tracing-core v0.1.33
[INFO] [stderr]    Compiling parking_lot_core v0.9.10
[INFO] [stderr]    Compiling quote v1.0.38
[INFO] [stderr]    Compiling signal-hook-registry v1.4.2
[INFO] [stderr]    Compiling socket2 v0.5.8
[INFO] [stderr]    Compiling mio v1.0.3
[INFO] [stderr]    Compiling syn v2.0.98
[INFO] [stderr]    Compiling jobserver v0.1.32
[INFO] [stderr]    Compiling cc v1.2.15
[INFO] [stderr]    Compiling getrandom v0.3.1
[INFO] [stderr]    Compiling writeable v0.5.5
[INFO] [stderr]    Compiling litemap v0.7.4
[INFO] [stderr]    Compiling getrandom v0.2.15
[INFO] [stderr]    Compiling either v1.13.0
[INFO] [stderr]    Compiling http v1.2.0
[INFO] [stderr]    Compiling itertools v0.14.0
[INFO] [stderr]    Compiling icu_locid_transform_data v1.5.0
[INFO] [stderr]    Compiling siphasher v1.0.1
[INFO] [stderr]    Compiling aws-lc-rs v1.12.4
[INFO] [stderr]    Compiling rustversion v1.0.19
[INFO] [stderr]    Compiling phf_shared v0.11.3
[INFO] [stderr]    Compiling rand v0.8.5
[INFO] [stderr]    Compiling rustls-pki-types v1.11.0
[INFO] [stderr]    Compiling icu_properties_data v1.5.0
[INFO] [stderr]    Compiling zeroize v1.8.1
[INFO] [stderr]    Compiling cmake v0.1.54
[INFO] [stderr]    Compiling typenum v1.18.0
[INFO] [stderr]    Compiling httparse v1.10.0
[INFO] [stderr]    Compiling http-body v1.0.1
[INFO] [stderr]    Compiling phf_generator v0.11.3
[INFO] [stderr]    Compiling untrusted v0.7.1
[INFO] [stderr]    Compiling hashbrown v0.14.5
[INFO] [stderr]    Compiling icu_normalizer_data v1.5.0
[INFO] [stderr]    Compiling aws-lc-sys v0.26.0
[INFO] [stderr]    Compiling ring v0.17.11
[INFO] [stderr]    Compiling bitflags v2.8.0
[INFO] [stderr]    Compiling rustls v0.23.23
[INFO] [stderr]    Compiling prettyplease v0.2.29
[INFO] [stderr]    Compiling hashbrown v0.15.2
[INFO] [stderr]    Compiling regex-syntax v0.8.5
[INFO] [stderr]    Compiling generic-array v0.14.7
[INFO] [stderr]    Compiling indexmap v2.7.1
[INFO] [stderr]    Compiling synstructure v0.13.1
[INFO] [stderr]    Compiling darling_core v0.20.10
[INFO] [stderr]    Compiling regex-automata v0.4.9
[INFO] [stderr]    Compiling phf_codegen v0.11.3
[INFO] [stderr]    Compiling string_cache_codegen v0.5.4
[INFO] [stderr]    Compiling fixedbitset v0.5.7
[INFO] [stderr]    Compiling ryu v1.0.19
[INFO] [stderr]    Compiling zerocopy v0.8.20
[INFO] [stderr]    Compiling fastrand v2.3.0
[INFO] [stderr]    Compiling serde_derive v1.0.218
[INFO] [stderr]    Compiling zerofrom-derive v0.1.5
[INFO] [stderr]    Compiling yoke-derive v0.7.5
[INFO] [stderr]    Compiling zerovec-derive v0.10.3
[INFO] [stderr]    Compiling zerofrom v0.1.5
[INFO] [stderr]    Compiling yoke v0.7.5
[INFO] [stderr]    Compiling futures-macro v0.3.31
[INFO] [stderr]    Compiling displaydoc v0.2.5
[INFO] [stderr]    Compiling tokio-macros v2.5.0
[INFO] [stderr]    Compiling icu_provider_macros v1.5.0
[INFO] [stderr]    Compiling tracing-attributes v0.1.28
[INFO] [stderr]    Compiling tokio v1.43.0
[INFO] [stderr]    Compiling zerovec v0.10.4
[INFO] [stderr]    Compiling futures-util v0.3.31
[INFO] [stderr]    Compiling prost-derive v0.13.5
[INFO] [stderr]    Compiling tracing v0.1.41
[INFO] [stderr]    Compiling tinystr v0.7.6
[INFO] [stderr]    Compiling icu_locid v1.5.0
[INFO] [stderr]    Compiling icu_collections v1.5.0
[INFO] [stderr]    Compiling zerocopy-derive v0.7.35
[INFO] [stderr]    Compiling zerocopy v0.7.35
[INFO] [stderr]    Compiling icu_provider v1.5.0
[INFO] [stderr]    Compiling ppv-lite86 v0.2.20
[INFO] [stderr]    Compiling prost v0.13.5
[INFO] [stderr]    Compiling icu_locid_transform v1.5.0
[INFO] [stderr]    Compiling darling_macro v0.20.10
[INFO] [stderr]    Compiling serde_json v1.0.139
[INFO] [stderr]    Compiling darling v0.20.10
[INFO] [stderr]    Compiling prost-types v0.13.5
[INFO] [stderr]    Compiling regex v1.11.1
[INFO] [stderr]    Compiling icu_properties v1.5.1
[INFO] [stderr]    Compiling tempfile v3.17.1
[INFO] [stderr]    Compiling petgraph v0.7.1
[INFO] [stderr]    Compiling markup5ever v0.12.1
[INFO] [stderr]    Compiling parking_lot v0.12.3
[INFO] [stderr]    Compiling hyper v1.6.0
[INFO] [stderr]    Compiling num-traits v0.2.19
[INFO] [stderr]    Compiling sync_wrapper v1.0.2
[INFO] [stderr]    Compiling path-dedot v3.1.1
[INFO] [stderr]    Compiling multimap v0.10.0
[INFO] [stderr]    Compiling protoc-bin-vendored-win32 v3.1.0
[INFO] [stderr]    Compiling protoc-bin-vendored-macos-aarch_64 v3.1.0
[INFO] [stderr]    Compiling protoc-bin-vendored-linux-x86_32 v3.1.0
[INFO] [stderr]    Compiling protoc-bin-vendored-linux-aarch_64 v3.1.0
[INFO] [stderr]    Compiling protoc-bin-vendored-macos-x86_64 v3.1.0
[INFO] [stderr]    Compiling protoc-bin-vendored-linux-x86_64 v3.1.0
[INFO] [stderr]    Compiling adler2 v2.0.0
[INFO] [stderr]    Compiling protoc-bin-vendored-linux-ppcle_64 v3.1.0
[INFO] [stderr]    Compiling compare v0.0.6
[INFO] [stderr]    Compiling miniz_oxide v0.8.5
[INFO] [stderr]    Compiling protoc-bin-vendored v3.1.0
[INFO] [stderr]    Compiling interval-heap v0.0.5
[INFO] [stderr]    Compiling icu_normalizer v1.5.0
[INFO] [stderr]    Compiling prost-build v0.13.5
[INFO] [stderr]    Compiling idna_adapter v1.2.0
[INFO] [stderr]    Compiling idna v1.0.3
[INFO] [stderr]    Compiling hyper-util v0.1.10
[INFO] [stderr]    Compiling url v2.5.4
[INFO] [stderr]    Compiling string_cache v0.8.8
[INFO] [stderr]    Compiling path-absolutize v3.1.1
[INFO] [stderr]    Compiling bon-macros v2.3.0
[INFO] [stderr]    Compiling futures-executor v0.3.31
[INFO] [stderr]    Compiling http-body-util v0.1.2
[INFO] [stderr]    Compiling strum_macros v0.26.4
[INFO] [stderr]    Compiling html5ever v0.27.0
[INFO] [stderr]    Compiling phf v0.11.3
[INFO] [stderr]    Compiling crypto-common v0.1.6
[INFO] [stderr]    Compiling block-buffer v0.10.4
[INFO] [stderr]    Compiling quick_cache v0.6.10
[INFO] [stderr]    Compiling dashmap v6.1.0
[INFO] [stderr]    Compiling rand_core v0.6.4
[INFO] [stderr]    Compiling aho-corasick v1.1.3
[INFO] [stderr]    Compiling encoding_rs v0.8.35
[INFO] [stderr]    Compiling crc32fast v1.4.2
[INFO] [stderr]    Compiling xxhash-rust v0.8.15
[INFO] [stderr]    Compiling rustc-hash v2.1.1
[INFO] [stderr]    Compiling byteview v0.5.4
[INFO] [stderr]    Compiling openssl-probe v0.1.6
[INFO] [stderr]    Compiling bon v2.3.0
[INFO] [stderr]    Compiling rustls-native-certs v0.8.1
[INFO] [stderr]    Compiling value-log v1.5.5
[INFO] [stderr]    Compiling strum v0.26.3
[INFO] [stderr]    Compiling flate2 v1.0.35
[INFO] [stderr]    Compiling rand_core v0.9.2
[INFO] [stderr]    Compiling rand_chacha v0.3.1
[INFO] [stderr]    Compiling crossbeam-skiplist v0.1.3
[INFO] [stderr]    Compiling digest v0.10.7
[INFO] [stderr]    Compiling futures v0.3.31
[INFO] [stderr]    Compiling ractor_cluster v0.15.2
[INFO] [stderr]    Compiling tower v0.5.2
[INFO] [stderr]    Compiling toml_datetime v0.6.8
[INFO] [stderr]    Compiling serde_urlencoded v0.7.1
[INFO] [stderr]    Compiling serde_spanned v0.6.8
[INFO] [stderr]    Compiling enum_dispatch v0.3.13
[INFO] [stderr]    Compiling minicbor v0.26.0
[INFO] [stderr]    Compiling iana-time-zone v0.1.61
[INFO] [stderr]    Compiling varint-rs v2.2.0
[INFO] [stderr]    Compiling winnow v0.7.3
[INFO] [stderr]    Compiling self_cell v1.1.0
[INFO] [stderr]    Compiling guardian v1.3.0
[INFO] [stderr]    Compiling lz4_flex v0.11.3
[INFO] [stderr]    Compiling double-ended-peekable v0.1.0
[INFO] [stderr]    Compiling sha2 v0.10.8
[INFO] [stderr]    Compiling lsm-tree v2.6.5
[INFO] [stderr]    Compiling sharded-slab v0.1.7
[INFO] [stderr]    Compiling toml_edit v0.22.24
[INFO] [stderr]    Compiling der v0.7.9
[INFO] [stderr]    Compiling chrono v0.4.39
[INFO] [stderr]    Compiling ractor v0.15.2
[INFO] [stderr]    Compiling rand_chacha v0.9.0
[INFO] [stderr]    Compiling async-compression v0.4.18
[INFO] [stderr]    Compiling quick-xml v0.37.2
[INFO] [stderr]    Compiling axum-core v0.5.0
[INFO] [stderr]    Compiling tokio-util v0.7.13
[INFO] [stderr]    Compiling mediatype v0.19.18
[INFO] [stderr]    Compiling serde_path_to_error v0.1.16
[INFO] [stderr]    Compiling minicbor-derive v0.16.0
[INFO] [stderr]    Compiling ractor_cluster_derive v0.15.2
[INFO] [stderr]    Compiling rustls-pemfile v2.2.0
[INFO] [stderr]    Compiling uuid v1.14.0
[INFO] [stderr]    Compiling tracing-log v0.2.0
[INFO] [stderr]    Compiling thread_local v1.1.8
[INFO] [stderr]    Compiling xflags-macros v0.3.2
[INFO] [stderr]    Compiling ipnet v2.11.0
[INFO] [stderr]    Compiling std-semaphore v0.1.0
[INFO] [stderr]    Compiling fjall v2.6.5
[INFO] [stderr]    Compiling xflags v0.3.2
[INFO] [stderr]    Compiling axum v0.8.1
[INFO] [stderr]    Compiling ammonia v4.0.0
[INFO] [stderr]    Compiling tracing-subscriber v0.3.19
[INFO] [stderr]    Compiling feed-rs v2.3.1
[INFO] [stderr]    Compiling rand v0.9.0
[INFO] [stderr]    Compiling toml v0.8.20
[INFO] [stderr]    Compiling spki v0.7.3
[INFO] [stderr]    Compiling secrecy v0.10.3
[INFO] [stderr]    Compiling tower-http v0.6.2
[INFO] [stderr]    Compiling fd-lock v4.0.2
[INFO] [stderr]    Compiling bimap v0.6.3
[INFO] [stderr]    Compiling jiff v0.2.1
[INFO] [stderr]    Compiling rustls-webpki v0.102.8
[INFO] [stderr]    Compiling tokio-rustls v0.26.1
[INFO] [stderr]    Compiling hyper-rustls v0.27.5
[INFO] [stderr]    Compiling reqwest v0.12.12
[INFO] [stderr]    Compiling pinka v0.1.0-beta.1 (/opt/rustwide/workdir)
[INFO] [stdout] warning: struct `LogEntryList` is never constructed
[INFO] [stdout]   --> src/raft/log_entry.rs:34:19
[INFO] [stdout]    |
[INFO] [stdout] 34 | pub(crate) struct LogEntryList {
[INFO] [stdout]    |                   ^^^^^^^^^^^^
[INFO] [stdout]    |
[INFO] [stdout]    = note: `#[warn(dead_code)]` (part of `#[warn(unused)]`) on by default
[INFO] [stdout] 
[INFO] [stdout] 
[INFO] [stdout] warning: hiding a lifetime that's elided elsewhere is confusing
[INFO] [stdout]   --> src/activity_pub/repo/context_index.rs:63:9
[INFO] [stdout]    |
[INFO] [stdout] 63 |         &self,
[INFO] [stdout]    |         ^^^^^ the lifetime is elided here
[INFO] [stdout] ...
[INFO] [stdout] 69 |     ) -> Result<Vec<(ObjectKey, Object)>> {
[INFO] [stdout]    |                                 ^^^^^^ the same lifetime is hidden here
[INFO] [stdout]    |
[INFO] [stdout]    = help: the same lifetime is referred to in inconsistent ways, making the signature confusing
[INFO] [stdout]    = note: `#[warn(mismatched_lifetime_syntaxes)]` on by default
[INFO] [stdout] help: use `'_` for type paths
[INFO] [stdout]    |
[INFO] [stdout] 69 |     ) -> Result<Vec<(ObjectKey, Object<'_>)>> {
[INFO] [stdout]    |                                       ++++
[INFO] [stdout] 
[INFO] [stdout] 
[INFO] [stdout] warning: hiding a lifetime that's elided elsewhere is confusing
[INFO] [stdout]   --> src/activity_pub/repo/outbox_index.rs:87:9
[INFO] [stdout]    |
[INFO] [stdout] 87 |         &self,
[INFO] [stdout]    |         ^^^^^ the lifetime is elided here
[INFO] [stdout] ...
[INFO] [stdout] 93 |     ) -> Result<Vec<(ObjectKey, Object)>> {
[INFO] [stdout]    |                                 ^^^^^^ the same lifetime is hidden here
[INFO] [stdout]    |
[INFO] [stdout]    = help: the same lifetime is referred to in inconsistent ways, making the signature confusing
[INFO] [stdout] help: use `'_` for type paths
[INFO] [stdout]    |
[INFO] [stdout] 93 |     ) -> Result<Vec<(ObjectKey, Object<'_>)>> {
[INFO] [stdout]    |                                       ++++
[INFO] [stdout] 
[INFO] [stdout] 
[INFO] [stdout] warning: hiding a lifetime that's elided elsewhere is confusing
[INFO] [stdout]   --> src/activity_pub/repo/user_index.rs:43:28
[INFO] [stdout]    |
[INFO] [stdout] 43 |     pub(crate) fn find_one(&self, uid: &str) -> Result<Option<Object>> {
[INFO] [stdout]    |                            ^^^^^ the lifetime is elided here  ^^^^^^ the same lifetime is hidden here
[INFO] [stdout]    |
[INFO] [stdout]    = help: the same lifetime is referred to in inconsistent ways, making the signature confusing
[INFO] [stdout] help: use `'_` for type paths
[INFO] [stdout]    |
[INFO] [stdout] 43 |     pub(crate) fn find_one(&self, uid: &str) -> Result<Option<Object<'_>>> {
[INFO] [stdout]    |                                                                     ++++
[INFO] [stdout] 
[INFO] [stdout] 
[INFO] [stdout] warning: hiding a lifetime that's elided elsewhere is confusing
[INFO] [stdout]   --> src/activity_pub/model/object.rs:75:35
[INFO] [stdout]    |
[INFO] [stdout] 75 |     pub(crate) fn get_node_object(&self, prop: &str) -> Option<Object> {
[INFO] [stdout]    |                                   ^^^^^                        ^^^^^^ the same lifetime is hidden here
[INFO] [stdout]    |                                   |
[INFO] [stdout]    |                                   the lifetime is elided here
[INFO] [stdout]    |
[INFO] [stdout]    = help: the same lifetime is referred to in inconsistent ways, making the signature confusing
[INFO] [stdout] help: use `'_` for type paths
[INFO] [stdout]    |
[INFO] [stdout] 75 |     pub(crate) fn get_node_object(&self, prop: &str) -> Option<Object<'_>> {
[INFO] [stdout]    |                                                                      ++++
[INFO] [stdout] 
[INFO] [stdout] 
[INFO] [stderr]     Finished `release` profile [optimized] target(s) in 9m 34s
[INFO] running `Command { std: "docker" "inspect" "faeb6329b5f87d33b7c170be1da9e2c7fee1baf8069c456f1f54bbcc3d58dd18", kill_on_drop: false }`
[INFO] running `Command { std: "docker" "exec" "-e" "SOURCE_DIR=/opt/rustwide/workdir" "-e" "CARGO_HOME=/opt/rustwide/cargo-home" "-e" "RUSTUP_HOME=/opt/rustwide/rustup-home" "-e" "CARGO_TARGET_DIR=/opt/rustwide/target" "-e" "CARGO_INCREMENTAL=0" "-e" "RUST_BACKTRACE=full" "-e" "RUSTFLAGS=--cap-lints=warn" "-e" "RUSTDOCFLAGS=--cap-lints=warn" "-w" "/opt/rustwide/workdir" "--user" "0:0" "faeb6329b5f87d33b7c170be1da9e2c7fee1baf8069c456f1f54bbcc3d58dd18" "/opt/rustwide/cargo-home/bin/cargo" "+1.100.0-beta.1" "test" "--frozen" "--no-run" "--message-format=json" "--release", kill_on_drop: false }`
[INFO] [stderr]    Compiling pinka v0.1.0-beta.1 (/opt/rustwide/workdir)
[INFO] [stdout] warning: struct `LogEntryList` is never constructed
[INFO] [stdout]   --> src/raft/log_entry.rs:34:19
[INFO] [stdout]    |
[INFO] [stdout] 34 | pub(crate) struct LogEntryList {
[INFO] [stdout]    |                   ^^^^^^^^^^^^
[INFO] [stdout]    |
[INFO] [stdout]    = note: `#[warn(dead_code)]` (part of `#[warn(unused)]`) on by default
[INFO] [stdout] 
[INFO] [stdout] 
[INFO] [stdout] warning: hiding a lifetime that's elided elsewhere is confusing
[INFO] [stdout]   --> src/activity_pub/repo/context_index.rs:63:9
[INFO] [stdout]    |
[INFO] [stdout] 63 |         &self,
[INFO] [stdout]    |         ^^^^^ the lifetime is elided here
[INFO] [stdout] ...
[INFO] [stdout] 69 |     ) -> Result<Vec<(ObjectKey, Object)>> {
[INFO] [stdout]    |                                 ^^^^^^ the same lifetime is hidden here
[INFO] [stdout]    |
[INFO] [stdout]    = help: the same lifetime is referred to in inconsistent ways, making the signature confusing
[INFO] [stdout]    = note: `#[warn(mismatched_lifetime_syntaxes)]` on by default
[INFO] [stdout] help: use `'_` for type paths
[INFO] [stdout]    |
[INFO] [stdout] 69 |     ) -> Result<Vec<(ObjectKey, Object<'_>)>> {
[INFO] [stdout]    |                                       ++++
[INFO] [stdout] 
[INFO] [stdout] 
[INFO] [stdout] warning: hiding a lifetime that's elided elsewhere is confusing
[INFO] [stdout]   --> src/activity_pub/repo/outbox_index.rs:87:9
[INFO] [stdout]    |
[INFO] [stdout] 87 |         &self,
[INFO] [stdout]    |         ^^^^^ the lifetime is elided here
[INFO] [stdout] ...
[INFO] [stdout] 93 |     ) -> Result<Vec<(ObjectKey, Object)>> {
[INFO] [stdout]    |                                 ^^^^^^ the same lifetime is hidden here
[INFO] [stdout]    |
[INFO] [stdout]    = help: the same lifetime is referred to in inconsistent ways, making the signature confusing
[INFO] [stdout] help: use `'_` for type paths
[INFO] [stdout]    |
[INFO] [stdout] 93 |     ) -> Result<Vec<(ObjectKey, Object<'_>)>> {
[INFO] [stdout]    |                                       ++++
[INFO] [stdout] 
[INFO] [stdout] 
[INFO] [stdout] warning: hiding a lifetime that's elided elsewhere is confusing
[INFO] [stdout]   --> src/activity_pub/repo/user_index.rs:43:28
[INFO] [stdout]    |
[INFO] [stdout] 43 |     pub(crate) fn find_one(&self, uid: &str) -> Result<Option<Object>> {
[INFO] [stdout]    |                            ^^^^^ the lifetime is elided here  ^^^^^^ the same lifetime is hidden here
[INFO] [stdout]    |
[INFO] [stdout]    = help: the same lifetime is referred to in inconsistent ways, making the signature confusing
[INFO] [stdout] help: use `'_` for type paths
[INFO] [stdout]    |
[INFO] [stdout] 43 |     pub(crate) fn find_one(&self, uid: &str) -> Result<Option<Object<'_>>> {
[INFO] [stdout]    |                                                                     ++++
[INFO] [stdout] 
[INFO] [stdout] 
[INFO] [stdout] warning: hiding a lifetime that's elided elsewhere is confusing
[INFO] [stdout]   --> src/activity_pub/model/object.rs:75:35
[INFO] [stdout]    |
[INFO] [stdout] 75 |     pub(crate) fn get_node_object(&self, prop: &str) -> Option<Object> {
[INFO] [stdout]    |                                   ^^^^^                        ^^^^^^ the same lifetime is hidden here
[INFO] [stdout]    |                                   |
[INFO] [stdout]    |                                   the lifetime is elided here
[INFO] [stdout]    |
[INFO] [stdout]    = help: the same lifetime is referred to in inconsistent ways, making the signature confusing
[INFO] [stdout] help: use `'_` for type paths
[INFO] [stdout]    |
[INFO] [stdout] 75 |     pub(crate) fn get_node_object(&self, prop: &str) -> Option<Object<'_>> {
[INFO] [stdout]    |                                                                      ++++
[INFO] [stdout] 
[INFO] [stdout] 
[INFO] [stderr]     Finished `release` profile [optimized] target(s) in 13.03s
[INFO] running `Command { std: "docker" "inspect" "faeb6329b5f87d33b7c170be1da9e2c7fee1baf8069c456f1f54bbcc3d58dd18", kill_on_drop: false }`
[INFO] running `Command { std: "docker" "exec" "-e" "SOURCE_DIR=/opt/rustwide/workdir" "-e" "CARGO_HOME=/opt/rustwide/cargo-home" "-e" "RUSTUP_HOME=/opt/rustwide/rustup-home" "-e" "CARGO_TARGET_DIR=/opt/rustwide/target" "-e" "CARGO_INCREMENTAL=0" "-e" "RUST_BACKTRACE=full" "-e" "RUSTFLAGS=--cap-lints=warn" "-e" "RUSTDOCFLAGS=--cap-lints=warn" "-w" "/opt/rustwide/workdir" "--user" "0:0" "faeb6329b5f87d33b7c170be1da9e2c7fee1baf8069c456f1f54bbcc3d58dd18" "/opt/rustwide/cargo-home/bin/cargo" "+1.100.0-beta.1" "test" "--frozen" "--release", kill_on_drop: false }`
[INFO] [stderr] warning: struct `LogEntryList` is never constructed
[INFO] [stderr]   --> src/raft/log_entry.rs:34:19
[INFO] [stderr]    |
[INFO] [stderr] 34 | pub(crate) struct LogEntryList {
[INFO] [stderr]    |                   ^^^^^^^^^^^^
[INFO] [stderr]    |
[INFO] [stderr]    = note: `#[warn(dead_code)]` (part of `#[warn(unused)]`) on by default
[INFO] [stderr] 
[INFO] [stderr] warning: hiding a lifetime that's elided elsewhere is confusing
[INFO] [stderr]   --> src/activity_pub/repo/context_index.rs:63:9
[INFO] [stderr]    |
[INFO] [stderr] 63 |         &self,
[INFO] [stderr]    |         ^^^^^ the lifetime is elided here
[INFO] [stderr] ...
[INFO] [stderr] 69 |     ) -> Result<Vec<(ObjectKey, Object)>> {
[INFO] [stderr]    |                                 ^^^^^^ the same lifetime is hidden here
[INFO] [stderr]    |
[INFO] [stderr]    = help: the same lifetime is referred to in inconsistent ways, making the signature confusing
[INFO] [stderr]    = note: `#[warn(mismatched_lifetime_syntaxes)]` on by default
[INFO] [stderr] help: use `'_` for type paths
[INFO] [stderr]    |
[INFO] [stderr] 69 |     ) -> Result<Vec<(ObjectKey, Object<'_>)>> {
[INFO] [stderr]    |                                       ++++
[INFO] [stderr] 
[INFO] [stderr] warning: hiding a lifetime that's elided elsewhere is confusing
[INFO] [stderr]   --> src/activity_pub/repo/outbox_index.rs:87:9
[INFO] [stderr]    |
[INFO] [stderr] 87 |         &self,
[INFO] [stderr]    |         ^^^^^ the lifetime is elided here
[INFO] [stderr] ...
[INFO] [stderr] 93 |     ) -> Result<Vec<(ObjectKey, Object)>> {
[INFO] [stderr]    |                                 ^^^^^^ the same lifetime is hidden here
[INFO] [stderr]    |
[INFO] [stderr]    = help: the same lifetime is referred to in inconsistent ways, making the signature confusing
[INFO] [stderr] help: use `'_` for type paths
[INFO] [stderr]    |
[INFO] [stderr] 93 |     ) -> Result<Vec<(ObjectKey, Object<'_>)>> {
[INFO] [stderr]    |                                       ++++
[INFO] [stderr] 
[INFO] [stderr] warning: hiding a lifetime that's elided elsewhere is confusing
[INFO] [stderr]   --> src/activity_pub/repo/user_index.rs:43:28
[INFO] [stderr]    |
[INFO] [stderr] 43 |     pub(crate) fn find_one(&self, uid: &str) -> Result<Option<Object>> {
[INFO] [stderr]    |                            ^^^^^ the lifetime is elided here  ^^^^^^ the same lifetime is hidden here
[INFO] [stderr]    |
[INFO] [stderr]    = help: the same lifetime is referred to in inconsistent ways, making the signature confusing
[INFO] [stderr] help: use `'_` for type paths
[INFO] [stderr]    |
[INFO] [stderr] 43 |     pub(crate) fn find_one(&self, uid: &str) -> Result<Option<Object<'_>>> {
[INFO] [stderr]    |                                                                     ++++
[INFO] [stderr] 
[INFO] [stderr] warning: hiding a lifetime that's elided elsewhere is confusing
[INFO] [stderr]   --> src/activity_pub/model/object.rs:75:35
[INFO] [stderr]    |
[INFO] [stderr] 75 |     pub(crate) fn get_node_object(&self, prop: &str) -> Option<Object> {
[INFO] [stderr]    |                                   ^^^^^                        ^^^^^^ the same lifetime is hidden here
[INFO] [stderr]    |                                   |
[INFO] [stderr]    |                                   the lifetime is elided here
[INFO] [stderr]    |
[INFO] [stderr]    = help: the same lifetime is referred to in inconsistent ways, making the signature confusing
[INFO] [stderr] help: use `'_` for type paths
[INFO] [stderr]    |
[INFO] [stderr] 75 |     pub(crate) fn get_node_object(&self, prop: &str) -> Option<Object<'_>> {
[INFO] [stderr]    |                                                                      ++++
[INFO] [stderr] 
[INFO] [stderr] warning: `pinka` (bin "pinka" test) generated 5 warnings (run `cargo fix --bin "pinka" -p pinka --tests` to apply 4 suggestions)
[INFO] [stderr]     Finished `release` profile [optimized] target(s) in 0.31s
[INFO] [stderr]      Running unittests src/main.rs (/opt/rustwide/target/release/build/pinka/db7c90bb05e64aa7/out/pinka-db7c90bb05e64aa7)
[INFO] [stdout] 
[INFO] [stdout] running 17 tests
[INFO] [stdout] test activity_pub::object_serde::tests::convert_mastodon_note ... ok
[INFO] [stdout] test activity_pub::object_serde::tests::round_trip ... ok
[INFO] [stdout] test activity_pub::hs2019::tests::test_parse_sig_params ... ok
[INFO] [stdout] test activity_pub::hs2019::tests::test_ed25519_sign_verify ... ok
[INFO] [stdout] test activity_pub::model::create::tests::object_to_create_activity ... ok
[INFO] [stdout] test activity_pub::hs2019::tests::test_ecdsa_sign_verify ... ok
[INFO] [stdout] test activity_pub::hs2019::tests::test_parse_headers ... ok
[INFO] [stdout] test activity_pub::object_serde::tests::value_from_serde_json_depth_limit ... ok
[INFO] [stdout] test activity_pub::model::actor::tests::enrich_actor ... ok
[INFO] [stdout] test activity_pub::hs2019::tests::test_rsa_sign_verify ... ok
[INFO] [stdout] test activity_pub::simple_queue::tests::test_basic_flow ... ok
[INFO] [stdout] test activity_pub::simple_queue::tests::test_concurrent_access ... FAILED
[INFO] [stdout] test activity_pub::simple_queue::tests::test_visibility_timeout ... ok
[INFO] [stdout] test activity_pub::simple_queue::tests::test_handle_rotation ... ok
[INFO] [stdout] test activity_pub::simple_queue::tests::test_concurrent_multi_queue ... FAILED
[INFO] [stdout] test activity_pub::repo::user_index::tests::insert_then_find ... ok
[INFO] [stdout] test activity_pub::repo::object_repo::tests::insert_then_find ... ok
[INFO] [stdout] 
[INFO] [stdout] failures:
[INFO] [stdout] 
[INFO] [stdout] ---- activity_pub::simple_queue::tests::test_concurrent_access stdout ----
[INFO] [stdout] 
[INFO] [stdout] thread 'activity_pub::simple_queue::tests::test_concurrent_access' (5125) panicked at src/activity_pub/simple_queue.rs:320:9:
[INFO] [stdout] assertion failed: queue.receive_message(QUEUE_NAME, uuidgen(), SimpleQueue::now(),
[INFO] [stdout]             30)?.is_none()
[INFO] [stdout] stack backtrace:
[INFO] [stdout]    0:     0x570187103621 - <<std[617be2ca0a6fd877]::sys::backtrace::BacktraceLock>::print::DisplayBacktrace as core[a373ad73a504971]::fmt::Display>::fmt
[INFO] [stdout]    1:     0x570187119d3a - core[a373ad73a504971]::fmt::write
[INFO] [stdout]    2:     0x57018710818c - <alloc[2e1b2a31b91974c5]::vec::Vec<u8> as core[a373ad73a504971]::io::write::Write>::write_fmt
[INFO] [stdout]    3:     0x5701870dcba6 - std[617be2ca0a6fd877]::panicking::default_hook::{closure#0}
[INFO] [stdout]    4:     0x5701870faa29 - std[617be2ca0a6fd877]::panicking::default_hook
[INFO] [stdout]    5:     0x570186e2ac90 - test[aada8e7e76ba119b]::test_main_inner::{closure#0}
[INFO] [stdout]    6:     0x5701870fabe2 - std[617be2ca0a6fd877]::panicking::panic_with_hook
[INFO] [stdout]    7:     0x5701870dcc84 - std[617be2ca0a6fd877]::panicking::panic_handler::{closure#0}
[INFO] [stdout]    8:     0x5701870d4fb9 - std[617be2ca0a6fd877]::sys::backtrace::__rust_end_short_backtrace::<std[617be2ca0a6fd877]::panicking::panic_handler::{closure#0}, !>
[INFO] [stdout]    9:     0x5701870ddb4d - __rustc[ea4f61d10b84890b]::rust_begin_unwind
[INFO] [stdout]   10:     0x57018711a49c - core[a373ad73a504971]::panicking::panic_fmt
[INFO] [stdout]   11:     0x57018711a462 - core[a373ad73a504971]::panicking::panic
[INFO] [stdout]   12:     0x570186deec26 - <pinka[67378397675dcb44]::activity_pub::simple_queue::tests::test_concurrent_access::{closure#0} as core[a373ad73a504971]::ops::function::FnOnce<()>>::call_once
[INFO] [stdout]   13:     0x570186e1e0db - test[aada8e7e76ba119b]::__rust_begin_short_backtrace::<core[a373ad73a504971]::result::Result<(), alloc[2e1b2a31b91974c5]::string::String>, fn() -> core[a373ad73a504971]::result::Result<(), alloc[2e1b2a31b91974c5]::string::String>>
[INFO] [stdout]   14:     0x570186e2b2b5 - test[aada8e7e76ba119b]::run_test::{closure#0}
[INFO] [stdout]   15:     0x570186e24ba4 - std[617be2ca0a6fd877]::sys::backtrace::__rust_begin_short_backtrace::<test[aada8e7e76ba119b]::run_test::{closure#1}, ()>
[INFO] [stdout]   16:     0x570186e2e342 - <std[617be2ca0a6fd877]::thread::lifecycle::spawn_unchecked<test[aada8e7e76ba119b]::run_test::{closure#1}, ()>::{closure#1} as core[a373ad73a504971]::ops::function::FnOnce<()>>::call_once::{shim:vtable#0}
[INFO] [stdout]   17:     0x570187102b3f - <std[617be2ca0a6fd877]::sys::thread::unix::Thread>::new::thread_start
[INFO] [stdout]   18:     0x76aba99eadfa - <unknown>
[INFO] [stdout]   19:     0x76aba9a7e3d4 - clone
[INFO] [stdout]   20:                0x0 - <unknown>
[INFO] [stdout] 
[INFO] [stdout] ---- activity_pub::simple_queue::tests::test_concurrent_multi_queue stdout ----
[INFO] [stdout] 
[INFO] [stdout] thread 'activity_pub::simple_queue::tests::test_concurrent_multi_queue' (5126) panicked at src/activity_pub/simple_queue.rs:380:9:
[INFO] [stdout] assertion failed: queue.receive_message("queue_b", uuidgen(), SimpleQueue::now(), 1)?.is_none()
[INFO] [stdout] stack backtrace:
[INFO] [stdout]    0:     0x570187103621 - <<std[617be2ca0a6fd877]::sys::backtrace::BacktraceLock>::print::DisplayBacktrace as core[a373ad73a504971]::fmt::Display>::fmt
[INFO] [stdout]    1:     0x570187119d3a - core[a373ad73a504971]::fmt::write
[INFO] [stdout]    2:     0x57018710818c - <alloc[2e1b2a31b91974c5]::vec::Vec<u8> as core[a373ad73a504971]::io::write::Write>::write_fmt
[INFO] [stdout]    3:     0x5701870dcba6 - std[617be2ca0a6fd877]::panicking::default_hook::{closure#0}
[INFO] [stdout]    4:     0x5701870faa29 - std[617be2ca0a6fd877]::panicking::default_hook
[INFO] [stdout]    5:     0x570186e2ac90 - test[aada8e7e76ba119b]::test_main_inner::{closure#0}
[INFO] [stdout]    6:     0x5701870fabe2 - std[617be2ca0a6fd877]::panicking::panic_with_hook
[INFO] [stdout]    7:     0x5701870dcc84 - std[617be2ca0a6fd877]::panicking::panic_handler::{closure#0}
[INFO] [stdout]    8:     0x5701870d4fb9 - std[617be2ca0a6fd877]::sys::backtrace::__rust_end_short_backtrace::<std[617be2ca0a6fd877]::panicking::panic_handler::{closure#0}, !>
[INFO] [stdout]    9:     0x5701870ddb4d - __rustc[ea4f61d10b84890b]::rust_begin_unwind
[INFO] [stdout]   10:     0x57018711a49c - core[a373ad73a504971]::panicking::panic_fmt
[INFO] [stdout]   11:     0x57018711a462 - core[a373ad73a504971]::panicking::panic
[INFO] [stdout]   12:     0x570186df0280 - <pinka[67378397675dcb44]::activity_pub::simple_queue::tests::test_concurrent_multi_queue::{closure#0} as core[a373ad73a504971]::ops::function::FnOnce<()>>::call_once
[INFO] [stdout]   13:     0x570186e1e0db - test[aada8e7e76ba119b]::__rust_begin_short_backtrace::<core[a373ad73a504971]::result::Result<(), alloc[2e1b2a31b91974c5]::string::String>, fn() -> core[a373ad73a504971]::result::Result<(), alloc[2e1b2a31b91974c5]::string::String>>
[INFO] [stdout]   14:     0x570186e2b2b5 - test[aada8e7e76ba119b]::run_test::{closure#0}
[INFO] [stdout]   15:     0x570186e24ba4 - std[617be2ca0a6fd877]::sys::backtrace::__rust_begin_short_backtrace::<test[aada8e7e76ba119b]::run_test::{closure#1}, ()>
[INFO] [stdout]   16:     0x570186e2e342 - <std[617be2ca0a6fd877]::thread::lifecycle::spawn_unchecked<test[aada8e7e76ba119b]::run_test::{closure#1}, ()>::{closure#1} as core[a373ad73a504971]::ops::function::FnOnce<()>>::call_once::{shim:vtable#0}
[INFO] [stdout]   17:     0x570187102b3f - <std[617be2ca0a6fd877]::sys::thread::unix::Thread>::new::thread_start
[INFO] [stdout]   18:     0x76aba99eadfa - <unknown>
[INFO] [stdout]   19:     0x76aba9a7e3d4 - clone
[INFO] [stdout]   20:                0x0 - <unknown>
[INFO] [stdout] 
[INFO] [stdout] 
[INFO] [stdout] failures:
[INFO] [stdout]     activity_pub::simple_queue::tests::test_concurrent_access
[INFO] [stdout]     activity_pub::simple_queue::tests::test_concurrent_multi_queue
[INFO] [stdout] 
[INFO] [stdout] test result: FAILED. 15 passed; 2 failed; 0 ignored; 0 measured; 0 filtered out; finished in 0.29s
[INFO] [stdout] 
[INFO] [stderr] error: test failed, to rerun pass `--bin pinka`
[INFO] running `Command { std: "docker" "inspect" "faeb6329b5f87d33b7c170be1da9e2c7fee1baf8069c456f1f54bbcc3d58dd18", kill_on_drop: false }`
[INFO] running `Command { std: "docker" "rm" "-f" "faeb6329b5f87d33b7c170be1da9e2c7fee1baf8069c456f1f54bbcc3d58dd18", kill_on_drop: false }`
[INFO] [stdout] faeb6329b5f87d33b7c170be1da9e2c7fee1baf8069c456f1f54bbcc3d58dd18
