[INFO] fetching crate p3p 0.1.0...
[INFO] testing p3p-0.1.0 against 1.99.0-beta.8+cargoflags=--release for beta-release-1.100-2
[INFO] extracting crate p3p 0.1.0 into /workspace/builds/worker-2-tc1/source
[INFO] started tweaking crates.io crate p3p 0.1.0
[INFO] finished tweaking crates.io crate p3p 0.1.0
[INFO] tweaked toml for crates.io crate p3p 0.1.0 written to /workspace/builds/worker-2-tc1/source/Cargo.toml
[INFO] validating manifest of crates.io crate p3p 0.1.0 on toolchain 1.99.0-beta.8
[INFO] running `Command { std: CARGO_HOME="/workspace/cargo-home" RUSTUP_HOME="/workspace/rustup-home" "/workspace/cargo-home/bin/cargo" "+1.99.0-beta.8" "metadata" "--manifest-path" "Cargo.toml" "--no-deps", kill_on_drop: false }`
[INFO] running `Command { std: CARGO_HOME="/workspace/cargo-home" RUSTUP_HOME="/workspace/rustup-home" "/workspace/cargo-home/bin/cargo" "+1.99.0-beta.8" "generate-lockfile" "--manifest-path" "Cargo.toml", kill_on_drop: false }`
[INFO] [stderr]     Updating crates.io index
[INFO] [stderr]      Locking 43 packages to highest compatible versions
[INFO] [stderr]       Adding approx v0.3.2 (available: v0.5.1)
[INFO] [stderr]       Adding nalgebra v0.18.1 (available: v0.35.0)
[INFO] [stderr]       Adding quickcheck v0.8.5 (available: v1.1.0)
[INFO] [stderr]       Adding quickcheck_macros v0.8.0 (available: v1.2.0)
[INFO] running `Command { std: CARGO_HOME="/workspace/cargo-home" RUSTUP_HOME="/workspace/rustup-home" "/workspace/cargo-home/bin/cargo" "+1.99.0-beta.8" "fetch" "--manifest-path" "Cargo.toml", kill_on_drop: false }`
[INFO] [stderr]  Downloading crates ...
[INFO] [stderr]   Downloaded quickcheck_macros v0.8.0
[INFO] [stderr]   Downloaded quickcheck v0.8.5
[INFO] [stderr]   Downloaded approx v0.3.2
[INFO] [stderr]   Downloaded alga v0.9.3
[INFO] [stderr]   Downloaded nalgebra v0.18.1
[INFO] running `Command { std: "docker" "create" "-v" "/var/lib/crater-agent-workspace/builds/worker-2-tc1/source:/opt/rustwide/workdir:ro,Z" "-v" "/var/lib/crater-agent-workspace/builds/worker-2-tc1/target:/opt/rustwide/target:rw,Z" "-v" "/var/lib/crater-agent-workspace/cargo-home:/opt/rustwide/cargo-home:ro,Z" "-v" "/var/lib/crater-agent-workspace/rustup-home:/opt/rustwide/rustup-home:ro,Z" "-m" "1610612736" "--network" "none" "ghcr.io/rust-lang/crates-build-env/linux@sha256:77db811e55d90add9212f6832c23229e3de5f1c1f9905e8cb07319ea15df73ac" "sleep" "infinity", kill_on_drop: false }`
[INFO] [stdout] dc002e7ba38b635d5360605e1195f2d99d05c46ac773874302cc2d6f8989a4db
[INFO] running `Command { std: "docker" "start" "dc002e7ba38b635d5360605e1195f2d99d05c46ac773874302cc2d6f8989a4db", kill_on_drop: false }`
[INFO] running `Command { std: "docker" "inspect" "dc002e7ba38b635d5360605e1195f2d99d05c46ac773874302cc2d6f8989a4db", kill_on_drop: false }`
[INFO] running `Command { std: "docker" "exec" "-e" "SOURCE_DIR=/opt/rustwide/workdir" "-e" "CARGO_HOME=/opt/rustwide/cargo-home" "-e" "RUSTUP_HOME=/opt/rustwide/rustup-home" "-e" "CARGO_TARGET_DIR=/opt/rustwide/target" "-w" "/opt/rustwide/workdir" "--user" "0:0" "dc002e7ba38b635d5360605e1195f2d99d05c46ac773874302cc2d6f8989a4db" "/opt/rustwide/cargo-home/bin/cargo" "+1.99.0-beta.8" "metadata" "--no-deps" "--format-version=1", kill_on_drop: false }`
[INFO] running `Command { std: "docker" "inspect" "dc002e7ba38b635d5360605e1195f2d99d05c46ac773874302cc2d6f8989a4db", kill_on_drop: false }`
[INFO] running `Command { std: "docker" "exec" "-e" "SOURCE_DIR=/opt/rustwide/workdir" "-e" "CARGO_HOME=/opt/rustwide/cargo-home" "-e" "RUSTUP_HOME=/opt/rustwide/rustup-home" "-e" "CARGO_TARGET_DIR=/opt/rustwide/target" "-e" "CARGO_INCREMENTAL=0" "-e" "RUST_BACKTRACE=full" "-e" "RUSTFLAGS=--cap-lints=warn" "-e" "RUSTDOCFLAGS=--cap-lints=warn" "-w" "/opt/rustwide/workdir" "--user" "0:0" "dc002e7ba38b635d5360605e1195f2d99d05c46ac773874302cc2d6f8989a4db" "/opt/rustwide/cargo-home/bin/cargo" "+1.99.0-beta.8" "build" "--frozen" "--message-format=json" "--release", kill_on_drop: false }`
[INFO] [stderr]    Compiling autocfg v0.1.8
[INFO] [stderr]    Compiling rand_core v0.4.3
[INFO] [stderr]    Compiling num-complex v0.2.4
[INFO] [stderr]    Compiling num-rational v0.2.4
[INFO] [stderr]    Compiling generic-array v0.12.4
[INFO] [stderr]    Compiling approx v0.3.2
[INFO] [stderr]    Compiling num-integer v0.1.47
[INFO] [stderr]    Compiling rand_pcg v0.1.2
[INFO] [stderr]    Compiling rand_chacha v0.1.1
[INFO] [stderr]    Compiling rand v0.6.5
[INFO] [stderr]    Compiling rand_core v0.3.2
[INFO] [stderr]    Compiling rand_hc v0.1.0
[INFO] [stderr]    Compiling rand_isaac v0.1.1
[INFO] [stderr]    Compiling rand_xorshift v0.1.1
[INFO] [stderr]    Compiling rand_jitter v0.1.4
[INFO] [stderr]    Compiling rand_os v0.1.3
[INFO] [stderr]    Compiling alga v0.9.3
[INFO] [stderr]    Compiling nalgebra v0.18.1
[INFO] [stderr]    Compiling p3p v0.1.0 (/opt/rustwide/workdir)
[INFO] [stderr]     Finished `release` profile [optimized] target(s) in 15.44s
[INFO] running `Command { std: "docker" "inspect" "dc002e7ba38b635d5360605e1195f2d99d05c46ac773874302cc2d6f8989a4db", kill_on_drop: false }`
[INFO] running `Command { std: "docker" "exec" "-e" "SOURCE_DIR=/opt/rustwide/workdir" "-e" "CARGO_HOME=/opt/rustwide/cargo-home" "-e" "RUSTUP_HOME=/opt/rustwide/rustup-home" "-e" "CARGO_TARGET_DIR=/opt/rustwide/target" "-e" "CARGO_INCREMENTAL=0" "-e" "RUST_BACKTRACE=full" "-e" "RUSTFLAGS=--cap-lints=warn" "-e" "RUSTDOCFLAGS=--cap-lints=warn" "-w" "/opt/rustwide/workdir" "--user" "0:0" "dc002e7ba38b635d5360605e1195f2d99d05c46ac773874302cc2d6f8989a4db" "/opt/rustwide/cargo-home/bin/cargo" "+1.99.0-beta.8" "test" "--frozen" "--no-run" "--message-format=json" "--release", kill_on_drop: false }`
[INFO] [stderr]    Compiling proc-macro2 v0.4.30
[INFO] [stderr]    Compiling unicode-xid v0.1.0
[INFO] [stderr]    Compiling syn v0.15.44
[INFO] [stderr]    Compiling env_logger v0.6.2
[INFO] [stderr]    Compiling quickcheck v0.8.5
[INFO] [stderr]    Compiling quote v0.6.13
[INFO] [stderr]    Compiling quickcheck_macros v0.8.0
[INFO] [stderr]    Compiling p3p v0.1.0 (/opt/rustwide/workdir)
[INFO] [stderr]     Finished `release` profile [optimized] target(s) in 9.84s
[INFO] running `Command { std: "docker" "inspect" "dc002e7ba38b635d5360605e1195f2d99d05c46ac773874302cc2d6f8989a4db", kill_on_drop: false }`
[INFO] running `Command { std: "docker" "exec" "-e" "SOURCE_DIR=/opt/rustwide/workdir" "-e" "CARGO_HOME=/opt/rustwide/cargo-home" "-e" "RUSTUP_HOME=/opt/rustwide/rustup-home" "-e" "CARGO_TARGET_DIR=/opt/rustwide/target" "-e" "CARGO_INCREMENTAL=0" "-e" "RUST_BACKTRACE=full" "-e" "RUSTFLAGS=--cap-lints=warn" "-e" "RUSTDOCFLAGS=--cap-lints=warn" "-w" "/opt/rustwide/workdir" "--user" "0:0" "dc002e7ba38b635d5360605e1195f2d99d05c46ac773874302cc2d6f8989a4db" "/opt/rustwide/cargo-home/bin/cargo" "+1.99.0-beta.8" "test" "--frozen" "--release", kill_on_drop: false }`
[INFO] [stdout] 
[INFO] [stderr]     Finished `release` profile [optimized] target(s) in 0.07s
[INFO] [stdout] running 2 tests
[INFO] [stderr]      Running unittests src/lib.rs (/opt/rustwide/target/release/deps/p3p-a702cea7fc3bcf6b)
[INFO] [stdout] test nordberg::tests::manual_case ... ok
[INFO] [stdout] test nordberg::tests::non_degenerate_case ... FAILED
[INFO] [stdout] 
[INFO] [stdout] failures:
[INFO] [stdout] 
[INFO] [stdout] ---- nordberg::tests::non_degenerate_case stdout ----
[INFO] [stdout] cosine: -0.64358413
[INFO] [stdout] 
[INFO] [stdout] thread 'nordberg::tests::non_degenerate_case' (611) panicked at src/nordberg.rs:582:9:
[INFO] [stdout] assertion failed: !poses.is_empty()
[INFO] [stdout] stack backtrace:
[INFO] [stdout]    0:     0x558863b28771 - <<std[70759c8f55707aa4]::sys::backtrace::BacktraceLock>::print::DisplayBacktrace as core[df12db4294e9bfd3]::fmt::Display>::fmt
[INFO] [stdout]    1:     0x558863b3ec3a - core[df12db4294e9bfd3]::fmt::write
[INFO] [stdout]    2:     0x558863b2ccbc - <alloc[2182bb758b4b3781]::vec::Vec<u8> as core[df12db4294e9bfd3]::io::write::Write>::write_fmt
[INFO] [stdout]    3:     0x558863b04cb6 - std[70759c8f55707aa4]::panicking::default_hook::{closure#0}
[INFO] [stdout]    4:     0x558863b20e29 - std[70759c8f55707aa4]::panicking::default_hook
[INFO] [stdout]    5:     0x558863ab7b00 - test[9d35eded1c95d3be]::test_main_inner::<test[9d35eded1c95d3be]::test_main_static::{closure#0}>::{closure#0}
[INFO] [stdout]    6:     0x558863b20fe2 - std[70759c8f55707aa4]::panicking::panic_with_hook
[INFO] [stdout]    7:     0x558863b04d94 - std[70759c8f55707aa4]::panicking::panic_handler::{closure#0}
[INFO] [stdout]    8:     0x558863afdab9 - std[70759c8f55707aa4]::sys::backtrace::__rust_end_short_backtrace::<std[70759c8f55707aa4]::panicking::panic_handler::{closure#0}, !>
[INFO] [stdout]    9:     0x558863b0595d - __rustc[8fa7c3cbc660c2b3]::rust_begin_unwind
[INFO] [stdout]   10:     0x558863b3f41c - core[df12db4294e9bfd3]::panicking::panic_fmt
[INFO] [stdout]   11:     0x558863b3f3e2 - core[df12db4294e9bfd3]::panicking::panic
[INFO] [stdout]   12:     0x5588639d73e5 - p3p[853fa32694b46402]::nordberg::tests::non_degenerate_case::non_degenerate_case
[INFO] [stdout]   13:     0x5588639d87fd - <fn(_, _, _, _, _) -> _ as quickcheck[5fd039600ea4f5d5]::tester::Testable>::result::shrink_failure::<bool, quickcheck[5fd039600ea4f5d5]::arbitrary::StdThreadGen, (f32, f32, f32), (f32, f32, f32), (f32, f32, f32), (f32, f32, f32), (f32, f32, f32)>
[INFO] [stdout]   14:     0x5588639d8efc - <fn(_, _, _, _, _) -> _ as quickcheck[5fd039600ea4f5d5]::tester::Testable>::result::shrink_failure::<bool, quickcheck[5fd039600ea4f5d5]::arbitrary::StdThreadGen, (f32, f32, f32), (f32, f32, f32), (f32, f32, f32), (f32, f32, f32), (f32, f32, f32)>
[INFO] [stdout]   15:     0x5588639d8efc - <fn(_, _, _, _, _) -> _ as quickcheck[5fd039600ea4f5d5]::tester::Testable>::result::shrink_failure::<bool, quickcheck[5fd039600ea4f5d5]::arbitrary::StdThreadGen, (f32, f32, f32), (f32, f32, f32), (f32, f32, f32), (f32, f32, f32), (f32, f32, f32)>
[INFO] [stdout]   16:     0x5588639d8efc - <fn(_, _, _, _, _) -> _ as quickcheck[5fd039600ea4f5d5]::tester::Testable>::result::shrink_failure::<bool, quickcheck[5fd039600ea4f5d5]::arbitrary::StdThreadGen, (f32, f32, f32), (f32, f32, f32), (f32, f32, f32), (f32, f32, f32), (f32, f32, f32)>
[INFO] [stdout]   17:     0x5588639d8efc - <fn(_, _, _, _, _) -> _ as quickcheck[5fd039600ea4f5d5]::tester::Testable>::result::shrink_failure::<bool, quickcheck[5fd039600ea4f5d5]::arbitrary::StdThreadGen, (f32, f32, f32), (f32, f32, f32), (f32, f32, f32), (f32, f32, f32), (f32, f32, f32)>
[INFO] [stdout]   18:     0x5588639d8efc - <fn(_, _, _, _, _) -> _ as quickcheck[5fd039600ea4f5d5]::tester::Testable>::result::shrink_failure::<bool, quickcheck[5fd039600ea4f5d5]::arbitrary::StdThreadGen, (f32, f32, f32), (f32, f32, f32), (f32, f32, f32), (f32, f32, f32), (f32, f32, f32)>
[INFO] [stdout]   19:     0x5588639d8efc - <fn(_, _, _, _, _) -> _ as quickcheck[5fd039600ea4f5d5]::tester::Testable>::result::shrink_failure::<bool, quickcheck[5fd039600ea4f5d5]::arbitrary::StdThreadGen, (f32, f32, f32), (f32, f32, f32), (f32, f32, f32), (f32, f32, f32), (f32, f32, f32)>
[INFO] [stdout]   20:     0x5588639d8efc - <fn(_, _, _, _, _) -> _ as quickcheck[5fd039600ea4f5d5]::tester::Testable>::result::shrink_failure::<bool, quickcheck[5fd039600ea4f5d5]::arbitrary::StdThreadGen, (f32, f32, f32), (f32, f32, f32), (f32, f32, f32), (f32, f32, f32), (f32, f32, f32)>
[INFO] [stdout]   21:     0x5588639d8efc - <fn(_, _, _, _, _) -> _ as quickcheck[5fd039600ea4f5d5]::tester::Testable>::result::shrink_failure::<bool, quickcheck[5fd039600ea4f5d5]::arbitrary::StdThreadGen, (f32, f32, f32), (f32, f32, f32), (f32, f32, f32), (f32, f32, f32), (f32, f32, f32)>
[INFO] [stdout]   22:     0x5588639d7b74 - quickcheck[5fd039600ea4f5d5]::tester::quickcheck::<fn((f32, f32, f32), (f32, f32, f32), (f32, f32, f32), (f32, f32, f32), (f32, f32, f32)) -> bool>
[INFO] [stdout]   23:     0x5588639d9700 - <p3p[853fa32694b46402]::nordberg::tests::non_degenerate_case::{closure#0} as core[df12db4294e9bfd3]::ops::function::FnOnce<()>>::call_once
[INFO] [stdout]   24:     0x558863aaadeb - test[9d35eded1c95d3be]::__rust_begin_short_backtrace::<core[df12db4294e9bfd3]::result::Result<(), alloc[2182bb758b4b3781]::string::String>, fn() -> core[df12db4294e9bfd3]::result::Result<(), alloc[2182bb758b4b3781]::string::String>>
[INFO] [stdout]   25:     0x558863ab8455 - test[9d35eded1c95d3be]::run_test::{closure#0}
[INFO] [stdout]   26:     0x558863ab1d14 - std[70759c8f55707aa4]::sys::backtrace::__rust_begin_short_backtrace::<test[9d35eded1c95d3be]::run_test::{closure#1}, ()>
[INFO] [stdout]   27:     0x558863abb5b2 - <std[70759c8f55707aa4]::thread::lifecycle::spawn_unchecked<test[9d35eded1c95d3be]::run_test::{closure#1}, ()>::{closure#1} as core[df12db4294e9bfd3]::ops::function::FnOnce<()>>::call_once::{shim:vtable#0}
[INFO] [stdout]   28:     0x558863b28049 - <std[70759c8f55707aa4]::sys::thread::unix::Thread>::new::thread_start
[INFO] [stdout]   29:     0x7613c9769dfa - <unknown>
[INFO] [stdout]   30:     0x7613c97fd3d4 - clone
[INFO] [stdout]   31:                0x0 - <unknown>
[INFO] [stdout] cosine: -0.64358413
[INFO] [stdout] 
[INFO] [stdout] thread 'nordberg::tests::non_degenerate_case' (611) panicked at src/nordberg.rs:582:9:
[INFO] [stdout] assertion failed: !poses.is_empty()
[INFO] [stdout] stack backtrace:
[INFO] [stdout]    0:     0x558863b28771 - <<std[70759c8f55707aa4]::sys::backtrace::BacktraceLock>::print::DisplayBacktrace as core[df12db4294e9bfd3]::fmt::Display>::fmt
[INFO] [stdout]    1:     0x558863b3ec3a - core[df12db4294e9bfd3]::fmt::write
[INFO] [stdout]    2:     0x558863b2ccbc - <alloc[2182bb758b4b3781]::vec::Vec<u8> as core[df12db4294e9bfd3]::io::write::Write>::write_fmt
[INFO] [stdout]    3:     0x558863b04cb6 - std[70759c8f55707aa4]::panicking::default_hook::{closure#0}
[INFO] [stdout]    4:     0x558863b20e29 - std[70759c8f55707aa4]::panicking::default_hook
[INFO] [stdout]    5:     0x558863ab7b00 - test[9d35eded1c95d3be]::test_main_inner::<test[9d35eded1c95d3be]::test_main_static::{closure#0}>::{closure#0}
[INFO] [stdout]    6:     0x558863b20fe2 - std[70759c8f55707aa4]::panicking::panic_with_hook
[INFO] [stdout]    7:     0x558863b04d94 - std[70759c8f55707aa4]::panicking::panic_handler::{closure#0}
[INFO] [stdout]    8:     0x558863afdab9 - std[70759c8f55707aa4]::sys::backtrace::__rust_end_short_backtrace::<std[70759c8f55707aa4]::panicking::panic_handler::{closure#0}, !>
[INFO] [stdout]    9:     0x558863b0595d - __rustc[8fa7c3cbc660c2b3]::rust_begin_unwind
[INFO] [stdout]   10:     0x558863b3f41c - core[df12db4294e9bfd3]::panicking::panic_fmt
[INFO] [stdout]   11:     0x558863b3f3e2 - core[df12db4294e9bfd3]::panicking::panic
[INFO] [stdout]   12:     0x5588639d73e5 - p3p[853fa32694b46402]::nordberg::tests::non_degenerate_case::non_degenerate_case
[INFO] [stdout]   13:     0x5588639d86ef - <fn(_, _, _, _, _) -> _ as quickcheck[5fd039600ea4f5d5]::tester::Testable>::result::shrink_failure::<bool, quickcheck[5fd039600ea4f5d5]::arbitrary::StdThreadGen, (f32, f32, f32), (f32, f32, f32), (f32, f32, f32), (f32, f32, f32), (f32, f32, f32)>
[INFO] [stdout]   14:     0x5588639d8efc - <fn(_, _, _, _, _) -> _ as quickcheck[5fd039600ea4f5d5]::tester::Testable>::result::shrink_failure::<bool, quickcheck[5fd039600ea4f5d5]::arbitrary::StdThreadGen, (f32, f32, f32), (f32, f32, f32), (f32, f32, f32), (f32, f32, f32), (f32, f32, f32)>
[INFO] [stdout]   15:     0x5588639d8efc - <fn(_, _, _, _, _) -> _ as quickcheck[5fd039600ea4f5d5]::tester::Testable>::result::shrink_failure::<bool, quickcheck[5fd039600ea4f5d5]::arbitrary::StdThreadGen, (f32, f32, f32), (f32, f32, f32), (f32, f32, f32), (f32, f32, f32), (f32, f32, f32)>
[INFO] [stdout]   16:     0x5588639d8efc - <fn(_, _, _, _, _) -> _ as quickcheck[5fd039600ea4f5d5]::tester::Testable>::result::shrink_failure::<bool, quickcheck[5fd039600ea4f5d5]::arbitrary::StdThreadGen, (f32, f32, f32), (f32, f32, f32), (f32, f32, f32), (f32, f32, f32), (f32, f32, f32)>
[INFO] [stdout]   17:     0x5588639d8efc - <fn(_, _, _, _, _) -> _ as quickcheck[5fd039600ea4f5d5]::tester::Testable>::result::shrink_failure::<bool, quickcheck[5fd039600ea4f5d5]::arbitrary::StdThreadGen, (f32, f32, f32), (f32, f32, f32), (f32, f32, f32), (f32, f32, f32), (f32, f32, f32)>
[INFO] [stdout]   18:     0x5588639d8efc - <fn(_, _, _, _, _) -> _ as quickcheck[5fd039600ea4f5d5]::tester::Testable>::result::shrink_failure::<bool, quickcheck[5fd039600ea4f5d5]::arbitrary::StdThreadGen, (f32, f32, f32), (f32, f32, f32), (f32, f32, f32), (f32, f32, f32), (f32, f32, f32)>
[INFO] [stdout]   19:     0x5588639d8efc - <fn(_, _, _, _, _) -> _ as quickcheck[5fd039600ea4f5d5]::tester::Testable>::result::shrink_failure::<bool, quickcheck[5fd039600ea4f5d5]::arbitrary::StdThreadGen, (f32, f32, f32), (f32, f32, f32), (f32, f32, f32), (f32, f32, f32), (f32, f32, f32)>
[INFO] [stdout]   20:     0x5588639d8efc - <fn(_, _, _, _, _) -> _ as quickcheck[5fd039600ea4f5d5]::tester::Testable>::result::shrink_failure::<bool, quickcheck[5fd039600ea4f5d5]::arbitrary::StdThreadGen, (f32, f32, f32), (f32, f32, f32), (f32, f32, f32), (f32, f32, f32), (f32, f32, f32)>
[INFO] [stdout]   21:     0x5588639d8efc - <fn(_, _, _, _, _) -> _ as quickcheck[5fd039600ea4f5d5]::tester::Testable>::result::shrink_failure::<bool, quickcheck[5fd039600ea4f5d5]::arbitrary::StdThreadGen, (f32, f32, f32), (f32, f32, f32), (f32, f32, f32), (f32, f32, f32), (f32, f32, f32)>
[INFO] [stdout]   22:     0x5588639d8efc - <fn(_, _, _, _, _) -> _ as quickcheck[5fd039600ea4f5d5]::tester::Testable>::result::shrink_failure::<bool, quickcheck[5fd039600ea4f5d5]::arbitrary::StdThreadGen, (f32, f32, f32), (f32, f32, f32), (f32, f32, f32), (f32, f32, f32), (f32, f32, f32)>
[INFO] [stdout]   23:     0x5588639d7b74 - quickcheck[5fd039600ea4f5d5]::tester::quickcheck::<fn((f32, f32, f32), (f32, f32, f32), (f32, f32, f32), (f32, f32, f32), (f32, f32, f32)) -> bool>
[INFO] [stdout]   24:     0x5588639d9700 - <p3p[853fa32694b46402]::nordberg::tests::non_degenerate_case::{closure#0} as core[df12db4294e9bfd3]::ops::function::FnOnce<()>>::call_once
[INFO] [stdout]   25:     0x558863aaadeb - test[9d35eded1c95d3be]::__rust_begin_short_backtrace::<core[df12db4294e9bfd3]::result::Result<(), alloc[2182bb758b4b3781]::string::String>, fn() -> core[df12db4294e9bfd3]::result::Result<(), alloc[2182bb758b4b3781]::string::String>>
[INFO] [stdout]   26:     0x558863ab8455 - test[9d35eded1c95d3be]::run_test::{closure#0}
[INFO] [stdout]   27:     0x558863ab1d14 - std[70759c8f55707aa4]::sys::backtrace::__rust_begin_short_backtrace::<test[9d35eded1c95d3be]::run_test::{closure#1}, ()>
[INFO] [stdout]   28:     0x558863abb5b2 - <std[70759c8f55707aa4]::thread::lifecycle::spawn_unchecked<test[9d35eded1c95d3be]::run_test::{closure#1}, ()>::{closure#1} as core[df12db4294e9bfd3]::ops::function::FnOnce<()>>::call_once::{shim:vtable#0}
[INFO] [stdout]   29:     0x558863b28049 - <std[70759c8f55707aa4]::sys::thread::unix::Thread>::new::thread_start
[INFO] [stdout]   30:     0x7613c9769dfa - <unknown>
[INFO] [stdout]   31:     0x7613c97fd3d4 - clone
[INFO] [stdout]   32:                0x0 - <unknown>
[INFO] [stdout] 
[INFO] [stdout] thread 'nordberg::tests::non_degenerate_case' (611) panicked at /opt/rustwide/cargo-home/registry/src/index.crates.io-1949cf8c6b5b557f/quickcheck-0.8.5/src/tester.rs:176:28:
[INFO] [stdout] [quickcheck] TEST FAILED. Arguments: ((0.0, 0.0, 0.0), (0.0, 0.0, 0.0), (52.193146, 9.571167, -5.9206467), (19.415573, 58.111313, 20.294762), (85.336945, -54.76744, 55.0))
[INFO] [stdout] stack backtrace:
[INFO] [stdout]    0:     0x558863b28771 - <<std[70759c8f55707aa4]::sys::backtrace::BacktraceLock>::print::DisplayBacktrace as core[df12db4294e9bfd3]::fmt::Display>::fmt
[INFO] [stdout]    1:     0x558863b3ec3a - core[df12db4294e9bfd3]::fmt::write
[INFO] [stdout]    2:     0x558863b2ccbc - <alloc[2182bb758b4b3781]::vec::Vec<u8> as core[df12db4294e9bfd3]::io::write::Write>::write_fmt
[INFO] [stdout]    3:     0x558863b04cb6 - std[70759c8f55707aa4]::panicking::default_hook::{closure#0}
[INFO] [stdout]    4:     0x558863b20e29 - std[70759c8f55707aa4]::panicking::default_hook
[INFO] [stdout]    5:     0x558863ab7b00 - test[9d35eded1c95d3be]::test_main_inner::<test[9d35eded1c95d3be]::test_main_static::{closure#0}>::{closure#0}
[INFO] [stdout]    6:     0x558863b20fe2 - std[70759c8f55707aa4]::panicking::panic_with_hook
[INFO] [stdout]    7:     0x5588639d91dd - std[70759c8f55707aa4]::panicking::begin_panic::<alloc[2182bb758b4b3781]::string::String>::{closure#0}
[INFO] [stdout]    8:     0x5588639d85b6 - std[70759c8f55707aa4]::sys::backtrace::__rust_end_short_backtrace::<std[70759c8f55707aa4]::panicking::begin_panic<alloc[2182bb758b4b3781]::string::String>::{closure#0}, !>
[INFO] [stdout]    9:     0x5588639d83d2 - std[70759c8f55707aa4]::panicking::begin_panic::<alloc[2182bb758b4b3781]::string::String>
[INFO] [stdout]   10:     0x5588639d82e4 - quickcheck[5fd039600ea4f5d5]::tester::quickcheck::<fn((f32, f32, f32), (f32, f32, f32), (f32, f32, f32), (f32, f32, f32), (f32, f32, f32)) -> bool>
[INFO] [stdout]   11:     0x5588639d9700 - <p3p[853fa32694b46402]::nordberg::tests::non_degenerate_case::{closure#0} as core[df12db4294e9bfd3]::ops::function::FnOnce<()>>::call_once
[INFO] [stdout]   12:     0x558863aaadeb - test[9d35eded1c95d3be]::__rust_begin_short_backtrace::<core[df12db4294e9bfd3]::result::Result<(), alloc[2182bb758b4b3781]::string::String>, fn() -> core[df12db4294e9bfd3]::result::Result<(), alloc[2182bb758b4b3781]::string::String>>
[INFO] [stdout]   13:     0x558863ab8455 - test[9d35eded1c95d3be]::run_test::{closure#0}
[INFO] [stdout]   14:     0x558863ab1d14 - std[70759c8f55707aa4]::sys::backtrace::__rust_begin_short_backtrace::<test[9d35eded1c95d3be]::run_test::{closure#1}, ()>
[INFO] [stdout]   15:     0x558863abb5b2 - <std[70759c8f55707aa4]::thread::lifecycle::spawn_unchecked<test[9d35eded1c95d3be]::run_test::{closure#1}, ()>::{closure#1} as core[df12db4294e9bfd3]::ops::function::FnOnce<()>>::call_once::{shim:vtable#0}
[INFO] [stdout]   16:     0x558863b28049 - <std[70759c8f55707aa4]::sys::thread::unix::Thread>::new::thread_start
[INFO] [stdout]   17:     0x7613c9769dfa - <unknown>
[INFO] [stdout]   18:     0x7613c97fd3d4 - clone
[INFO] [stdout]   19:                0x0 - <unknown>
[INFO] [stdout] 
[INFO] [stdout] 
[INFO] [stdout] failures:
[INFO] [stdout]     nordberg::tests::non_degenerate_case
[INFO] [stdout] 
[INFO] [stdout] test result: FAILED. 1 passed; 1 failed; 0 ignored; 0 measured; 0 filtered out; finished in 0.00s
[INFO] [stdout] 
[INFO] [stderr] error: test failed, to rerun pass `--lib`
[INFO] running `Command { std: "docker" "inspect" "dc002e7ba38b635d5360605e1195f2d99d05c46ac773874302cc2d6f8989a4db", kill_on_drop: false }`
[INFO] running `Command { std: "docker" "rm" "-f" "dc002e7ba38b635d5360605e1195f2d99d05c46ac773874302cc2d6f8989a4db", kill_on_drop: false }`
[INFO] [stdout] dc002e7ba38b635d5360605e1195f2d99d05c46ac773874302cc2d6f8989a4db
