[INFO] fetching crate oxiquic-transport 0.2.1...
[INFO] testing oxiquic-transport-0.2.1 against 1.99.0-beta.8+cargoflags=--release for beta-release-1.100-2
[INFO] extracting crate oxiquic-transport 0.2.1 into /workspace/builds/worker-0-tc1/source
[INFO] started tweaking crates.io crate oxiquic-transport 0.2.1
[INFO] removed 0 missing tests
[INFO] finished tweaking crates.io crate oxiquic-transport 0.2.1
[INFO] tweaked toml for crates.io crate oxiquic-transport 0.2.1 written to /workspace/builds/worker-0-tc1/source/Cargo.toml
[INFO] validating manifest of crates.io crate oxiquic-transport 0.2.1 on toolchain 1.99.0-beta.8
[INFO] running `Command { std: CARGO_HOME="/workspace/cargo-home" RUSTUP_HOME="/workspace/rustup-home" "/workspace/cargo-home/bin/cargo" "+1.99.0-beta.8" "metadata" "--manifest-path" "Cargo.toml" "--no-deps", kill_on_drop: false }`
[INFO] crate crates.io crate oxiquic-transport 0.2.1 already has a lockfile, it will not be regenerated
[INFO] running `Command { std: CARGO_HOME="/workspace/cargo-home" RUSTUP_HOME="/workspace/rustup-home" "/workspace/cargo-home/bin/cargo" "+1.99.0-beta.8" "fetch" "--manifest-path" "Cargo.toml", kill_on_drop: false }`
[INFO] [stderr]     Updating crates.io index
[INFO] [stderr]  Downloading crates ...
[INFO] [stderr]   Downloaded wnaf v0.14.0
[INFO] [stderr]   Downloaded primeorder v0.14.0
[INFO] [stderr]   Downloaded dbl v0.5.0
[INFO] [stderr]   Downloaded x448 v0.14.0-pre.12
[INFO] [stderr]   Downloaded p384 v0.14.0
[INFO] [stderr]   Downloaded oxicrypto-cipher v0.3.0
[INFO] [stderr]   Downloaded rfc6979 v0.6.0
[INFO] [stderr]   Downloaded oxitls-rustcrypto-provider v0.3.0
[INFO] [stderr]   Downloaded oxitls-rcgen v0.3.0
[INFO] [stderr]   Downloaded rcgen v0.14.8
[INFO] [stderr]   Downloaded ed448 v0.5.0
[INFO] [stderr]   Downloaded rc2 v0.8.1
[INFO] [stderr]   Downloaded hash2curve v0.14.0
[INFO] [stderr]   Downloaded oxicrypto-rand v0.3.0
[INFO] [stderr]   Downloaded scrypt v0.12.0
[INFO] [stderr]   Downloaded primefield v0.14.0
[INFO] [stderr]   Downloaded sec1 v0.8.1
[INFO] [stderr]   Downloaded oxitls-webpki-roots v0.3.0
[INFO] [stderr]   Downloaded ff v0.14.0
[INFO] [stderr]   Downloaded oxitls-core v0.3.0
[INFO] [stderr]   Downloaded aes-gcm-siv v0.12.0
[INFO] [stderr]   Downloaded p12 v0.6.3
[INFO] [stderr]   Downloaded group v0.14.0
[INFO] [stderr]   Downloaded aes-kw v0.3.1
[INFO] [stderr]   Downloaded oxicrypto-core v0.3.0
[INFO] [stderr]   Downloaded salsa20 v0.11.0
[INFO] [stderr]   Downloaded pbkdf2 v0.13.0
[INFO] [stderr]   Downloaded ecdsa v0.17.0
[INFO] [stderr]   Downloaded oxiquic-crypto v0.2.1
[INFO] [stderr]   Downloaded blake2 v0.11.0-rc.6
[INFO] [stderr]   Downloaded argon2 v0.6.0-rc.8
[INFO] [stderr]   Downloaded ocb3 v0.2.0-rc.3
[INFO] [stderr]   Downloaded oxicrypto-hash v0.3.0
[INFO] [stderr]   Downloaded pkcs1 v0.8.0-rc.4
[INFO] [stderr]   Downloaded oxicrypto-mac v0.3.0
[INFO] [stderr]   Downloaded oxiquic-core v0.2.1
[INFO] [stderr]   Downloaded elliptic-curve v0.14.1
[INFO] [stderr]   Downloaded ed448-goldilocks v0.14.0-pre.15
[INFO] [stderr]   Downloaded oxicrypto-kex v0.3.0
[INFO] [stderr]   Downloaded oxicrypto-aead v0.3.0
[INFO] [stderr]   Downloaded p256 v0.14.0
[INFO] [stderr]   Downloaded oxicrypto v0.3.0
[INFO] [stderr]   Downloaded k256 v0.14.0
[INFO] [stderr]   Downloaded aes v0.9.2
[INFO] [stderr]   Downloaded oxicrypto-kdf v0.3.0
[INFO] [stderr]   Downloaded oxicrypto-sig v0.3.0
[INFO] [stderr]   Downloaded rsa v0.10.0-rc.18
[INFO] [stderr]   Downloaded p521 v0.14.0
[INFO] [stderr]   Downloaded h3 v0.0.8
[INFO] [stderr]   Downloaded clap v4.6.5
[INFO] [stderr]   Downloaded oxitls-adapter-rustls-rustcrypto v0.3.0
[INFO] [stderr]   Downloaded aes-gcm v0.11.0
[INFO] [stderr]   Downloaded crypto-primes v0.7.2
[INFO] [stderr]   Downloaded sha3 v0.12.0
[INFO] [stderr]   Downloaded clap_builder v4.6.5
[INFO] [stderr]   Downloaded crypto-bigint v0.7.5
[INFO] [stderr]   Downloaded cshake v0.2.1
[INFO] [stderr]   Downloaded cmac v0.8.0
[INFO] running `Command { std: "docker" "create" "-v" "/var/lib/crater-agent-workspace/builds/worker-0-tc1/source:/opt/rustwide/workdir:ro,Z" "-v" "/var/lib/crater-agent-workspace/builds/worker-0-tc1/target:/opt/rustwide/target:rw,Z" "-v" "/var/lib/crater-agent-workspace/cargo-home:/opt/rustwide/cargo-home:ro,Z" "-v" "/var/lib/crater-agent-workspace/rustup-home:/opt/rustwide/rustup-home:ro,Z" "-m" "1610612736" "--network" "none" "ghcr.io/rust-lang/crates-build-env/linux@sha256:77db811e55d90add9212f6832c23229e3de5f1c1f9905e8cb07319ea15df73ac" "sleep" "infinity", kill_on_drop: false }`
[INFO] [stdout] 78f7396dec84a370260fbb60468e1a6ca5a9d3cdcaaf9363a4acf5fddc5c563a
[INFO] running `Command { std: "docker" "start" "78f7396dec84a370260fbb60468e1a6ca5a9d3cdcaaf9363a4acf5fddc5c563a", kill_on_drop: false }`
[INFO] running `Command { std: "docker" "inspect" "78f7396dec84a370260fbb60468e1a6ca5a9d3cdcaaf9363a4acf5fddc5c563a", kill_on_drop: false }`
[INFO] running `Command { std: "docker" "exec" "-e" "SOURCE_DIR=/opt/rustwide/workdir" "-e" "CARGO_HOME=/opt/rustwide/cargo-home" "-e" "RUSTUP_HOME=/opt/rustwide/rustup-home" "-e" "CARGO_TARGET_DIR=/opt/rustwide/target" "-w" "/opt/rustwide/workdir" "--user" "0:0" "78f7396dec84a370260fbb60468e1a6ca5a9d3cdcaaf9363a4acf5fddc5c563a" "/opt/rustwide/cargo-home/bin/cargo" "+1.99.0-beta.8" "metadata" "--no-deps" "--format-version=1", kill_on_drop: false }`
[INFO] running `Command { std: "docker" "inspect" "78f7396dec84a370260fbb60468e1a6ca5a9d3cdcaaf9363a4acf5fddc5c563a", kill_on_drop: false }`
[INFO] running `Command { std: "docker" "exec" "-e" "SOURCE_DIR=/opt/rustwide/workdir" "-e" "CARGO_HOME=/opt/rustwide/cargo-home" "-e" "RUSTUP_HOME=/opt/rustwide/rustup-home" "-e" "CARGO_TARGET_DIR=/opt/rustwide/target" "-e" "CARGO_INCREMENTAL=0" "-e" "RUST_BACKTRACE=full" "-e" "RUSTFLAGS=--cap-lints=warn" "-e" "RUSTDOCFLAGS=--cap-lints=warn" "-w" "/opt/rustwide/workdir" "--user" "0:0" "78f7396dec84a370260fbb60468e1a6ca5a9d3cdcaaf9363a4acf5fddc5c563a" "/opt/rustwide/cargo-home/bin/cargo" "+1.99.0-beta.8" "build" "--frozen" "--message-format=json" "--release", kill_on_drop: false }`
[INFO] [stderr]    Compiling syn v2.0.119
[INFO] [stderr]    Compiling subtle v2.6.1
[INFO] [stderr]    Compiling rand_core v0.10.1
[INFO] [stderr]    Compiling cmov v0.5.4
[INFO] [stderr]    Compiling base64ct v1.8.3
[INFO] [stderr]    Compiling libc v0.2.189
[INFO] [stderr]    Compiling cpubits v0.1.1
[INFO] [stderr]    Compiling num-traits v0.2.19
[INFO] [stderr]    Compiling zerocopy v0.8.55
[INFO] [stderr]    Compiling base16ct v1.0.0
[INFO] [stderr]    Compiling keccak v0.2.0
[INFO] [stderr]    Compiling sponge-cursor v0.1.0
[INFO] [stderr]    Compiling getrandom v0.4.3
[INFO] [stderr]    Compiling syn v3.0.3
[INFO] [stderr]    Compiling blake3 v1.8.5
[INFO] [stderr]    Compiling crunchy v0.2.4
[INFO] [stderr]    Compiling smallvec v1.15.2
[INFO] [stderr]    Compiling num-bigint-dig v0.8.6
[INFO] [stderr]    Compiling tiny-keccak v2.0.2
[INFO] [stderr]    Compiling arrayvec v0.7.8
[INFO] [stderr]    Compiling spin v0.9.9
[INFO] [stderr]    Compiling ff v0.14.0
[INFO] [stderr]    Compiling rustls v0.23.43
[INFO] [stderr]    Compiling group v0.14.0
[INFO] [stderr]    Compiling cfg_aliases v0.2.2
[INFO] [stderr]    Compiling nix v0.31.3
[INFO] [stderr]    Compiling lazy_static v1.5.0
[INFO] [stderr]    Compiling ctutils v0.4.2
[INFO] [stderr]    Compiling pem-rfc7468 v1.0.0
[INFO] [stderr]    Compiling pem-rfc7468 v0.7.0
[INFO] [stderr]    Compiling phc v0.6.1
[INFO] [stderr]    Compiling password-hash v0.6.1
[INFO] [stderr]    Compiling num-integer v0.1.46
[INFO] [stderr]    Compiling num-iter v0.1.46
[INFO] [stderr]    Compiling getrandom v0.2.17
[INFO] [stderr]    Compiling mio v1.2.2
[INFO] [stderr]    Compiling socket2 v0.6.5
[INFO] [stderr]    Compiling rand_core v0.6.4
[INFO] [stderr]    Compiling ff v0.13.1
[INFO] [stderr]    Compiling group v0.13.0
[INFO] [stderr]    Compiling thiserror-impl v2.0.19
[INFO] [stderr]    Compiling tokio-macros v2.7.2
[INFO] [stderr]    Compiling tokio v1.53.1
[INFO] [stderr]    Compiling thiserror v2.0.19
[INFO] [stderr]    Compiling oxiquic-core v0.2.1
[INFO] [stderr]    Compiling zeroize_derive v1.5.0
[INFO] [stderr]    Compiling curve25519-dalek-derive v0.1.1
[INFO] [stderr]    Compiling ppv-lite86 v0.2.21
[INFO] [stderr]    Compiling zeroize v1.9.0
[INFO] [stderr]    Compiling hybrid-array v0.4.14
[INFO] [stderr]    Compiling generic-array v0.14.7
[INFO] [stderr]    Compiling der v0.8.1
[INFO] [stderr]    Compiling der v0.7.10
[INFO] [stderr]    Compiling oxicrypto-core v0.3.0
[INFO] [stderr]    Compiling rustls-pki-types v1.15.1
[INFO] [stderr]    Compiling rand_chacha v0.10.0
[INFO] [stderr]    Compiling rand_chacha v0.3.1
[INFO] [stderr]    Compiling rand v0.8.7
[INFO] [stderr]    Compiling oxicrypto-rand v0.3.0
[INFO] [stderr]    Compiling crypto-common v0.1.7
[INFO] [stderr]    Compiling block-buffer v0.10.4
[INFO] [stderr]    Compiling inout v0.1.4
[INFO] [stderr]    Compiling crypto-bigint v0.5.5
[INFO] [stderr]    Compiling universal-hash v0.5.1
[INFO] [stderr]    Compiling aead v0.5.2
[INFO] [stderr]    Compiling digest v0.10.7
[INFO] [stderr]    Compiling rustls-webpki v0.103.13
[INFO] [stderr]    Compiling rustls-webpki v0.102.8
[INFO] [stderr]    Compiling polyval v0.6.2
[INFO] [stderr]    Compiling poly1305 v0.8.0
[INFO] [stderr]    Compiling cipher v0.4.4
[INFO] [stderr]    Compiling signature v2.2.0
[INFO] [stderr]    Compiling hmac v0.12.1
[INFO] [stderr]    Compiling sha2 v0.10.9
[INFO] [stderr]    Compiling crypto-common v0.2.2
[INFO] [stderr]    Compiling block-buffer v0.12.1
[INFO] [stderr]    Compiling inout v0.2.2
[INFO] [stderr]    Compiling crypto-bigint v0.7.5
[INFO] [stderr]    Compiling wnaf v0.14.0
[INFO] [stderr]    Compiling hkdf v0.12.4
[INFO] [stderr]    Compiling dbl v0.5.0
[INFO] [stderr]    Compiling curve25519-dalek v4.1.3
[INFO] [stderr]    Compiling rfc6979 v0.4.0
[INFO] [stderr]    Compiling aes v0.8.4
[INFO] [stderr]    Compiling chacha20 v0.9.1
[INFO] [stderr]    Compiling ctr v0.9.2
[INFO] [stderr]    Compiling spki v0.8.0
[INFO] [stderr]    Compiling pkcs8 v0.11.0
[INFO] [stderr]    Compiling sec1 v0.8.1
[INFO] [stderr]    Compiling pkcs1 v0.8.0-rc.4
[INFO] [stderr]    Compiling ghash v0.5.1
[INFO] [stderr]    Compiling digest v0.11.3
[INFO] [stderr]    Compiling hmac v0.13.0
[INFO] [stderr]    Compiling cipher v0.5.2
[INFO] [stderr]    Compiling spki v0.7.3
[INFO] [stderr]    Compiling hkdf v0.13.0
[INFO] [stderr]    Compiling sha2 v0.11.0
[INFO] [stderr]    Compiling signature v3.0.0
[INFO] [stderr]    Compiling pkcs5 v0.7.1
[INFO] [stderr]    Compiling universal-hash v0.6.1
[INFO] [stderr]    Compiling aead v0.6.1
[INFO] [stderr]    Compiling polyval v0.7.3
[INFO] [stderr]    Compiling blake2 v0.11.0-rc.6
[INFO] [stderr]    Compiling shake v0.1.0
[INFO] [stderr]    Compiling pkcs8 v0.10.2
[INFO] [stderr]    Compiling aes v0.9.2
[INFO] [stderr]    Compiling ctr v0.10.1
[INFO] [stderr]    Compiling sec1 v0.7.3
[INFO] [stderr]    Compiling salsa20 v0.11.0
[INFO] [stderr]    Compiling chacha20 v0.10.1
[INFO] [stderr]    Compiling elliptic-curve v0.13.8
[INFO] [stderr]    Compiling poly1305 v0.9.1
[INFO] [stderr]    Compiling ed448 v0.5.0
[INFO] [stderr]    Compiling ed25519 v2.2.3
[INFO] [stderr]    Compiling argon2 v0.6.0-rc.8
[INFO] [stderr]    Compiling ghash v0.6.0
[INFO] [stderr]    Compiling aes-gcm v0.11.0
[INFO] [stderr]    Compiling chacha20poly1305 v0.11.0
[INFO] [stderr]    Compiling ed25519-dalek v2.2.0
[INFO] [stderr]    Compiling ecdsa v0.16.9
[INFO] [stderr]    Compiling primeorder v0.13.6
[INFO] [stderr]    Compiling pbkdf2 v0.13.0
[INFO] [stderr]    Compiling aes-kw v0.3.1
[INFO] [stderr]    Compiling aes-gcm-siv v0.12.0
[INFO] [stderr]    Compiling ocb3 v0.2.0-rc.3
[INFO] [stderr]    Compiling x25519-dalek v2.0.1
[INFO] [stderr]    Compiling sha3 v0.12.0
[INFO] [stderr]    Compiling scrypt v0.12.0
[INFO] [stderr]    Compiling pkcs1 v0.7.5
[INFO] [stderr]    Compiling cmac v0.8.0
[INFO] [stderr]    Compiling cshake v0.2.1
[INFO] [stderr]    Compiling oxicrypto-cipher v0.3.0
[INFO] [stderr]    Compiling aes-gcm v0.10.3
[INFO] [stderr]    Compiling chacha20poly1305 v0.10.1
[INFO] [stderr]    Compiling oxicrypto-kdf v0.3.0
[INFO] [stderr]    Compiling oxicrypto-hash v0.3.0
[INFO] [stderr]    Compiling oxicrypto-mac v0.3.0
[INFO] [stderr]    Compiling oxicrypto-aead v0.3.0
[INFO] [stderr]    Compiling p256 v0.13.2
[INFO] [stderr]    Compiling p384 v0.13.1
[INFO] [stderr]    Compiling rsa v0.9.10
[INFO] [stderr]    Compiling elliptic-curve v0.14.1
[INFO] [stderr]    Compiling primefield v0.14.0
[INFO] [stderr]    Compiling rfc6979 v0.6.0
[INFO] [stderr]    Compiling crypto-primes v0.7.2
[INFO] [stderr]    Compiling primeorder v0.14.0
[INFO] [stderr]    Compiling ecdsa v0.17.0
[INFO] [stderr]    Compiling hash2curve v0.14.0
[INFO] [stderr]    Compiling ed448-goldilocks v0.14.0-pre.15
[INFO] [stderr]    Compiling p256 v0.14.0
[INFO] [stderr]    Compiling p521 v0.14.0
[INFO] [stderr]    Compiling p384 v0.14.0
[INFO] [stderr]    Compiling k256 v0.14.0
[INFO] [stderr]    Compiling rustls-rustcrypto v0.0.2-alpha
[INFO] [stderr]    Compiling rsa v0.10.0-rc.18
[INFO] [stderr]    Compiling x448 v0.14.0-pre.12
[INFO] [stderr]    Compiling oxicrypto-kex v0.3.0
[INFO] [stderr]    Compiling oxicrypto-sig v0.3.0
[INFO] [stderr]    Compiling oxicrypto v0.3.0
[INFO] [stderr]    Compiling oxiquic-crypto v0.2.1
[INFO] [stderr]    Compiling oxiquic-transport v0.2.1 (/opt/rustwide/workdir)
[INFO] [stderr]     Finished `release` profile [optimized] target(s) in 1m 50s
[INFO] running `Command { std: "docker" "inspect" "78f7396dec84a370260fbb60468e1a6ca5a9d3cdcaaf9363a4acf5fddc5c563a", kill_on_drop: false }`
[INFO] running `Command { std: "docker" "exec" "-e" "SOURCE_DIR=/opt/rustwide/workdir" "-e" "CARGO_HOME=/opt/rustwide/cargo-home" "-e" "RUSTUP_HOME=/opt/rustwide/rustup-home" "-e" "CARGO_TARGET_DIR=/opt/rustwide/target" "-e" "CARGO_INCREMENTAL=0" "-e" "RUST_BACKTRACE=full" "-e" "RUSTFLAGS=--cap-lints=warn" "-e" "RUSTDOCFLAGS=--cap-lints=warn" "-w" "/opt/rustwide/workdir" "--user" "0:0" "78f7396dec84a370260fbb60468e1a6ca5a9d3cdcaaf9363a4acf5fddc5c563a" "/opt/rustwide/cargo-home/bin/cargo" "+1.99.0-beta.8" "test" "--frozen" "--no-run" "--message-format=json" "--release", kill_on_drop: false }`
[INFO] [stderr]    Compiling const-oid v0.9.6
[INFO] [stderr]    Compiling num-traits v0.2.19
[INFO] [stderr]    Compiling zerocopy v0.8.55
[INFO] [stderr]    Compiling flagset v0.4.7
[INFO] [stderr]    Compiling syn v2.0.119
[INFO] [stderr]    Compiling time-core v0.1.9
[INFO] [stderr]    Compiling num-conv v0.2.2
[INFO] [stderr]    Compiling rustls v0.23.43
[INFO] [stderr]    Compiling parking_lot_core v0.9.12
[INFO] [stderr]    Compiling errno v0.3.14
[INFO] [stderr]    Compiling nom v7.1.3
[INFO] [stderr]    Compiling displaydoc v0.2.7
[INFO] [stderr]    Compiling crossbeam-epoch v0.9.20
[INFO] [stderr]    Compiling oid-registry v0.8.1
[INFO] [stderr]    Compiling getrandom v0.3.4
[INFO] [stderr]    Compiling crossbeam-deque v0.8.7
[INFO] [stderr]    Compiling signal-hook-registry v1.4.8
[INFO] [stderr]    Compiling serde_derive v1.0.229
[INFO] [stderr]    Compiling lru v0.18.2
[INFO] [stderr]    Compiling alloca v0.4.0
[INFO] [stderr]    Compiling parking_lot v0.12.5
[INFO] [stderr]    Compiling plotters-backend v0.3.7
[INFO] [stderr]    Compiling ciborium-io v0.2.2
[INFO] [stderr]    Compiling serde_json v1.0.151
[INFO] [stderr]    Compiling rand_core v0.9.5
[INFO] [stderr]    Compiling time-macros v0.2.32
[INFO] [stderr]    Compiling clap_builder v4.6.5
[INFO] [stderr]    Compiling pem v3.0.6
[INFO] [stderr]    Compiling plotters-svg v0.3.7
[INFO] [stderr]    Compiling tempfile v3.27.0
[INFO] [stderr]    Compiling regex-automata v0.4.18
[INFO] [stderr]    Compiling tokio v1.53.1
[INFO] [stderr]    Compiling itertools v0.13.0
[INFO] [stderr]    Compiling wait-timeout v0.2.1
[INFO] [stderr]    Compiling rayon-core v1.13.0
[INFO] [stderr]    Compiling cast v0.3.0
[INFO] [stderr]    Compiling yasna v0.5.2
[INFO] [stderr]    Compiling same-file v1.0.6
[INFO] [stderr]    Compiling num-integer v0.1.46
[INFO] [stderr]    Compiling walkdir v2.5.0
[INFO] [stderr]    Compiling plotters v0.3.7
[INFO] [stderr]    Compiling rayon v1.12.0
[INFO] [stderr]    Compiling num-iter v0.1.46
[INFO] [stderr]    Compiling num-bigint v0.4.8
[INFO] [stderr]    Compiling rusty-fork v0.3.1
[INFO] [stderr]    Compiling time v0.3.55
[INFO] [stderr]    Compiling nix v0.31.3
[INFO] [stderr]    Compiling rand_xorshift v0.4.0
[INFO] [stderr]    Compiling rand v0.9.5
[INFO] [stderr]    Compiling rusticata-macros v4.1.0
[INFO] [stderr]    Compiling regex v1.13.1
[INFO] [stderr]    Compiling page_size v0.6.0
[INFO] [stderr]    Compiling anes v0.1.6
[INFO] [stderr]    Compiling oorandom v11.1.5
[INFO] [stderr]    Compiling criterion-plot v0.8.2
[INFO] [stderr]    Compiling serde v1.0.229
[INFO] [stderr]    Compiling clap v4.6.5
[INFO] [stderr]    Compiling tinytemplate v1.2.1
[INFO] [stderr]    Compiling synstructure v0.13.2
[INFO] [stderr]    Compiling zeroize_derive v1.5.0
[INFO] [stderr]    Compiling zerocopy-derive v0.8.55
[INFO] [stderr]    Compiling der_derive v0.7.3
[INFO] [stderr]    Compiling curve25519-dalek-derive v0.1.1
[INFO] [stderr]    Compiling asn1-rs-derive v0.6.0
[INFO] [stderr]    Compiling asn1-rs-impl v0.2.0
[INFO] [stderr]    Compiling tracing-attributes v0.1.31
[INFO] [stderr]    Compiling zeroize v1.9.0
[INFO] [stderr]    Compiling hybrid-array v0.4.14
[INFO] [stderr]    Compiling generic-array v0.14.7
[INFO] [stderr]    Compiling der v0.8.1
[INFO] [stderr]    Compiling rustls-pki-types v1.15.1
[INFO] [stderr]    Compiling oxicrypto-core v0.3.0
[INFO] [stderr]    Compiling asn1-rs v0.7.2
[INFO] [stderr]    Compiling yasna v0.6.0
[INFO] [stderr]    Compiling rustls-webpki v0.103.13
[INFO] [stderr]    Compiling webpki-roots v1.0.9
[INFO] [stderr]    Compiling rustls-webpki v0.102.8
[INFO] [stderr]    Compiling rustls-pemfile v2.2.0
[INFO] [stderr]    Compiling der v0.7.10
[INFO] [stderr]    Compiling crypto-common v0.2.2
[INFO] [stderr]    Compiling block-buffer v0.12.1
[INFO] [stderr]    Compiling inout v0.2.2
[INFO] [stderr]    Compiling crypto-bigint v0.7.5
[INFO] [stderr]    Compiling wnaf v0.14.0
[INFO] [stderr]    Compiling dbl v0.5.0
[INFO] [stderr]    Compiling crypto-common v0.1.7
[INFO] [stderr]    Compiling block-buffer v0.10.4
[INFO] [stderr]    Compiling block-padding v0.3.3
[INFO] [stderr]    Compiling crypto-bigint v0.5.5
[INFO] [stderr]    Compiling universal-hash v0.5.1
[INFO] [stderr]    Compiling aead v0.5.2
[INFO] [stderr]    Compiling polyval v0.6.2
[INFO] [stderr]    Compiling inout v0.1.4
[INFO] [stderr]    Compiling digest v0.10.7
[INFO] [stderr]    Compiling cipher v0.4.4
[INFO] [stderr]    Compiling ghash v0.5.1
[INFO] [stderr]    Compiling poly1305 v0.8.0
[INFO] [stderr]    Compiling tracing v0.1.44
[INFO] [stderr]    Compiling signature v2.2.0
[INFO] [stderr]    Compiling hmac v0.12.1
[INFO] [stderr]    Compiling sha2 v0.10.9
[INFO] [stderr]    Compiling hkdf v0.12.4
[INFO] [stderr]    Compiling spki v0.8.0
[INFO] [stderr]    Compiling sec1 v0.8.1
[INFO] [stderr]    Compiling pkcs8 v0.11.0
[INFO] [stderr]    Compiling digest v0.11.3
[INFO] [stderr]    Compiling spki v0.7.3
[INFO] [stderr]    Compiling hmac v0.13.0
[INFO] [stderr]    Compiling pkcs5 v0.7.1
[INFO] [stderr]    Compiling cipher v0.5.2
[INFO] [stderr]    Compiling hkdf v0.13.0
[INFO] [stderr]    Compiling sha2 v0.11.0
[INFO] [stderr]    Compiling pkcs8 v0.10.2
[INFO] [stderr]    Compiling signature v3.0.0
[INFO] [stderr]    Compiling universal-hash v0.6.1
[INFO] [stderr]    Compiling sec1 v0.7.3
[INFO] [stderr]    Compiling curve25519-dalek v4.1.3
[INFO] [stderr]    Compiling aes v0.9.2
[INFO] [stderr]    Compiling elliptic-curve v0.13.8
[INFO] [stderr]    Compiling ed25519 v2.2.3
[INFO] [stderr]    Compiling aead v0.6.1
[INFO] [stderr]    Compiling rfc6979 v0.4.0
[INFO] [stderr]    Compiling polyval v0.7.3
[INFO] [stderr]    Compiling ctr v0.10.1
[INFO] [stderr]    Compiling blake2 v0.11.0-rc.6
[INFO] [stderr]    Compiling ecdsa v0.16.9
[INFO] [stderr]    Compiling primeorder v0.13.6
[INFO] [stderr]    Compiling shake v0.1.0
[INFO] [stderr]    Compiling pbkdf2 v0.13.0
[INFO] [stderr]    Compiling poly1305 v0.9.1
[INFO] [stderr]    Compiling ed448 v0.5.0
[INFO] [stderr]    Compiling pkcs1 v0.7.5
[INFO] [stderr]    Compiling ed25519-dalek v2.2.0
[INFO] [stderr]    Compiling x25519-dalek v2.0.1
[INFO] [stderr]    Compiling salsa20 v0.11.0
[INFO] [stderr]    Compiling chacha20 v0.10.1
[INFO] [stderr]    Compiling aes v0.8.4
[INFO] [stderr]    Compiling chacha20 v0.9.1
[INFO] [stderr]    Compiling ctr v0.9.2
[INFO] [stderr]    Compiling scrypt v0.12.0
[INFO] [stderr]    Compiling argon2 v0.6.0-rc.8
[INFO] [stderr]    Compiling p384 v0.13.1
[INFO] [stderr]    Compiling chacha20poly1305 v0.10.1
[INFO] [stderr]    Compiling p256 v0.13.2
[INFO] [stderr]    Compiling ghash v0.6.0
[INFO] [stderr]    Compiling chacha20poly1305 v0.11.0
[INFO] [stderr]    Compiling aes-gcm v0.11.0
[INFO] [stderr]    Compiling ocb3 v0.2.0-rc.3
[INFO] [stderr]    Compiling aes-gcm v0.10.3
[INFO] [stderr]    Compiling aes-gcm-siv v0.12.0
[INFO] [stderr]    Compiling aes-kw v0.3.1
[INFO] [stderr]    Compiling sha3 v0.12.0
[INFO] [stderr]    Compiling pkcs1 v0.8.0-rc.4
[INFO] [stderr]    Compiling cmac v0.8.0
[INFO] [stderr]    Compiling cshake v0.2.1
[INFO] [stderr]    Compiling der-parser v10.0.0
[INFO] [stderr]    Compiling oxicrypto-mac v0.3.0
[INFO] [stderr]    Compiling elliptic-curve v0.14.1
[INFO] [stderr]    Compiling rfc6979 v0.6.0
[INFO] [stderr]    Compiling primefield v0.14.0
[INFO] [stderr]    Compiling crypto-primes v0.7.2
[INFO] [stderr]    Compiling x509-parser v0.18.1
[INFO] [stderr]    Compiling oxicrypto-hash v0.3.0
[INFO] [stderr]    Compiling oxicrypto-cipher v0.3.0
[INFO] [stderr]    Compiling ecdsa v0.17.0
[INFO] [stderr]    Compiling ppv-lite86 v0.2.21
[INFO] [stderr]    Compiling primeorder v0.14.0
[INFO] [stderr]    Compiling hash2curve v0.14.0
[INFO] [stderr]    Compiling ed448-goldilocks v0.14.0-pre.15
[INFO] [stderr]    Compiling half v2.7.1
[INFO] [stderr]    Compiling oxitls-core v0.3.0
[INFO] [stderr]    Compiling rand_chacha v0.3.1
[INFO] [stderr]    Compiling rand_chacha v0.10.0
[INFO] [stderr]    Compiling x509-cert v0.2.5
[INFO] [stderr]    Compiling sha1 v0.10.7
[INFO] [stderr]    Compiling ciborium-ll v0.2.2
[INFO] [stderr]    Compiling rand v0.8.7
[INFO] [stderr]    Compiling p384 v0.14.0
[INFO] [stderr]    Compiling p256 v0.14.0
[INFO] [stderr]    Compiling oxicrypto-rand v0.3.0
[INFO] [stderr]    Compiling p521 v0.14.0
[INFO] [stderr]    Compiling oxicrypto-kdf v0.3.0
[INFO] [stderr]    Compiling k256 v0.14.0
[INFO] [stderr]    Compiling rsa v0.10.0-rc.18
[INFO] [stderr]    Compiling tokio-rustls v0.26.4
[INFO] [stderr]    Compiling num-bigint-dig v0.8.6
[INFO] [stderr]    Compiling x448 v0.14.0-pre.12
[INFO] [stderr]    Compiling oxitls-webpki-roots v0.3.0
[INFO] [stderr]    Compiling des v0.8.1
[INFO] [stderr]    Compiling oxicrypto-aead v0.3.0
[INFO] [stderr]    Compiling cbc v0.1.2
[INFO] [stderr]    Compiling rc2 v0.8.1
[INFO] [stderr]    Compiling p12 v0.6.3
[INFO] [stderr]    Compiling rsa v0.9.10
[INFO] [stderr]    Compiling x509-ocsp v0.2.1
[INFO] [stderr]    Compiling rustls-rustcrypto v0.0.2-alpha
[INFO] [stderr]    Compiling oxitls-rustcrypto-provider v0.3.0
[INFO] [stderr]    Compiling ciborium v0.2.2
[INFO] [stderr]    Compiling rand_chacha v0.9.0
[INFO] [stderr]    Compiling oxicrypto-kex v0.3.0
[INFO] [stderr]    Compiling oxicrypto-sig v0.3.0
[INFO] [stderr]    Compiling oxitls-adapter-rustls-rustcrypto v0.3.0
[INFO] [stderr]    Compiling rcgen v0.14.8
[INFO] [stderr]    Compiling criterion v0.8.2
[INFO] [stderr]    Compiling proptest v1.11.0
[INFO] [stderr]    Compiling oxicrypto v0.3.0
[INFO] [stderr]    Compiling oxiquic-crypto v0.2.1
[INFO] [stderr]    Compiling oxitls-rcgen v0.3.0
[INFO] [stderr]    Compiling oxiquic-transport v0.2.1 (/opt/rustwide/workdir)
[INFO] [stderr]     Finished `release` profile [optimized] target(s) in 4m 29s
[INFO] running `Command { std: "docker" "inspect" "78f7396dec84a370260fbb60468e1a6ca5a9d3cdcaaf9363a4acf5fddc5c563a", kill_on_drop: false }`
[INFO] running `Command { std: "docker" "exec" "-e" "SOURCE_DIR=/opt/rustwide/workdir" "-e" "CARGO_HOME=/opt/rustwide/cargo-home" "-e" "RUSTUP_HOME=/opt/rustwide/rustup-home" "-e" "CARGO_TARGET_DIR=/opt/rustwide/target" "-e" "CARGO_INCREMENTAL=0" "-e" "RUST_BACKTRACE=full" "-e" "RUSTFLAGS=--cap-lints=warn" "-e" "RUSTDOCFLAGS=--cap-lints=warn" "-w" "/opt/rustwide/workdir" "--user" "0:0" "78f7396dec84a370260fbb60468e1a6ca5a9d3cdcaaf9363a4acf5fddc5c563a" "/opt/rustwide/cargo-home/bin/cargo" "+1.99.0-beta.8" "test" "--frozen" "--release", kill_on_drop: false }`
[INFO] [stderr]     Finished `release` profile [optimized] target(s) in 0.74s
[INFO] [stderr]      Running unittests src/lib.rs (/opt/rustwide/target/release/deps/oxiquic_transport-c7c8a856089e9511)
[INFO] [stdout] 
[INFO] [stdout] running 198 tests
[INFO] [stdout] test bbr::tests::pacing_rate_after_warmup ... ok
[INFO] [stdout] test bbr::tests::round_advances_only_across_boundary ... ok
[INFO] [stdout] test bbr::tests::rt_prop_unchanged_when_no_rtt_sample ... ok
[INFO] [stdout] test bbr::tests::rt_prop_uses_supplied_rtt_sample_not_send_time ... ok
[INFO] [stdout] test bbr::tests::startup_pacing_gain ... ok
[INFO] [stdout] test cc_dispatch::tests::bbr_dispatch_returns_some_rate_sample ... ok
[INFO] [stdout] test bbr::tests::bandwidth_plateau_detection ... ok
[INFO] [stdout] test bbr::tests::can_send_respects_cwnd ... ok
[INFO] [stdout] test bbr::tests::delivery_rate_estimation ... ok
[INFO] [stdout] test coding::tests::first_packet_number_no_ack ... ok
[INFO] [stdout] test coding::tests::packet_number_roundtrip ... ok
[INFO] [stdout] test coding::tests::packet_number_wraps_window ... ok
[INFO] [stdout] test coding::tests::truncated_varint_errors ... ok
[INFO] [stdout] test coding::tests::varint_known_vectors ... ok
[INFO] [stdout] test coding::tests::varint_roundtrip_all_lengths ... ok
[INFO] [stdout] test congestion::tests::congestion_avoidance_grows_slowly ... ok
[INFO] [stdout] test congestion::tests::initial_window_matches_rfc ... ok
[INFO] [stdout] test congestion::tests::loss_halves_window_into_recovery ... ok
[INFO] [stdout] test congestion::tests::persistent_congestion_detection ... ok
[INFO] [stdout] test congestion::tests::single_reduction_per_recovery_period ... ok
[INFO] [stdout] test connection::cid::tests::different_cids_give_different_tokens ... ok
[INFO] [stdout] test coding::tests::packet_number_decode_at_half_window_boundary ... ok
[INFO] [stdout] test cc_dispatch::tests::cubic_dispatch_can_send_after_ack ... ok
[INFO] [stdout] test connection::cid::tests::local_pool_issue_and_pop ... ok
[INFO] [stdout] test cc_dispatch::tests::from_config_returns_correct_variant ... ok
[INFO] [stdout] test connection::cid::tests::local_pool_limit_enforced ... ok
[INFO] [stdout] test bbr::tests::probe_rtt_reduces_cwnd ... ok
[INFO] [stdout] test connection::cid::tests::local_pool_rotation_drops_lost_pre_rotation_announcements ... ok
[INFO] [stdout] test congestion::tests::cannot_send_when_full ... ok
[INFO] [stdout] test connection::cid::tests::local_pool_rotation_frees_slots_and_raises_threshold ... ok
[INFO] [stdout] test connection::cid::tests::local_pool_set_limit_clamps_to_rfc_minimum ... ok
[INFO] [stdout] test connection::cid::tests::peer_pool_duplicate_seq_idempotent ... ok
[INFO] [stdout] test cc_dispatch::tests::loss_reduces_cubic_window ... ok
[INFO] [stdout] test connection::cid::tests::local_pool_retirement ... ok
[INFO] [stdout] test connection::cid::tests::peer_pool_initial_state ... ok
[INFO] [stdout] test connection::cid::tests::local_pool_rotation_rollback_restores_threshold ... ok
[INFO] [stdout] test connection::cid::tests::token_is_16_bytes_and_deterministic ... ok
[INFO] [stdout] test connection::multipath::tests::highest_bandwidth_picks_fattest_pipe ... ok
[INFO] [stdout] test connection::multipath::tests::loss_on_one_path_does_not_shrink_the_other ... ok
[INFO] [stdout] test connection::cid::tests::peer_pool_limit_enforced ... ok
[INFO] [stdout] test connection::cid::tests::peer_pool_matches_stateless_reset_token ... ok
[INFO] [stdout] test connection::multipath::tests::lowest_rtt_deprioritises_unmeasured_path ... ok
[INFO] [stdout] test connection::multipath::tests::multipath_add_path_registers_candidate ... ok
[INFO] [stdout] test connection::multipath::tests::multipath_add_duplicate_path_returns_error ... ok
[INFO] [stdout] test connection::multipath::tests::lowest_rtt_picks_fastest_validated_path ... ok
[INFO] [stdout] test connection::multipath::tests::lowest_rtt_scheduler_follows_per_path_measurements ... ok
[INFO] [stdout] test connection::multipath::tests::in_flight_bytes_are_tracked_per_path ... ok
[INFO] [stdout] test connection::multipath::tests::multipath_remove_non_active_path ... ok
[INFO] [stdout] test connection::multipath::tests::multipath_set_preferred_path_after_validation ... ok
[INFO] [stdout] test connection::multipath::tests::multipath_cannot_remove_active_path ... ok
[INFO] [stdout] test connection::multipath::tests::multipath_capacity_limit_enforced ... ok
[INFO] [stdout] test connection::multipath::tests::multipath_set_preferred_path_rejects_unknown_path ... ok
[INFO] [stdout] test connection::multipath::tests::multipath_state_initial_path_is_validated ... ok
[INFO] [stdout] test connection::multipath::tests::path_by_addr_lookup ... ok
[INFO] [stdout] test connection::multipath::tests::path_state_record_send_recv_counts ... ok
[INFO] [stdout] test connection::multipath::tests::scheduler_default_is_active ... ok
[INFO] [stdout] test connection::multipath::tests::path_state_is_usable_only_for_validated ... ok
[INFO] [stdout] test connection::multipath::tests::path_state_rtt_update_converges ... ok
[INFO] [stdout] test connection::multipath::tests::round_robin_cycles_over_validated_paths ... ok
[INFO] [stdout] test connection::multipath::tests::select_path_single_path_returns_active ... ok
[INFO] [stdout] test connection::cid::tests::peer_pool_preferred_cid_is_lowest_seq ... ok
[INFO] [stdout] test connection::multipath::tests::active_policy_prefers_active_index ... ok
[INFO] [stdout] test bbr::tests::initial_state_is_startup ... ok
[INFO] [stdout] test bbr::tests::drain_exits_at_bdp ... ok
[INFO] [stdout] test connection::cid::tests::local_pool_initial_state ... ok
[INFO] [stdout] test connection::recv::flow_control_tests::stream_data_over_stream_limit_is_flow_control_error ... ok
[INFO] [stdout] test connection::cid::tests::peer_pool_receive_new_cid ... ok
[INFO] [stdout] test connection::recv::stream_limit_tests::duplicate_reset_stream_is_idempotent ... ok
[INFO] [stdout] test connection::cid::tests::peer_pool_retire_prior_to ... ok
[INFO] [stdout] test connection::multipath::tests::bandwidth_estimate_requires_a_measurement ... ok
[INFO] [stdout] test connection::multipath::tests::rtt_samples_are_not_shared_between_paths ... ok
[INFO] [stdout] test connection::multipath::tests::select_path_ignores_unvalidated_candidates ... ok
[INFO] [stdout] test connection::recv::flow_control_tests::stream_data_over_conn_limit_is_flow_control_error ... ok
[INFO] [stdout] test bbr::tests::probe_bw_cycle_advances ... ok
[INFO] [stdout] test connection::recv::ecn_tests::decreasing_counts_fail_validation_and_stop_marking ... ok
[INFO] [stdout] test connection::recv::flow_control_tests::stream_data_within_limits_is_accepted ... ok
[INFO] [stdout] test congestion::tests::slow_start_grows_by_acked ... ok
[INFO] [stdout] test bbr::tests::loss_sets_inflight_hi ... ok
[INFO] [stdout] test connection::recv::ecn_tests::ce_increase_shrinks_congestion_window ... ok
[INFO] [stdout] test connection::recv::ecn_tests::fresh_connection_marks_ect0 ... ok
[INFO] [stdout] test connection::recv::stream_limit_tests::stream_frame_beyond_advertised_limit_is_stream_limit_error ... ok
[INFO] [stdout] test connection::recv::stream_limit_tests::stream_data_beyond_reset_final_size_is_final_size_error ... ok
[INFO] [stdout] test connection::recv::stream_limit_tests::stream_data_on_send_only_stream_is_stream_state_error ... ok
[INFO] [stdout] test connection::recv::stream_limit_tests::reset_stream_final_size_over_stream_limit_is_flow_control_error ... ok
[INFO] [stdout] test connection::recv::stream_limit_tests::reset_stream_flood_cannot_grow_the_stream_maps ... ok
[INFO] [stdout] test connection::recv::stream_limit_tests::max_stream_data_flood_cannot_grow_the_send_flow_map ... ok
[INFO] [stdout] test connection::recv::stream_limit_tests::max_stream_data_for_unopened_local_stream_is_stream_state_error ... ok
[INFO] [stdout] test connection::recv::stream_limit_tests::reset_stream_contradicting_fin_final_size_is_final_size_error ... ok
[INFO] [stdout] test connection::recv::stream_limit_tests::reset_stream_final_size_below_received_is_final_size_error ... ok
[INFO] [stdout] test crypto_stream::tests::duplicate_dropped ... ok
[INFO] [stdout] test crypto_stream::tests::in_order_delivery ... ok
[INFO] [stdout] test connection::recv::stream_limit_tests::stream_id_flood_cannot_grow_the_stream_maps ... ok
[INFO] [stdout] test cubic::tests::cubic_avoidance_grows_over_time ... ok
[INFO] [stdout] test cubic::tests::cubic_single_reduction_per_recovery ... ok
[INFO] [stdout] test ecn::tests::bleaching_fails ... ok
[INFO] [stdout] test cubic::tests::cubic_loss_reduces_by_beta_cubic ... ok
[INFO] [stdout] test cubic::tests::cubic_initial_window_matches_rfc ... ok
[INFO] [stdout] test ecn::tests::codepoint_tos_bits_roundtrip ... ok
[INFO] [stdout] test crypto_stream::tests::far_offset_is_rejected ... ok
[INFO] [stdout] test ecn::tests::ce_increase_is_reported_and_counted_toward_coverage ... ok
[INFO] [stdout] test ecn::tests::ect0_acked_but_non_ecn_ack_fails ... ok
[INFO] [stdout] test crypto_stream::tests::segment_flood_is_rejected ... ok
[INFO] [stdout] test crypto_stream::tests::out_of_order_buffered_then_flushed ... ok
[INFO] [stdout] test crypto_stream::tests::requeue_drains_before_send_buf ... ok
[INFO] [stdout] test cubic::tests::cubic_w_max_tracks_window_before_loss ... ok
[INFO] [stdout] test ecn::tests::non_ecn_ack_without_ect0_is_harmless ... ok
[INFO] [stdout] test endpoint::demux::tests::register_inserts_into_local_cid_map ... ok
[INFO] [stdout] test endpoint::demux::tests::unregister_removes_from_local_cid_map ... ok
[INFO] [stdout] test ecn::tests::marked_packet_counter_saturates_cleanly ... ok
[INFO] [stdout] test cubic::tests::cubic_slow_start_grows_by_acked ... ok
[INFO] [stdout] test endpoint::demux::tests::initial_retired_does_not_remove_other_entries ... ok
[INFO] [stdout] test ecn::tests::monotonic_decrease_fails ... ok
[INFO] [stdout] test ecn::tests::unsupported_never_marks_or_validates ... ok
[INFO] [stdout] test endpoint::ecn_recv::imp::tests::ipv4_tos_cmsg_decodes_every_codepoint ... ok
[INFO] [stdout] test endpoint::ecn_recv::imp::tests::dscp_bits_never_leak_into_the_codepoint ... ok
[INFO] [stdout] test endpoint::ecn_recv::tests::tos_byte_masks_off_the_dscp_field ... ok
[INFO] [stdout] test endpoint::demux::tests::initial_retired_removes_entry_from_initial_map ... ok
[INFO] [stdout] test endpoint::ecn_recv::tests::unsupported_reason_is_typed_and_displays ... ok
[INFO] [stdout] test flow_control::tests::monotonic_max_data ... ok
[INFO] [stdout] test flow_control::tests::conn_recv_enforces_limit ... ok
[INFO] [stdout] test endpoint::demux::tests::initial_retired_unknown_dcid_is_noop ... ok
[INFO] [stdout] test ecn::tests::from_tos_bits_ignores_high_bits ... ok
[INFO] [stdout] test crypto_stream::tests::large_in_window_reassembly_still_works ... ok
[INFO] [stdout] test ecn::tests::initial_state_marks_ect0 ... ok
[INFO] [stdout] test crypto_stream::tests::offset_past_varint_max_is_rejected ... ok
[INFO] [stdout] test endpoint::ecn_recv::imp::tests::ipv6_tclass_cmsg_accepts_both_widths ... ok
[INFO] [stdout] test flow_control::tests::send_blocks_at_limit_then_unblocks ... ok
[INFO] [stdout] test crypto_stream::tests::partial_overlap ... ok
[INFO] [stdout] test frame::tests::decode_frame_never_panics_on_malformed_corpus ... ok
[INFO] [stdout] test frame::tests::ack_roundtrip ... ok
[INFO] [stdout] test endpoint::ecn_recv::imp::tests::unrelated_or_truncated_cmsgs_report_nothing ... ok
[INFO] [stdout] test frame::tests::crypto_roundtrip ... ok
[INFO] [stdout] test frame::tests::close_roundtrip ... ok
[INFO] [stdout] test frame::tests::datagram_no_length_decode ... ok
[INFO] [stdout] test frame::tests::datagram_with_length_roundtrip ... ok
[INFO] [stdout] test flow_control::tests::recv_advertises_more_credit_as_consumed ... ok
[INFO] [stdout] test flow_control::tests::stream_recv_enforces_limit ... ok
[INFO] [stdout] test frame::tests::flow_control_frames ... ok
[INFO] [stdout] test frame::tests::ack_ecn_truncated_section_errors_not_panics ... ok
[INFO] [stdout] test frame::tests::new_token_rejects_empty ... ok
[INFO] [stdout] test frame::tests::new_connection_id_roundtrip ... ok
[INFO] [stdout] test frame::tests::new_token_roundtrip ... ok
[INFO] [stdout] test frame::tests::padding_coalesces ... ok
[INFO] [stdout] test frame::tests::retire_connection_id_roundtrip ... ok
[INFO] [stdout] test frame::tests::stop_sending_roundtrip ... ok
[INFO] [stdout] test frame::tests::reset_stream_roundtrip ... ok
[INFO] [stdout] test frame::tests::ack_ecn_roundtrip ... ok
[INFO] [stdout] test frame::tests::streams_blocked_roundtrip ... ok
[INFO] [stdout] test frame::tests::max_streams_rejects_over_2_60 ... ok
[INFO] [stdout] test flow_control::tests::stream_send_flow_credit ... ok
[INFO] [stdout] test packet::tests::coalesced_long_packets_roundtrip ... ok
[INFO] [stdout] test frame::tests::max_streams_uni_roundtrip ... ok
[INFO] [stdout] test params_codec::tests::cid_params_are_absent_when_unset ... ok
[INFO] [stdout] test packet::tests::long_packet_roundtrip ... ok
[INFO] [stdout] test packet::tests::peek_dcid_long ... ok
[INFO] [stdout] test frame::tests::path_challenge_response_roundtrip ... ok
[INFO] [stdout] test crypto_stream::tests::byte_flood_is_rejected ... ok
[INFO] [stdout] test ecn::tests::validation_promotes_testing_to_capable ... ok
[INFO] [stdout] test frame::tests::max_streams_bidi_roundtrip ... ok
[INFO] [stdout] test frame::tests::stream_roundtrip ... ok
[INFO] [stdout] test params_codec::tests::oversized_cid_param_is_rejected ... ok
[INFO] [stdout] test params_codec::tests::roundtrip_default ... ok
[INFO] [stdout] test params_codec::tests::zero_length_cid_param_roundtrips ... ok
[INFO] [stdout] test recovery::tests::ack_delay_subtracted_when_safe ... ok
[INFO] [stdout] test recovery::tests::subsequent_sample_smooths ... ok
[INFO] [stdout] test sent_packet::tests::ack_range_expansion_contiguous ... ok
[INFO] [stdout] test frame::tests::property::valid_frame_roundtrip_is_identity ... ok
[INFO] [stdout] test params_codec::tests::truncated_value_rejected ... ok
[INFO] [stdout] test params_codec::tests::roundtrip_populated ... ok
[INFO] [stdout] test recovery::tests::loss_delay_is_nine_eighths ... ok
[INFO] [stdout] test params_codec::tests::unknown_params_ignored ... ok
[INFO] [stdout] test recovery::tests::first_sample_sets_smoothed_and_var ... ok
[INFO] [stdout] test recovery::tests::pto_backoff_doubles ... ok
[INFO] [stdout] test frame::tests::property::arbitrary_bytes_never_panic ... ok
[INFO] [stdout] test packet::tests::fuzz::parse_short_packet_never_panics ... ok
[INFO] [stdout] test space::tests::ack_echoes_received_ecn_counts ... ok
[INFO] [stdout] test space::tests::pn_allocation_is_monotonic ... ok
[INFO] [stdout] test sent_packet::tests::ack_range_expansion_gapped ... ok
[INFO] [stdout] test space::tests::contiguous_ack ... ok
[INFO] [stdout] test sent_packet::tests::on_ack_removes_and_reports_newly_acked ... ok
[INFO] [stdout] test space::tests::ecn_counts_are_cumulative_across_acks ... ok
[INFO] [stdout] test space::tests::out_of_order_insert_merges ... ok
[INFO] [stdout] test space::tests::plain_ack_when_no_ecn_marks_observed ... ok
[INFO] [stdout] test sent_packet::tests::loss_by_packet_threshold ... ok
[INFO] [stdout] test packet::tests::fuzz::key_free_parsers_never_panic ... ok
[INFO] [stdout] test sent_packet::tests::loss_by_time_threshold ... ok
[INFO] [stdout] test space::tests::gapped_ack ... ok
[INFO] [stdout] test stream::tests::recv_out_of_order_reassembles ... ok
[INFO] [stdout] test stream::tests::recv_stream_reset_surfaces_error_code ... ok
[INFO] [stdout] test stream::tests::requeued_segment_sent_before_fresh_data ... ok
[INFO] [stdout] test stream::tests::requeued_segment_splits_under_max ... ok
[INFO] [stdout] test packet::tests::fuzz::parse_long_packet_never_panics ... ok
[INFO] [stdout] test stream::tests::recv_in_order ... ok
[INFO] [stdout] test stream::tests::send_stream_reset_suppresses_take ... ok
[INFO] [stdout] test stream::tests::recv_final_size_violation ... ok
[INFO] [stdout] test stream::tests::send_stream_chunks_with_fin ... ok
[INFO] [stdout] test stream::tests::send_stream_pure_fin ... ok
[INFO] [stdout] test crypto_stream::tests::send_chunking ... ok
[INFO] [stdout] 
[INFO] [stdout] test result: ok. 198 passed; 0 failed; 0 ignored; 0 measured; 0 filtered out; finished in 0.07s
[INFO] [stdout] 
[INFO] [stderr]      Running tests/alpn.rs (/opt/rustwide/target/release/deps/alpn-757eb564b92f1e07)
[INFO] [stdout] 
[INFO] [stdout] running 3 tests
[INFO] [stdout] test custom_alpn_roundtrip ... ok
[INFO] [stdout] test server_endpoint_builder_with_alpn_protocols ... ok
[INFO] [stdout] test alpn_not_set_does_not_panic ... ok
[INFO] [stdout] 
[INFO] [stderr]      Running tests/anti_amplification.rs (/opt/rustwide/target/release/deps/anti_amplification-f0a1db04fd7197b6)
[INFO] [stdout] test result: ok. 3 passed; 0 failed; 0 ignored; 0 measured; 0 filtered out; finished in 0.01s
[INFO] [stdout] 
[INFO] [stdout] 
[INFO] [stdout] running 4 tests
[INFO] [stdout] test client_is_never_amplification_limited ... ok
[INFO] [stdout] test handshake_completes_and_validates_the_address ... ok
[INFO] [stdout] test budget_grows_with_further_client_datagrams ... ok
[INFO] [stdout] test server_never_exceeds_three_times_received_before_validation ... ok
[INFO] [stdout] 
[INFO] [stdout] test result: ok. 4 passed; 0 failed; 0 ignored; 0 measured; 0 filtered out; finished in 0.01s
[INFO] [stdout] 
[INFO] [stderr]      Running tests/connection_id.rs (/opt/rustwide/target/release/deps/connection_id-e181d19a110873c2)
[INFO] [stdout] 
[INFO] [stdout] running 6 tests
[INFO] [stdout] test cid_pool_limit_enforced ... ok
[INFO] [stdout] test new_connection_id_frame_encode_decode ... ok
[INFO] [stdout] test server_issues_cids_post_handshake ... ok
[INFO] [stdout] test retire_connection_id_flow ... ok
[INFO] [stdout] test new_connection_id_validation_retire_prior_to ... ok
[INFO] [stdout] test client_issues_cids_post_handshake ... ok
[INFO] [stdout] 
[INFO] [stdout] test result: ok. 6 passed; 0 failed; 0 ignored; 0 measured; 0 filtered out; finished in 0.01s
[INFO] [stdout] 
[INFO] [stderr]      Running tests/datagram.rs (/opt/rustwide/target/release/deps/datagram-d21bb20e1e3f3bc8)
[INFO] [stdout] 
[INFO] [stdout] running 2 tests
[INFO] [stdout] test datagram_echo_client_to_server ... ok
[INFO] [stderr]      Running tests/driven.rs (/opt/rustwide/target/release/deps/driven-9903514f32caeaca)
[INFO] [stdout] test datagram_disabled_peer_returns_error ... ok
[INFO] [stdout] 
[INFO] [stdout] test result: ok. 2 passed; 0 failed; 0 ignored; 0 measured; 0 filtered out; finished in 0.05s
[INFO] [stdout] 
[INFO] [stdout] 
[INFO] [stdout] running 4 tests
[INFO] [stdout] test use_tokio_io_copy ... ok
[INFO] [stdout] test driven_async_read_write ... ok
[INFO] [stdout] test peer_addr_and_is_closed ... FAILED
[INFO] [stdout] test driven_both_sides_echo ... ok
[INFO] [stdout] 
[INFO] [stdout] failures:
[INFO] [stdout] 
[INFO] [stdout] ---- peer_addr_and_is_closed stdout ----
[INFO] [stdout] 
[INFO] [stdout] thread 'peer_addr_and_is_closed' (7087) panicked at tests/driven.rs:233:5:
[INFO] [stdout] client is_closed must be false initially
[INFO] [stdout] stack backtrace:
[INFO] [stdout]    0:     0x5bda051d24f1 - <<std[70759c8f55707aa4]::sys::backtrace::BacktraceLock>::print::DisplayBacktrace as core[df12db4294e9bfd3]::fmt::Display>::fmt
[INFO] [stdout]    1:     0x5bda051e7baa - core[df12db4294e9bfd3]::fmt::write
[INFO] [stdout]    2:     0x5bda051d6b2c - <alloc[2182bb758b4b3781]::vec::Vec<u8> as core[df12db4294e9bfd3]::io::write::Write>::write_fmt
[INFO] [stdout]    3:     0x5bda051ae156 - std[70759c8f55707aa4]::panicking::default_hook::{closure#0}
[INFO] [stdout]    4:     0x5bda051ca9e9 - std[70759c8f55707aa4]::panicking::default_hook
[INFO] [stdout]    5:     0x5bda04f5dba0 - test[9d35eded1c95d3be]::test_main_inner::<test[9d35eded1c95d3be]::test_main_static::{closure#0}>::{closure#0}
[INFO] [stdout]    6:     0x5bda051cad12 - std[70759c8f55707aa4]::panicking::panic_with_hook
[INFO] [stdout]    7:     0x5bda051ae234 - std[70759c8f55707aa4]::panicking::panic_handler::{closure#0}
[INFO] [stdout]    8:     0x5bda051a6f89 - std[70759c8f55707aa4]::sys::backtrace::__rust_end_short_backtrace::<std[70759c8f55707aa4]::panicking::panic_handler::{closure#0}, !>
[INFO] [stdout]    9:     0x5bda051aedfd - __rustc[8fa7c3cbc660c2b3]::rust_begin_unwind
[INFO] [stdout]   10:     0x5bda051e830c - core[df12db4294e9bfd3]::panicking::panic_fmt
[INFO] [stdout]   11:     0x5bda04f0fb7d - driven[9ad4c92fbb78a977]::peer_addr_and_is_closed::{closure#0}
[INFO] [stdout]   12:     0x5bda04f3226a - <tokio[cc370be76628a8b]::runtime::park::CachedParkThread>::block_on::<core[df12db4294e9bfd3]::pin::Pin<&mut dyn core[df12db4294e9bfd3]::future::future::Future<Output = ()>>>
[INFO] [stdout]   13:     0x5bda04f34276 - <tokio[cc370be76628a8b]::runtime::runtime::Runtime>::block_on::<core[df12db4294e9bfd3]::pin::Pin<&mut dyn core[df12db4294e9bfd3]::future::future::Future<Output = ()>>>
[INFO] [stdout]   14:     0x5bda04f14980 - <driven[9ad4c92fbb78a977]::peer_addr_and_is_closed::{closure#0} as core[df12db4294e9bfd3]::ops::function::FnOnce<()>>::call_once
[INFO] [stdout]   15:     0x5bda04f50e8b - test[9d35eded1c95d3be]::__rust_begin_short_backtrace::<core[df12db4294e9bfd3]::result::Result<(), alloc[2182bb758b4b3781]::string::String>, fn() -> core[df12db4294e9bfd3]::result::Result<(), alloc[2182bb758b4b3781]::string::String>>
[INFO] [stdout]   16:     0x5bda04f5e4f5 - test[9d35eded1c95d3be]::run_test::{closure#0}
[INFO] [stdout]   17:     0x5bda04f57db4 - std[70759c8f55707aa4]::sys::backtrace::__rust_begin_short_backtrace::<test[9d35eded1c95d3be]::run_test::{closure#1}, ()>
[INFO] [stdout]   18:     0x5bda04f61652 - <std[70759c8f55707aa4]::thread::lifecycle::spawn_unchecked<test[9d35eded1c95d3be]::run_test::{closure#1}, ()>::{closure#1} as core[df12db4294e9bfd3]::ops::function::FnOnce<()>>::call_once::{shim:vtable#0}
[INFO] [stdout]   19:     0x5bda051d1db9 - <std[70759c8f55707aa4]::sys::thread::unix::Thread>::new::thread_start
[INFO] [stdout]   20:     0x79dc69898dfa - <unknown>
[INFO] [stdout]   21:     0x79dc6992c3d4 - clone
[INFO] [stdout]   22:                0x0 - <unknown>
[INFO] [stdout] 
[INFO] [stdout] 
[INFO] [stdout] failures:
[INFO] [stdout]     peer_addr_and_is_closed
[INFO] [stdout] 
[INFO] [stdout] test result: FAILED. 3 passed; 1 failed; 0 ignored; 0 measured; 0 filtered out; finished in 0.83s
[INFO] [stdout] 
[INFO] [stderr] error: test failed, to rerun pass `--test driven`
[INFO] running `Command { std: "docker" "inspect" "78f7396dec84a370260fbb60468e1a6ca5a9d3cdcaaf9363a4acf5fddc5c563a", kill_on_drop: false }`
[INFO] running `Command { std: "docker" "rm" "-f" "78f7396dec84a370260fbb60468e1a6ca5a9d3cdcaaf9363a4acf5fddc5c563a", kill_on_drop: false }`
[INFO] [stdout] 78f7396dec84a370260fbb60468e1a6ca5a9d3cdcaaf9363a4acf5fddc5c563a
