[INFO] fetching crate origin-crypto-sdk 0.7.2...
[INFO] testing origin-crypto-sdk-0.7.2 against 1.99.0-beta.8+cargoflags=--release for beta-release-1.100-2
[INFO] extracting crate origin-crypto-sdk 0.7.2 into /workspace/builds/worker-1-tc1/source
[INFO] removed /workspace/builds/worker-1-tc1/source/.cargo/config.toml
[INFO] started tweaking crates.io crate origin-crypto-sdk 0.7.2
[INFO] removed 0 missing examples
[INFO] removed 0 missing tests
[INFO] finished tweaking crates.io crate origin-crypto-sdk 0.7.2
[INFO] tweaked toml for crates.io crate origin-crypto-sdk 0.7.2 written to /workspace/builds/worker-1-tc1/source/Cargo.toml
[INFO] validating manifest of crates.io crate origin-crypto-sdk 0.7.2 on toolchain 1.99.0-beta.8
[INFO] running `Command { std: CARGO_HOME="/workspace/cargo-home" RUSTUP_HOME="/workspace/rustup-home" "/workspace/cargo-home/bin/cargo" "+1.99.0-beta.8" "metadata" "--manifest-path" "Cargo.toml" "--no-deps", kill_on_drop: false }`
[INFO] crate crates.io crate origin-crypto-sdk 0.7.2 already has a lockfile, it will not be regenerated
[INFO] running `Command { std: CARGO_HOME="/workspace/cargo-home" RUSTUP_HOME="/workspace/rustup-home" "/workspace/cargo-home/bin/cargo" "+1.99.0-beta.8" "fetch" "--manifest-path" "Cargo.toml", kill_on_drop: false }`
[INFO] [stderr]     Updating crates.io index
[INFO] [stderr]  Downloading crates ...
[INFO] [stderr]   Downloaded skein v0.2.0
[INFO] [stderr]   Downloaded threefish v0.6.0
[INFO] [stderr]   Downloaded slh-dsa v0.2.0-rc.5
[INFO] [stderr]   Downloaded keccak v0.2.2
[INFO] [stderr]   Downloaded sponge-cursor v0.1.0
[INFO] [stderr]   Downloaded kem v0.3.0
[INFO] [stderr]   Downloaded serpent v0.5.1
[INFO] [stderr]   Downloaded ed448 v0.5.0
[INFO] [stderr]   Downloaded ed448-goldilocks v0.14.0-pre.15
[INFO] [stderr]   Downloaded constant_time_eq v0.5.0
[INFO] [stderr]   Downloaded module-lattice v0.2.3
[INFO] [stderr]   Downloaded hash2curve v0.14.0
[INFO] [stderr]   Downloaded chacha20-blake3 v0.10.0
[INFO] [stderr]   Downloaded ml-kem v0.3.2
[INFO] [stderr]   Downloaded ml-dsa v0.1.1
[INFO] [stderr]   Downloaded p256 v0.14.0
[INFO] [stderr]   Downloaded falcon-rs v0.2.5
[INFO] [stderr]   Downloaded shake v0.1.0
[INFO] running `Command { std: "docker" "create" "-v" "/var/lib/crater-agent-workspace/builds/worker-1-tc1/source:/opt/rustwide/workdir:ro,Z" "-v" "/var/lib/crater-agent-workspace/builds/worker-1-tc1/target:/opt/rustwide/target:rw,Z" "-v" "/var/lib/crater-agent-workspace/cargo-home:/opt/rustwide/cargo-home:ro,Z" "-v" "/var/lib/crater-agent-workspace/rustup-home:/opt/rustwide/rustup-home:ro,Z" "-m" "1610612736" "--network" "none" "ghcr.io/rust-lang/crates-build-env/linux@sha256:77db811e55d90add9212f6832c23229e3de5f1c1f9905e8cb07319ea15df73ac" "sleep" "infinity", kill_on_drop: false }`
[INFO] [stdout] acda02755ccf1a69ec7f99d6742e59359ea016dd461b34fb12371c9903a2cfce
[INFO] running `Command { std: "docker" "start" "acda02755ccf1a69ec7f99d6742e59359ea016dd461b34fb12371c9903a2cfce", kill_on_drop: false }`
[INFO] running `Command { std: "docker" "inspect" "acda02755ccf1a69ec7f99d6742e59359ea016dd461b34fb12371c9903a2cfce", kill_on_drop: false }`
[INFO] running `Command { std: "docker" "exec" "-e" "SOURCE_DIR=/opt/rustwide/workdir" "-e" "CARGO_HOME=/opt/rustwide/cargo-home" "-e" "RUSTUP_HOME=/opt/rustwide/rustup-home" "-e" "CARGO_TARGET_DIR=/opt/rustwide/target" "-w" "/opt/rustwide/workdir" "--user" "0:0" "acda02755ccf1a69ec7f99d6742e59359ea016dd461b34fb12371c9903a2cfce" "/opt/rustwide/cargo-home/bin/cargo" "+1.99.0-beta.8" "metadata" "--no-deps" "--format-version=1", kill_on_drop: false }`
[INFO] running `Command { std: "docker" "inspect" "acda02755ccf1a69ec7f99d6742e59359ea016dd461b34fb12371c9903a2cfce", kill_on_drop: false }`
[INFO] running `Command { std: "docker" "exec" "-e" "SOURCE_DIR=/opt/rustwide/workdir" "-e" "CARGO_HOME=/opt/rustwide/cargo-home" "-e" "RUSTUP_HOME=/opt/rustwide/rustup-home" "-e" "CARGO_TARGET_DIR=/opt/rustwide/target" "-e" "CARGO_INCREMENTAL=0" "-e" "RUST_BACKTRACE=full" "-e" "RUSTFLAGS=--cap-lints=warn" "-e" "RUSTDOCFLAGS=--cap-lints=warn" "-w" "/opt/rustwide/workdir" "--user" "0:0" "acda02755ccf1a69ec7f99d6742e59359ea016dd461b34fb12371c9903a2cfce" "/opt/rustwide/cargo-home/bin/cargo" "+1.99.0-beta.8" "build" "--frozen" "--message-format=json" "--release", kill_on_drop: false }`
[INFO] [stderr]    Compiling zeroize_derive v1.5.0
[INFO] [stderr]    Compiling subtle v2.6.1
[INFO] [stderr]    Compiling getrandom v0.4.3
[INFO] [stderr]    Compiling cmov v0.5.4
[INFO] [stderr]    Compiling generic-array v0.14.7
[INFO] [stderr]    Compiling getrandom v0.2.17
[INFO] [stderr]    Compiling libc v0.2.189
[INFO] [stderr]    Compiling find-msvc-tools v0.1.11
[INFO] [stderr]    Compiling cpubits v0.1.1
[INFO] [stderr]    Compiling base16ct v1.0.0
[INFO] [stderr]    Compiling zerocopy v0.8.56
[INFO] [stderr]    Compiling curve25519-dalek v4.1.3
[INFO] [stderr]    Compiling rand_core v0.6.4
[INFO] [stderr]    Compiling ctutils v0.4.2
[INFO] [stderr]    Compiling ff v0.14.0
[INFO] [stderr]    Compiling syn v3.0.4
[INFO] [stderr]    Compiling curve25519-dalek-derive v0.1.1
[INFO] [stderr]    Compiling keccak v0.2.2
[INFO] [stderr]    Compiling group v0.14.0
[INFO] [stderr]    Compiling zstd-safe v7.2.4
[INFO] [stderr]    Compiling crc32fast v1.5.1
[INFO] [stderr]    Compiling zeroize v1.9.0
[INFO] [stderr]    Compiling ff v0.13.1
[INFO] [stderr]    Compiling base64ct v1.8.3
[INFO] [stderr]    Compiling hybrid-array v0.4.14
[INFO] [stderr]    Compiling der v0.8.1
[INFO] [stderr]    Compiling arrayvec v0.7.8
[INFO] [stderr]    Compiling constant_time_eq v0.4.2
[INFO] [stderr]    Compiling sponge-cursor v0.1.0
[INFO] [stderr]    Compiling simd-adler32 v0.3.10
[INFO] [stderr]    Compiling signature v2.2.0
[INFO] [stderr]    Compiling miniz_oxide v0.8.9
[INFO] [stderr]    Compiling crypto-common v0.2.2
[INFO] [stderr]    Compiling crypto-common v0.1.7
[INFO] [stderr]    Compiling block-buffer v0.12.1
[INFO] [stderr]    Compiling jobserver v0.1.35
[INFO] [stderr]    Compiling crypto-bigint v0.7.5
[INFO] [stderr]    Compiling cc v1.4.4
[INFO] [stderr]    Compiling spki v0.8.0
[INFO] [stderr]    Compiling digest v0.11.3
[INFO] [stderr]    Compiling block-buffer v0.10.4
[INFO] [stderr]    Compiling digest v0.10.7
[INFO] [stderr]    Compiling pkcs8 v0.11.0
[INFO] [stderr]    Compiling sec1 v0.8.1
[INFO] [stderr]    Compiling block-padding v0.3.3
[INFO] [stderr]    Compiling inout v0.1.4
[INFO] [stderr]    Compiling signature v3.0.0
[INFO] [stderr]    Compiling cipher v0.4.4
[INFO] [stderr]    Compiling hmac v0.13.0
[INFO] [stderr]    Compiling universal-hash v0.5.1
[INFO] [stderr]    Compiling poly1305 v0.8.0
[INFO] [stderr]    Compiling zstd-sys v2.0.16+zstd.1.5.7
[INFO] [stderr]    Compiling blake3 v1.8.7
[INFO] [stderr]    Compiling ring v0.17.14
[INFO] [stderr]    Compiling clap_derive v4.6.4
[INFO] [stderr]    Compiling serde_derive v1.0.229
[INFO] [stderr]    Compiling elliptic-curve v0.14.1
[INFO] [stderr]    Compiling primefield v0.14.0
[INFO] [stderr]    Compiling rfc6979 v0.6.0
[INFO] [stderr]    Compiling wnaf v0.14.1
[INFO] [stderr]    Compiling ppv-lite86 v0.2.21
[INFO] [stderr]    Compiling primeorder v0.14.0
[INFO] [stderr]    Compiling rand_chacha v0.3.1
[INFO] [stderr]    Compiling ecdsa v0.17.0
[INFO] [stderr]    Compiling hash2curve v0.14.0
[INFO] [stderr]    Compiling chacha20 v0.9.1
[INFO] [stderr]    Compiling ed448 v0.5.0
[INFO] [stderr]    Compiling sha2 v0.10.8
[INFO] [stderr]    Compiling blake2 v0.10.6
[INFO] [stderr]    Compiling shake v0.1.0
[INFO] [stderr]    Compiling sha2 v0.11.0
[INFO] [stderr]    Compiling aead v0.5.2
[INFO] [stderr]    Compiling crypto-bigint v0.5.5
[INFO] [stderr]    Compiling ed25519 v2.2.3
[INFO] [stderr]    Compiling clap_builder v4.6.6
[INFO] [stderr]    Compiling password-hash v0.5.0
[INFO] [stderr]    Compiling group v0.13.0
[INFO] [stderr]    Compiling rayon-core v1.13.0
[INFO] [stderr]    Compiling byteorder v1.5.0
[INFO] [stderr]    Compiling base16ct v0.2.0
[INFO] [stderr]    Compiling threefish v0.6.0
[INFO] [stderr]    Compiling constant_time_eq v0.5.0
[INFO] [stderr]    Compiling either v1.18.0
[INFO] [stderr]    Compiling chacha20-blake3 v0.10.0
[INFO] [stderr]    Compiling rayon v1.12.0
[INFO] [stderr]    Compiling skein v0.2.0
[INFO] [stderr]    Compiling serpent v0.5.1
[INFO] [stderr]    Compiling elliptic-curve v0.13.8
[INFO] [stderr]    Compiling falcon-rs v0.2.5
[INFO] [stderr]    Compiling p256 v0.14.0
[INFO] [stderr]    Compiling flate2 v1.1.9
[INFO] [stderr]    Compiling argon2 v0.5.3
[INFO] [stderr]    Compiling serde v1.0.229
[INFO] [stderr]    Compiling clap v4.6.6
[INFO] [stderr]    Compiling ed25519-dalek v2.2.0
[INFO] [stderr]    Compiling chacha20poly1305 v0.10.1
[INFO] [stderr]    Compiling ed448-goldilocks v0.14.0-pre.15
[INFO] [stderr]    Compiling k256 v0.14.0
[INFO] [stderr]    Compiling rand v0.8.7
[INFO] [stderr]    Compiling x25519-dalek v2.0.1
[INFO] [stderr]    Compiling hmac v0.12.1
[INFO] [stderr]    Compiling sha1 v0.10.7
[INFO] [stderr]    Compiling sha3 v0.11.0
[INFO] [stderr]    Compiling unicode-normalization v0.1.25
[INFO] [stderr]    Compiling zstd v0.13.3
[INFO] [stderr]    Compiling origin-crypto-sdk v0.7.2 (/opt/rustwide/workdir)
[INFO] [stdout] warning: usage of an `unsafe` block
[INFO] [stdout]   --> src/internal/getrandom.rs:66:23
[INFO] [stdout]    |
[INFO] [stdout] 66 |               let ret = unsafe {
[INFO] [stdout]    |  _______________________^
[INFO] [stdout] 67 | |                 syscall(
[INFO] [stdout] 68 | |                     SYS_GETRANDOM,
[INFO] [stdout] 69 | |                     dest.as_mut_ptr().add(offset),
[INFO] [stdout] ...  |
[INFO] [stdout] 73 | |             };
[INFO] [stdout]    | |_____________^
[INFO] [stdout]    |
[INFO] [stdout]    = note: requested on the command line with `-W unsafe-code`
[INFO] [stdout] 
[INFO] [stdout] 
[INFO] [stdout] warning: usage of an `unsafe` block
[INFO] [stdout]   --> src/internal/getrandom.rs:75:29
[INFO] [stdout]    |
[INFO] [stdout] 75 |                 let errno = unsafe { *__errno_location() };
[INFO] [stdout]    |                             ^^^^^^^^^^^^^^^^^^^^^^^^^^^^^^
[INFO] [stdout] 
[INFO] [stdout] 
[INFO] [stdout] warning: usage of an `unsafe` block
[INFO] [stdout]   --> src/internal/mlock.rs:25:5
[INFO] [stdout]    |
[INFO] [stdout] 25 |     unsafe { mlock(addr, len) == 0 }
[INFO] [stdout]    |     ^^^^^^^^^^^^^^^^^^^^^^^^^^^^^^^^
[INFO] [stdout] 
[INFO] [stdout] 
[INFO] [stdout] warning: usage of an `unsafe` block
[INFO] [stdout]   --> src/internal/mlock.rs:40:5
[INFO] [stdout]    |
[INFO] [stdout] 40 |     unsafe { munlock(addr, len) == 0 }
[INFO] [stdout]    |     ^^^^^^^^^^^^^^^^^^^^^^^^^^^^^^^^^^
[INFO] [stdout] 
[INFO] [stdout] 
[INFO] [stdout] warning: usage of an `unsafe` block
[INFO] [stdout]   --> src/internal/zeroize.rs:17:9
[INFO] [stdout]    |
[INFO] [stdout] 17 | /         unsafe {
[INFO] [stdout] 18 | |             core::ptr::write_volatile(byte, 0);
[INFO] [stdout] 19 | |         }
[INFO] [stdout]    | |_________^
[INFO] [stdout] 
[INFO] [stdout] 
[INFO] [stdout] warning: usage of an `unsafe` block
[INFO] [stdout]   --> src/internal/zeroize.rs:55:13
[INFO] [stdout]    |
[INFO] [stdout] 55 |             unsafe { core::slice::from_raw_parts_mut(ptr, N * core::mem::size_of::<i64>()) };
[INFO] [stdout]    |             ^^^^^^^^^^^^^^^^^^^^^^^^^^^^^^^^^^^^^^^^^^^^^^^^^^^^^^^^^^^^^^^^^^^^^^^^^^^^^^^^
[INFO] [stdout] 
[INFO] [stdout] 
[INFO] [stdout] warning: usage of an `unsafe` block
[INFO] [stdout]   --> src/internal/zeroize.rs:63:21
[INFO] [stdout]    |
[INFO] [stdout] 63 |         let bytes = unsafe { core::slice::from_raw_parts_mut(ptr, N * core::mem::size_of::<i8>()) };
[INFO] [stdout]    |                     ^^^^^^^^^^^^^^^^^^^^^^^^^^^^^^^^^^^^^^^^^^^^^^^^^^^^^^^^^^^^^^^^^^^^^^^^^^^^^^^
[INFO] [stdout] 
[INFO] [stdout] 
[INFO] [stdout] warning: usage of an `unsafe` block
[INFO] [stdout]   --> src/internal/zeroize.rs:72:13
[INFO] [stdout]    |
[INFO] [stdout] 72 |             unsafe { core::slice::from_raw_parts_mut(ptr, N * core::mem::size_of::<u32>()) };
[INFO] [stdout]    |             ^^^^^^^^^^^^^^^^^^^^^^^^^^^^^^^^^^^^^^^^^^^^^^^^^^^^^^^^^^^^^^^^^^^^^^^^^^^^^^^^
[INFO] [stdout] 
[INFO] [stdout] 
[INFO] [stdout] warning: usage of an `unsafe` block
[INFO] [stdout]   --> src/internal/zeroize.rs:82:21
[INFO] [stdout]    |
[INFO] [stdout] 82 |           let bytes = unsafe {
[INFO] [stdout]    |  _____________________^
[INFO] [stdout] 83 | |             core::slice::from_raw_parts_mut(ptr, self.len() * core::mem::size_of::<char>())
[INFO] [stdout] 84 | |         };
[INFO] [stdout]    | |_________^
[INFO] [stdout] 
[INFO] [stdout] 
[INFO] [stdout] warning: usage of an `unsafe` block
[INFO] [stdout]    --> src/internal/zeroize.rs:97:9
[INFO] [stdout]     |
[INFO] [stdout]  97 | /         unsafe {
[INFO] [stdout]  98 | |             for byte in self.as_mut_vec().iter_mut() {
[INFO] [stdout]  99 | |                 core::ptr::write_volatile(byte, 0);
[INFO] [stdout] 100 | |             }
[INFO] [stdout] 101 | |         }
[INFO] [stdout]     | |_________^
[INFO] [stdout] 
[INFO] [stdout] 
[INFO] [stderr]     Finished `release` profile [optimized] target(s) in 2m 15s
[INFO] running `Command { std: "docker" "inspect" "acda02755ccf1a69ec7f99d6742e59359ea016dd461b34fb12371c9903a2cfce", kill_on_drop: false }`
[INFO] running `Command { std: "docker" "exec" "-e" "SOURCE_DIR=/opt/rustwide/workdir" "-e" "CARGO_HOME=/opt/rustwide/cargo-home" "-e" "RUSTUP_HOME=/opt/rustwide/rustup-home" "-e" "CARGO_TARGET_DIR=/opt/rustwide/target" "-e" "CARGO_INCREMENTAL=0" "-e" "RUST_BACKTRACE=full" "-e" "RUSTFLAGS=--cap-lints=warn" "-e" "RUSTDOCFLAGS=--cap-lints=warn" "-w" "/opt/rustwide/workdir" "--user" "0:0" "acda02755ccf1a69ec7f99d6742e59359ea016dd461b34fb12371c9903a2cfce" "/opt/rustwide/cargo-home/bin/cargo" "+1.99.0-beta.8" "test" "--frozen" "--no-run" "--message-format=json" "--release", kill_on_drop: false }`
[INFO] [stderr]    Compiling getrandom v0.2.17
[INFO] [stderr]    Compiling getrandom v0.4.3
[INFO] [stderr]    Compiling zerocopy v0.8.56
[INFO] [stderr]    Compiling zerocopy-derive v0.8.56
[INFO] [stderr]    Compiling serde v1.0.229
[INFO] [stderr]    Compiling getrandom v0.3.4
[INFO] [stderr]    Compiling rayon v1.12.0
[INFO] [stderr]    Compiling regex-automata v0.4.18
[INFO] [stderr]    Compiling rand_core v0.6.4
[INFO] [stderr]    Compiling crypto-common v0.2.2
[INFO] [stderr]    Compiling crypto-bigint v0.7.5
[INFO] [stderr]    Compiling rand_core v0.9.5
[INFO] [stderr]    Compiling crypto-common v0.1.7
[INFO] [stderr]    Compiling ff v0.13.1
[INFO] [stderr]    Compiling digest v0.10.7
[INFO] [stderr]    Compiling cipher v0.4.4
[INFO] [stderr]    Compiling curve25519-dalek v4.1.3
[INFO] [stderr]    Compiling universal-hash v0.5.1
[INFO] [stderr]    Compiling poly1305 v0.8.0
[INFO] [stderr]    Compiling chacha20 v0.9.1
[INFO] [stderr]    Compiling digest v0.11.3
[INFO] [stderr]    Compiling signature v3.0.0
[INFO] [stderr]    Compiling hmac v0.13.0
[INFO] [stderr]    Compiling ed448 v0.5.0
[INFO] [stderr]    Compiling shake v0.1.0
[INFO] [stderr]    Compiling sha2 v0.11.0
[INFO] [stderr]    Compiling sha2 v0.10.8
[INFO] [stderr]    Compiling blake2 v0.10.6
[INFO] [stderr]    Compiling group v0.13.0
[INFO] [stderr]    Compiling aead v0.5.2
[INFO] [stderr]    Compiling password-hash v0.5.0
[INFO] [stderr]    Compiling elliptic-curve v0.14.1
[INFO] [stderr]    Compiling primefield v0.14.0
[INFO] [stderr]    Compiling wnaf v0.14.1
[INFO] [stderr]    Compiling rfc6979 v0.6.0
[INFO] [stderr]    Compiling primeorder v0.14.0
[INFO] [stderr]    Compiling ecdsa v0.17.0
[INFO] [stderr]    Compiling hash2curve v0.14.0
[INFO] [stderr]    Compiling crypto-bigint v0.5.5
[INFO] [stderr]    Compiling ed448-goldilocks v0.14.0-pre.15
[INFO] [stderr]    Compiling argon2 v0.5.3
[INFO] [stderr]    Compiling chacha20poly1305 v0.10.1
[INFO] [stderr]    Compiling k256 v0.14.0
[INFO] [stderr]    Compiling ed25519-dalek v2.2.0
[INFO] [stderr]    Compiling p256 v0.14.0
[INFO] [stderr]    Compiling x25519-dalek v2.0.1
[INFO] [stderr]    Compiling sha3 v0.11.0
[INFO] [stderr]    Compiling skein v0.2.0
[INFO] [stderr]    Compiling elliptic-curve v0.13.8
[INFO] [stderr]    Compiling serpent v0.5.1
[INFO] [stderr]    Compiling hmac v0.12.1
[INFO] [stderr]    Compiling sha1 v0.10.7
[INFO] [stderr]    Compiling falcon-rs v0.2.5
[INFO] [stderr]    Compiling ppv-lite86 v0.2.21
[INFO] [stderr]    Compiling half v2.7.1
[INFO] [stderr]    Compiling rand_chacha v0.3.1
[INFO] [stderr]    Compiling ciborium-ll v0.2.2
[INFO] [stderr]    Compiling ring v0.17.14
[INFO] [stderr]    Compiling rand v0.8.7
[INFO] [stderr]    Compiling tempfile v3.27.0
[INFO] [stderr]    Compiling itertools v0.10.5
[INFO] [stderr]    Compiling wait-timeout v0.2.1
[INFO] [stderr]    Compiling rusty-fork v0.3.1
[INFO] [stderr]    Compiling ciborium v0.2.2
[INFO] [stderr]    Compiling rand_chacha v0.9.0
[INFO] [stderr]    Compiling regex v1.13.1
[INFO] [stderr]    Compiling tinytemplate v1.2.1
[INFO] [stderr]    Compiling criterion-plot v0.5.0
[INFO] [stderr]    Compiling rand_xorshift v0.4.0
[INFO] [stderr]    Compiling rand v0.9.5
[INFO] [stderr]    Compiling origin-crypto-sdk v0.7.2 (/opt/rustwide/workdir)
[INFO] [stdout] warning: usage of an `unsafe` block
[INFO] [stdout]   --> src/internal/getrandom.rs:66:23
[INFO] [stdout]    |
[INFO] [stdout] 66 |               let ret = unsafe {
[INFO] [stdout]    |  _______________________^
[INFO] [stdout] 67 | |                 syscall(
[INFO] [stdout] 68 | |                     SYS_GETRANDOM,
[INFO] [stdout] 69 | |                     dest.as_mut_ptr().add(offset),
[INFO] [stdout] ...  |
[INFO] [stdout] 73 | |             };
[INFO] [stdout]    | |_____________^
[INFO] [stdout]    |
[INFO] [stdout]    = note: requested on the command line with `-W unsafe-code`
[INFO] [stdout] 
[INFO] [stdout] 
[INFO] [stdout] warning: usage of an `unsafe` block
[INFO] [stdout]   --> src/internal/getrandom.rs:75:29
[INFO] [stdout]    |
[INFO] [stdout] 75 |                 let errno = unsafe { *__errno_location() };
[INFO] [stdout]    |                             ^^^^^^^^^^^^^^^^^^^^^^^^^^^^^^
[INFO] [stdout] 
[INFO] [stdout] 
[INFO] [stdout] warning: usage of an `unsafe` block
[INFO] [stdout]   --> src/internal/mlock.rs:25:5
[INFO] [stdout]    |
[INFO] [stdout] 25 |     unsafe { mlock(addr, len) == 0 }
[INFO] [stdout]    |     ^^^^^^^^^^^^^^^^^^^^^^^^^^^^^^^^
[INFO] [stdout] 
[INFO] [stdout] 
[INFO] [stdout] warning: usage of an `unsafe` block
[INFO] [stdout]   --> src/internal/mlock.rs:40:5
[INFO] [stdout]    |
[INFO] [stdout] 40 |     unsafe { munlock(addr, len) == 0 }
[INFO] [stdout]    |     ^^^^^^^^^^^^^^^^^^^^^^^^^^^^^^^^^^
[INFO] [stdout] 
[INFO] [stdout] 
[INFO] [stdout] warning: usage of an `unsafe` block
[INFO] [stdout]   --> src/internal/zeroize.rs:17:9
[INFO] [stdout]    |
[INFO] [stdout] 17 | /         unsafe {
[INFO] [stdout] 18 | |             core::ptr::write_volatile(byte, 0);
[INFO] [stdout] 19 | |         }
[INFO] [stdout]    | |_________^
[INFO] [stdout] 
[INFO] [stdout] 
[INFO] [stdout] warning: usage of an `unsafe` block
[INFO] [stdout]   --> src/internal/zeroize.rs:55:13
[INFO] [stdout]    |
[INFO] [stdout] 55 |             unsafe { core::slice::from_raw_parts_mut(ptr, N * core::mem::size_of::<i64>()) };
[INFO] [stdout]    |             ^^^^^^^^^^^^^^^^^^^^^^^^^^^^^^^^^^^^^^^^^^^^^^^^^^^^^^^^^^^^^^^^^^^^^^^^^^^^^^^^
[INFO] [stdout] 
[INFO] [stdout] 
[INFO] [stdout] warning: usage of an `unsafe` block
[INFO] [stdout]   --> src/internal/zeroize.rs:63:21
[INFO] [stdout]    |
[INFO] [stdout] 63 |         let bytes = unsafe { core::slice::from_raw_parts_mut(ptr, N * core::mem::size_of::<i8>()) };
[INFO] [stdout]    |                     ^^^^^^^^^^^^^^^^^^^^^^^^^^^^^^^^^^^^^^^^^^^^^^^^^^^^^^^^^^^^^^^^^^^^^^^^^^^^^^^
[INFO] [stdout] 
[INFO] [stdout] 
[INFO] [stdout] warning: usage of an `unsafe` block
[INFO] [stdout]   --> src/internal/zeroize.rs:72:13
[INFO] [stdout]    |
[INFO] [stdout] 72 |             unsafe { core::slice::from_raw_parts_mut(ptr, N * core::mem::size_of::<u32>()) };
[INFO] [stdout]    |             ^^^^^^^^^^^^^^^^^^^^^^^^^^^^^^^^^^^^^^^^^^^^^^^^^^^^^^^^^^^^^^^^^^^^^^^^^^^^^^^^
[INFO] [stdout] 
[INFO] [stdout] 
[INFO] [stdout] warning: usage of an `unsafe` block
[INFO] [stdout]   --> src/internal/zeroize.rs:82:21
[INFO] [stdout]    |
[INFO] [stdout] 82 |           let bytes = unsafe {
[INFO] [stdout]    |  _____________________^
[INFO] [stdout] 83 | |             core::slice::from_raw_parts_mut(ptr, self.len() * core::mem::size_of::<char>())
[INFO] [stdout] 84 | |         };
[INFO] [stdout]    | |_________^
[INFO] [stdout] 
[INFO] [stdout] 
[INFO] [stdout] warning: usage of an `unsafe` block
[INFO] [stdout]    --> src/internal/zeroize.rs:97:9
[INFO] [stdout]     |
[INFO] [stdout]  97 | /         unsafe {
[INFO] [stdout]  98 | |             for byte in self.as_mut_vec().iter_mut() {
[INFO] [stdout]  99 | |                 core::ptr::write_volatile(byte, 0);
[INFO] [stdout] 100 | |             }
[INFO] [stdout] 101 | |         }
[INFO] [stdout]     | |_________^
[INFO] [stdout] 
[INFO] [stdout] 
[INFO] [stderr]    Compiling aes v0.8.4
[INFO] [stderr]    Compiling proptest v1.11.0
[INFO] [stderr]    Compiling criterion v0.5.1
[INFO] [stdout] warning: function `hex_to_128` is never used
[INFO] [stdout]   --> tests/hybrid_golden_vectors.rs:37:4
[INFO] [stdout]    |
[INFO] [stdout] 37 | fn hex_to_128(hex: &str) -> [u8; 128] {
[INFO] [stdout]    |    ^^^^^^^^^^
[INFO] [stdout]    |
[INFO] [stdout]    = note: `#[warn(dead_code)]` (part of `#[warn(unused)]`) on by default
[INFO] [stdout] 
[INFO] [stdout] 
[INFO] [stdout] warning: unused variable: `f_pk`
[INFO] [stdout]    --> tests/hybrid_rigorous.rs:700:10
[INFO] [stdout]     |
[INFO] [stdout] 700 |     let (f_pk, f_sk) = falcon1024::generate_keypair_from_seed(&seed).unwrap();
[INFO] [stdout]     |          ^^^^ help: if this is intentional, prefix it with an underscore: `_f_pk`
[INFO] [stdout]     |
[INFO] [stdout]     = note: `#[warn(unused_variables)]` (part of `#[warn(unused)]`) on by default
[INFO] [stdout] 
[INFO] [stdout] 
[INFO] [stdout] warning: unused import: `std::sync::Arc`
[INFO] [stdout]   --> tests/rng_and_cache.rs:16:5
[INFO] [stdout]    |
[INFO] [stdout] 16 | use std::sync::Arc;
[INFO] [stdout]    |     ^^^^^^^^^^^^^^
[INFO] [stdout]    |
[INFO] [stdout]    = note: `#[warn(unused_imports)]` (part of `#[warn(unused)]`) on by default
[INFO] [stdout] 
[INFO] [stdout] 
[INFO] [stdout] warning: unused variable: `i`
[INFO] [stdout]    --> tests/rng_and_cache.rs:318:15
[INFO] [stdout]     |
[INFO] [stdout] 318 |         .map(|i| {
[INFO] [stdout]     |               ^ help: if this is intentional, prefix it with an underscore: `_i`
[INFO] [stdout]     |
[INFO] [stdout]     = note: `#[warn(unused_variables)]` (part of `#[warn(unused)]`) on by default
[INFO] [stdout] 
[INFO] [stdout] 
[INFO] [stdout] warning: usage of an `unsafe` block
[INFO] [stdout]    --> src/x25519.rs:521:9
[INFO] [stdout]     |
[INFO] [stdout] 521 |         unsafe { std::ptr::drop_in_place(ptr) };
[INFO] [stdout]     |         ^^^^^^^^^^^^^^^^^^^^^^^^^^^^^^^^^^^^^^^
[INFO] [stdout]     |
[INFO] [stdout]     = note: requested on the command line with `-W unsafe-code`
[INFO] [stdout] 
[INFO] [stdout] 
[INFO] [stdout] warning: usage of an `unsafe` block
[INFO] [stdout]    --> src/x25519.rs:522:38
[INFO] [stdout]     |
[INFO] [stdout] 522 |         let leaked: &X25519KeyPair = unsafe { &*ptr };
[INFO] [stdout]     |                                      ^^^^^^^^^^^^^^^^
[INFO] [stdout] 
[INFO] [stdout] 
[INFO] [stdout] warning: usage of an `unsafe` block
[INFO] [stdout]   --> src/internal/getrandom.rs:66:23
[INFO] [stdout]    |
[INFO] [stdout] 66 |               let ret = unsafe {
[INFO] [stdout]    |  _______________________^
[INFO] [stdout] 67 | |                 syscall(
[INFO] [stdout] 68 | |                     SYS_GETRANDOM,
[INFO] [stdout] 69 | |                     dest.as_mut_ptr().add(offset),
[INFO] [stdout] ...  |
[INFO] [stdout] 73 | |             };
[INFO] [stdout]    | |_____________^
[INFO] [stdout] 
[INFO] [stdout] 
[INFO] [stdout] warning: usage of an `unsafe` block
[INFO] [stdout]   --> src/internal/getrandom.rs:75:29
[INFO] [stdout]    |
[INFO] [stdout] 75 |                 let errno = unsafe { *__errno_location() };
[INFO] [stdout]    |                             ^^^^^^^^^^^^^^^^^^^^^^^^^^^^^^
[INFO] [stdout] 
[INFO] [stdout] 
[INFO] [stdout] warning: usage of an `unsafe` block
[INFO] [stdout]   --> src/internal/mlock.rs:25:5
[INFO] [stdout]    |
[INFO] [stdout] 25 |     unsafe { mlock(addr, len) == 0 }
[INFO] [stdout]    |     ^^^^^^^^^^^^^^^^^^^^^^^^^^^^^^^^
[INFO] [stdout] 
[INFO] [stdout] 
[INFO] [stdout] warning: usage of an `unsafe` block
[INFO] [stdout]   --> src/internal/mlock.rs:40:5
[INFO] [stdout]    |
[INFO] [stdout] 40 |     unsafe { munlock(addr, len) == 0 }
[INFO] [stdout]    |     ^^^^^^^^^^^^^^^^^^^^^^^^^^^^^^^^^^
[INFO] [stdout] 
[INFO] [stdout] 
[INFO] [stdout] warning: usage of an `unsafe` block
[INFO] [stdout]   --> src/internal/zeroize.rs:17:9
[INFO] [stdout]    |
[INFO] [stdout] 17 | /         unsafe {
[INFO] [stdout] 18 | |             core::ptr::write_volatile(byte, 0);
[INFO] [stdout] 19 | |         }
[INFO] [stdout]    | |_________^
[INFO] [stdout] 
[INFO] [stdout] 
[INFO] [stdout] warning: usage of an `unsafe` block
[INFO] [stdout]   --> src/internal/zeroize.rs:55:13
[INFO] [stdout]    |
[INFO] [stdout] 55 |             unsafe { core::slice::from_raw_parts_mut(ptr, N * core::mem::size_of::<i64>()) };
[INFO] [stdout]    |             ^^^^^^^^^^^^^^^^^^^^^^^^^^^^^^^^^^^^^^^^^^^^^^^^^^^^^^^^^^^^^^^^^^^^^^^^^^^^^^^^
[INFO] [stdout] 
[INFO] [stdout] 
[INFO] [stdout] warning: usage of an `unsafe` block
[INFO] [stdout]   --> src/internal/zeroize.rs:63:21
[INFO] [stdout]    |
[INFO] [stdout] 63 |         let bytes = unsafe { core::slice::from_raw_parts_mut(ptr, N * core::mem::size_of::<i8>()) };
[INFO] [stdout]    |                     ^^^^^^^^^^^^^^^^^^^^^^^^^^^^^^^^^^^^^^^^^^^^^^^^^^^^^^^^^^^^^^^^^^^^^^^^^^^^^^^
[INFO] [stdout] 
[INFO] [stdout] 
[INFO] [stdout] warning: usage of an `unsafe` block
[INFO] [stdout]   --> src/internal/zeroize.rs:72:13
[INFO] [stdout]    |
[INFO] [stdout] 72 |             unsafe { core::slice::from_raw_parts_mut(ptr, N * core::mem::size_of::<u32>()) };
[INFO] [stdout]    |             ^^^^^^^^^^^^^^^^^^^^^^^^^^^^^^^^^^^^^^^^^^^^^^^^^^^^^^^^^^^^^^^^^^^^^^^^^^^^^^^^
[INFO] [stdout] 
[INFO] [stdout] 
[INFO] [stdout] warning: usage of an `unsafe` block
[INFO] [stdout]   --> src/internal/zeroize.rs:82:21
[INFO] [stdout]    |
[INFO] [stdout] 82 |           let bytes = unsafe {
[INFO] [stdout]    |  _____________________^
[INFO] [stdout] 83 | |             core::slice::from_raw_parts_mut(ptr, self.len() * core::mem::size_of::<char>())
[INFO] [stdout] 84 | |         };
[INFO] [stdout]    | |_________^
[INFO] [stdout] 
[INFO] [stdout] 
[INFO] [stdout] warning: usage of an `unsafe` block
[INFO] [stdout]    --> src/internal/zeroize.rs:97:9
[INFO] [stdout]     |
[INFO] [stdout]  97 | /         unsafe {
[INFO] [stdout]  98 | |             for byte in self.as_mut_vec().iter_mut() {
[INFO] [stdout]  99 | |                 core::ptr::write_volatile(byte, 0);
[INFO] [stdout] 100 | |             }
[INFO] [stdout] 101 | |         }
[INFO] [stdout]     | |_________^
[INFO] [stdout] 
[INFO] [stdout] 
[INFO] [stdout] warning: unused variable: `pk1`
[INFO] [stdout]    --> src/ec_schnorr.rs:243:19
[INFO] [stdout]     |
[INFO] [stdout] 243 |         let (sk1, pk1) = generate_keypair(&[42u8; 32]);
[INFO] [stdout]     |                   ^^^ help: if this is intentional, prefix it with an underscore: `_pk1`
[INFO] [stdout]     |
[INFO] [stdout]     = note: `#[warn(unused_variables)]` (part of `#[warn(unused)]`) on by default
[INFO] [stdout] 
[INFO] [stdout] 
[INFO] [stderr]     Finished `release` profile [optimized] target(s) in 2m 10s
[INFO] running `Command { std: "docker" "inspect" "acda02755ccf1a69ec7f99d6742e59359ea016dd461b34fb12371c9903a2cfce", kill_on_drop: false }`
[INFO] running `Command { std: "docker" "exec" "-e" "SOURCE_DIR=/opt/rustwide/workdir" "-e" "CARGO_HOME=/opt/rustwide/cargo-home" "-e" "RUSTUP_HOME=/opt/rustwide/rustup-home" "-e" "CARGO_TARGET_DIR=/opt/rustwide/target" "-e" "CARGO_INCREMENTAL=0" "-e" "RUST_BACKTRACE=full" "-e" "RUSTFLAGS=--cap-lints=warn" "-e" "RUSTDOCFLAGS=--cap-lints=warn" "-w" "/opt/rustwide/workdir" "--user" "0:0" "acda02755ccf1a69ec7f99d6742e59359ea016dd461b34fb12371c9903a2cfce" "/opt/rustwide/cargo-home/bin/cargo" "+1.99.0-beta.8" "test" "--frozen" "--release", kill_on_drop: false }`
[INFO] [stderr] warning: usage of an `unsafe` block
[INFO] [stderr]   --> src/internal/getrandom.rs:66:23
[INFO] [stderr]    |
[INFO] [stderr] 66 |               let ret = unsafe {
[INFO] [stderr]    |  _______________________^
[INFO] [stderr] 67 | |                 syscall(
[INFO] [stderr] 68 | |                     SYS_GETRANDOM,
[INFO] [stderr] 69 | |                     dest.as_mut_ptr().add(offset),
[INFO] [stderr] ...  |
[INFO] [stderr] 73 | |             };
[INFO] [stderr]    | |_____________^
[INFO] [stderr]    |
[INFO] [stderr]    = note: requested on the command line with `-W unsafe-code`
[INFO] [stderr] 
[INFO] [stderr] warning: usage of an `unsafe` block
[INFO] [stderr]   --> src/internal/getrandom.rs:75:29
[INFO] [stderr]    |
[INFO] [stderr] 75 |                 let errno = unsafe { *__errno_location() };
[INFO] [stderr]    |                             ^^^^^^^^^^^^^^^^^^^^^^^^^^^^^^
[INFO] [stderr] 
[INFO] [stderr] warning: usage of an `unsafe` block
[INFO] [stderr]   --> src/internal/mlock.rs:25:5
[INFO] [stderr]    |
[INFO] [stderr] 25 |     unsafe { mlock(addr, len) == 0 }
[INFO] [stderr]    |     ^^^^^^^^^^^^^^^^^^^^^^^^^^^^^^^^
[INFO] [stderr] 
[INFO] [stderr] warning: usage of an `unsafe` block
[INFO] [stderr]   --> src/internal/mlock.rs:40:5
[INFO] [stderr]    |
[INFO] [stderr] 40 |     unsafe { munlock(addr, len) == 0 }
[INFO] [stderr]    |     ^^^^^^^^^^^^^^^^^^^^^^^^^^^^^^^^^^
[INFO] [stderr] 
[INFO] [stderr] warning: usage of an `unsafe` block
[INFO] [stderr]   --> src/internal/zeroize.rs:17:9
[INFO] [stderr]    |
[INFO] [stderr] 17 | /         unsafe {
[INFO] [stderr] 18 | |             core::ptr::write_volatile(byte, 0);
[INFO] [stderr] 19 | |         }
[INFO] [stderr]    | |_________^
[INFO] [stderr] 
[INFO] [stderr] warning: usage of an `unsafe` block
[INFO] [stderr]   --> src/internal/zeroize.rs:55:13
[INFO] [stderr]    |
[INFO] [stderr] 55 |             unsafe { core::slice::from_raw_parts_mut(ptr, N * core::mem::size_of::<i64>()) };
[INFO] [stderr]    |             ^^^^^^^^^^^^^^^^^^^^^^^^^^^^^^^^^^^^^^^^^^^^^^^^^^^^^^^^^^^^^^^^^^^^^^^^^^^^^^^^
[INFO] [stderr] 
[INFO] [stderr] warning: usage of an `unsafe` block
[INFO] [stderr]   --> src/internal/zeroize.rs:63:21
[INFO] [stderr]    |
[INFO] [stderr] 63 |         let bytes = unsafe { core::slice::from_raw_parts_mut(ptr, N * core::mem::size_of::<i8>()) };
[INFO] [stderr]    |                     ^^^^^^^^^^^^^^^^^^^^^^^^^^^^^^^^^^^^^^^^^^^^^^^^^^^^^^^^^^^^^^^^^^^^^^^^^^^^^^^
[INFO] [stderr] 
[INFO] [stderr] warning: usage of an `unsafe` block
[INFO] [stderr]   --> src/internal/zeroize.rs:72:13
[INFO] [stderr]    |
[INFO] [stderr] 72 |             unsafe { core::slice::from_raw_parts_mut(ptr, N * core::mem::size_of::<u32>()) };
[INFO] [stderr]    |             ^^^^^^^^^^^^^^^^^^^^^^^^^^^^^^^^^^^^^^^^^^^^^^^^^^^^^^^^^^^^^^^^^^^^^^^^^^^^^^^^
[INFO] [stderr] 
[INFO] [stderr] warning: usage of an `unsafe` block
[INFO] [stderr]   --> src/internal/zeroize.rs:82:21
[INFO] [stderr]    |
[INFO] [stderr] 82 |           let bytes = unsafe {
[INFO] [stderr]    |  _____________________^
[INFO] [stderr] 83 | |             core::slice::from_raw_parts_mut(ptr, self.len() * core::mem::size_of::<char>())
[INFO] [stderr] 84 | |         };
[INFO] [stderr]    | |_________^
[INFO] [stderr] 
[INFO] [stderr] warning: usage of an `unsafe` block
[INFO] [stderr]    --> src/internal/zeroize.rs:97:9
[INFO] [stderr]     |
[INFO] [stderr]  97 | /         unsafe {
[INFO] [stderr]  98 | |             for byte in self.as_mut_vec().iter_mut() {
[INFO] [stderr]  99 | |                 core::ptr::write_volatile(byte, 0);
[INFO] [stderr] 100 | |             }
[INFO] [stderr] 101 | |         }
[INFO] [stderr]     | |_________^
[INFO] [stderr] 
[INFO] [stderr] warning: `origin-crypto-sdk` (lib) generated 10 warnings
[INFO] [stderr] warning: function `hex_to_128` is never used
[INFO] [stderr]   --> tests/hybrid_golden_vectors.rs:37:4
[INFO] [stderr]    |
[INFO] [stderr] 37 | fn hex_to_128(hex: &str) -> [u8; 128] {
[INFO] [stderr]    |    ^^^^^^^^^^
[INFO] [stderr]    |
[INFO] [stderr]    = note: `#[warn(dead_code)]` (part of `#[warn(unused)]`) on by default
[INFO] [stderr] 
[INFO] [stderr] warning: `origin-crypto-sdk` (test "hybrid_golden_vectors") generated 1 warning
[INFO] [stderr] warning: unused variable: `f_pk`
[INFO] [stderr]    --> tests/hybrid_rigorous.rs:700:10
[INFO] [stderr]     |
[INFO] [stderr] 700 |     let (f_pk, f_sk) = falcon1024::generate_keypair_from_seed(&seed).unwrap();
[INFO] [stderr]     |          ^^^^ help: if this is intentional, prefix it with an underscore: `_f_pk`
[INFO] [stderr]     |
[INFO] [stderr]     = note: `#[warn(unused_variables)]` (part of `#[warn(unused)]`) on by default
[INFO] [stderr] 
[INFO] [stderr] warning: `origin-crypto-sdk` (test "hybrid_rigorous") generated 1 warning (run `cargo fix --test "hybrid_rigorous" -p origin-crypto-sdk` to apply 1 suggestion)
[INFO] [stderr] warning: unused import: `std::sync::Arc`
[INFO] [stderr]   --> tests/rng_and_cache.rs:16:5
[INFO] [stderr]    |
[INFO] [stderr] 16 | use std::sync::Arc;
[INFO] [stderr]    |     ^^^^^^^^^^^^^^
[INFO] [stderr]    |
[INFO] [stderr]    = note: `#[warn(unused_imports)]` (part of `#[warn(unused)]`) on by default
[INFO] [stderr] 
[INFO] [stderr] warning: unused variable: `i`
[INFO] [stderr]    --> tests/rng_and_cache.rs:318:15
[INFO] [stderr]     |
[INFO] [stderr] 318 |         .map(|i| {
[INFO] [stderr]     |               ^ help: if this is intentional, prefix it with an underscore: `_i`
[INFO] [stderr]     |
[INFO] [stderr]     = note: `#[warn(unused_variables)]` (part of `#[warn(unused)]`) on by default
[INFO] [stderr] 
[INFO] [stderr] warning: usage of an `unsafe` block
[INFO] [stderr]    --> src/x25519.rs:521:9
[INFO] [stderr]     |
[INFO] [stderr] 521 |         unsafe { std::ptr::drop_in_place(ptr) };
[INFO] [stderr]     |         ^^^^^^^^^^^^^^^^^^^^^^^^^^^^^^^^^^^^^^^
[INFO] [stderr]     |
[INFO] [stderr]     = note: requested on the command line with `-W unsafe-code`
[INFO] [stderr] 
[INFO] [stderr] warning: usage of an `unsafe` block
[INFO] [stderr]    --> src/x25519.rs:522:38
[INFO] [stderr]     |
[INFO] [stderr] 522 |         let leaked: &X25519KeyPair = unsafe { &*ptr };
[INFO] [stderr]     |                                      ^^^^^^^^^^^^^^^^
[INFO] [stderr] 
[INFO] [stderr] warning: usage of an `unsafe` block
[INFO] [stderr]   --> src/internal/getrandom.rs:66:23
[INFO] [stderr]    |
[INFO] [stderr] 66 |               let ret = unsafe {
[INFO] [stderr]    |  _______________________^
[INFO] [stderr] 67 | |                 syscall(
[INFO] [stderr] 68 | |                     SYS_GETRANDOM,
[INFO] [stderr] 69 | |                     dest.as_mut_ptr().add(offset),
[INFO] [stderr] ...  |
[INFO] [stderr] 73 | |             };
[INFO] [stderr]    | |_____________^
[INFO] [stderr] 
[INFO] [stderr] warning: unused variable: `pk1`
[INFO] [stderr]    --> src/ec_schnorr.rs:243:19
[INFO] [stderr]     |
[INFO] [stderr] 243 |         let (sk1, pk1) = generate_keypair(&[42u8; 32]);
[INFO] [stderr]     |                   ^^^ help: if this is intentional, prefix it with an underscore: `_pk1`
[INFO] [stderr]     |
[INFO] [stderr]     = note: `#[warn(unused_variables)]` (part of `#[warn(unused)]`) on by default
[INFO] [stderr] 
[INFO] [stderr] warning: `origin-crypto-sdk` (test "rng_and_cache") generated 2 warnings (run `cargo fix --test "rng_and_cache" -p origin-crypto-sdk` to apply 2 suggestions)
[INFO] [stderr] warning: `origin-crypto-sdk` (lib test) generated 13 warnings (9 duplicates) (run `cargo fix --lib -p origin-crypto-sdk --tests` to apply 1 suggestion)
[INFO] [stderr]     Finished `release` profile [optimized] target(s) in 0.26s
[INFO] [stderr]      Running unittests src/lib.rs (/opt/rustwide/target/release/deps/origin_crypto_sdk-273bead95115609f)
[INFO] [stdout] 
[INFO] [stdout] running 499 tests
[INFO] [stdout] test aead::symmetric::tests::test_serpent_cbc_empty_plaintext ... ok
[INFO] [stdout] test aead::tests::test_encrypt_decrypt_roundtrip ... ok
[INFO] [stdout] test aead::symmetric::tests::test_serpent_cbc_invalid_ciphertext_len ... ok
[INFO] [stdout] test aead::symmetric::tests::test_serpent_cbc_deterministic ... ok
[INFO] [stdout] test aead::tests::test_empty_plaintext ... ok
[INFO] [stdout] test aead::symmetric::tests::test_serpent_cbc_wrong_key_fails ... ok
[INFO] [stdout] test aead::symmetric::tests::test_serpent_cbc_roundtrip ... ok
[INFO] [stdout] test aead::tests::test_generate_key_is_random ... ok
[INFO] [stdout] test aead::tests::test_generate_nonce_is_random ... ok
[INFO] [stdout] test aead::tests::test_wrong_nonce_fails ... ok
[INFO] [stdout] test aead::tests::test_large_plaintext ... ok
[INFO] [stdout] test aead::tests::test_wrong_key_fails ... ok
[INFO] [stdout] test algorithm_id::tests::downgrade_policy_exact ... ok
[INFO] [stdout] test algorithm_id::tests::algorithm_id_family_and_variant ... ok
[INFO] [stdout] test algorithm_id::tests::algorithm_id_is_custom ... ok
[INFO] [stdout] test algorithm_id::tests::downgrade_policy_allow_any ... ok
[INFO] [stdout] test algorithm_id::tests::algorithm_id_is_hybrid ... ok
[INFO] [stdout] test algorithm_id::tests::algorithm_id_display ... ok
[INFO] [stdout] test algorithm_id::tests::downgrade_policy_minimum ... ok
[INFO] [stdout] test algorithm_id::tests::algorithm_id_to_bytes_roundtrip ... ok
[INFO] [stdout] test blob::tests::create_writes_v2_format ... ok
[INFO] [stdout] test blob::tests::v2_rejects_wrong_version ... ok
[INFO] [stdout] test blob::tests::detect_blob_version_works ... ok
[INFO] [stdout] test blob::tests::v2_rejects_truncated ... ok
[INFO] [stdout] test blob::tests::wrong_passphrase_fails ... ok
[INFO] [stdout] test chacha20_blake3::tests::test_encrypt_decrypt_roundtrip ... ok
[INFO] [stdout] test chacha20_blake3::tests::test_test_vectors ... ok
[INFO] [stdout] test chacha20_blake3::tests::test_wrong_key_fails ... ok
[INFO] [stdout] test chacha20_blake3::tests::test_wrong_tag_fails ... ok
[INFO] [stdout] test blob::tests::rotate_preserves_seed ... ok
[INFO] [stdout] test compressed::tests::test_bad_magic_fails ... ok
[INFO] [stdout] test compressed::tests::test_aad_field_tampering_fails ... ok
[INFO] [stdout] test compressed::tests::test_bad_version_fails ... ok
[INFO] [stdout] test compressed::tests::test_chunk_duplication_detected ... ok
[INFO] [stdout] test compressed::tests::test_chunk_truncation_detected ... ok
[INFO] [stdout] test compressed::tests::test_container_format ... ok
[INFO] [stdout] test compressed::tests::test_chunk_reordering_detected ... ok
[INFO] [stdout] test compressed::tests::test_cross_tier_key_isolation ... ok
[INFO] [stdout] test blob::tests::rotate_migrates_v1_to_v2 ... ok
[INFO] [stdout] test compressed::tests::test_custom_chunk_size ... ok
[INFO] [stdout] test compressed::tests::test_different_passphrases_produce_different_containers ... ok
[INFO] [stdout] test compressed::tests::test_different_tiers ... ok
[INFO] [stdout] test compressed::tests::test_empty_data_roundtrip ... ok
[INFO] [stdout] test compressed::tests::test_key_zeroized_after_use ... ok
[INFO] [stdout] test compressed::tests::test_multi_chunk_roundtrip ... ok
[INFO] [stdout] test compressed::tests::test_last_chunk_bit_detection_via_truncation ... ok
[INFO] [stdout] test compressed::tests::test_roundtrip_deflate ... ok
[INFO] [stdout] test compressed::tests::test_roundtrip_empty ... ok
[INFO] [stdout] test compressed::tests::test_roundtrip_large ... ok
[INFO] [stdout] test compressed::tests::test_roundtrip_zstd ... ok
[INFO] [stdout] test compressed::tests::test_salt_and_nonce_uniqueness ... ok
[INFO] [stdout] test compressed::tests::test_short_container_fails ... ok
[INFO] [stdout] test compressed::tests::test_single_chunk_boundary ... ok
[INFO] [stdout] test compressed::tests::test_stream_nonce_uniqueness ... ok
[INFO] [stdout] test compressed::tests::test_tampered_ciphertext_fails ... ok
[INFO] [stdout] test compressed::tests::test_tampered_header_fails ... ok
[INFO] [stdout] test compressed::tests::test_trailing_garbage_fails ... ok
[INFO] [stdout] test compressed::tests::test_wrong_passphrase_fails ... ok
[INFO] [stdout] test compressed::tests::test_zstd_better_than_deflate ... ok
[INFO] [stdout] test compression::tests::test_compress_decompress ... ok
[INFO] [stdout] test compression::tests::test_compress_with_level ... ok
[INFO] [stdout] test compression::tests::test_empty_data ... ok
[INFO] [stdout] test drbg::otp::tests::base32_encoding ... ok
[INFO] [stdout] test drbg::otp::tests::base32_round_trip_and_rfc4648_vectors ... ok
[INFO] [stdout] test drbg::otp::tests::different_algorithms_different_codes ... ok
[INFO] [stdout] test drbg::otp::tests::digits_6_7_8 ... ok
[INFO] [stdout] test drbg::otp::tests::format_code_leading_zeros ... ok
[INFO] [stdout] test drbg::otp::tests::totp_deterministic ... ok
[INFO] [stdout] test drbg::otp::tests::totp_different_timestamps ... ok
[INFO] [stdout] test drbg::otp::tests::totp_uri_format ... ok
[INFO] [stdout] test drbg::otp::tests::hotp_uri_format ... ok
[INFO] [stdout] test drbg::otp::tests::rfc4226_test_vectors ... ok
[INFO] [stdout] test drbg::tests::deterministic_from_seed ... ok
[INFO] [stdout] test drbg::tests::different_seeds_different_output ... ok
[INFO] [stdout] test drbg::tests::fill_matches_random_bytes ... ok
[INFO] [stdout] test drbg::tests::fill_method_works ... ok
[INFO] [stdout] test drbg::tests::from_os_entropy_produces_different_instances ... ok
[INFO] [stdout] test drbg::tests::zero_length_output ... ok
[INFO] [stdout] test drbg::tests::reseed_changes_output ... ok
[INFO] [stdout] test ec_schnorr::tests::test_deterministic_keypair ... ok
[INFO] [stdout] test ec_schnorr::tests::test_different_seeds_different_keys ... ok
[INFO] [stdout] test ec_schnorr::tests::test_empty_message ... ok
[INFO] [stdout] test ec_schnorr::tests::test_batch_verify_one_invalid ... ok
[INFO] [stdout] test ec_schnorr::tests::test_batch_verify_all_valid ... ok
[INFO] [stdout] test ec_schnorr::tests::test_prove_verify_roundtrip ... ok
[INFO] [stdout] test ec_schnorr::tests::test_verify_wrong_message_fails ... ok
[INFO] [stdout] test ec_schnorr::tests::test_verify_wrong_public_key_fails ... ok
[INFO] [stdout] test entropy::tests::alternating_bytes ... ok
[INFO] [stdout] test entropy::tests::constant_data_has_zero_entropy ... ok
[INFO] [stdout] test entropy::tests::empty_input_no_panic ... ok
[INFO] [stdout] test entropy::tests::bit_bias_near_half ... ok
[INFO] [stdout] test entropy::tests::quality_check_fails_for_constant ... ok
[INFO] [stdout] test entropy::tests::perfect_random_has_high_entropy ... ok
[INFO] [stdout] test entropy::tests::quality_check_passes_for_good_data ... ok
[INFO] [stdout] test entropy::tests::serial_correlation_zero_for_random ... ok
[INFO] [stdout] test error::tests::test_auth_failed_display ... ok
[INFO] [stdout] test error::tests::test_clone_roundtrip ... ok
[INFO] [stdout] test error::tests::test_invalid_key_length_display ... ok
[INFO] [stdout] test error::tests::test_io_from ... ok
[INFO] [stdout] test error_correction::tests::decode_repairs_single_bit_flip_in_data_shard ... ok
[INFO] [stdout] test error_correction::tests::decode_shards_fails_when_too_many_missing ... ok
[INFO] [stdout] test error_correction::tests::decode_shards_recovers_max_simultaneous_erasures ... ok
[INFO] [stdout] test error_correction::tests::decode_shards_recovers_one_missing_data_shard ... ok
[INFO] [stdout] test error_correction::tests::decode_silently_miscorrects_beyond_one_error ... ok
[INFO] [stdout] test error_correction::tests::decode_tolerates_corruption_in_parity_shard ... ok
[INFO] [stdout] test error_correction::tests::every_data_shard_affects_parity ... ok
[INFO] [stdout] test error_correction::tests::test_data_reed_solomon_encode_decode_roundtrip ... ok
[INFO] [stdout] test error_correction::tests::test_reed_solomon_encode ... ok
[INFO] [stdout] test internal::hkdf::tests::test_derive_subkeys ... ok
[INFO] [stdout] test internal::hkdf::tests::test_derive_subkeys_blake3 ... ok
[INFO] [stdout] test internal::hkdf::tests::test_hkdf_basic ... ok
[INFO] [stdout] test internal::hkdf::tests::test_hkdf_blake3_basic ... ok
[INFO] [stdout] test internal::hkdf::tests::test_hkdf_blake3_different_info ... ok
[INFO] [stdout] test internal::hkdf::tests::test_hkdf_blake3_matches_reference ... ok
[INFO] [stdout] test internal::hkdf::tests::test_hkdf_blake3_no_salt ... ok
[INFO] [stdout] test internal::hkdf::tests::test_hkdf_different_info_different_output ... ok
[INFO] [stdout] test internal::hkdf::tests::test_hkdf_empty_output ... ok
[INFO] [stdout] test internal::hkdf::tests::test_hkdf_expand_too_long ... ok
[INFO] [stdout] test internal::hkdf::tests::test_hkdf_long_output ... ok
[INFO] [stdout] test internal::hkdf::tests::test_hkdf_matches_reference ... ok
[INFO] [stdout] test internal::hkdf::tests::test_hkdf_no_salt ... ok
[INFO] [stdout] test internal::hkdf::tests::test_hkdf_rfc5869_style ... ok
[INFO] [stdout] test internal::hmac::tests::test_hmac_basic ... ok
[INFO] [stdout] test internal::hmac::tests::test_hmac_blake3_basic ... ok
[INFO] [stdout] test internal::hmac::tests::test_hmac_blake3_different_data_different_result ... ok
[INFO] [stdout] test internal::hmac::tests::test_hmac_blake3_long_key ... ok
[INFO] [stdout] test internal::hmac::tests::test_hmac_blake3_matches_reference ... ok
[INFO] [stdout] test internal::hmac::tests::test_hmac_blake3_multi ... ok
[INFO] [stdout] test internal::hmac::tests::test_hmac_different_data_different_result ... ok
[INFO] [stdout] test internal::hmac::tests::test_hmac_empty ... ok
[INFO] [stdout] test internal::hmac::tests::test_hmac_long_key ... ok
[INFO] [stdout] test internal::hmac::tests::test_hmac_matches_reference ... ok
[INFO] [stdout] test internal::hmac::tests::test_hmac_multi ... ok
[INFO] [stdout] test internal::sha3::tests::sha3_256_abc ... ok
[INFO] [stdout] test error_correction::tests::test_reed_solomon_encode_decode_roundtrip ... ok
[INFO] [stdout] test internal::sha3::tests::sha3_256_empty ... ok
[INFO] [stdout] test internal::sha3::tests::sha3_256_incremental ... ok
[INFO] [stdout] test internal::sha3::tests::sha3_256_large_message ... ok
[INFO] [stdout] test internal::sha3::tests::sha3_512_empty ... ok
[INFO] [stdout] test kdf::hkdf::tests::test_derive_subkeys ... ok
[INFO] [stdout] test kdf::hkdf::tests::test_derive_subkeys_blake3 ... ok
[INFO] [stdout] test kdf::hkdf::tests::test_hkdf_blake3 ... ok
[INFO] [stdout] test kdf::hkdf::tests::test_hkdf_blake3_deterministic ... ok
[INFO] [stdout] test kdf::hkdf::tests::test_hkdf_blake3_different_info_different_output ... ok
[INFO] [stdout] test kdf::hkdf::tests::test_hkdf_blake3_empty_info ... ok
[INFO] [stdout] test kdf::hkdf::tests::test_hkdf_blake3_large_output ... ok
[INFO] [stdout] test kdf::hkdf::tests::test_hkdf_blake3_no_salt ... ok
[INFO] [stdout] test kdf::hkdf::tests::test_hkdf_deterministic ... ok
[INFO] [stdout] test kdf::hkdf::tests::test_hkdf_different_info_different_output ... ok
[INFO] [stdout] test kdf::hkdf::tests::test_hkdf_empty_info ... ok
[INFO] [stdout] test kdf::hkdf::tests::test_hkdf_large_output ... ok
[INFO] [stdout] test kdf::hkdf::tests::test_hkdf_no_salt ... ok
[INFO] [stdout] test kdf::hkdf::tests::test_hkdf_sha3_256 ... ok
[INFO] [stdout] test kdf::mac::tests::test_hmac_blake3 ... ok
[INFO] [stdout] test kdf::mac::tests::test_hmac_blake3_deterministic ... ok
[INFO] [stdout] test kdf::mac::tests::test_hmac_blake3_empty_both ... ok
[INFO] [stdout] test kdf::mac::tests::test_hmac_blake3_empty_data ... ok
[INFO] [stdout] test kdf::mac::tests::test_hmac_blake3_empty_key ... ok
[INFO] [stdout] test kdf::mac::tests::test_hmac_blake3_key_sensitivity ... ok
[INFO] [stdout] test kdf::mac::tests::test_hmac_blake3_multi ... ok
[INFO] [stdout] test kdf::mac::tests::test_hmac_blake3_multi_single_chunk ... ok
[INFO] [stdout] test kdf::mac::tests::test_hmac_deterministic ... ok
[INFO] [stdout] test kdf::mac::tests::test_hmac_empty_both ... ok
[INFO] [stdout] test kdf::mac::tests::test_hmac_empty_data ... ok
[INFO] [stdout] test kdf::mac::tests::test_hmac_empty_key ... ok
[INFO] [stdout] test kdf::mac::tests::test_hmac_key_sensitivity ... ok
[INFO] [stdout] test kdf::mac::tests::test_hmac_multi_single_chunk ... ok
[INFO] [stdout] test kdf::mac::tests::test_hmac_sha3_256 ... ok
[INFO] [stdout] test kdf::mac::tests::test_hmac_sha3_256_multi ... ok
[INFO] [stdout] test ec_schnorr::tests::test_large_message ... ok
[INFO] [stdout] test kdf::tests::test_builder_custom_params ... ok
[INFO] [stdout] test blob::tests::v1_blob_still_readable ... ok
[INFO] [stdout] test blob::tests::v2_roundtrip ... ok
[INFO] [stdout] test ocra::tests::challenge_change_changes_response_sha1 ... ok
[INFO] [stdout] test ocra::tests::counter_change_changes_response_sha1 ... ok
[INFO] [stdout] test ocra::tests::digits_out_of_range_rejected ... ok
[INFO] [stdout] test ocra::tests::key_too_short_rejected ... ok
[INFO] [stdout] test ocra::tests::password_change_changes_response_sha1 ... ok
[INFO] [stdout] test ocra::tests::rfc6287_a1_qn08_sha1_canonical_196958 ... ok
[INFO] [stdout] test ocra::tests::session_change_changes_response_sha1 ... ok
[INFO] [stdout] test ocra::tests::sha256_deterministic_same_input_same_output ... ok
[INFO] [stdout] test ocra::tests::sha512_deterministic_same_input_same_output ... ok
[INFO] [stdout] test ocra::tests::timestamp_change_changes_response_sha1 ... ok
[INFO] [stdout] test ocra::tests::verify_constant_time_match_and_mismatch ... ok
[INFO] [stdout] test pqc::curve41417::ed41417::tests::sign_verify_roundtrip ... ok
[INFO] [stdout] test pqc::curve41417::ed41417::tests::verify_rejects_invalid_r_encoding ... ok
[INFO] [stdout] test kdf::tests::test_derive_key_deterministic ... ok
[INFO] [stdout] test blob::tests::v2_tier_is_self_describing ... ok
[INFO] [stdout] test pqc::curve41417::edwards::tests::test_add_neg_is_identity ... ok
[INFO] [stdout] test pqc::curve41417::edwards::tests::test_basepoint_on_curve ... ok
[INFO] [stdout] test pqc::curve41417::ed41417::tests::verify_rejects_non_canonical_s ... ok
[INFO] [stdout] test pqc::curve41417::edwards::tests::test_double_matches_add ... ok
[INFO] [stdout] test pqc::curve41417::edwards::tests::test_compress_decompress_roundtrip ... ok
[INFO] [stdout] test pqc::curve41417::edwards::tests::test_identity_add ... ok
[INFO] [stdout] test pqc::curve41417::edwards::tests::test_reject_noncanonical_high_bit ... ok
[INFO] [stdout] test pqc::curve41417::fe::tests::test_add_sub_inverse ... ok
[INFO] [stdout] test pqc::curve41417::fe::tests::test_cswap ... ok
[INFO] [stdout] test pqc::curve41417::fe::tests::test_mul_one ... ok
[INFO] [stdout] test pqc::curve41417::fe::tests::test_mul_zero ... ok
[INFO] [stdout] test pqc::curve41417::fe::tests::test_pack_unpack ... ok
[INFO] [stdout] test pqc::curve41417::fe::tests::test_square ... ok
[INFO] [stdout] test pqc::curve41417::ed41417::tests::verify_rejects_tampered_message ... ok
[INFO] [stdout] test pqc::curve41417::mont::tests::test_dh_agreement ... ok
[INFO] [stdout] test pqc::curve41417::edwards::tests::test_scalar_mul_small ... ok
[INFO] [stdout] test pqc::curve41417::mont::tests::test_scalar_mult_base_vector ... ok
[INFO] [stdout] test pqc::curve41417::scalar::tests::test_from_canonical_accept_zero_and_l_minus_one ... ok
[INFO] [stdout] test pqc::curve41417::scalar::tests::test_from_canonical_reject_l ... ok
[INFO] [stdout] test pqc::curve41417::scalar::tests::test_mul_one_zero ... ok
[INFO] [stdout] test pqc::curve41417::scalar::tests::test_ops_consistency ... ok
[INFO] [stdout] test pqc::curve41417::scalar::tests::test_reduce_wide_canonical ... ok
[INFO] [stdout] test pqc::curve41417::tests::test_clamp_scalar ... ok
[INFO] [stdout] test pqc::curve41417::tests::test_cswap_bytes ... ok
[INFO] [stdout] test pqc::ed448::tests::key_sizes ... ok
[INFO] [stdout] test pqc::curve41417::mont::tests::test_different_keys ... ok
[INFO] [stdout] test pqc::ed448::tests::deterministic_signatures ... ok
[INFO] [stdout] test pqc::ed448::tests::public_key_derivation ... ok
[INFO] [stdout] test pqc::ed448::tests::verify_rejects_tampered_signature ... ok
[INFO] [stdout] test pqc::ed448::tests::verify_rejects_tampered_message ... ok
[INFO] [stdout] test pqc::ed448::tests::sign_verify_roundtrip ... ok
[INFO] [stdout] test pqc::falcon1024::tests::test_falcon_deterministic_sign ... ok
[INFO] [stdout] test pqc::falcon1024::tests::test_falcon_sign_verify ... ok
[INFO] [stdout] test pqc::falcon1024::tests::test_falcon_keygen_different_seeds ... ok
[INFO] [stdout] test kdf::tests::test_different_passwords_different_keys ... ok
[INFO] [stdout] test pqc::falcon1024::tests::test_invalid_key_size ... ok
[INFO] [stdout] test pqc::falcon1024::tests::test_private_key_size ... ok
[INFO] [stdout] test pqc::falcon1024::tests::test_public_key_size ... ok
[INFO] [stdout] test pqc::falcon1024::tests::test_signature_max_size ... ok
[INFO] [stdout] test pqc::falcon1024::tests::test_falcon_keygen_deterministic ... ok
[INFO] [stdout] test pqc::falcon512::tests::test_falcon512_deterministic_sign ... ok
[INFO] [stdout] test pqc::falcon1024::tests::test_falcon_verify_wrong_message ... ok
[INFO] [stdout] test pqc::falcon512::tests::test_falcon512_key_sizes ... ok
[INFO] [stdout] test pqc::falcon1024::tests::test_falcon_verify_wrong_key ... ok
[INFO] [stdout] test pqc::falcon512::tests::test_falcon512_deterministic_keygen ... ok
[INFO] [stdout] test pqc::falcon512::tests::test_falcon512_signature_size ... ok
[INFO] [stdout] test pqc::falcon512::tests::test_falcon512_sign_verify ... ok
[INFO] [stdout] test kdf::tests::test_builder_matches_preset ... ok
[INFO] [stdout] test pqc::ntru_prime::encode::tests::test_divmod_u14 ... ok
[INFO] [stdout] test pqc::ntru_prime::encode::tests::test_rounded_decode_short_input ... ok
[INFO] [stdout] test pqc::ntru_prime::encode::tests::test_mod_u14 ... ok
[INFO] [stdout] test pqc::ntru_prime::encode::tests::test_rounded_encode_decode_roundtrip ... ok
[INFO] [stdout] test pqc::ntru_prime::encode::tests::test_rounded_encode_size ... ok
[INFO] [stdout] test pqc::ntru_prime::encode::tests::test_rq_decode_short_input ... ok
[INFO] [stdout] test pqc::ntru_prime::encode::tests::test_rq_encode_size ... ok
[INFO] [stdout] test pqc::ntru_prime::encode::tests::test_rq_encode_decode_roundtrip ... ok
[INFO] [stdout] test pqc::ntru_prime::encode::tests::test_small_encode_decode_roundtrip ... ok
[INFO] [stdout] test pqc::ntru_prime::encode::tests::test_small_encode_size ... ok
[INFO] [stdout] test pqc::ntru_prime::migrate::tests::migrate_rejects_wrong_sizes ... ok
[INFO] [stdout] test pqc::ntru_prime::encode::tests::test_rq_encode_zero ... ok
[INFO] [stdout] test pqc::ntru_prime::encode::tests::test_small_decode_short_input ... ok
[INFO] [stdout] test pqc::ntru_prime::migrate::tests::print_v06_fixture ... ignored
[INFO] [stdout] test pqc::ntru_prime::migrate::tests::old_f_gr_bytes_carry_over ... ok
[INFO] [stdout] test pqc::ntru_prime::ntt::tests::test_freeze_ntt ... ok
[INFO] [stdout] test pqc::ntru_prime::ntt::tests::test_karatsuba_mul ... ok
[INFO] [stdout] test pqc::ntru_prime::ntt::tests::test_karatsuba_small ... ok
[INFO] [stdout] test pqc::ntru_prime::migrate::tests::migrate_public_key_preserves_h ... ok
[INFO] [stdout] test pqc::ntru_prime::ntt::tests::test_ntru_poly_mul_karatsuba_roundtrip_agrees_with_scalar ... ok
[INFO] [stdout] test pqc::ntru_prime::ntt::tests::test_mod_pow ... ok
[INFO] [stdout] test pqc::ntru_prime::migrate::tests::v06_rq_codec_roundtrips ... ok
[INFO] [stdout] test pqc::ntru_prime::ntt::tests::test_ntru_poly_mul_opt ... ok
[INFO] [stdout] test pqc::ntru_prime::tests::test_ct_layout_offsets ... ok
[INFO] [stdout] test pqc::ntru_prime::migrate::tests::migrated_rho_and_cache_layout ... ok
[INFO] [stdout] test pqc::ntru_prime::tests::test_ciphertext_size ... ok
[INFO] [stdout] test pqc::ntru_prime::migrate::tests::migrated_private_key_decapsulates ... ok
[INFO] [stdout] test pqc::ntru_prime::tests::test_decapsulate_wrong_ciphertext ... ok
[INFO] [stdout] test pqc::ntru_prime::tests::test_deterministic_keypair ... ok
[INFO] [stdout] test pqc::ntru_prime::tests::test_key_sizes ... ok
[INFO] [stdout] test pqc::ntru_prime::tests::test_sk_layout_offsets ... ok
[INFO] [stdout] test pqc::ntru_prime::tests::test_rq_decode_short_input_does_not_panic ... ok
[INFO] [stdout] test pqc::ntru_prime::tests::test_zx_decode_short_input_does_not_panic ... ok
[INFO] [stdout] test primitives::chacha20::tests::test_chacha20_encrypt_rfc8439 ... ok
[INFO] [stdout] test primitives::chacha20::tests::test_chacha20_multi_block ... ok
[INFO] [stdout] test primitives::chacha20::tests::test_chacha20_roundtrip ... ok
[INFO] [stdout] test primitives::chacha20::tests::test_hchacha20 ... ok
[INFO] [stdout] test primitives::chacha20::tests::test_quarter_round ... ok
[INFO] [stdout] test primitives::chacha20poly1305::tests::test_aead_rfc8439 ... ok
[INFO] [stdout] test primitives::chacha20poly1305::tests::test_aead_roundtrip ... ok
[INFO] [stdout] test primitives::chacha20poly1305::tests::test_aead_wrong_key ... ok
[INFO] [stdout] test primitives::chacha20poly1305::tests::test_xchacha20_poly1305_roundtrip ... ok
[INFO] [stdout] test primitives::chacha40::tests::test_chacha40_both_halves_matter ... ok
[INFO] [stdout] test primitives::chacha40::tests::test_chacha40_counter_distinction ... ok
[INFO] [stdout] test primitives::chacha40::tests::test_chacha40_deterministic ... ok
[INFO] [stdout] test primitives::chacha40::tests::test_chacha40_differs_from_chacha20 ... ok
[INFO] [stdout] test primitives::chacha40::tests::test_chacha40_encrypt_matches_block_xor ... ok
[INFO] [stdout] test primitives::chacha40::tests::test_chacha40_key_distinction ... ok
[INFO] [stdout] test primitives::chacha40::tests::test_chacha40_multi_block ... ok
[INFO] [stdout] test primitives::chacha40::tests::test_chacha40_nonce_distinction ... ok
[INFO] [stdout] test primitives::chacha20::tests::test_chacha20_block_rfc8439 ... ok
[INFO] [stdout] test primitives::chacha40::tests::test_chacha40_roundtrip ... ok
[INFO] [stdout] test primitives::chacha40::tests::test_hchacha40_key_distinction ... ok
[INFO] [stdout] test primitives::chacha40::tests::test_hchacha40_key_size ... ok
[INFO] [stdout] test primitives::poly1305::tests::test_poly1305_incremental ... ok
[INFO] [stdout] test primitives::chacha40::tests::test_hchacha40_deterministic ... ok
[INFO] [stdout] test primitives::poly1305::tests::test_poly1305_rfc8439 ... ok
[INFO] [stdout] test primitives::sha2::tests::sha256_of_empty_matches_nist_vector ... ok
[INFO] [stdout] test primitives::sha2::tests::sha2_and_sha3_are_different_algorithms ... ok
[INFO] [stdout] test primitives::sha3::tests::test_hash4_deterministic ... ok
[INFO] [stdout] test primitives::sha3::tests::test_hash_confirm_binds_to_pk ... ok
[INFO] [stdout] test primitives::sha3::tests::test_hash_confirm_deterministic ... ok
[INFO] [stdout] test primitives::sha3::tests::test_hash_prefix_deterministic ... ok
[INFO] [stdout] test primitives::sha2::tests::sha256_matches_the_nist_vector ... ok
[INFO] [stdout] test primitives::sha3::tests::test_hash_prefix_domain_separation ... ok
[INFO] [stdout] test pqc::ntru_prime::tests::test_decapsulate_wrong_key ... ok
[INFO] [stdout] test primitives::sha3::tests::test_hash_session_deterministic ... ok
[INFO] [stdout] test primitives::sha3::tests::test_hash_session_success_vs_failure ... ok
[INFO] [stdout] test primitives::tier::tests::buffer_sizes ... ok
[INFO] [stdout] test primitives::tier::tests::argon2_params_different_output_lens ... ok
[INFO] [stdout] test primitives::tier::tests::default_tier_is_standard ... ok
[INFO] [stdout] test primitives::tier::tests::nano_params_valid ... ok
[INFO] [stdout] test primitives::tier::tests::should_lock_only_for_sovereign ... ok
[INFO] [stdout] test primitives::tier::tests::tier_equality ... ok
[INFO] [stdout] test primitives::tier::tests::sovereign_params_valid ... ok
[INFO] [stdout] test primitives::tier::tests::tier_labels ... ok
[INFO] [stdout] test recovery::alphabet::tests::accepts_ordinary_symbols ... ok
[INFO] [stdout] test recovery::alphabet::tests::fingerprint_is_stable_and_order_sensitive ... ok
[INFO] [stdout] test recovery::alphabet::tests::first_unsafe_symbol_reports_position ... ok
[INFO] [stdout] test recovery::alphabet::tests::from_pack_accepts_a_single_codepoint_emoji_pack ... ok
[INFO] [stdout] test recovery::alphabet::tests::from_pack_counts_each_codepoint_of_a_multi_codepoint_emoji ... ok
[INFO] [stdout] test recovery::alphabet::tests::from_pack_rejects_an_underfilled_pack ... ok
[INFO] [stdout] test recovery::alphabet::tests::from_pack_separates_on_whitespace_newlines_and_commas ... ok
[INFO] [stdout] test recovery::alphabet::tests::is_safe_codepoint_agrees_with_construction ... ok
[INFO] [stdout] test recovery::alphabet::tests::rejects_dedicated_combining_ranges ... ok
[INFO] [stdout] test recovery::alphabet::tests::rejects_duplicates ... ok
[INFO] [stdout] test recovery::alphabet::tests::rejects_invisible_and_control_codepoints ... ok
[INFO] [stdout] test recovery::alphabet::tests::rejects_size_bounds ... ok
[INFO] [stdout] test recovery::alphabet::tests::rejects_whitespace_symbols ... ok
[INFO] [stdout] test recovery::format::tests::all_supported_radices_round_trip ... ok
[INFO] [stdout] test recovery::format::tests::base_n_digit_count_is_minimal ... ok
[INFO] [stdout] test primitives::tier::tests::standard_params_valid ... ok
[INFO] [stdout] test recovery::format::tests::canonical_guard_rejects_out_of_range_digits ... ok
[INFO] [stdout] test recovery::format::tests::canonical_guard_rejects_padding_bits ... ok
[INFO] [stdout] test recovery::alphabet::tests::from_pack_reports_unsafe_and_duplicate_symbols ... ok
[INFO] [stdout] test recovery::format::tests::checksum_tamper_is_rejected ... ok
[INFO] [stdout] test recovery::format::tests::encoding_is_deterministic_and_seed_sensitive ... ok
[INFO] [stdout] test recovery::format::tests::disjoint_alphabet_is_rejected_by_membership ... ok
[INFO] [stdout] test recovery::format::tests::foreign_symbol_is_rejected ... ok
[INFO] [stdout] test recovery::format::tests::message_fits_bits_boundaries ... ok
[INFO] [stdout] test recovery::format::tests::message_limbs_round_trip ... ok
[INFO] [stdout] test recovery::format::tests::non_power_of_two_alphabet_round_trips ... ok
[INFO] [stdout] test recovery::format::tests::permuted_alphabet_is_rejected_by_checksum ... ok
[INFO] [stdout] test recovery::format::tests::rejects_entropy_widths_without_whole_checksum_bytes ... ok
[INFO] [stdout] test recovery::format::tests::phrases_round_trip_through_text ... ok
[INFO] [stdout] test recovery::format::tests::rejects_formats_needing_unusable_phrase_lengths ... ok
[INFO] [stdout] test recovery::format::tests::power_of_two_alphabet_round_trips ... ok
[INFO] [stdout] test recovery::format::tests::supported_entropy_widths_match_construction ... ok
[INFO] [stdout] test recovery::format::tests::symbol_count_for_rejects_out_of_range_inputs ... ok
[INFO] [stdout] test recovery::format::tests::symbol_count_mismatch_is_rejected ... ok
[INFO] [stdout] test recovery::format::tests::the_rejection_names_the_smallest_usable_alphabet ... ok
[INFO] [stdout] test recovery::format::tests::wrong_entropy_length_is_rejected ... ok
[INFO] [stdout] test recovery::phrase::tests::debug_redacts_both_types ... ok
[INFO] [stdout] test recovery::format::tests::symbol_count_for_matches_the_pinned_table ... ok
[INFO] [stdout] test recovery::phrase::tests::parses_concatenated_and_separated_forms ... ok
[INFO] [stdout] test recovery::format::tests::symbol_count_for_agrees_with_constructed_formats ... ok
[INFO] [stdout] test recovery::phrase::tests::rejects_empty_text ... ok
[INFO] [stdout] test recovery::phrase::tests::parses_multiline_and_bom ... ok
[INFO] [stdout] test recovery::phrase::tests::round_trips_through_canonical_text ... ok
[INFO] [stdout] test recovery::phrase::tests::secret_bytes_compare_constant_time ... ok
[INFO] [stdout] test recovery::phrase::tests::drop_zeroizes_symbols ... ok
[INFO] [stdout] test recovery::unicode_cipher::tests::custom_alphabet_non_power_of_two_rejected ... ok
[INFO] [stdout] test recovery::unicode_cipher::tests::custom_alphabet_accepts_maximum_supported_size ... ok
[INFO] [stdout] test recovery::unicode_cipher::tests::custom_alphabet_floor_rejection_16 ... ok
[INFO] [stdout] test recovery::unicode_cipher::tests::custom_alphabet_power_of_2_roundtrip_1024 ... ok
[INFO] [stdout] test recovery::unicode_cipher::tests::custom_alphabet_rejects_duplicate_symbols ... ok
[INFO] [stdout] test recovery::unicode_cipher::tests::custom_alphabet_rejects_sizes_above_supported_range ... ok
[INFO] [stdout] test recovery::unicode_cipher::tests::custom_alphabet_rejects_sizes_below_supported_range ... ok
[INFO] [stdout] test recovery::unicode_cipher::tests::custom_alphabet_rejects_zwj_in_alphabet ... ok
[INFO] [stdout] test recovery::unicode_cipher::tests::custom_alphabet_rejects_short_entropy ... ok
[INFO] [stdout] test recovery::unicode_cipher::tests::decode_rejects_checksum_tamper ... ok
[INFO] [stdout] test recovery::unicode_cipher::tests::decode_rejects_checksum_tamper_12 ... ok
[INFO] [stdout] test recovery::unicode_cipher::tests::decode_rejects_unexpected_phrase_length ... ok
[INFO] [stdout] test recovery::unicode_cipher::tests::decoder_rejects_bidi_mark ... ok
[INFO] [stdout] test recovery::unicode_cipher::tests::decoder_rejects_arabic_letter_mark ... ok
[INFO] [stdout] test recovery::unicode_cipher::tests::decoder_rejects_bidi_isolate ... ok
[INFO] [stdout] test recovery::unicode_cipher::tests::decoder_rejects_combining_mark ... ok
[INFO] [stdout] test recovery::unicode_cipher::tests::decoder_rejects_control_char ... ok
[INFO] [stdout] test recovery::unicode_cipher::tests::decoder_rejects_mongolian_vowel_sep ... ok
[INFO] [stdout] test recovery::unicode_cipher::tests::decoder_rejects_variation_selector ... ok
[INFO] [stdout] test recovery::unicode_cipher::tests::decoder_rejects_combined_valid_and_zwj ... ok
[INFO] [stdout] test recovery::unicode_cipher::tests::decoder_rejects_default_ignorable ... ok
[INFO] [stdout] test recovery::unicode_cipher::tests::decoder_rejects_zwj ... ok
[INFO] [stdout] test recovery::unicode_cipher::tests::encode_decode_roundtrip_12 ... ok
[INFO] [stdout] test recovery::unicode_cipher::tests::encode_decode_roundtrip_24 ... ok
[INFO] [stdout] test recovery::unicode_cipher::tests::default_wordlist_has_2048_unique_entries ... ok
[INFO] [stdout] test recovery::unicode_cipher::tests::default_wordlist_passes_own_filters ... ok
[INFO] [stdout] test recovery::unicode_cipher::tests::encode_decode_roundtrip_zero_24 ... ok
[INFO] [stdout] test recovery::unicode_cipher::tests::encode_decode_various_entropies ... ok
[INFO] [stdout] test recovery::unicode_cipher::tests::encode_rejects_wrong_entropy_length ... ok
[INFO] [stdout] test recovery::unicode_cipher::tests::extract_and_insert_bits_roundtrip ... ok
[INFO] [stdout] test recovery::unicode_cipher::tests::phrase_length_shape_constants ... ok
[INFO] [stdout] test recovery::unicode_cipher::tests::wordlist_rejects_empty ... ok
[INFO] [stdout] test recovery::unicode_cipher::tests::wordlist_rejects_duplicates ... ok
[INFO] [stdout] test recovery::unicode_cipher::tests::wordlist_rejects_forbidden_codepoints ... ok
[INFO] [stdout] test recovery::unicode_cipher::tests::wordlist_rejects_non_power_of_two ... ok
[INFO] [stdout] test seed::gen::tests::all_variants_produce_32_bytes ... ok
[INFO] [stdout] test seed::gen::tests::determinism ... ok
[INFO] [stdout] test seed::gen::tests::different_variants_produce_different_seeds ... ok
[INFO] [stdout] test seed::gen::tests::randomness ... ok
[INFO] [stdout] test seed::tests::test_derive_child_seed ... ok
[INFO] [stdout] test seed::tests::test_seed_handle_applies_requested_memory_tier ... ok
[INFO] [stdout] test seed::tests::test_seed_handle_basic ... ok
[INFO] [stdout] test seed::tests::test_seed_handle_derive_key ... ok
[INFO] [stdout] test seed::tests::test_seed_handle_ttl ... ok
[INFO] [stdout] test seed::tests::test_seed_handle_zeroize ... ok
[INFO] [stdout] test signing::classical::tests::verify_rejects_tampered_msg ... ok
[INFO] [stdout] test signing::classical::tests::verify_with_pubkey ... ok
[INFO] [stdout] test signing::hybrid::tests::test_blake3_hash ... ok
[INFO] [stdout] test signing::hybrid::tests::test_blake3_keyed ... ok
[INFO] [stdout] test signing::hybrid::tests::test_bundle_cache_concurrent_access ... ok
[INFO] [stdout] test signing::hybrid::tests::test_bundle_cache_concurrent_inserts_respect_cap ... ok
[INFO] [stdout] test signing::hybrid::tests::test_bundle_cache_configure_clears_existing_entries ... ok
[INFO] [stdout] test signing::hybrid::tests::test_bundle_cache_evicts_expired_entries_on_ttl ... ok
[INFO] [stdout] test signing::hybrid::tests::test_bundle_cache_evicts_oldest_at_capacity ... ok
[INFO] [stdout] test signing::hybrid::tests::test_bundle_cache_lifecycle ... ok
[INFO] [stdout] test signing::hybrid::tests::test_concat_combine ... ok
[INFO] [stdout] test signing::hybrid::tests::test_derive_hybrid_keys ... ok
[INFO] [stdout] test signing::hybrid::tests::test_ed25519_blake3 ... ok
[INFO] [stdout] test signing::hybrid::tests::test_ed25519_blake3_rejects_wrong_msg ... ok
[INFO] [stdout] test signing::hybrid::tests::test_ed25519_chacha20blake3_sha3_256 ... ok
[INFO] [stdout] test signing::hybrid::tests::test_ed25519_chacha20blake3_sha3_rejects_wrong ... ok
[INFO] [stdout] test signing::classical::tests::sign_verify_roundtrip ... ok
[INFO] [stdout] test signing::hybrid::tests::test_ed25519_falcon512 ... ok
[INFO] [stdout] test signing::hybrid::tests::test_ed25519_falcon512_rejects_tampered ... ok
[INFO] [stdout] test signing::hybrid::tests::test_ed25519_shake256 ... ok
[INFO] [stdout] test signing::hybrid::tests::test_ed25519_skein512 ... ok
[INFO] [stdout] test signing::hybrid::tests::test_ed25519_skein512_rejects_wrong_msg ... ok
[INFO] [stdout] test pqc::ntru_prime::tests::test_multiple_roundtrips ... ok
[INFO] [stdout] test signing::hybrid::tests::test_ed448_sha3_256 ... ok
[INFO] [stdout] test signing::hybrid::tests::test_ed448_falcon1024 ... ok
[INFO] [stdout] test pqc::ntru_prime::tests::test_ntru_prime_roundtrip ... ok
[INFO] [stdout] test seed::tests::test_derive_signing_keys ... ok
[INFO] [stdout] test signing::hybrid::tests::test_ed448_skein512 ... ok
[INFO] [stdout] test signing::hybrid::tests::test_ed448_shake256 ... ok
[INFO] [stdout] test signing::hybrid::tests::test_falcon1024_keygen_convenience ... ok
[INFO] [stdout] test signing::hybrid::tests::test_ed25519_falcon1024 ... ok
[INFO] [stdout] test signing::hybrid::tests::test_hybrid_signing_key_bundle_deterministic ... ok
[INFO] [stdout] test signing::hybrid::tests::test_hybrid_signing_key_bundle_cache_returns_same_arc ... ok
[INFO] [stdout] test signing::hybrid::tests::test_shake128_output ... ok
[INFO] [stdout] test signing::hybrid::tests::test_shake256_output ... ok
[INFO] [stdout] test signing::hybrid::tests::test_skein1024_basic ... ok
[INFO] [stdout] test signing::hybrid::tests::test_skein512_basic ... ok
[INFO] [stdout] test signing::hybrid::tests::test_xor_combine ... ok
[INFO] [stdout] test signing::hybrid::tests::test_hybrid_signing_key_bundle_basic ... ok
[INFO] [stdout] test signing::postquantum::tests::falcon1024_roundtrip ... ok
[INFO] [stdout] test signing::postquantum::tests::falcon512_roundtrip ... ok
[INFO] [stdout] test blob::tests::blob_tier_returns_embedded_tier ... ok
[INFO] [stdout] test signing::postquantum::tests::falcon1024_rejects_tampered ... ok
[INFO] [stdout] test signing::secp256r1::tests::rfc6979_known_vector ... ok
[INFO] [stdout] test signing::secp256r1::tests::garbage_pkcs8_is_refused ... ok
[INFO] [stdout] test signing::secp256r1::tests::pkcs8_roundtrip_keeps_the_key ... ok
[INFO] [stdout] test signing::secp256r1::tests::verify_rejects_tampered_msg ... ok
[INFO] [stdout] test signing::secp256r1::tests::sign_verify_roundtrip ... ok
[INFO] [stdout] test signing::secp256r1::tests::signatures_are_der_and_deterministic ... ok
[INFO] [stdout] test signing::hybrid::tests::test_hybrid_signing_key_bundle_domain_separates_falcon ... ok
[INFO] [stdout] test signing::wire::tests::encode_decode_roundtrip ... ok
[INFO] [stdout] test signing::secp256r1::tests::verify_with_sec1_pubkey ... ok
[INFO] [stdout] test signing::wire::tests::oversized_falcon_rejected ... ok
[INFO] [stdout] test signing::hybrid::tests::test_hybrid_signing_key_bundle_cache_consistency ... ok
[INFO] [stdout] test signing::wire::tests::truncated_decode_rejected ... ok
[INFO] [stdout] test siphash::tests::output_length_matches_bits ... ok
[INFO] [stdout] test siphash::tests::different_keys_different_output ... ok
[INFO] [stdout] test siphash::tests::deterministic_output ... ok
[INFO] [stdout] test stealth::kdf::tests::test_derive_from_seed_convenience ... ok
[INFO] [stdout] test stealth::kdf::tests::test_different_seeds_different_masters ... ok
[INFO] [stdout] test stealth::kdf::tests::test_different_indices_different_keys ... ok
[INFO] [stdout] test stealth::kdf::tests::test_derive_stealth_master_deterministic ... ok
[INFO] [stdout] test stealth::kdf::tests::test_derive_at_index_deterministic ... ok
[INFO] [stdout] test stealth::kdf::tests::test_master_keys_are_different_from_each_other ... ok
[INFO] [stdout] test stealth::kdf::tests::test_large_index ... ok
[INFO] [stdout] test stealth::pow::tests::test_effective_difficulty ... ok
[INFO] [stdout] test signing::wire::tests::sign_encode_verify_roundtrip ... ok
[INFO] [stdout] test stealth::kdf::tests::test_expired_seed_fails ... ok
[INFO] [stdout] test stealth::pow::tests::test_different_proofs_for_different_inputs ... ok
[INFO] [stdout] test kdf::tests::test_different_salts_different_keys ... ok
[INFO] [stdout] test stealth::pow::tests::test_zero_difficulty_always_valid ... ok
[INFO] [stdout] test types::tests::test_cnonce_from_slice_wrong_len ... ok
[INFO] [stdout] test types::tests::test_cnonce_random_unique ... ok
[INFO] [stdout] test types::tests::test_seed_debug_no_leak ... ok
[INFO] [stdout] test types::tests::test_seed_from_slice_wrong_len ... ok
[INFO] [stdout] test types::tests::test_seed_roundtrip ... ok
[INFO] [stdout] test types::tests::test_xnonce_random_unique ... ok
[INFO] [stdout] test x25519::tests::debug_redacts_secret ... ok
[INFO] [stdout] test x25519::tests::diffie_hellman_rejects_all_zero_peer ... ok
[INFO] [stdout] test x25519::tests::diffie_hellman_rejects_low_order_peer ... ok
[INFO] [stdout] test x25519::tests::diffie_hellman_wrong_key_differs ... ok
[INFO] [stdout] test stealth::pow::tests::test_solve_verify_roundtrip ... ok
[INFO] [stdout] test x25519::tests::from_seed_is_deterministic_and_domain_separated ... ok
[INFO] [stdout] test signing::hybrid::tests::test_ownable_bundle_cache_is_independent_of_global ... ok
[INFO] [stdout] test x25519::tests::generate_is_random_and_symmetric ... ok
[INFO] [stdout] test x25519::tests::kat_matches_python_cryptography_reference ... ok
[INFO] [stdout] test types::tests::test_xnonce_from_slice_correct ... ok
[INFO] [stdout] test x25519::tests::from_secret_key_rejects_zero_scalar ... ok
[INFO] [stdout] test x25519::tests::from_seed_rejects_empty ... ok
[INFO] [stdout] test x25519::tests::kat_rfc7748_section61 ... ok
[INFO] [stdout] test x25519::tests::native_rfc7748_section52_vector1 ... ok
[INFO] [stdout] test x25519::tests::native_rfc7748_section52_vector2 ... ok
[INFO] [stdout] test x25519::tests::secret_zeroized_on_drop ... ok
[INFO] [stdout] test stealth::pow::tests::test_verify_wrong_hint_fails ... ok
[INFO] [stdout] test stealth::pow::tests::test_verify_wrong_pk_fails ... ok
[INFO] [stdout] test stealth::pow::tests::test_difficulty_scaling ... ok
[INFO] [stdout] test blob::tests::v2_rejects_tampered_tier ... ok
[INFO] [stdout] 
[INFO] [stdout] test result: ok. 498 passed; 0 failed; 1 ignored; 0 measured; 0 filtered out; finished in 5.26s
[INFO] [stdout] 
[INFO] [stderr]      Running unittests src/bin/origin-crypto.rs (/opt/rustwide/target/release/deps/origin_crypto-04c285ca4dff81f4)
[INFO] [stdout] 
[INFO] [stdout] running 0 tests
[INFO] [stdout] 
[INFO] [stdout] test result: ok. 0 passed; 0 failed; 0 ignored; 0 measured; 0 filtered out; finished in 0.00s
[INFO] [stdout] 
[INFO] [stderr]      Running tests/adversarial.rs (/opt/rustwide/target/release/deps/adversarial-508fe8e59d01608d)
[INFO] [stdout] 
[INFO] [stdout] running 14 tests
[INFO] [stdout] test adv_aead_nonce_reuse_produces_related_ciphertext ... ok
[INFO] [stdout] test adv_aead_single_byte_tag_manipulation_detected ... ok
[INFO] [stdout] test adv_aead_single_byte_ciphertext_manipulation_detected ... ok
[INFO] [stdout] test adv_aead_truncation_bypass_fails ... ok
[INFO] [stdout] test adv_aead_key_confusion_fails ... ok
[INFO] [stdout] test adv_aead_aad_stripping_fails ... ok
[INFO] [stdout] test adv_message_substitution_fails ... ok
[INFO] [stdout] test adv_empty_vs_nonempty_message_confusion_fails ... ok
[INFO] [stdout] test adv_cross_domain_splicing_fails ... ok
[INFO] [stdout] test adv_signature_component_swap_between_messages_fails ... ok
[INFO] [stdout] test adv_forge_signature_bit_flip_fails ... ok
[INFO] [stdout] test adv_cross_seed_splicing_fails ... ok
[INFO] [stdout] test adv_very_long_message_no_panic ... ok
[INFO] [stdout] test adv_degenerate_keys_produce_valid_signatures ... ok
[INFO] [stdout] 
[INFO] [stdout] test result: ok. 14 passed; 0 failed; 0 ignored; 0 measured; 0 filtered out; finished in 0.34s
[INFO] [stdout] 
[INFO] [stderr]      Running tests/differential_tests.rs (/opt/rustwide/target/release/deps/differential_tests-e8acbbda38050e68)
[INFO] [stdout] 
[INFO] [stdout] running 8 tests
[INFO] [stdout] test diff_xchacha20poly1305_empty_aad ... ok
[INFO] [stdout] test diff_xchacha20poly1305_sequential_keys ... ok
[INFO] [stdout] test diff_xchacha20poly1305_varied_nonce ... ok
[INFO] [stdout] test diff_xchacha20poly1305_large_aad ... ok
[INFO] [stdout] test diff_xchacha20poly1305_basic ... ok
[INFO] [stdout] test diff_xchacha20poly1305_cross_decrypt ... ok
[INFO] [stdout] test diff_xchacha20poly1305_large_plaintext ... ok
[INFO] [stdout] test diff_xchacha20poly1305_empty_plaintext ... ok
[INFO] [stdout] 
[INFO] [stdout] test result: ok. 8 passed; 0 failed; 0 ignored; 0 measured; 0 filtered out; finished in 0.01s
[INFO] [stdout] 
[INFO] [stderr]      Running tests/falcon_kat.rs (/opt/rustwide/target/release/deps/falcon_kat-f5ec573fae6363b5)
[INFO] [stdout] 
[INFO] [stdout] running 20 tests
[INFO] [stdout] test falcon512_key_sizes_match_fips206 ... ok
[INFO] [stdout] test falcon512_deterministic_signing_reproducible ... ok
[INFO] [stdout] test falcon1024_signature_is_ct_format ... ok
[INFO] [stdout] test falcon1024_sign_verify_roundtrip ... ok
[INFO] [stdout] test falcon512_rejects_wrong_key ... ok
[INFO] [stdout] test falcon512_from_keys_roundtrip ... ok
[INFO] [stdout] test falcon512_from_private_key_reconstructs ... ok
[INFO] [stdout] test falcon512_different_seeds_produce_different_keys ... ok
[INFO] [stdout] test falcon512_sign_verify_roundtrip ... ok
[INFO] [stdout] test falcon512_rejects_wrong_message ... ok
[INFO] [stdout] test nist_kat_pk_size_matches_fips206 ... ok
[INFO] [stdout] test nist_kat_file_loads ... ok
[INFO] [stdout] test nist_kat_sk_size_differs_from_fips206 ... ok
[INFO] [stdout] test falcon512_keygen_deterministic ... ok
[INFO] [stdout] test falcon512_signature_is_ct_format ... ok
[INFO] [stdout] test wrapper_falcon512_keygen_sign_verify ... ok
[INFO] [stdout] test nist_kat_signature_format_is_not_fips206 ... ok
[INFO] [stdout] test falcon1024_key_sizes_match_fips206 ... ok
[INFO] [stdout] test wrapper_falcon512_deterministic_sign ... ok
[INFO] [stdout] test wrapper_falcon1024_keygen_sign_verify ... ok
[INFO] [stdout] 
[INFO] [stdout] test result: ok. 20 passed; 0 failed; 0 ignored; 0 measured; 0 filtered out; finished in 0.32s
[INFO] [stdout] 
[INFO] [stderr]      Running tests/format_golden_vectors.rs (/opt/rustwide/target/release/deps/format_golden_vectors-c5041775f319c060)
[INFO] [stdout] 
[INFO] [stdout] running 7 tests
[INFO] [stdout] test print_vectors ... ignored
[INFO] [stdout] test recovery_phrase_golden ... ok
[INFO] [stdout] test reed_solomon_encode_golden ... ok
[INFO] [stdout] test ed448_key_and_signature_golden ... ok
[INFO] [stdout] test ed41417_key_and_signature_golden ... ok
[INFO] [stdout] test falcon512_keygen_and_sign_golden ... ok
[INFO] [stdout] test falcon1024_keygen_and_sign_golden ... ok
[INFO] [stdout] 
[INFO] [stdout] test result: ok. 6 passed; 0 failed; 1 ignored; 0 measured; 0 filtered out; finished in 0.09s
[INFO] [stdout] 
[INFO] [stderr]      Running tests/fuzz_like_testing.rs (/opt/rustwide/target/release/deps/fuzz_like_testing-490157cf20812642)
[INFO] [stdout] 
[INFO] [stdout] running 13 tests
[INFO] [stdout] test fuzz_chacha40_block_properties ... ok
[INFO] [stdout] test fuzz_hkdf_determinism ... ok
[INFO] [stdout] test fuzz_drbg_determinism ... ok
[INFO] [stdout] test fuzz_poly1305_incremental_vs_oneshot ... ok
[INFO] [stdout] test fuzz_compress_levels ... ok
[INFO] [stdout] test fuzz_compress_garbage_no_panic ... ok
[INFO] [stdout] test fuzz_hmac_determinism ... ok
[INFO] [stdout] test fuzz_reed_solomon_empty_and_edge_cases ... ok
[INFO] [stdout] test fuzz_siphash_determinism ... ok
[INFO] [stdout] test fuzz_reed_solomon_roundtrip ... ok
[INFO] [stdout] test fuzz_poly1305_determinism ... ok
[INFO] [stdout] test fuzz_chacha40_roundtrip ... ok
[INFO] [stdout] test fuzz_compress_roundtrip ... ok
[INFO] [stdout] 
[INFO] [stdout] test result: ok. 13 passed; 0 failed; 0 ignored; 0 measured; 0 filtered out; finished in 0.04s
[INFO] [stdout] 
[INFO] [stderr]      Running tests/hybrid_golden_vectors.rs (/opt/rustwide/target/release/deps/hybrid_golden_vectors-875cbb155e5cb492)
[INFO] [stdout] 
[INFO] [stdout] running 15 tests
[INFO] [stdout] test golden_blake3_a ... ok
[INFO] [stdout] test golden_blake3_empty ... ok
[INFO] [stdout] test golden_blake3_abc ... ok
[INFO] [stdout] test golden_blake3_ab ... ok
[INFO] [stdout] test golden_derive_hybrid_keys_label_separation ... ok
[INFO] [stdout] test golden_rfc8032_ed25519_test1 ... ok
[INFO] [stdout] test golden_sha3_256_empty ... ok
[INFO] [stdout] test golden_hkdf_sha3_256_deterministic ... ok
[INFO] [stdout] test golden_sha3_512_empty ... ok
[INFO] [stdout] test golden_skein_1024_matches_crate_reference ... ok
[INFO] [stdout] test golden_sha3_256_abc ... ok
[INFO] [stdout] test golden_blake3_ietf ... ok
[INFO] [stdout] test golden_skein_512_matches_crate_reference ... ok
[INFO] [stdout] test golden_ed41417_sign_verify_deterministic ... ok
[INFO] [stdout] test golden_ed41417_blank_sign_verify ... ok
[INFO] [stdout] 
[INFO] [stdout] test result: ok. 15 passed; 0 failed; 0 ignored; 0 measured; 0 filtered out; finished in 0.09s
[INFO] [stdout] 
[INFO] [stderr]      Running tests/hybrid_rigorous.rs (/opt/rustwide/target/release/deps/hybrid_rigorous-0929bfa4b7d6582d)
[INFO] [stdout] 
[INFO] [stdout] running 37 tests
[INFO] [stdout] test edge_case_large_shake256_output_1kb ... ok
[INFO] [stdout] test cross_construction_ed25519_component_consistency ... ok
[INFO] [stdout] test edge_case_single_byte_message ... ok
[INFO] [stdout] test edge_case_empty_message ... ok
[INFO] [stdout] test edge_case_zero_length_shake256 ... ok
[INFO] [stdout] test golden_derive_hybrid_keys_deterministic ... ok
[INFO] [stdout] test golden_skein512_empty ... ok
[INFO] [stdout] test golden_skein1024_hello ... ok
[INFO] [stdout] test kdf_domain_affects_signature ... ok
[INFO] [stdout] test golden_skein512_hello ... ok
[INFO] [stdout] test prop_ed25519_blake3_sign_verify_5_rounds ... ok
[INFO] [stdout] test cross_construction_ed448_component_consistency ... ok
[INFO] [stdout] test prop_ed25519_shake256_sign_verify_5_rounds ... ok
[INFO] [stdout] test prop_ed25519_skein512_sign_verify_5_rounds ... ok
[INFO] [stdout] test prop_ed25519_falcon512_sign_verify ... ok
[INFO] [stdout] test prop_ed25519_falcon1024_sign_verify ... ok
[INFO] [stdout] test prop_ed448_sha3_256_sign_verify_3_rounds ... ok
[INFO] [stdout] test determinism_under_repeated_derivation ... ok
[INFO] [stdout] test prop_ed448_shake256_sign_verify_3_rounds ... ok
[INFO] [stdout] test prop_ed448_skein512_sign_verify_3_rounds ... ok
[INFO] [stdout] test prop_kdf_construction_sign_verify ... ok
[INFO] [stdout] test skein1024_incremental_vs_oneshot ... ok
[INFO] [stdout] test skein512_incremental_vs_oneshot ... ok
[INFO] [stdout] test stress_consecutive_kdf_signs ... ok
[INFO] [stdout] test tamper_resistance_ed25519_blake3 ... ok
[INFO] [stdout] test golden_hybrid_signing_key_bundle_deterministic ... ok
[INFO] [stdout] test prop_ed448_falcon1024_sign_verify ... ok
[INFO] [stdout] test edge_case_large_message_1mb ... ok
[INFO] [stdout] test tamper_resistance_kdf_construction ... ok
[INFO] [stdout] test tamper_resistance_ed25519_falcon512 ... ok
[INFO] [stdout] test domain_separation_hybrid_signing_key_bundle ... ok
[INFO] [stdout] test timing_no_extreme_outliers_on_valid_sig ... ok
[INFO] [stdout] test stress_consecutive_hybrid_signs ... ok
[INFO] [stdout] test signature_size_invariants ... ok
[INFO] [stdout] test tamper_resistance_ed25519_falcon1024 ... ok
[INFO] [stdout] test timing_valid_and_invalid_take_similar_time ... ok
[INFO] [stdout] test edge_case_extremely_large_message_16mb ... ok
[INFO] [stdout] 
[INFO] [stdout] test result: ok. 37 passed; 0 failed; 0 ignored; 0 measured; 0 filtered out; finished in 0.73s
[INFO] [stdout] 
[INFO] [stderr]      Running tests/hybrid_security.rs (/opt/rustwide/target/release/deps/hybrid_security-91f5b3a4f3afc889)
[INFO] [stdout] 
[INFO] [stdout] running 11 tests
[INFO] [stdout] test hybrid_ed25519_signature_determinism ... ok
[INFO] [stdout] test hybrid_large_message_sign_verify ... ok
[INFO] [stdout] test hybrid_empty_message_sign_verify ... ok
[INFO] [stdout] test hybrid_message_mismatch_fails ... ok
[INFO] [stdout] test hybrid_domain_separation_different_keys ... ok
[INFO] [stdout] test hybrid_key_mismatch_fails ... ok
[INFO] [stdout] test hybrid_component_substitution_fails ... ok
[INFO] [stdout] test hybrid_tampered_ed25519_component_fails ... ok
[INFO] [stdout] test hybrid_domain_separation_same_domain_same_keys ... ok
[INFO] [stdout] test hybrid_seed_sensitivity ... ok
[INFO] [stdout] test hybrid_valid_signature_always_verifies ... ok
[INFO] [stdout] 
[INFO] [stdout] test result: ok. 11 passed; 0 failed; 0 ignored; 0 measured; 0 filtered out; finished in 0.47s
[INFO] [stdout] 
[INFO] [stderr]      Running tests/integration_tests.rs (/opt/rustwide/target/release/deps/integration_tests-7b4adc7a18b3b6f0)
[INFO] [stdout] 
[INFO] [stdout] running 33 tests
[INFO] [stdout] test test_cnonce_try_random_succeeds ... ok
[INFO] [stdout] test test_encrypt_then_sign ... ok
[INFO] [stdout] test test_error_display ... ok
[INFO] [stdout] test golden_v2_blob_structure ... ok
[INFO] [stdout] test test_falcon512_full_workflow ... ok
[INFO] [stdout] test test_falcon512_private_key_from_bytes_rejects_wrong_length ... ok
[INFO] [stdout] test test_falcon512_public_key_from_bytes_rejects_wrong_length ... ok
[INFO] [stdout] test test_falcon512_signature_from_bytes_rejects_oversized ... ok
[INFO] [stdout] test golden_v1_to_v2_migration ... ok
[INFO] [stdout] test test_falcon1024_full_workflow ... ok
[INFO] [stdout] test test_ntru_prime_different_keypairs ... ok
[INFO] [stdout] test test_public_randomness_api_fills_empty_and_nonempty_buffers ... ok
[INFO] [stdout] test test_reed_solomon_error_detection ... ok
[INFO] [stdout] test test_ntru_prime_full_workflow ... ok
[INFO] [stdout] test test_reed_solomon_parallel_matches_serial ... ok
[INFO] [stdout] test test_result_type_alias ... ok
[INFO] [stdout] test test_serpent_cbc_large_data ... ok
[INFO] [stdout] test test_try_argon2_params_rejects_zero_output_len ... ok
[INFO] [stdout] test test_try_generate_key_succeeds ... ok
[INFO] [stdout] test test_try_generate_nonce_succeeds ... ok
[INFO] [stdout] test golden_v1_blob_backward_compat ... ok
[INFO] [stdout] test test_try_sign_ed25519_falcon1024_succeeds ... ok
[INFO] [stdout] test test_try_sign_ed25519_falcon512_succeeds ... ok
[INFO] [stdout] test test_key_derivation_then_encrypt ... ok
[INFO] [stdout] test test_reed_solomon_large_data ... ok
[INFO] [stdout] test test_xchacha20_poly1305_large_data ... ok
[INFO] [stdout] test test_xchacha20_poly1305_many_small_messages ... ok
[INFO] [stdout] test test_xnonce_try_random_succeeds ... ok
[INFO] [stdout] test test_try_sign_ed448_falcon1024_succeeds ... ok
[INFO] [stdout] test test_argon2id_unicode_password ... ok
[INFO] [stdout] test test_argon2id_paranoid_vs_normal ... ok
[INFO] [stdout] test golden_v2_tamper_detection ... ok
[INFO] [stdout] test golden_v2_blob_roundtrip_all_tiers ... ok
[INFO] [stdout] 
[INFO] [stdout] test result: ok. 33 passed; 0 failed; 0 ignored; 0 measured; 0 filtered out; finished in 5.05s
[INFO] [stdout] 
[INFO] [stderr]      Running tests/known_answer_vectors.rs (/opt/rustwide/target/release/deps/known_answer_vectors-3060dd67be3936d9)
[INFO] [stdout] 
[INFO] [stdout] running 20 tests
[INFO] [stdout] test kat_poly1305_key_sensitivity ... ok
[INFO] [stdout] test kat_poly1305_incremental_matches_oneshot ... ok
[INFO] [stdout] test kat_hchacha20_draft_irtf ... ok
[INFO] [stdout] test kat_siphash24_empty_message ... ok
[INFO] [stdout] test kat_siphash24_determinism ... ok
[INFO] [stdout] test kat_siphash24_key_sensitivity ... ok
[INFO] [stdout] test kat_poly1305_message_sensitivity ... ok
[INFO] [stdout] test kat_poly1305_rfc8439 ... ok
[INFO] [stdout] test kat_xchacha20_poly1305_different_nonces_different_ciphertext ... ok
[INFO] [stdout] test kat_xchacha20_poly1305_basic_roundtrip ... ok
[INFO] [stdout] test kat_siphash24_single_byte_distinct ... ok
[INFO] [stdout] test kat_xchacha20_poly1305_aad_mismatch_fails ... ok
[INFO] [stdout] test kat_xchacha20_poly1305_ciphertext_tamper_fails ... ok
[INFO] [stdout] test kat_xchacha20_poly1305_deterministic_same_key_nonce ... ok
[INFO] [stdout] test kat_xchacha20_poly1305_empty_plaintext ... ok
[INFO] [stdout] test kat_siphash24_message_sensitivity ... ok
[INFO] [stdout] test kat_xchacha20_poly1305_different_keys_different_ciphertext ... ok
[INFO] [stdout] test kat_xchacha20_poly1305_large_plaintext ... ok
[INFO] [stdout] test kat_xchacha20_poly1305_truncated_ciphertext_fails ... ok
[INFO] [stdout] test kat_xchacha20_poly1305_tag_tamper_fails ... ok
[INFO] [stderr]      Running tests/malformed_input.rs (/opt/rustwide/target/release/deps/malformed_input-a2d8274ad6fb283a)
[INFO] [stdout] 
[INFO] [stdout] test result: ok. 20 passed; 0 failed; 0 ignored; 0 measured; 0 filtered out; finished in 0.03s
[INFO] [stdout] 
[INFO] [stdout] 
[INFO] [stdout] running 20 tests
[INFO] [stdout] test malformed_aead_one_byte_ciphertext ... ok
[INFO] [stdout] test malformed_aead_17_byte_ciphertext ... ok
[INFO] [stdout] test malformed_aead_empty_ciphertext ... ok
[INFO] [stdout] test malformed_aead_tag_only_ciphertext ... ok
[INFO] [stdout] test malformed_aead_various_aad_lengths_no_panic ... ok
[INFO] [stdout] test malformed_aead_15_byte_ciphertext ... ok
[INFO] [stdout] test malformed_aead_various_lengths_no_panic ... ok
[INFO] [stdout] test malformed_blob_recover_empty ... ok
[INFO] [stdout] test malformed_blob_empty ... ok
[INFO] [stdout] test malformed_blob_one_byte ... ok
[INFO] [stdout] test malformed_aead_very_large_ciphertext ... ok
[INFO] [stdout] test malformed_blob_three_bytes ... ok
[INFO] [stdout] test malformed_blob_recover_truncated_v2 ... ok
[INFO] [stdout] test malformed_blob_valid_magic_invalid_tier ... ok
[INFO] [stdout] test malformed_blob_wrong_magic ... ok
[INFO] [stdout] test malformed_blob_all_zeros ... ok
[INFO] [stdout] test malformed_blob_all_0xff ... ok
[INFO] [stdout] test malformed_blob_recover_garbage ... ok
[INFO] [stdout] test malformed_blob_recover_wrong_passphrase ... ok
[INFO] [stdout] test malformed_blob_recover_wrong_tier ... ok
[INFO] [stdout] 
[INFO] [stdout] test result: ok. 20 passed; 0 failed; 0 ignored; 0 measured; 0 filtered out; finished in 0.11s
[INFO] [stderr]      Running tests/ntru_prime_kat.rs (/opt/rustwide/target/release/deps/ntru_prime_kat-746e0535d4225778)
[INFO] [stdout] 
[INFO] [stdout] 
[INFO] [stdout] running 17 tests
[INFO] [stdout] test ntru_prime_encoding_sizes_match_official ... ok
[INFO] [stdout] test ntru_prime_internal_sizes_correct ... ok
[INFO] [stdout] test ntru_prime_kat_file_exists ... ok
[INFO] [stdout] test ntru_prime_kat_file_has_100_vectors ... ok
[INFO] [stdout] test ntru_prime_kat_official_ct_size_confirmed ... ok
[INFO] [stdout] test ntru_prime_kat_official_pk_size_confirmed ... ok
[INFO] [stdout] test ntru_prime_kat_official_sk_size_confirmed ... ok
[INFO] [stdout] test ntru_prime_rounded_encode_decode_roundtrip ... ok
[INFO] [stdout] test ntru_prime_rq_encode_decode_roundtrip ... ok
[INFO] [stdout] test ntru_prime_small_encode_decode_roundtrip ... ok
[INFO] [stdout] test ntru_prime_internal_roundtrip ... ok
[INFO] [stdout] test ntru_prime_internal_deterministic_keygen ... ok
[INFO] [stdout] test ntru_prime_decapsulate_wrong_key_cca ... ok
[INFO] [stdout] test ntru_prime_decapsulate_wrong_ciphertext_cca ... ok
[INFO] [stdout] test kat_execution::ntru_prime_kat_cross_roundtrip_foreign_keys ... ok
[INFO] [stdout] test kat_execution::ntru_prime_kat_decapsulate_all_100 ... ok
[INFO] [stdout] test kat_execution::ntru_prime_kat_seeded_keygen_encap_all_100 ... ok
[INFO] [stdout] 
[INFO] [stdout] test result: ok. 17 passed; 0 failed; 0 ignored; 0 measured; 0 filtered out; finished in 2.80s
[INFO] [stdout] 
[INFO] [stderr]      Running tests/proptest_crypto.rs (/opt/rustwide/target/release/deps/proptest_crypto-748614c4fa24d3ba)
[INFO] [stdout] 
[INFO] [stdout] running 30 tests
[INFO] [stdout] test prop_chacha20_blake3_tamper_detected ... ok
[INFO] [stdout] test prop_chacha20_blake3_wrong_aad_fails ... ok
[INFO] [stdout] test prop_chacha20_blake3_wrong_key_fails ... ok
[INFO] [stdout] test prop_cnonce_rejects_wrong_len ... ok
[INFO] [stdout] test prop_drbg_seed_sensitivity ... ok
[INFO] [stdout] test prop_decompress_garbage_no_panic ... ok
[INFO] [stdout] test prop_drbg_deterministic ... ok
[INFO] [stdout] test prop_hkdf_different_ikm_different_output ... ok
[INFO] [stdout] test prop_hkdf_deterministic ... ok
[INFO] [stdout] test prop_chacha20_blake3_roundtrip ... ok
[INFO] [stdout] test prop_poly1305_deterministic ... ok
[INFO] [stdout] test prop_poly1305_incremental ... ok
[INFO] [stdout] test prop_poly1305_key_sensitivity ... ok
[INFO] [stdout] test prop_compress_decompress_roundtrip ... ok
[INFO] [stdout] test prop_reed_solomon_corruption_no_panic ... ok
[INFO] [stdout] test prop_reed_solomon_roundtrip ... ok
[INFO] [stdout] test prop_rq_encode_decode_roundtrip ... ok
[INFO] [stdout] test prop_rounded_encode_decode_roundtrip ... ok
[INFO] [stdout] test prop_seed_accepts_32_bytes ... ok
[INFO] [stdout] test prop_seed_rejects_wrong_len ... ok
[INFO] [stdout] test prop_siphash_key_sensitivity ... ok
[INFO] [stdout] test prop_siphash_deterministic ... ok
[INFO] [stdout] test prop_small_encode_decode_roundtrip ... ok
[INFO] [stdout] test prop_xnonce_rejects_wrong_len ... ok
[INFO] [stdout] test prop_ntru_prime_keygen_deterministic ... ok
[INFO] [stdout] test prop_ntru_prime_cca_tamper ... ok
[INFO] [stdout] test prop_ntru_prime_roundtrip ... ok
[INFO] [stdout] test prop_ntru_prime_seed_sensitivity ... ok
[INFO] [stdout] test prop_blob_roundtrip ... ok
[INFO] [stdout] test prop_blob_wrong_passphrase_fails ... ok
[INFO] [stdout] 
[INFO] [stdout] test result: ok. 30 passed; 0 failed; 0 ignored; 0 measured; 0 filtered out; finished in 0.87s
[INFO] [stdout] 
[INFO] [stderr]      Running tests/recovery_phrase_v2.rs (/opt/rustwide/target/release/deps/recovery_phrase_v2-5030ef47ade62016)
[INFO] [stdout] 
[INFO] [stdout] running 8 tests
[INFO] [stdout] test pack_phrase_is_rejected_by_a_different_pack ... ok
[INFO] [stdout] test v1_phrase_is_still_decodable ... ok
[INFO] [stdout] test phrase_does_not_leak_in_debug_output ... ok
[INFO] [stdout] test text_form_round_trips_between_conventions ... ok
[INFO] [stdout] test alphabets_produce_distinct_phrases ... ok
[INFO] [stdout] test v2_golden_vectors ... ok
[INFO] [stdout] test symbol_pack_round_trips ... ok
[INFO] [stdout] test runic_recovery_method_round_trips ... ok
[INFO] [stdout] 
[INFO] [stdout] test result: ok. 8 passed; 0 failed; 0 ignored; 0 measured; 0 filtered out; finished in 0.01s
[INFO] [stdout] 
[INFO] [stderr]      Running tests/rng_and_cache.rs (/opt/rustwide/target/release/deps/rng_and_cache-6f6c858c9b23e213)
[INFO] [stdout] 
[INFO] [stdout] running 20 tests
[INFO] [stdout] test cache_concurrent_access_no_deadlock ... ok
[INFO] [stdout] test cache_concurrent_same_domain_returns_same_bundle ... ok
[INFO] [stdout] test cache_configure_resets_cache ... ok
[INFO] [stdout] test cache_different_domains_create_separate_entries ... ok
[INFO] [stdout] test cache_and_non_cached_produce_same_keys ... ok
[INFO] [stdout] test rng_concurrent_calls_are_thread_safe ... ok
[INFO] [stdout] test rng_fill_random_empty_buffer ... ok
[INFO] [stdout] test rng_fill_random_large_buffer ... ok
[INFO] [stdout] test rng_fill_random_succeeds ... ok
[INFO] [stdout] test rng_nonce_uniqueness ... ok
[INFO] [stdout] test rng_try_generate_key_succeeds ... ok
[INFO] [stdout] test rng_try_generate_nonce_succeeds ... ok
[INFO] [stdout] test rng_two_calls_produce_different_output ... ok
[INFO] [stdout] test cache_bounded_by_max_entries ... ok
[INFO] [stdout] test cache_clear_empties_all_entries ... ok
[INFO] [stdout] test cache_different_seeds_create_separate_entries ... ok
[INFO] [stdout] test cache_hit_does_not_grow ... ok
[INFO] [stdout] test cache_populated_after_from_seed_cached ... ok
[INFO] [stdout] test cache_starts_empty ... ok
[INFO] [stdout] test cache_ttl_expires_entries ... ok
[INFO] [stdout] 
[INFO] [stdout] test result: ok. 20 passed; 0 failed; 0 ignored; 0 measured; 0 filtered out; finished in 1.10s
[INFO] [stdout] 
[INFO] [stderr]      Running tests/timing_tests.rs (/opt/rustwide/target/release/deps/timing_tests-0ab108a5ec108b5f)
[INFO] [stdout] 
[INFO] [stdout] running 6 tests
[INFO] [stdout] test timing_aead_first_byte_vs_last_byte_tamper ... ok
[INFO] [stdout] test timing_poly1305_content_independent ... FAILED
[INFO] [stdout] test timing_schnorr_prove_key_density_independent ... ok
[INFO] [stdout] test timing_aead_valid_vs_invalid_tag_similar ... ok
[INFO] [stdout] test timing_aead_decrypt_scales_with_length ... ok
[INFO] [stdout] test timing_ntru_decap_valid_vs_invalid ... ok
[INFO] [stdout] 
[INFO] [stdout] failures:
[INFO] [stdout] 
[INFO] [stdout] ---- timing_poly1305_content_independent stdout ----
[INFO] [stdout] 
[INFO] [stdout] thread 'timing_poly1305_content_independent' (4186) panicked at tests/timing_tests.rs:217:5:
[INFO] [stdout] Poly1305 content-dependent timing: zeros=6453069ns ones=20756420ns random=17803199ns ratio=3.22x
[INFO] [stdout] stack backtrace:
[INFO] [stdout]    0:     0x625550933271 - <<std[70759c8f55707aa4]::sys::backtrace::BacktraceLock>::print::DisplayBacktrace as core[df12db4294e9bfd3]::fmt::Display>::fmt
[INFO] [stdout]    1:     0x62555094870a - core[df12db4294e9bfd3]::fmt::write
[INFO] [stdout]    2:     0x62555093770c - <alloc[2182bb758b4b3781]::vec::Vec<u8> as core[df12db4294e9bfd3]::io::write::Write>::write_fmt
[INFO] [stdout]    3:     0x62555090f866 - std[70759c8f55707aa4]::panicking::default_hook::{closure#0}
[INFO] [stdout]    4:     0x62555092b9d9 - std[70759c8f55707aa4]::panicking::default_hook
[INFO] [stdout]    5:     0x6255508a7420 - test[9d35eded1c95d3be]::test_main_inner::<test[9d35eded1c95d3be]::test_main_static::{closure#0}>::{closure#0}
[INFO] [stdout]    6:     0x62555092bb92 - std[70759c8f55707aa4]::panicking::panic_with_hook
[INFO] [stdout]    7:     0x62555090f912 - std[70759c8f55707aa4]::panicking::panic_handler::{closure#0}
[INFO] [stdout]    8:     0x625550908699 - std[70759c8f55707aa4]::sys::backtrace::__rust_end_short_backtrace::<std[70759c8f55707aa4]::panicking::panic_handler::{closure#0}, !>
[INFO] [stdout]    9:     0x62555091050d - __rustc[8fa7c3cbc660c2b3]::rust_begin_unwind
[INFO] [stdout]   10:     0x625550948e3c - core[df12db4294e9bfd3]::panicking::panic_fmt
[INFO] [stdout]   11:     0x625550899435 - <timing_tests[122abd6adc137a6f]::timing_poly1305_content_independent::{closure#0} as core[df12db4294e9bfd3]::ops::function::FnOnce<()>>::call_once
[INFO] [stdout]   12:     0x62555089a70b - test[9d35eded1c95d3be]::__rust_begin_short_backtrace::<core[df12db4294e9bfd3]::result::Result<(), alloc[2182bb758b4b3781]::string::String>, fn() -> core[df12db4294e9bfd3]::result::Result<(), alloc[2182bb758b4b3781]::string::String>>
[INFO] [stdout]   13:     0x6255508a7d75 - test[9d35eded1c95d3be]::run_test::{closure#0}
[INFO] [stdout]   14:     0x6255508a1634 - std[70759c8f55707aa4]::sys::backtrace::__rust_begin_short_backtrace::<test[9d35eded1c95d3be]::run_test::{closure#1}, ()>
[INFO] [stdout]   15:     0x6255508aaed2 - <std[70759c8f55707aa4]::thread::lifecycle::spawn_unchecked<test[9d35eded1c95d3be]::run_test::{closure#1}, ()>::{closure#1} as core[df12db4294e9bfd3]::ops::function::FnOnce<()>>::call_once::{shim:vtable#0}
[INFO] [stdout]   16:     0x625550932b49 - <std[70759c8f55707aa4]::sys::thread::unix::Thread>::new::thread_start
[INFO] [stdout]   17:     0x7322d6610dfa - <unknown>
[INFO] [stdout]   18:     0x7322d66a43d4 - clone
[INFO] [stdout]   19:                0x0 - <unknown>
[INFO] [stdout] 
[INFO] [stdout] 
[INFO] [stdout] failures:
[INFO] [stdout]     timing_poly1305_content_independent
[INFO] [stdout] 
[INFO] [stdout] test result: FAILED. 5 passed; 1 failed; 0 ignored; 0 measured; 0 filtered out; finished in 1.16s
[INFO] [stdout] 
[INFO] [stderr] error: test failed, to rerun pass `--test timing_tests`
[INFO] running `Command { std: "docker" "inspect" "acda02755ccf1a69ec7f99d6742e59359ea016dd461b34fb12371c9903a2cfce", kill_on_drop: false }`
[INFO] running `Command { std: "docker" "rm" "-f" "acda02755ccf1a69ec7f99d6742e59359ea016dd461b34fb12371c9903a2cfce", kill_on_drop: false }`
[INFO] [stdout] acda02755ccf1a69ec7f99d6742e59359ea016dd461b34fb12371c9903a2cfce
