[INFO] fetching crate lungo-cli 1.108.38...
[INFO] testing lungo-cli-1.108.38 against 1.99.0-beta.8+cargoflags=--release for beta-release-1.100-2
[INFO] extracting crate lungo-cli 1.108.38 into /workspace/builds/worker-2-tc1/source
[INFO] started tweaking crates.io crate lungo-cli 1.108.38
[INFO] finished tweaking crates.io crate lungo-cli 1.108.38
[INFO] tweaked toml for crates.io crate lungo-cli 1.108.38 written to /workspace/builds/worker-2-tc1/source/Cargo.toml
[INFO] validating manifest of crates.io crate lungo-cli 1.108.38 on toolchain 1.99.0-beta.8
[INFO] running `Command { std: CARGO_HOME="/workspace/cargo-home" RUSTUP_HOME="/workspace/rustup-home" "/workspace/cargo-home/bin/cargo" "+1.99.0-beta.8" "metadata" "--manifest-path" "Cargo.toml" "--no-deps", kill_on_drop: false }`
[INFO] crate crates.io crate lungo-cli 1.108.38 already has a lockfile, it will not be regenerated
[INFO] running `Command { std: CARGO_HOME="/workspace/cargo-home" RUSTUP_HOME="/workspace/rustup-home" "/workspace/cargo-home/bin/cargo" "+1.99.0-beta.8" "fetch" "--manifest-path" "Cargo.toml", kill_on_drop: false }`
[INFO] [stderr]     Updating crates.io index
[INFO] [stderr]  Downloading crates ...
[INFO] [stderr]   Downloaded lungo-bir v1.108.38
[INFO] [stderr]   Downloaded lungo-protocol v1.108.38
[INFO] [stderr]   Downloaded lungo-build v1.108.38
[INFO] [stderr]   Downloaded lungo-driver v1.108.38
[INFO] [stderr]   Downloaded lungo-codegen v1.108.38
[INFO] [stderr]   Downloaded lungo-runtime v1.108.38
[INFO] running `Command { std: "docker" "create" "-v" "/var/lib/crater-agent-workspace/builds/worker-2-tc1/source:/opt/rustwide/workdir:ro,Z" "-v" "/var/lib/crater-agent-workspace/builds/worker-2-tc1/target:/opt/rustwide/target:rw,Z" "-v" "/var/lib/crater-agent-workspace/cargo-home:/opt/rustwide/cargo-home:ro,Z" "-v" "/var/lib/crater-agent-workspace/rustup-home:/opt/rustwide/rustup-home:ro,Z" "-m" "1610612736" "--network" "none" "ghcr.io/rust-lang/crates-build-env/linux@sha256:77db811e55d90add9212f6832c23229e3de5f1c1f9905e8cb07319ea15df73ac" "sleep" "infinity", kill_on_drop: false }`
[INFO] [stdout] 8bf35c2c10706a0685da568a11673dd311bab6923dc064bc1c5f423ed8fef68f
[INFO] running `Command { std: "docker" "start" "8bf35c2c10706a0685da568a11673dd311bab6923dc064bc1c5f423ed8fef68f", kill_on_drop: false }`
[INFO] running `Command { std: "docker" "inspect" "8bf35c2c10706a0685da568a11673dd311bab6923dc064bc1c5f423ed8fef68f", kill_on_drop: false }`
[INFO] running `Command { std: "docker" "exec" "-e" "SOURCE_DIR=/opt/rustwide/workdir" "-e" "CARGO_HOME=/opt/rustwide/cargo-home" "-e" "RUSTUP_HOME=/opt/rustwide/rustup-home" "-e" "CARGO_TARGET_DIR=/opt/rustwide/target" "-w" "/opt/rustwide/workdir" "--user" "0:0" "8bf35c2c10706a0685da568a11673dd311bab6923dc064bc1c5f423ed8fef68f" "/opt/rustwide/cargo-home/bin/cargo" "+1.99.0-beta.8" "metadata" "--no-deps" "--format-version=1", kill_on_drop: false }`
[INFO] running `Command { std: "docker" "inspect" "8bf35c2c10706a0685da568a11673dd311bab6923dc064bc1c5f423ed8fef68f", kill_on_drop: false }`
[INFO] running `Command { std: "docker" "exec" "-e" "SOURCE_DIR=/opt/rustwide/workdir" "-e" "CARGO_HOME=/opt/rustwide/cargo-home" "-e" "RUSTUP_HOME=/opt/rustwide/rustup-home" "-e" "CARGO_TARGET_DIR=/opt/rustwide/target" "-e" "CARGO_INCREMENTAL=0" "-e" "RUST_BACKTRACE=full" "-e" "RUSTFLAGS=--cap-lints=warn" "-e" "RUSTDOCFLAGS=--cap-lints=warn" "-w" "/opt/rustwide/workdir" "--user" "0:0" "8bf35c2c10706a0685da568a11673dd311bab6923dc064bc1c5f423ed8fef68f" "/opt/rustwide/cargo-home/bin/cargo" "+1.99.0-beta.8" "build" "--frozen" "--message-format=json" "--release", kill_on_drop: false }`
[INFO] [stderr]    Compiling unicode-ident v1.0.26
[INFO] [stderr]    Compiling serde_core v1.0.229
[INFO] [stderr]    Compiling serde v1.0.229
[INFO] [stderr]    Compiling cc v1.5.1
[INFO] [stderr]    Compiling typenum v1.20.1
[INFO] [stderr]    Compiling zerocopy v0.8.59
[INFO] [stderr]    Compiling num-traits v0.2.19
[INFO] [stderr]    Compiling ciborium-io v0.2.2
[INFO] [stderr]    Compiling getrandom v0.3.4
[INFO] [stderr]    Compiling proc-macro2 v1.0.107
[INFO] [stderr]    Compiling crc32fast v1.5.2
[INFO] [stderr]    Compiling semver v1.0.28
[INFO] [stderr]    Compiling simd-adler32 v0.3.10
[INFO] [stderr]    Compiling quote v1.0.47
[INFO] [stderr]    Compiling rustc_version v0.4.1
[INFO] [stderr]    Compiling syn v3.0.6
[INFO] [stderr]    Compiling syn v2.0.119
[INFO] [stderr]    Compiling serde_json v1.0.151
[INFO] [stderr]    Compiling getrandom v0.2.17
[INFO] [stderr]    Compiling httparse v1.10.1
[INFO] [stderr]    Compiling generic-array v0.14.7
[INFO] [stderr]    Compiling rustix v1.1.5
[INFO] [stderr]    Compiling num-integer v0.1.47
[INFO] [stderr]    Compiling miniz_oxide v0.9.1
[INFO] [stderr]    Compiling indexmap v2.14.2
[INFO] [stderr]    Compiling block-buffer v0.10.4
[INFO] [stderr]    Compiling crypto-common v0.1.7
[INFO] [stderr]    Compiling num-bigint v0.4.8
[INFO] [stderr]    Compiling ring v0.17.14
[INFO] [stderr]    Compiling digest v0.10.7
[INFO] [stderr]    Compiling sha2 v0.10.9
[INFO] [stderr]    Compiling blake3 v1.8.7
[INFO] [stderr]    Compiling curve25519-dalek v4.1.3
[INFO] [stderr]    Compiling zlib-rs v0.6.8
[INFO] [stderr]    Compiling lungo-driver v1.108.38
[INFO] [stderr]    Compiling arrayvec v0.7.8
[INFO] [stderr]    Compiling rustls v0.23.45
[INFO] [stderr]    Compiling http v1.5.0
[INFO] [stderr]    Compiling zerocopy-derive v0.8.59
[INFO] [stderr]    Compiling curve25519-dalek-derive v0.1.1
[INFO] [stderr]    Compiling serde_derive v1.0.229
[INFO] [stderr]    Compiling flate2 v1.1.10
[INFO] [stderr]    Compiling bumpalo v3.20.3
[INFO] [stderr]    Compiling dunce v1.0.5
[INFO] [stderr]    Compiling signature v2.2.0
[INFO] [stderr]    Compiling once_cell v1.21.4
[INFO] [stderr]    Compiling clap_lex v1.1.1
[INFO] [stderr]    Compiling base64 v0.23.1
[INFO] [stderr]    Compiling clap_derive v4.6.7
[INFO] [stderr]    Compiling ureq-proto v0.6.4
[INFO] [stderr]    Compiling clap_builder v4.6.7
[INFO] [stderr]    Compiling xattr v1.6.1
[INFO] [stderr]    Compiling ed25519 v2.2.3
[INFO] [stderr]    Compiling zopfli v0.8.3
[INFO] [stderr]    Compiling lungo-cli v1.108.38 (/opt/rustwide/workdir)
[INFO] [stderr]    Compiling lungo-bir v1.108.38
[INFO] [stderr]    Compiling lungo-runtime v1.108.38
[INFO] [stderr]    Compiling toml_datetime v0.6.11
[INFO] [stderr]    Compiling serde_spanned v0.6.9
[INFO] [stderr]    Compiling toml_edit v0.22.27
[INFO] [stderr]    Compiling filetime v0.2.29
[INFO] [stderr]    Compiling utf8-zero v0.8.1
[INFO] [stderr]    Compiling typed-path v0.12.3
[INFO] [stderr]    Compiling tar v0.4.46
[INFO] [stderr]    Compiling half v2.7.1
[INFO] [stderr]    Compiling clap v4.6.7
[INFO] [stderr]    Compiling ed25519-dalek v2.2.0
[INFO] [stderr]    Compiling ciborium-ll v0.2.2
[INFO] [stderr]    Compiling ciborium v0.2.2
[INFO] [stderr]    Compiling lungo-protocol v1.108.38
[INFO] [stderr]    Compiling toml v0.8.23
[INFO] [stderr]    Compiling zip v8.6.0
[INFO] [stderr]    Compiling lungo-codegen v1.108.38
[INFO] [stderr]    Compiling rustls-webpki v0.103.15
[INFO] [stderr]    Compiling lungo-build v1.108.38
[INFO] [stderr]    Compiling ureq v3.4.2
[INFO] [stderr]     Finished `release` profile [optimized] target(s) in 4m 32s
[INFO] running `Command { std: "docker" "inspect" "8bf35c2c10706a0685da568a11673dd311bab6923dc064bc1c5f423ed8fef68f", kill_on_drop: false }`
[INFO] running `Command { std: "docker" "exec" "-e" "SOURCE_DIR=/opt/rustwide/workdir" "-e" "CARGO_HOME=/opt/rustwide/cargo-home" "-e" "RUSTUP_HOME=/opt/rustwide/rustup-home" "-e" "CARGO_TARGET_DIR=/opt/rustwide/target" "-e" "CARGO_INCREMENTAL=0" "-e" "RUST_BACKTRACE=full" "-e" "RUSTFLAGS=--cap-lints=warn" "-e" "RUSTDOCFLAGS=--cap-lints=warn" "-w" "/opt/rustwide/workdir" "--user" "0:0" "8bf35c2c10706a0685da568a11673dd311bab6923dc064bc1c5f423ed8fef68f" "/opt/rustwide/cargo-home/bin/cargo" "+1.99.0-beta.8" "test" "--frozen" "--no-run" "--message-format=json" "--release", kill_on_drop: false }`
[INFO] [stderr]    Compiling lungo-cli v1.108.38 (/opt/rustwide/workdir)
[INFO] [stderr]     Finished `release` profile [optimized] target(s) in 17.32s
[INFO] running `Command { std: "docker" "inspect" "8bf35c2c10706a0685da568a11673dd311bab6923dc064bc1c5f423ed8fef68f", kill_on_drop: false }`
[INFO] running `Command { std: "docker" "exec" "-e" "SOURCE_DIR=/opt/rustwide/workdir" "-e" "CARGO_HOME=/opt/rustwide/cargo-home" "-e" "RUSTUP_HOME=/opt/rustwide/rustup-home" "-e" "CARGO_TARGET_DIR=/opt/rustwide/target" "-e" "CARGO_INCREMENTAL=0" "-e" "RUST_BACKTRACE=full" "-e" "RUSTFLAGS=--cap-lints=warn" "-e" "RUSTDOCFLAGS=--cap-lints=warn" "-w" "/opt/rustwide/workdir" "--user" "0:0" "8bf35c2c10706a0685da568a11673dd311bab6923dc064bc1c5f423ed8fef68f" "/opt/rustwide/cargo-home/bin/cargo" "+1.99.0-beta.8" "test" "--frozen" "--release", kill_on_drop: false }`
[INFO] [stderr]     Finished `release` profile [optimized] target(s) in 0.18s
[INFO] [stderr]      Running unittests src/main.rs (/opt/rustwide/target/release/deps/lungo-fd22c2ba426d0f6b)
[INFO] [stdout] 
[INFO] [stdout] running 29 tests
[INFO] [stdout] test assurance::tests::test0272_composition_finds_a_shared_record_described_differently ... ok
[INFO] [stdout] test generate::drift_tests::test0084_a_runtime_cache_is_not_drift_and_a_stray_file_is ... ok
[INFO] [stdout] test generate::drift_tests::test0085_a_platform_product_is_not_compared_and_a_changed_source_is ... ok
[INFO] [stdout] test release::tests::test0349_the_baked_release_line_is_read_back_as_it_was_given ... ok
[INFO] [stdout] test release::tests::test0350_a_manifest_signed_by_a_certified_release_key_is_trusted ... ok
[INFO] [stdout] test release::tests::test0354_a_manifest_signed_by_a_key_no_certificate_names_is_refused ... ok
[INFO] [stdout] test release::tests::test0353_a_certificate_is_for_one_environment_and_one_span_of_time ... ok
[INFO] [stdout] test release::tests::test0352_a_certificate_needs_two_distinct_roots_of_this_build ... ok
[INFO] [stdout] test release::tests::test0355_a_certificate_whose_stated_key_id_is_not_its_keys_is_refused ... ok
[INFO] [stdout] test release::tests::test0357_another_products_manifest_is_not_this_commands ... ok
[INFO] [stdout] test release::tests::test0358_an_archive_is_listed_with_a_digest_and_over_https ... ok
[INFO] [stdout] test release::tests::test0351_one_changed_byte_of_the_manifest_is_refused ... ok
[INFO] [stdout] test release::tests::test0356_the_latest_release_is_the_channels_for_this_platform ... ok
[INFO] [stdout] test release::tests::test0359_base64_is_read_strictly ... ok
[INFO] [stdout] test runtime::tests::test0089_manifests_must_match_this_release_and_carry_sha256_over_https ... ok
[INFO] [stdout] test tests::test0087_facade_functions_are_found_by_rust_path ... ok
[INFO] [stdout] test update::tests::test0362_versions_are_compared_as_numbers ... ok
[INFO] [stdout] test tests::test0086_language_flags_are_split_in_both_spellings ... ok
[INFO] [stdout] test runtime::tests::test0088_a_local_distribution_is_identified_by_what_it_holds ... ok
[INFO] [stdout] test runtime::tests::test0090_a_tampered_archive_is_rejected_and_never_unpacked ... ok
[INFO] [stdout] test config::tests::test0083_project_files_reject_unknown_keys_and_plugins_named_like_built_ins ... ok
[INFO] [stdout] test update::tests::test0360_a_newer_release_replaces_the_command_where_it_is ... FAILED
[INFO] [stdout] test update::tests::test0367_a_channel_that_has_published_nothing_is_said ... ok
[INFO] [stdout] test update::tests::test0366_a_package_managers_lungo_is_left_to_the_package_manager ... ok
[INFO] [stdout] test update::tests::test0363_a_manifest_this_lungo_does_not_trust_changes_nothing ... ok
[INFO] [stdout] test update::tests::test0364_an_archive_that_is_not_the_one_the_manifest_describes_is_discarded ... ok
[INFO] [stdout] test update::tests::test0361_the_latest_release_is_left_as_it_is_and_nothing_is_downloaded ... ok
[INFO] [stdout] test update::tests::test0365_a_command_that_is_not_the_version_it_was_published_as_is_not_installed ... ok
[INFO] [stdout] test update::tests::test0368_a_command_this_user_cannot_replace_is_said_with_where_it_is ... ok
[INFO] [stdout] 
[INFO] [stdout] failures:
[INFO] [stdout] 
[INFO] [stdout] ---- update::tests::test0360_a_newer_release_replaces_the_command_where_it_is stdout ----
[INFO] [stdout] 
[INFO] [stdout] thread 'update::tests::test0360_a_newer_release_replaces_the_command_where_it_is' (1885) panicked at src/update.rs:410:62:
[INFO] [stdout] called `Result::unwrap()` on an `Err` value: error[LNG0112]: the lungo in https://release.example/lungo-cli/release/1.200.0/lungo-1.200.0-linux-x86_64.tar.gz does not run on this machine: Text file busy (os error 26)
[INFO] [stdout] stack backtrace:
[INFO] [stdout]    0:     0x5618109820e1 - <<std[70759c8f55707aa4]::sys::backtrace::BacktraceLock>::print::DisplayBacktrace as core[df12db4294e9bfd3]::fmt::Display>::fmt
[INFO] [stdout]    1:     0x561810997f2a - core[df12db4294e9bfd3]::fmt::write
[INFO] [stdout]    2:     0x5618109869fc - <alloc[2182bb758b4b3781]::vec::Vec<u8> as core[df12db4294e9bfd3]::io::write::Write>::write_fmt
[INFO] [stdout]    3:     0x56181095b0a6 - std[70759c8f55707aa4]::panicking::default_hook::{closure#0}
[INFO] [stdout]    4:     0x561810978d19 - std[70759c8f55707aa4]::panicking::default_hook
[INFO] [stdout]    5:     0x5618108f0da0 - test[9d35eded1c95d3be]::test_main_inner::<test[9d35eded1c95d3be]::test_main_static::{closure#0}>::{closure#0}
[INFO] [stdout]    6:     0x561810978ed2 - std[70759c8f55707aa4]::panicking::panic_with_hook
[INFO] [stdout]    7:     0x56181095b152 - std[70759c8f55707aa4]::panicking::panic_handler::{closure#0}
[INFO] [stdout]    8:     0x561810953a59 - std[70759c8f55707aa4]::sys::backtrace::__rust_end_short_backtrace::<std[70759c8f55707aa4]::panicking::panic_handler::{closure#0}, !>
[INFO] [stdout]    9:     0x56181095c0dd - __rustc[8fa7c3cbc660c2b3]::rust_begin_unwind
[INFO] [stdout]   10:     0x56181099868c - core[df12db4294e9bfd3]::panicking::panic_fmt
[INFO] [stdout]   11:     0x561810998462 - core[df12db4294e9bfd3]::result::unwrap_failed
[INFO] [stdout]   12:     0x56181083a788 - lungo[8e4714b9d3a443cf]::update::tests::test0360_a_newer_release_replaces_the_command_where_it_is
[INFO] [stdout]   13:     0x5618108837d9 - <lungo[8e4714b9d3a443cf]::update::tests::test0360_a_newer_release_replaces_the_command_where_it_is::{closure#0} as core[df12db4294e9bfd3]::ops::function::FnOnce<()>>::call_once
[INFO] [stdout]   14:     0x5618108e408b - test[9d35eded1c95d3be]::__rust_begin_short_backtrace::<core[df12db4294e9bfd3]::result::Result<(), alloc[2182bb758b4b3781]::string::String>, fn() -> core[df12db4294e9bfd3]::result::Result<(), alloc[2182bb758b4b3781]::string::String>>
[INFO] [stdout]   15:     0x5618108f16f5 - test[9d35eded1c95d3be]::run_test::{closure#0}
[INFO] [stdout]   16:     0x5618108eafb4 - std[70759c8f55707aa4]::sys::backtrace::__rust_begin_short_backtrace::<test[9d35eded1c95d3be]::run_test::{closure#1}, ()>
[INFO] [stdout]   17:     0x5618108f4852 - <std[70759c8f55707aa4]::thread::lifecycle::spawn_unchecked<test[9d35eded1c95d3be]::run_test::{closure#1}, ()>::{closure#1} as core[df12db4294e9bfd3]::ops::function::FnOnce<()>>::call_once::{shim:vtable#0}
[INFO] [stdout]   18:     0x561810981139 - <std[70759c8f55707aa4]::sys::thread::unix::Thread>::new::thread_start
[INFO] [stdout]   19:     0x72a62ae4edfa - <unknown>
[INFO] [stdout]   20:     0x72a62aee23d4 - clone
[INFO] [stdout]   21:                0x0 - <unknown>
[INFO] [stdout] 
[INFO] [stdout] 
[INFO] [stdout] failures:
[INFO] [stdout]     update::tests::test0360_a_newer_release_replaces_the_command_where_it_is
[INFO] [stdout] 
[INFO] [stdout] test result: FAILED. 28 passed; 1 failed; 0 ignored; 0 measured; 0 filtered out; finished in 0.07s
[INFO] [stdout] 
[INFO] [stderr] error: test failed, to rerun pass `--bin lungo`
[INFO] running `Command { std: "docker" "inspect" "8bf35c2c10706a0685da568a11673dd311bab6923dc064bc1c5f423ed8fef68f", kill_on_drop: false }`
[INFO] running `Command { std: "docker" "rm" "-f" "8bf35c2c10706a0685da568a11673dd311bab6923dc064bc1c5f423ed8fef68f", kill_on_drop: false }`
[INFO] [stdout] 8bf35c2c10706a0685da568a11673dd311bab6923dc064bc1c5f423ed8fef68f
