[INFO] fetching crate local-runtime 0.2.1...
[INFO] testing local-runtime-0.2.1 against 1.99.0-beta.8+cargoflags=--release for beta-release-1.100-2
[INFO] extracting crate local-runtime 0.2.1 into /workspace/builds/worker-6-tc1/source
[INFO] started tweaking crates.io crate local-runtime 0.2.1
[INFO] removed 0 missing examples
[INFO] removed 0 missing tests
[INFO] finished tweaking crates.io crate local-runtime 0.2.1
[INFO] tweaked toml for crates.io crate local-runtime 0.2.1 written to /workspace/builds/worker-6-tc1/source/Cargo.toml
[INFO] validating manifest of crates.io crate local-runtime 0.2.1 on toolchain 1.99.0-beta.8
[INFO] running `Command { std: CARGO_HOME="/workspace/cargo-home" RUSTUP_HOME="/workspace/rustup-home" "/workspace/cargo-home/bin/cargo" "+1.99.0-beta.8" "metadata" "--manifest-path" "Cargo.toml" "--no-deps", kill_on_drop: false }`
[INFO] crate crates.io crate local-runtime 0.2.1 already has a lockfile, it will not be regenerated
[INFO] running `Command { std: CARGO_HOME="/workspace/cargo-home" RUSTUP_HOME="/workspace/rustup-home" "/workspace/cargo-home/bin/cargo" "+1.99.0-beta.8" "fetch" "--manifest-path" "Cargo.toml", kill_on_drop: false }`
[INFO] [stderr]     Updating crates.io index
[INFO] [stderr]  Downloading crates ...
[INFO] [stderr]   Downloaded httparse v1.10.0
[INFO] [stderr]   Downloaded miniz_oxide v0.8.4
[INFO] [stderr]   Downloaded log v0.4.25
[INFO] [stderr]   Downloaded env_filter v0.1.3
[INFO] [stderr]   Downloaded nanorand v0.7.0
[INFO] [stderr]   Downloaded quote v1.0.38
[INFO] [stderr]   Downloaded env_logger v0.11.6
[INFO] [stderr]   Downloaded unicode-ident v1.0.16
[INFO] [stderr]   Downloaded futures-lite v2.6.0
[INFO] [stderr]   Downloaded bitflags v2.8.0
[INFO] [stderr]   Downloaded flume v0.11.1
[INFO] [stderr]   Downloaded proc-macro2 v1.0.93
[INFO] [stderr]   Downloaded syn v2.0.98
[INFO] [stderr]   Downloaded libc v0.2.169
[INFO] running `Command { std: "docker" "create" "-v" "/var/lib/crater-agent-workspace/builds/worker-6-tc1/source:/opt/rustwide/workdir:ro,Z" "-v" "/var/lib/crater-agent-workspace/builds/worker-6-tc1/target:/opt/rustwide/target:rw,Z" "-v" "/var/lib/crater-agent-workspace/cargo-home:/opt/rustwide/cargo-home:ro,Z" "-v" "/var/lib/crater-agent-workspace/rustup-home:/opt/rustwide/rustup-home:ro,Z" "-m" "1610612736" "--network" "none" "ghcr.io/rust-lang/crates-build-env/linux@sha256:77db811e55d90add9212f6832c23229e3de5f1c1f9905e8cb07319ea15df73ac" "sleep" "infinity", kill_on_drop: false }`
[INFO] [stdout] d6fb28e0b481cf7d0a552c2483594deed1a5e4baf83423541adabd01cdd64a59
[INFO] running `Command { std: "docker" "start" "d6fb28e0b481cf7d0a552c2483594deed1a5e4baf83423541adabd01cdd64a59", kill_on_drop: false }`
[INFO] running `Command { std: "docker" "inspect" "d6fb28e0b481cf7d0a552c2483594deed1a5e4baf83423541adabd01cdd64a59", kill_on_drop: false }`
[INFO] running `Command { std: "docker" "exec" "-e" "SOURCE_DIR=/opt/rustwide/workdir" "-e" "CARGO_HOME=/opt/rustwide/cargo-home" "-e" "RUSTUP_HOME=/opt/rustwide/rustup-home" "-e" "CARGO_TARGET_DIR=/opt/rustwide/target" "-w" "/opt/rustwide/workdir" "--user" "0:0" "d6fb28e0b481cf7d0a552c2483594deed1a5e4baf83423541adabd01cdd64a59" "/opt/rustwide/cargo-home/bin/cargo" "+1.99.0-beta.8" "metadata" "--no-deps" "--format-version=1", kill_on_drop: false }`
[INFO] running `Command { std: "docker" "inspect" "d6fb28e0b481cf7d0a552c2483594deed1a5e4baf83423541adabd01cdd64a59", kill_on_drop: false }`
[INFO] running `Command { std: "docker" "exec" "-e" "SOURCE_DIR=/opt/rustwide/workdir" "-e" "CARGO_HOME=/opt/rustwide/cargo-home" "-e" "RUSTUP_HOME=/opt/rustwide/rustup-home" "-e" "CARGO_TARGET_DIR=/opt/rustwide/target" "-e" "CARGO_INCREMENTAL=0" "-e" "RUST_BACKTRACE=full" "-e" "RUSTFLAGS=--cap-lints=warn" "-e" "RUSTDOCFLAGS=--cap-lints=warn" "-w" "/opt/rustwide/workdir" "--user" "0:0" "d6fb28e0b481cf7d0a552c2483594deed1a5e4baf83423541adabd01cdd64a59" "/opt/rustwide/cargo-home/bin/cargo" "+1.99.0-beta.8" "build" "--frozen" "--message-format=json" "--release", kill_on_drop: false }`
[INFO] [stderr]    Compiling rustix v0.38.44
[INFO] [stderr]    Compiling linux-raw-sys v0.4.15
[INFO] [stderr]    Compiling bitflags v2.8.0
[INFO] [stderr]    Compiling concurrent-queue v2.5.0
[INFO] [stderr]    Compiling log v0.4.25
[INFO] [stderr]    Compiling futures-io v0.3.31
[INFO] [stderr]    Compiling local-runtime v0.2.1 (/opt/rustwide/workdir)
[INFO] [stdout] warning: variable does not need to be mutable
[INFO] [stdout]    --> src/lib.rs:150:23
[INFO] [stdout]     |
[INFO] [stdout] 150 | pub fn block_on<T, F>(mut fut: F) -> T
[INFO] [stdout]     |                       ----^^^
[INFO] [stdout]     |                       |
[INFO] [stdout]     |                       help: remove this `mut`
[INFO] [stdout]     |
[INFO] [stdout]     = note: `#[warn(unused_mut)]` (part of `#[warn(unused)]`) on by default
[INFO] [stdout] 
[INFO] [stdout] 
[INFO] [stdout] warning: hiding a lifetime that's elided elsewhere is confusing
[INFO] [stdout]    --> src/io.rs:518:21
[INFO] [stdout]     |
[INFO] [stdout] 518 |     pub fn incoming(&self) -> IncomingTcp {
[INFO] [stdout]     |                     ^^^^^     ^^^^^^^^^^^ the same lifetime is hidden here
[INFO] [stdout]     |                     |
[INFO] [stdout]     |                     the lifetime is elided here
[INFO] [stdout]     |
[INFO] [stdout]     = help: the same lifetime is referred to in inconsistent ways, making the signature confusing
[INFO] [stdout]     = note: `#[warn(mismatched_lifetime_syntaxes)]` on by default
[INFO] [stdout] help: use `'_` for type paths
[INFO] [stdout]     |
[INFO] [stdout] 518 |     pub fn incoming(&self) -> IncomingTcp<'_> {
[INFO] [stdout]     |                                          ++++
[INFO] [stdout] 
[INFO] [stdout] 
[INFO] [stderr]     Finished `release` profile [optimized] target(s) in 10.50s
[INFO] running `Command { std: "docker" "inspect" "d6fb28e0b481cf7d0a552c2483594deed1a5e4baf83423541adabd01cdd64a59", kill_on_drop: false }`
[INFO] running `Command { std: "docker" "exec" "-e" "SOURCE_DIR=/opt/rustwide/workdir" "-e" "CARGO_HOME=/opt/rustwide/cargo-home" "-e" "RUSTUP_HOME=/opt/rustwide/rustup-home" "-e" "CARGO_TARGET_DIR=/opt/rustwide/target" "-e" "CARGO_INCREMENTAL=0" "-e" "RUST_BACKTRACE=full" "-e" "RUSTFLAGS=--cap-lints=warn" "-e" "RUSTDOCFLAGS=--cap-lints=warn" "-w" "/opt/rustwide/workdir" "--user" "0:0" "d6fb28e0b481cf7d0a552c2483594deed1a5e4baf83423541adabd01cdd64a59" "/opt/rustwide/cargo-home/bin/cargo" "+1.99.0-beta.8" "test" "--frozen" "--no-run" "--message-format=json" "--release", kill_on_drop: false }`
[INFO] [stderr]    Compiling libc v0.2.169
[INFO] [stderr]    Compiling bytes v1.10.0
[INFO] [stderr]    Compiling itoa v1.0.14
[INFO] [stderr]    Compiling regex-automata v0.4.9
[INFO] [stderr]    Compiling httparse v1.10.0
[INFO] [stderr]    Compiling log v0.4.25
[INFO] [stderr]    Compiling futures-task v0.3.31
[INFO] [stderr]    Compiling anstyle-parse v0.2.6
[INFO] [stderr]    Compiling futures-util v0.3.31
[INFO] [stderr]    Compiling colorchoice v1.0.3
[INFO] [stderr]    Compiling anstyle-query v1.1.2
[INFO] [stderr]    Compiling anstream v0.6.18
[INFO] [stderr]    Compiling spin v0.9.8
[INFO] [stderr]    Compiling tokio v1.43.0
[INFO] [stderr]    Compiling futures-sink v0.3.31
[INFO] [stderr]    Compiling fastrand v2.3.0
[INFO] [stderr]    Compiling http v1.2.0
[INFO] [stderr]    Compiling smallvec v1.14.0
[INFO] [stderr]    Compiling futures-lite v2.6.0
[INFO] [stderr]    Compiling local-runtime v0.2.1 (/opt/rustwide/workdir)
[INFO] [stderr]    Compiling getrandom v0.2.15
[INFO] [stderr]    Compiling signal-hook-registry v1.4.2
[INFO] [stderr]    Compiling nanorand v0.7.0
[INFO] [stdout] warning: variable does not need to be mutable
[INFO] [stdout]    --> src/lib.rs:150:23
[INFO] [stdout]     |
[INFO] [stdout] 150 | pub fn block_on<T, F>(mut fut: F) -> T
[INFO] [stdout]     |                       ----^^^
[INFO] [stdout]     |                       |
[INFO] [stdout]     |                       help: remove this `mut`
[INFO] [stdout]     |
[INFO] [stdout]     = note: `#[warn(unused_mut)]` (part of `#[warn(unused)]`) on by default
[INFO] [stdout] 
[INFO] [stdout] 
[INFO] [stdout] warning: hiding a lifetime that's elided elsewhere is confusing
[INFO] [stdout]    --> src/io.rs:518:21
[INFO] [stdout]     |
[INFO] [stdout] 518 |     pub fn incoming(&self) -> IncomingTcp {
[INFO] [stdout]     |                     ^^^^^     ^^^^^^^^^^^ the same lifetime is hidden here
[INFO] [stdout]     |                     |
[INFO] [stdout]     |                     the lifetime is elided here
[INFO] [stdout]     |
[INFO] [stdout]     = help: the same lifetime is referred to in inconsistent ways, making the signature confusing
[INFO] [stdout]     = note: `#[warn(mismatched_lifetime_syntaxes)]` on by default
[INFO] [stdout] help: use `'_` for type paths
[INFO] [stdout]     |
[INFO] [stdout] 518 |     pub fn incoming(&self) -> IncomingTcp<'_> {
[INFO] [stdout]     |                                          ++++
[INFO] [stdout] 
[INFO] [stdout] 
[INFO] [stderr]    Compiling flume v0.11.1
[INFO] [stderr]    Compiling signal-hook v0.3.17
[INFO] [stderr]    Compiling http-body v1.0.1
[INFO] [stderr]    Compiling http-body-util v0.1.2
[INFO] [stderr]    Compiling hyper v1.6.0
[INFO] [stderr]    Compiling regex v1.11.1
[INFO] [stderr]    Compiling env_filter v0.1.3
[INFO] [stderr]    Compiling env_logger v0.11.6
[INFO] [stdout] warning: variable does not need to be mutable
[INFO] [stdout]    --> src/lib.rs:150:23
[INFO] [stdout]     |
[INFO] [stdout] 150 | pub fn block_on<T, F>(mut fut: F) -> T
[INFO] [stdout]     |                       ----^^^
[INFO] [stdout]     |                       |
[INFO] [stdout]     |                       help: remove this `mut`
[INFO] [stdout]     |
[INFO] [stdout]     = note: `#[warn(unused_mut)]` (part of `#[warn(unused)]`) on by default
[INFO] [stdout] 
[INFO] [stdout] 
[INFO] [stdout] warning: method `set` is never used
[INFO] [stdout]   --> src/test.rs:19:12
[INFO] [stdout]    |
[INFO] [stdout] 18 | impl MockWaker {
[INFO] [stdout]    | -------------- method in this implementation
[INFO] [stdout] 19 |     pub fn set(&self, b: bool) {
[INFO] [stdout]    |            ^^^
[INFO] [stdout]    |
[INFO] [stdout]    = note: `#[warn(dead_code)]` (part of `#[warn(unused)]`) on by default
[INFO] [stdout] 
[INFO] [stdout] 
[INFO] [stdout] warning: hiding a lifetime that's elided elsewhere is confusing
[INFO] [stdout]    --> src/io.rs:518:21
[INFO] [stdout]     |
[INFO] [stdout] 518 |     pub fn incoming(&self) -> IncomingTcp {
[INFO] [stdout]     |                     ^^^^^     ^^^^^^^^^^^ the same lifetime is hidden here
[INFO] [stdout]     |                     |
[INFO] [stdout]     |                     the lifetime is elided here
[INFO] [stdout]     |
[INFO] [stdout]     = help: the same lifetime is referred to in inconsistent ways, making the signature confusing
[INFO] [stdout]     = note: `#[warn(mismatched_lifetime_syntaxes)]` on by default
[INFO] [stdout] help: use `'_` for type paths
[INFO] [stdout]     |
[INFO] [stdout] 518 |     pub fn incoming(&self) -> IncomingTcp<'_> {
[INFO] [stdout]     |                                          ++++
[INFO] [stdout] 
[INFO] [stdout] 
[INFO] [stderr]     Finished `release` profile [optimized] target(s) in 50.04s
[INFO] running `Command { std: "docker" "inspect" "d6fb28e0b481cf7d0a552c2483594deed1a5e4baf83423541adabd01cdd64a59", kill_on_drop: false }`
[INFO] running `Command { std: "docker" "exec" "-e" "SOURCE_DIR=/opt/rustwide/workdir" "-e" "CARGO_HOME=/opt/rustwide/cargo-home" "-e" "RUSTUP_HOME=/opt/rustwide/rustup-home" "-e" "CARGO_TARGET_DIR=/opt/rustwide/target" "-e" "CARGO_INCREMENTAL=0" "-e" "RUST_BACKTRACE=full" "-e" "RUSTFLAGS=--cap-lints=warn" "-e" "RUSTDOCFLAGS=--cap-lints=warn" "-w" "/opt/rustwide/workdir" "--user" "0:0" "d6fb28e0b481cf7d0a552c2483594deed1a5e4baf83423541adabd01cdd64a59" "/opt/rustwide/cargo-home/bin/cargo" "+1.99.0-beta.8" "test" "--frozen" "--release", kill_on_drop: false }`
[INFO] [stderr] warning: variable does not need to be mutable
[INFO] [stderr]    --> src/lib.rs:150:23
[INFO] [stderr]     |
[INFO] [stderr] 150 | pub fn block_on<T, F>(mut fut: F) -> T
[INFO] [stderr]     |                       ----^^^
[INFO] [stderr]     |                       |
[INFO] [stderr]     |                       help: remove this `mut`
[INFO] [stderr]     |
[INFO] [stderr]     = note: `#[warn(unused_mut)]` (part of `#[warn(unused)]`) on by default
[INFO] [stderr] 
[INFO] [stderr] warning: hiding a lifetime that's elided elsewhere is confusing
[INFO] [stderr]    --> src/io.rs:518:21
[INFO] [stderr]     |
[INFO] [stderr] 518 |     pub fn incoming(&self) -> IncomingTcp {
[INFO] [stderr]     |                     ^^^^^     ^^^^^^^^^^^ the same lifetime is hidden here
[INFO] [stderr]     |                     |
[INFO] [stderr]     |                     the lifetime is elided here
[INFO] [stderr]     |
[INFO] [stderr]     = help: the same lifetime is referred to in inconsistent ways, making the signature confusing
[INFO] [stderr]     = note: `#[warn(mismatched_lifetime_syntaxes)]` on by default
[INFO] [stderr] help: use `'_` for type paths
[INFO] [stderr]     |
[INFO] [stderr] 518 |     pub fn incoming(&self) -> IncomingTcp<'_> {
[INFO] [stderr]     |                                          ++++
[INFO] [stderr] 
[INFO] [stderr] warning: `local-runtime` (lib) generated 2 warnings (run `cargo fix --lib -p local-runtime` to apply 2 suggestions)
[INFO] [stderr] warning: method `set` is never used
[INFO] [stderr]   --> src/test.rs:19:12
[INFO] [stderr]    |
[INFO] [stderr] 18 | impl MockWaker {
[INFO] [stderr]    | -------------- method in this implementation
[INFO] [stderr] 19 |     pub fn set(&self, b: bool) {
[INFO] [stderr]    |            ^^^
[INFO] [stderr]    |
[INFO] [stderr]    = note: `#[warn(dead_code)]` (part of `#[warn(unused)]`) on by default
[INFO] [stderr] 
[INFO] [stderr] warning: `local-runtime` (lib test) generated 3 warnings (2 duplicates)
[INFO] [stderr]     Finished `release` profile [optimized] target(s) in 0.16s
[INFO] [stdout] 
[INFO] [stdout] running 36 tests
[INFO] [stderr]      Running unittests src/lib.rs (/opt/rustwide/target/release/deps/local_runtime-d8667cc7d0a9a956)
[INFO] [stdout] test io::tests::tcp ... ok
[INFO] [stdout] test reactor::tests::deregister_unfound - should panic ... ok
[INFO] [stdout] test reactor::tests::disable_event_after_poll ... ok
[INFO] [stdout] test concurrency::tests::flag_waker_multiple_wakers ... ok
[INFO] [stdout] test io::tests::deregister_on_drop ... ok
[INFO] [stdout] test reactor::tests::io_registration ... ok
[INFO] [stdout] test reactor::tests::multiple_wakes ... ok
[INFO] [stdout] test reactor::tests::poll_no_output ... ok
[INFO] [stdout] test reactor::tests::modify_registration ... ok
[INFO] [stdout] test io::tests::deregister_into_inner ... ok
[INFO] [stdout] test reactor::tests::check_ready_unfound - should panic ... ok
[INFO] [stdout] test io::tests::writable_readable ... ok
[INFO] [stdout] test reactor::tests::empty_wait ... ok
[INFO] [stdout] test reactor::tests::enable_unfound - should panic ... ok
[INFO] [stdout] test reactor::tests::poller_error ... ok
[INFO] [stdout] test reactor::tests::repeat_registers ... ok
[INFO] [stdout] test tests::cancel ... ok
[INFO] [stdout] test reactor::tests::register_error ... ok
[INFO] [stdout] test tests::spawn_and_poll ... ok
[INFO] [stdout] test reactor::tests::flag_notifier ... ok
[INFO] [stdout] test tests::task_waker ... ok
[INFO] [stdout] test reactor::unix::tests::timerfd_timeout ... ok
[INFO] [stdout] test time::tests::cancel ... ok
[INFO] [stdout] test reactor::unix::tests::pipe_notification ... ok
[INFO] [stdout] test reactor::unix::tests::clear_notifier_and_timerfd ... ok
[INFO] [stdout] test reactor::unix::tests::eventfd_notification ... ok
[INFO] [stdout] test reactor::unix::tests::poll_timeout ... ok
[INFO] [stdout] test tests::wake_queue ... ok
[INFO] [stdout] test time::tests::timer_expired ... ok
[INFO] [stdout] test time::tests::timeouts ... ok
[INFO] [stdout] test time::tests::modify ... ok
[INFO] [stdout] test time::tests::timer ... ok
[INFO] [stdout] test time::tests::periodic ... ok
[INFO] [stdout] test time::tests::next_timeout ... ok
[INFO] [stdout] test tests::switch_waker ... ok
[INFO] [stdout] test tests::switch_waker_join ... ok
[INFO] [stdout] 
[INFO] [stdout] test result: ok. 36 passed; 0 failed; 0 ignored; 0 measured; 0 filtered out; finished in 0.11s
[INFO] [stdout] 
[INFO] [stderr]      Running tests/executor.rs (/opt/rustwide/target/release/deps/executor-ad85185374fa373e)
[INFO] [stdout] 
[INFO] [stdout] running 10 tests
[INFO] [stdout] test client_server ... ok
[INFO] [stdout] test spawn_dropped ... ok
[INFO] [stdout] test spawn_one ... ok
[INFO] [stdout] test cancelled ... ok
[INFO] [stdout] test sub_executor_one ... ok
[INFO] [stdout] test spawn_periodic ... ok
[INFO] [stdout] test sub_executor_periodic ... ok
[INFO] [stdout] test spawn_recursive ... ok
[INFO] [stdout] test notify_from_other_thread ... ok
[INFO] [stdout] test spawn_parallel ... ok
[INFO] [stdout] 
[INFO] [stdout] test result: ok. 10 passed; 0 failed; 0 ignored; 0 measured; 0 filtered out; finished in 0.12s
[INFO] [stdout] 
[INFO] [stdout] 
[INFO] [stdout] running 7 tests
[INFO] [stdout] test single_entry ... ok
[INFO] [stderr]      Running tests/macros.rs (/opt/rustwide/target/release/deps/macros-955e2e0b53434fd1)
[INFO] [stdout] test scoping ... ok
[INFO] [stdout] test merge_futures ... ok
[INFO] [stdout] test merge_same_time ... ok
[INFO] [stdout] test merge_timers ... ok
[INFO] [stdout] test join ... ok
[INFO] [stdout] test merge_periodic ... ok
[INFO] [stdout] 
[INFO] [stdout] test result: ok. 7 passed; 0 failed; 0 ignored; 0 measured; 0 filtered out; finished in 0.29s
[INFO] [stdout] 
[INFO] [stderr]      Running tests/tcp.rs (/opt/rustwide/target/release/deps/tcp-6ad7469b2e079c1b)
[INFO] [stdout] 
[INFO] [stdout] running 2 tests
[INFO] [stdout] test echo_with_channel ... ok
[INFO] [stdout] test single_thread_echo ... ok
[INFO] [stdout] 
[INFO] [stdout] test result: ok. 2 passed; 0 failed; 0 ignored; 0 measured; 0 filtered out; finished in 0.01s
[INFO] [stdout] 
[INFO] [stderr]      Running tests/timer.rs (/opt/rustwide/target/release/deps/timer-a5fcc7c4041da630)
[INFO] [stdout] 
[INFO] [stdout] running 4 tests
[INFO] [stdout] test microsecond_timer ... FAILED
[INFO] [stdout] test timer_test ... ok
[INFO] [stdout] test timeout_test ... ok
[INFO] [stdout] test periodic_test ... ok
[INFO] [stdout] 
[INFO] [stdout] failures:
[INFO] [stdout] 
[INFO] [stdout] ---- microsecond_timer stdout ----
[INFO] [stdout] 
[INFO] [stdout] thread 'microsecond_timer' (991) panicked at tests/timer.rs:67:13:
[INFO] [stdout] assertion failed: elapsed < Duration::from_micros(700)
[INFO] [stdout] stack backtrace:
[INFO] [stdout]    0:     0x63c96f952de1 - <<std[70759c8f55707aa4]::sys::backtrace::BacktraceLock>::print::DisplayBacktrace as core[df12db4294e9bfd3]::fmt::Display>::fmt
[INFO] [stdout]    1:     0x63c96f9673ea - core[df12db4294e9bfd3]::fmt::write
[INFO] [stdout]    2:     0x63c96f95727c - <alloc[2182bb758b4b3781]::vec::Vec<u8> as core[df12db4294e9bfd3]::io::write::Write>::write_fmt
[INFO] [stdout]    3:     0x63c96f92f2a6 - std[70759c8f55707aa4]::panicking::default_hook::{closure#0}
[INFO] [stdout]    4:     0x63c96f94b459 - std[70759c8f55707aa4]::panicking::default_hook
[INFO] [stdout]    5:     0x63c96f8e2b20 - test[9d35eded1c95d3be]::test_main_inner::<test[9d35eded1c95d3be]::test_main_static::{closure#0}>::{closure#0}
[INFO] [stdout]    6:     0x63c96f94b612 - std[70759c8f55707aa4]::panicking::panic_with_hook
[INFO] [stderr] error: test failed, to rerun pass `--test timer`
[INFO] [stdout]    7:     0x63c96f92f384 - std[70759c8f55707aa4]::panicking::panic_handler::{closure#0}
[INFO] [stdout]    8:     0x63c96f9280d9 - std[70759c8f55707aa4]::sys::backtrace::__rust_end_short_backtrace::<std[70759c8f55707aa4]::panicking::panic_handler::{closure#0}, !>
[INFO] [stdout]    9:     0x63c96f92ff4d - __rustc[8fa7c3cbc660c2b3]::rust_begin_unwind
[INFO] [stdout]   10:     0x63c96f967b1c - core[df12db4294e9bfd3]::panicking::panic_fmt
[INFO] [stdout]   11:     0x63c96f967ae2 - core[df12db4294e9bfd3]::panicking::panic
[INFO] [stdout]   12:     0x63c96f8d4af3 - <timer[72390ee86c1376b8]::microsecond_timer::{closure#0} as core[df12db4294e9bfd3]::ops::function::FnOnce<()>>::call_once
[INFO] [stdout]   13:     0x63c96f8d5e0b - test[9d35eded1c95d3be]::__rust_begin_short_backtrace::<core[df12db4294e9bfd3]::result::Result<(), alloc[2182bb758b4b3781]::string::String>, fn() -> core[df12db4294e9bfd3]::result::Result<(), alloc[2182bb758b4b3781]::string::String>>
[INFO] [stdout]   14:     0x63c96f8e3475 - test[9d35eded1c95d3be]::run_test::{closure#0}
[INFO] [stdout]   15:     0x63c96f8dcd34 - std[70759c8f55707aa4]::sys::backtrace::__rust_begin_short_backtrace::<test[9d35eded1c95d3be]::run_test::{closure#1}, ()>
[INFO] [stdout]   16:     0x63c96f8e65d2 - <std[70759c8f55707aa4]::thread::lifecycle::spawn_unchecked<test[9d35eded1c95d3be]::run_test::{closure#1}, ()>::{closure#1} as core[df12db4294e9bfd3]::ops::function::FnOnce<()>>::call_once::{shim:vtable#0}
[INFO] [stdout]   17:     0x63c96f9526b9 - <std[70759c8f55707aa4]::sys::thread::unix::Thread>::new::thread_start
[INFO] [stdout]   18:     0x7c5a69d3ddfa - <unknown>
[INFO] [stdout]   19:     0x7c5a69dd13d4 - clone
[INFO] [stdout]   20:                0x0 - <unknown>
[INFO] [stdout] 
[INFO] [stdout] 
[INFO] [stdout] failures:
[INFO] [stdout]     microsecond_timer
[INFO] [stdout] 
[INFO] [stdout] test result: FAILED. 3 passed; 1 failed; 0 ignored; 0 measured; 0 filtered out; finished in 0.08s
[INFO] [stdout] 
[INFO] running `Command { std: "docker" "inspect" "d6fb28e0b481cf7d0a552c2483594deed1a5e4baf83423541adabd01cdd64a59", kill_on_drop: false }`
[INFO] running `Command { std: "docker" "rm" "-f" "d6fb28e0b481cf7d0a552c2483594deed1a5e4baf83423541adabd01cdd64a59", kill_on_drop: false }`
[INFO] [stdout] d6fb28e0b481cf7d0a552c2483594deed1a5e4baf83423541adabd01cdd64a59
