[INFO] fetching crate lenso-secrets-command-plugin 0.1.4...
[INFO] testing lenso-secrets-command-plugin-0.1.4 against 1.99.0-beta.8+cargoflags=--release for beta-release-1.100-2
[INFO] extracting crate lenso-secrets-command-plugin 0.1.4 into /workspace/builds/worker-1-tc1/source
[INFO] started tweaking crates.io crate lenso-secrets-command-plugin 0.1.4
[INFO] finished tweaking crates.io crate lenso-secrets-command-plugin 0.1.4
[INFO] tweaked toml for crates.io crate lenso-secrets-command-plugin 0.1.4 written to /workspace/builds/worker-1-tc1/source/Cargo.toml
[INFO] validating manifest of crates.io crate lenso-secrets-command-plugin 0.1.4 on toolchain 1.99.0-beta.8
[INFO] running `Command { std: CARGO_HOME="/workspace/cargo-home" RUSTUP_HOME="/workspace/rustup-home" "/workspace/cargo-home/bin/cargo" "+1.99.0-beta.8" "metadata" "--manifest-path" "Cargo.toml" "--no-deps", kill_on_drop: false }`
[INFO] crate crates.io crate lenso-secrets-command-plugin 0.1.4 already has a lockfile, it will not be regenerated
[INFO] running `Command { std: CARGO_HOME="/workspace/cargo-home" RUSTUP_HOME="/workspace/rustup-home" "/workspace/cargo-home/bin/cargo" "+1.99.0-beta.8" "fetch" "--manifest-path" "Cargo.toml", kill_on_drop: false }`
[INFO] [stderr]     Updating crates.io index
[INFO] [stderr]  Downloading crates ...
[INFO] [stderr]   Downloaded lenso-app-plan v0.4.1
[INFO] [stderr]   Downloaded lenso-contract-runtime v0.2.0
[INFO] [stderr]   Downloaded lenso-capability-secrets v0.1.4
[INFO] [stderr]   Downloaded lenso v0.5.9
[INFO] [stderr]   Downloaded lenso-kernel v0.3.3
[INFO] [stderr]   Downloaded lenso-runtime-codec v0.3.2
[INFO] [stderr]   Downloaded lenso-native-adapter-macros v0.2.4
[INFO] [stderr]   Downloaded lenso-native-adapter v0.3.6
[INFO] running `Command { std: "docker" "create" "-v" "/var/lib/crater-agent-workspace/builds/worker-1-tc1/source:/opt/rustwide/workdir:ro,Z" "-v" "/var/lib/crater-agent-workspace/builds/worker-1-tc1/target:/opt/rustwide/target:rw,Z" "-v" "/var/lib/crater-agent-workspace/cargo-home:/opt/rustwide/cargo-home:ro,Z" "-v" "/var/lib/crater-agent-workspace/rustup-home:/opt/rustwide/rustup-home:ro,Z" "-m" "1610612736" "--network" "none" "ghcr.io/rust-lang/crates-build-env/linux@sha256:77db811e55d90add9212f6832c23229e3de5f1c1f9905e8cb07319ea15df73ac" "sleep" "infinity", kill_on_drop: false }`
[INFO] [stdout] 7a023a9d0fc8856a7894c239bdf33dd748fb6492b64920d7d1a8b28d973b0f1f
[INFO] running `Command { std: "docker" "start" "7a023a9d0fc8856a7894c239bdf33dd748fb6492b64920d7d1a8b28d973b0f1f", kill_on_drop: false }`
[INFO] running `Command { std: "docker" "inspect" "7a023a9d0fc8856a7894c239bdf33dd748fb6492b64920d7d1a8b28d973b0f1f", kill_on_drop: false }`
[INFO] running `Command { std: "docker" "exec" "-e" "SOURCE_DIR=/opt/rustwide/workdir" "-e" "CARGO_HOME=/opt/rustwide/cargo-home" "-e" "RUSTUP_HOME=/opt/rustwide/rustup-home" "-e" "CARGO_TARGET_DIR=/opt/rustwide/target" "-w" "/opt/rustwide/workdir" "--user" "0:0" "7a023a9d0fc8856a7894c239bdf33dd748fb6492b64920d7d1a8b28d973b0f1f" "/opt/rustwide/cargo-home/bin/cargo" "+1.99.0-beta.8" "metadata" "--no-deps" "--format-version=1", kill_on_drop: false }`
[INFO] running `Command { std: "docker" "inspect" "7a023a9d0fc8856a7894c239bdf33dd748fb6492b64920d7d1a8b28d973b0f1f", kill_on_drop: false }`
[INFO] running `Command { std: "docker" "exec" "-e" "SOURCE_DIR=/opt/rustwide/workdir" "-e" "CARGO_HOME=/opt/rustwide/cargo-home" "-e" "RUSTUP_HOME=/opt/rustwide/rustup-home" "-e" "CARGO_TARGET_DIR=/opt/rustwide/target" "-e" "CARGO_INCREMENTAL=0" "-e" "RUST_BACKTRACE=full" "-e" "RUSTFLAGS=--cap-lints=warn" "-e" "RUSTDOCFLAGS=--cap-lints=warn" "-w" "/opt/rustwide/workdir" "--user" "0:0" "7a023a9d0fc8856a7894c239bdf33dd748fb6492b64920d7d1a8b28d973b0f1f" "/opt/rustwide/cargo-home/bin/cargo" "+1.99.0-beta.8" "build" "--frozen" "--message-format=json" "--release", kill_on_drop: false }`
[INFO] [stderr]    Compiling serde_core v1.0.229
[INFO] [stderr]    Compiling futures-macro v0.3.34
[INFO] [stderr]    Compiling serde_json v1.0.151
[INFO] [stderr]    Compiling winnow v1.0.4
[INFO] [stderr]    Compiling serde v1.0.229
[INFO] [stderr]    Compiling indexmap v2.14.2
[INFO] [stderr]    Compiling winnow v0.7.15
[INFO] [stderr]    Compiling lenso-plugin-authoring v0.2.0
[INFO] [stderr]    Compiling getrandom v0.4.3
[INFO] [stderr]    Compiling inventory v0.3.24
[INFO] [stderr]    Compiling secrecy v0.10.3
[INFO] [stderr]    Compiling tempfile v3.27.0
[INFO] [stderr]    Compiling futures-util v0.3.34
[INFO] [stderr]    Compiling toml_parser v1.1.3+spec-1.1.0
[INFO] [stderr]    Compiling lenso-app-plan v0.4.1
[INFO] [stderr]    Compiling lenso-contract-runtime v0.2.0
[INFO] [stderr]    Compiling toml_edit v0.25.13+spec-1.1.0
[INFO] [stderr]    Compiling proc-macro-crate v3.5.0
[INFO] [stderr]    Compiling toml_datetime v0.7.5+spec-1.1.0
[INFO] [stderr]    Compiling serde_spanned v1.1.1
[INFO] [stderr]    Compiling toml v0.9.12+spec-1.1.0
[INFO] [stderr]    Compiling lenso-native-adapter-macros v0.2.4
[INFO] [stderr]    Compiling futures-executor v0.3.34
[INFO] [stderr]    Compiling futures v0.3.34
[INFO] [stderr]    Compiling lenso-kernel v0.3.3
[INFO] [stderr]    Compiling lenso-runtime-codec v0.3.2
[INFO] [stderr]    Compiling lenso-capability-secrets v0.1.4
[INFO] [stderr]    Compiling lenso-native-adapter v0.3.6
[INFO] [stderr]    Compiling lenso v0.5.9
[INFO] [stderr]    Compiling lenso-secrets-command-plugin v0.1.4 (/opt/rustwide/workdir)
[INFO] [stderr]     Finished `release` profile [optimized] target(s) in 42.74s
[INFO] running `Command { std: "docker" "inspect" "7a023a9d0fc8856a7894c239bdf33dd748fb6492b64920d7d1a8b28d973b0f1f", kill_on_drop: false }`
[INFO] running `Command { std: "docker" "exec" "-e" "SOURCE_DIR=/opt/rustwide/workdir" "-e" "CARGO_HOME=/opt/rustwide/cargo-home" "-e" "RUSTUP_HOME=/opt/rustwide/rustup-home" "-e" "CARGO_TARGET_DIR=/opt/rustwide/target" "-e" "CARGO_INCREMENTAL=0" "-e" "RUST_BACKTRACE=full" "-e" "RUSTFLAGS=--cap-lints=warn" "-e" "RUSTDOCFLAGS=--cap-lints=warn" "-w" "/opt/rustwide/workdir" "--user" "0:0" "7a023a9d0fc8856a7894c239bdf33dd748fb6492b64920d7d1a8b28d973b0f1f" "/opt/rustwide/cargo-home/bin/cargo" "+1.99.0-beta.8" "test" "--frozen" "--no-run" "--message-format=json" "--release", kill_on_drop: false }`
[INFO] [stderr]    Compiling lenso-secrets-command-plugin v0.1.4 (/opt/rustwide/workdir)
[INFO] [stderr]     Finished `release` profile [optimized] target(s) in 3.39s
[INFO] running `Command { std: "docker" "inspect" "7a023a9d0fc8856a7894c239bdf33dd748fb6492b64920d7d1a8b28d973b0f1f", kill_on_drop: false }`
[INFO] running `Command { std: "docker" "exec" "-e" "SOURCE_DIR=/opt/rustwide/workdir" "-e" "CARGO_HOME=/opt/rustwide/cargo-home" "-e" "RUSTUP_HOME=/opt/rustwide/rustup-home" "-e" "CARGO_TARGET_DIR=/opt/rustwide/target" "-e" "CARGO_INCREMENTAL=0" "-e" "RUST_BACKTRACE=full" "-e" "RUSTFLAGS=--cap-lints=warn" "-e" "RUSTDOCFLAGS=--cap-lints=warn" "-w" "/opt/rustwide/workdir" "--user" "0:0" "7a023a9d0fc8856a7894c239bdf33dd748fb6492b64920d7d1a8b28d973b0f1f" "/opt/rustwide/cargo-home/bin/cargo" "+1.99.0-beta.8" "test" "--frozen" "--release", kill_on_drop: false }`
[INFO] [stderr]     Finished `release` profile [optimized] target(s) in 0.11s
[INFO] [stderr]      Running unittests src/lib.rs (/opt/rustwide/target/release/deps/lenso_secrets_command_plugin-6b59b3fd8c39365b)
[INFO] [stdout] 
[INFO] [stdout] running 4 tests
[INFO] [stdout] test tests::descriptor_exposes_one_secrets_provider ... ok
[INFO] [stdout] test tests::configuration_requires_absolute_program_and_one_standalone_placeholder ... ok
[INFO] [stdout] test tests::command_observes_rotation_and_strips_only_one_line_ending ... FAILED
[INFO] [stdout] test tests::stderr_nonzero_timeout_and_output_overflow_are_redacted ... ok
[INFO] [stdout] 
[INFO] [stdout] failures:
[INFO] [stdout] 
[INFO] [stdout] ---- tests::command_observes_rotation_and_strips_only_one_line_ending stdout ----
[INFO] [stdout] 
[INFO] [stdout] thread 'tests::command_observes_rotation_and_strips_only_one_line_ending' (680) panicked at src/lib.rs:462:10:
[INFO] [stdout] called `Result::unwrap()` on an `Err` value: ()
[INFO] [stdout] stack backtrace:
[INFO] [stdout]    0:     0x63cb7e9333f1 - <<std[70759c8f55707aa4]::sys::backtrace::BacktraceLock>::print::DisplayBacktrace as core[df12db4294e9bfd3]::fmt::Display>::fmt
[INFO] [stdout]    1:     0x63cb7e9483fa - core[df12db4294e9bfd3]::fmt::write
[INFO] [stdout]    2:     0x63cb7e937aec - <alloc[2182bb758b4b3781]::vec::Vec<u8> as core[df12db4294e9bfd3]::io::write::Write>::write_fmt
[INFO] [stdout]    3:     0x63cb7e90db56 - std[70759c8f55707aa4]::panicking::default_hook::{closure#0}
[INFO] [stdout]    4:     0x63cb7e92b079 - std[70759c8f55707aa4]::panicking::default_hook
[INFO] [stdout]    5:     0x63cb7e8bab60 - test[9d35eded1c95d3be]::test_main_inner::<test[9d35eded1c95d3be]::test_main_static::{closure#0}>::{closure#0}
[INFO] [stdout]    6:     0x63cb7e92b232 - std[70759c8f55707aa4]::panicking::panic_with_hook
[INFO] [stdout]    7:     0x63cb7e90dc02 - std[70759c8f55707aa4]::panicking::panic_handler::{closure#0}
[INFO] [stdout]    8:     0x63cb7e906869 - std[70759c8f55707aa4]::sys::backtrace::__rust_end_short_backtrace::<std[70759c8f55707aa4]::panicking::panic_handler::{closure#0}, !>
[INFO] [stdout]    9:     0x63cb7e90e8bd - __rustc[8fa7c3cbc660c2b3]::rust_begin_unwind
[INFO] [stdout]   10:     0x63cb7e948b5c - core[df12db4294e9bfd3]::panicking::panic_fmt
[INFO] [stdout]   11:     0x63cb7e948932 - core[df12db4294e9bfd3]::result::unwrap_failed
[INFO] [stdout]   12:     0x63cb7e8a8c8c - lenso_secrets_command_plugin[60c7b6ea26b66eb3]::tests::command_observes_rotation_and_strips_only_one_line_ending
[INFO] [stdout]   13:     0x63cb7e8957f9 - <lenso_secrets_command_plugin[60c7b6ea26b66eb3]::tests::command_observes_rotation_and_strips_only_one_line_ending::{closure#0} as core[df12db4294e9bfd3]::ops::function::FnOnce<()>>::call_once
[INFO] [stdout]   14:     0x63cb7e8ade4b - test[9d35eded1c95d3be]::__rust_begin_short_backtrace::<core[df12db4294e9bfd3]::result::Result<(), alloc[2182bb758b4b3781]::string::String>, fn() -> core[df12db4294e9bfd3]::result::Result<(), alloc[2182bb758b4b3781]::string::String>>
[INFO] [stdout]   15:     0x63cb7e8bb4b5 - test[9d35eded1c95d3be]::run_test::{closure#0}
[INFO] [stdout]   16:     0x63cb7e8b4d74 - std[70759c8f55707aa4]::sys::backtrace::__rust_begin_short_backtrace::<test[9d35eded1c95d3be]::run_test::{closure#1}, ()>
[INFO] [stdout]   17:     0x63cb7e8be612 - <std[70759c8f55707aa4]::thread::lifecycle::spawn_unchecked<test[9d35eded1c95d3be]::run_test::{closure#1}, ()>::{closure#1} as core[df12db4294e9bfd3]::ops::function::FnOnce<()>>::call_once::{shim:vtable#0}
[INFO] [stdout]   18:     0x63cb7e932c99 - <std[70759c8f55707aa4]::sys::thread::unix::Thread>::new::thread_start
[INFO] [stdout]   19:     0x7070aa98edfa - <unknown>
[INFO] [stdout]   20:     0x7070aaa223d4 - clone
[INFO] [stdout]   21:                0x0 - <unknown>
[INFO] [stdout] 
[INFO] [stdout] 
[INFO] [stdout] failures:
[INFO] [stdout]     tests::command_observes_rotation_and_strips_only_one_line_ending
[INFO] [stdout] 
[INFO] [stdout] test result: FAILED. 3 passed; 1 failed; 0 ignored; 0 measured; 0 filtered out; finished in 0.06s
[INFO] [stdout] 
[INFO] [stderr] error: test failed, to rerun pass `--lib`
[INFO] running `Command { std: "docker" "inspect" "7a023a9d0fc8856a7894c239bdf33dd748fb6492b64920d7d1a8b28d973b0f1f", kill_on_drop: false }`
[INFO] running `Command { std: "docker" "rm" "-f" "7a023a9d0fc8856a7894c239bdf33dd748fb6492b64920d7d1a8b28d973b0f1f", kill_on_drop: false }`
[INFO] [stdout] 7a023a9d0fc8856a7894c239bdf33dd748fb6492b64920d7d1a8b28d973b0f1f
