[INFO] fetching crate ka-agent 0.2.11...
[INFO] testing ka-agent-0.2.11 against 1.99.0-beta.8+cargoflags=--release for beta-release-1.100-2
[INFO] extracting crate ka-agent 0.2.11 into /workspace/builds/worker-5-tc1/source
[INFO] started tweaking crates.io crate ka-agent 0.2.11
[INFO] finished tweaking crates.io crate ka-agent 0.2.11
[INFO] tweaked toml for crates.io crate ka-agent 0.2.11 written to /workspace/builds/worker-5-tc1/source/Cargo.toml
[INFO] validating manifest of crates.io crate ka-agent 0.2.11 on toolchain 1.99.0-beta.8
[INFO] running `Command { std: CARGO_HOME="/workspace/cargo-home" RUSTUP_HOME="/workspace/rustup-home" "/workspace/cargo-home/bin/cargo" "+1.99.0-beta.8" "metadata" "--manifest-path" "Cargo.toml" "--no-deps", kill_on_drop: false }`
[INFO] crate crates.io crate ka-agent 0.2.11 already has a lockfile, it will not be regenerated
[INFO] running `Command { std: CARGO_HOME="/workspace/cargo-home" RUSTUP_HOME="/workspace/rustup-home" "/workspace/cargo-home/bin/cargo" "+1.99.0-beta.8" "fetch" "--manifest-path" "Cargo.toml", kill_on_drop: false }`
[INFO] [stderr]     Updating crates.io index
[INFO] [stderr]  Downloading crates ...
[INFO] [stderr]   Downloaded ka-strand v0.2.11
[INFO] [stderr]   Downloaded ka-index v0.2.11
[INFO] [stderr]   Downloaded ka-sandbox v0.2.11
[INFO] [stderr]   Downloaded landlock v0.4.7
[INFO] [stderr]   Downloaded linux-keyutils v0.2.5
[INFO] [stderr]   Downloaded ka-dialect v0.2.11
[INFO] [stderr]   Downloaded ka-term v0.2.11
[INFO] [stderr]   Downloaded ka-protocol v0.2.11
[INFO] [stderr]   Downloaded ka-engine v0.2.11
[INFO] running `Command { std: "docker" "create" "-v" "/var/lib/crater-agent-workspace/builds/worker-5-tc1/source:/opt/rustwide/workdir:ro,Z" "-v" "/var/lib/crater-agent-workspace/builds/worker-5-tc1/target:/opt/rustwide/target:rw,Z" "-v" "/var/lib/crater-agent-workspace/cargo-home:/opt/rustwide/cargo-home:ro,Z" "-v" "/var/lib/crater-agent-workspace/rustup-home:/opt/rustwide/rustup-home:ro,Z" "-m" "1610612736" "--network" "none" "ghcr.io/rust-lang/crates-build-env/linux@sha256:77db811e55d90add9212f6832c23229e3de5f1c1f9905e8cb07319ea15df73ac" "sleep" "infinity", kill_on_drop: false }`
[INFO] [stdout] 05407bf9c84e2993f38315129e1bb9210c52c2f75a1ca1ca1a335c6b4dac4248
[INFO] running `Command { std: "docker" "start" "05407bf9c84e2993f38315129e1bb9210c52c2f75a1ca1ca1a335c6b4dac4248", kill_on_drop: false }`
[INFO] running `Command { std: "docker" "inspect" "05407bf9c84e2993f38315129e1bb9210c52c2f75a1ca1ca1a335c6b4dac4248", kill_on_drop: false }`
[INFO] running `Command { std: "docker" "exec" "-e" "SOURCE_DIR=/opt/rustwide/workdir" "-e" "CARGO_HOME=/opt/rustwide/cargo-home" "-e" "RUSTUP_HOME=/opt/rustwide/rustup-home" "-e" "CARGO_TARGET_DIR=/opt/rustwide/target" "-w" "/opt/rustwide/workdir" "--user" "0:0" "05407bf9c84e2993f38315129e1bb9210c52c2f75a1ca1ca1a335c6b4dac4248" "/opt/rustwide/cargo-home/bin/cargo" "+1.99.0-beta.8" "metadata" "--no-deps" "--format-version=1", kill_on_drop: false }`
[INFO] running `Command { std: "docker" "inspect" "05407bf9c84e2993f38315129e1bb9210c52c2f75a1ca1ca1a335c6b4dac4248", kill_on_drop: false }`
[INFO] running `Command { std: "docker" "exec" "-e" "SOURCE_DIR=/opt/rustwide/workdir" "-e" "CARGO_HOME=/opt/rustwide/cargo-home" "-e" "RUSTUP_HOME=/opt/rustwide/rustup-home" "-e" "CARGO_TARGET_DIR=/opt/rustwide/target" "-e" "CARGO_INCREMENTAL=0" "-e" "RUST_BACKTRACE=full" "-e" "RUSTFLAGS=--cap-lints=warn" "-e" "RUSTDOCFLAGS=--cap-lints=warn" "-w" "/opt/rustwide/workdir" "--user" "0:0" "05407bf9c84e2993f38315129e1bb9210c52c2f75a1ca1ca1a335c6b4dac4248" "/opt/rustwide/cargo-home/bin/cargo" "+1.99.0-beta.8" "build" "--frozen" "--message-format=json" "--release", kill_on_drop: false }`
[INFO] [stderr]    Compiling find-msvc-tools v0.1.11
[INFO] [stderr]    Compiling serde_json v1.0.151
[INFO] [stderr]    Compiling syn v3.0.3
[INFO] [stderr]    Compiling syn v2.0.119
[INFO] [stderr]    Compiling mio v1.2.2
[INFO] [stderr]    Compiling getrandom v0.2.17
[INFO] [stderr]    Compiling rustls v0.23.43
[INFO] [stderr]    Compiling futures-util v0.3.34
[INFO] [stderr]    Compiling ipnet v2.12.1
[INFO] [stderr]    Compiling regex-syntax v0.8.11
[INFO] [stderr]    Compiling signal-hook v0.3.18
[INFO] [stderr]    Compiling crossbeam-epoch v0.9.20
[INFO] [stderr]    Compiling toml_datetime v0.7.5+spec-1.1.0
[INFO] [stderr]    Compiling linux-keyutils v0.2.5
[INFO] [stderr]    Compiling bstr v1.13.1
[INFO] [stderr]    Compiling instability v0.3.10
[INFO] [stderr]    Compiling cc v1.4.4
[INFO] [stderr]    Compiling winnow v0.7.15
[INFO] [stderr]    Compiling rustix v0.38.44
[INFO] [stderr]    Compiling curve25519-dalek v4.1.3
[INFO] [stderr]    Compiling signal-hook-mio v0.2.5
[INFO] [stderr]    Compiling crossbeam-deque v0.8.7
[INFO] [stderr]    Compiling keyring v3.6.3
[INFO] [stderr]    Compiling castaway v0.2.4
[INFO] [stderr]    Compiling unicode-truncate v1.1.0
[INFO] [stderr]    Compiling compact_str v0.8.2
[INFO] [stderr]    Compiling signature v2.2.0
[INFO] [stderr]    Compiling clap_builder v4.6.6
[INFO] [stderr]    Compiling ed25519 v2.2.3
[INFO] [stderr]    Compiling ka-agent v0.2.11 (/opt/rustwide/workdir)
[INFO] [stderr]    Compiling crossterm v0.28.1
[INFO] [stderr]    Compiling ring v0.17.14
[INFO] [stderr]    Compiling regex-automata v0.4.18
[INFO] [stderr]    Compiling toml v0.9.12+spec-1.1.0
[INFO] [stderr]    Compiling serde_derive_internals v0.30.0
[INFO] [stderr]    Compiling synstructure v0.13.2
[INFO] [stderr]    Compiling zerovec-derive v0.11.6
[INFO] [stderr]    Compiling displaydoc v0.2.7
[INFO] [stderr]    Compiling tokio-macros v2.7.2
[INFO] [stderr]    Compiling serde_derive v1.0.229
[INFO] [stderr]    Compiling ref-cast-impl v1.0.27
[INFO] [stderr]    Compiling thiserror-impl v2.0.20
[INFO] [stderr]    Compiling schemars_derive v1.2.2
[INFO] [stderr]    Compiling darling_core v0.20.11
[INFO] [stderr]    Compiling clap_derive v4.6.4
[INFO] [stderr]    Compiling ref-cast v1.0.27
[INFO] [stderr]    Compiling tokio v1.53.1
[INFO] [stderr]    Compiling zerofrom-derive v0.1.7
[INFO] [stderr]    Compiling yoke-derive v0.8.2
[INFO] [stderr]    Compiling enumflags2_derive v0.7.12
[INFO] [stderr]    Compiling thiserror v2.0.20
[INFO] [stderr]    Compiling globset v0.4.19
[INFO] [stderr]    Compiling strum_macros v0.26.4
[INFO] [stderr]    Compiling regex v1.13.1
[INFO] [stderr]    Compiling curve25519-dalek-derive v0.1.1
[INFO] [stderr]    Compiling zerofrom v0.1.8
[INFO] [stderr]    Compiling yoke v0.8.3
[INFO] [stderr]    Compiling enumflags2 v0.7.12
[INFO] [stderr]    Compiling zerovec v0.11.8
[INFO] [stderr]    Compiling zerotrie v0.2.5
[INFO] [stderr]    Compiling landlock v0.4.7
[INFO] [stderr]    Compiling ignore v0.4.30
[INFO] [stderr]    Compiling serde v1.0.229
[INFO] [stderr]    Compiling clap v4.6.6
[INFO] [stderr]    Compiling tinystr v0.8.4
[INFO] [stderr]    Compiling potential_utf v0.1.6
[INFO] [stderr]    Compiling darling_macro v0.20.11
[INFO] [stderr]    Compiling icu_collections v2.1.1
[INFO] [stderr]    Compiling darling v0.20.11
[INFO] [stderr]    Compiling icu_locale_core v2.1.1
[INFO] [stderr]    Compiling schemars v1.2.2
[INFO] [stderr]    Compiling serde_urlencoded v0.7.1
[INFO] [stderr]    Compiling strum v0.26.3
[INFO] [stderr]    Compiling ka-sandbox v0.2.11
[INFO] [stderr]    Compiling ed25519-dalek v2.2.0
[INFO] [stderr]    Compiling ratatui v0.29.0
[INFO] [stderr]    Compiling icu_provider v2.1.1
[INFO] [stderr]    Compiling ka-protocol v0.2.11
[INFO] [stderr]    Compiling icu_properties v2.1.2
[INFO] [stderr]    Compiling icu_normalizer v2.1.1
[INFO] [stderr]    Compiling ka-strand v0.2.11
[INFO] [stderr]    Compiling idna_adapter v1.2.1
[INFO] [stderr]    Compiling idna v1.1.0
[INFO] [stderr]    Compiling hyper v1.11.0
[INFO] [stderr]    Compiling tower v0.5.3
[INFO] [stderr]    Compiling tokio-util v0.7.19
[INFO] [stderr]    Compiling url v2.5.8
[INFO] [stderr]    Compiling hyper-util v0.1.20
[INFO] [stderr]    Compiling tower-http v0.6.11
[INFO] [stderr]    Compiling rustls-webpki v0.103.15
[INFO] [stderr]    Compiling tokio-rustls v0.26.4
[INFO] [stderr]    Compiling hyper-rustls v0.27.9
[INFO] [stderr]    Compiling reqwest v0.12.28
[INFO] [stderr]    Compiling ka-dialect v0.2.11
[INFO] [stderr]    Compiling ka-engine v0.2.11
[INFO] [stderr]    Compiling ka-term v0.2.11
[INFO] [stderr]     Finished `release` profile [optimized] target(s) in 3m 34s
[INFO] running `Command { std: "docker" "inspect" "05407bf9c84e2993f38315129e1bb9210c52c2f75a1ca1ca1a335c6b4dac4248", kill_on_drop: false }`
[INFO] running `Command { std: "docker" "exec" "-e" "SOURCE_DIR=/opt/rustwide/workdir" "-e" "CARGO_HOME=/opt/rustwide/cargo-home" "-e" "RUSTUP_HOME=/opt/rustwide/rustup-home" "-e" "CARGO_TARGET_DIR=/opt/rustwide/target" "-e" "CARGO_INCREMENTAL=0" "-e" "RUST_BACKTRACE=full" "-e" "RUSTFLAGS=--cap-lints=warn" "-e" "RUSTDOCFLAGS=--cap-lints=warn" "-w" "/opt/rustwide/workdir" "--user" "0:0" "05407bf9c84e2993f38315129e1bb9210c52c2f75a1ca1ca1a335c6b4dac4248" "/opt/rustwide/cargo-home/bin/cargo" "+1.99.0-beta.8" "test" "--frozen" "--no-run" "--message-format=json" "--release", kill_on_drop: false }`
[INFO] [stderr]    Compiling ka-agent v0.2.11 (/opt/rustwide/workdir)
[INFO] [stderr]     Finished `release` profile [optimized] target(s) in 19.09s
[INFO] running `Command { std: "docker" "inspect" "05407bf9c84e2993f38315129e1bb9210c52c2f75a1ca1ca1a335c6b4dac4248", kill_on_drop: false }`
[INFO] running `Command { std: "docker" "exec" "-e" "SOURCE_DIR=/opt/rustwide/workdir" "-e" "CARGO_HOME=/opt/rustwide/cargo-home" "-e" "RUSTUP_HOME=/opt/rustwide/rustup-home" "-e" "CARGO_TARGET_DIR=/opt/rustwide/target" "-e" "CARGO_INCREMENTAL=0" "-e" "RUST_BACKTRACE=full" "-e" "RUSTFLAGS=--cap-lints=warn" "-e" "RUSTDOCFLAGS=--cap-lints=warn" "-w" "/opt/rustwide/workdir" "--user" "0:0" "05407bf9c84e2993f38315129e1bb9210c52c2f75a1ca1ca1a335c6b4dac4248" "/opt/rustwide/cargo-home/bin/cargo" "+1.99.0-beta.8" "test" "--frozen" "--release", kill_on_drop: false }`
[INFO] [stderr]    Compiling ka-agent v0.2.11 (/opt/rustwide/workdir)
[INFO] [stderr]     Finished `release` profile [optimized] target(s) in 16.61s
[INFO] [stderr]      Running unittests src/main.rs (/opt/rustwide/target/release/deps/ka-05c28761abe664b6)
[INFO] [stdout] 
[INFO] [stdout] running 37 tests
[INFO] [stdout] test attach::tests::crlf_frames_extract_and_partial_stays_buffered ... ok
[INFO] [stdout] test completions_tests::completions_cover_subcommands_and_flags_for_each_shell ... ok
[INFO] [stdout] test feature_flag_tests::cli_parses_comma_separated_specs_and_rejects_unknown ... ok
[INFO] [stdout] test attach::tests::plain_lf_frames_and_unparseable_lines_surface ... ok
[INFO] [stdout] test feature_flag_tests::enable_over_nothing_is_a_noop ... ok
[INFO] [stdout] test feature_flag_tests::disable_flags_union_and_enable_removes ... ok
[INFO] [stdout] test import::tests::import_rejects_unknown_formats_and_bad_json ... ok
[INFO] [stdout] test print_tests::ndjson_mode_emits_one_line_per_event ... ok
[INFO] [stdout] test import::tests::converts_rules_preserving_claude_precedence ... ok
[INFO] [stdout] test print_tests::stream_json_error_and_abort_subtypes ... ok
[INFO] [stdout] test attach::tests::session_picking_prefers_exact_then_prefix_then_title_then_newest ... ok
[INFO] [stdout] test print_tests::ndjson_lines_are_parseable_ka_events ... ok
[INFO] [stdout] test print_tests::stream_json_maps_the_documented_shape ... ok
[INFO] [stdout] test print_tests::text_mode_collects_the_final_answer_only ... ok
[INFO] [stdout] test serve::tests::non_loopback_bind_without_token_is_refused ... ok
[INFO] [stdout] test skills::tests::root_layout_source_installs_under_its_own_name ... ok
[INFO] [stdout] test tests::shell_integration_registers_history_in_the_live_shell ... ok
[INFO] [stdout] test import::tests::appending_after_existing_rules_warns_and_keeps_them_first ... ok
[INFO] [stdout] test skills::tests::remove_refuses_empty_and_whitespace_names ... ok
[INFO] [stdout] test import::tests::writes_strict_validating_layer_and_preserves_existing ... ok
[INFO] [stdout] test completions_tests::interactive_prompt_flag_parses ... ok
[INFO] [stdout] test skills::tests::every_kind_installs_lists_and_removes ... ok
[INFO] [stdout] test update::tests::checksum_parses_first_token_case_insensitive ... ok
[INFO] [stdout] test update::tests::version_triples_parse_all_release_shapes ... ok
[INFO] [stdout] test update::tests::default_repo_is_the_real_repository ... ok
[INFO] [stdout] test import::tests::mcp_pattern_restrictions_are_reported_not_dropped ... ok
[INFO] [stdout] test update::tests::startup_check_reports_newer_and_rate_limits ... ok
[INFO] [stdout] test skills::tests::install_list_remove_round_trip ... FAILED
[INFO] [stdout] test serve::tests::loopback_detection ... ok
[INFO] [stdout] test update::tests::unsigned_build_verifies_sha256 ... ok
[INFO] [stdout] test update::tests::valid_artifact_swaps_and_tampered_refuses ... ok
[INFO] [stdout] test serve::tests::invalid_utf8_in_head_is_handled_cleanly ... ok
[INFO] [stdout] test acp::tests::acp_loop_serves_prompt_over_pipe ... ok
[INFO] [stdout] test serve::tests::serve_routes_health_sessions_prompt_and_auth ... ok
[INFO] [stdout] test serve::tests::last_event_id_reconnect_replays_from_next_seq ... ok
[INFO] [stdout] test serve::tests::concurrent_observers_presence_and_listings ... ok
[INFO] [stdout] test serve::tests::huge_last_event_id_does_not_wedge_the_stream ... ok
[INFO] [stdout] 
[INFO] [stdout] failures:
[INFO] [stdout] 
[INFO] [stdout] ---- skills::tests::install_list_remove_round_trip stdout ----
[INFO] [stdout] 
[INFO] [stdout] thread 'skills::tests::install_list_remove_round_trip' (2465) panicked at src/skills.rs:436:69:
[INFO] [stdout] called `Result::unwrap()` on an `Err` value: "copy /tmp/ka-skills-src-2437/my-skill/SKILL.md: No such file or directory (os error 2)"
[INFO] [stdout] stack backtrace:
[INFO] [stdout]    0:     0x630b8e85d101 - <<std[70759c8f55707aa4]::sys::backtrace::BacktraceLock>::print::DisplayBacktrace as core[df12db4294e9bfd3]::fmt::Display>::fmt
[INFO] [stdout]    1:     0x630b8e87766a - core[df12db4294e9bfd3]::fmt::write
[INFO] [stdout]    2:     0x630b8e8627dc - <alloc[2182bb758b4b3781]::vec::Vec<u8> as core[df12db4294e9bfd3]::io::write::Write>::write_fmt
[INFO] [stdout]    3:     0x630b8e8334e6 - std[70759c8f55707aa4]::panicking::default_hook::{closure#0}
[INFO] [stdout]    4:     0x630b8e8529c9 - std[70759c8f55707aa4]::panicking::default_hook
[INFO] [stdout]    5:     0x630b8e0e2b90 - test[9d35eded1c95d3be]::test_main_inner::<test[9d35eded1c95d3be]::test_main_static::{closure#0}>::{closure#0}
[INFO] [stdout]    6:     0x630b8e852cf2 - std[70759c8f55707aa4]::panicking::panic_with_hook
[INFO] [stdout]    7:     0x630b8e833592 - std[70759c8f55707aa4]::panicking::panic_handler::{closure#0}
[INFO] [stdout]    8:     0x630b8e82be09 - std[70759c8f55707aa4]::sys::backtrace::__rust_end_short_backtrace::<std[70759c8f55707aa4]::panicking::panic_handler::{closure#0}, !>
[INFO] [stdout]    9:     0x630b8e8345ad - __rustc[8fa7c3cbc660c2b3]::rust_begin_unwind
[INFO] [stdout]   10:     0x630b8e877e8c - core[df12db4294e9bfd3]::panicking::panic_fmt
[INFO] [stdout]   11:     0x630b8e877c62 - core[df12db4294e9bfd3]::result::unwrap_failed
[INFO] [stdout]   12:     0x630b8e0b5c14 - ka[d2596c82ae539af2]::skills::tests::install_list_remove_round_trip
[INFO] [stdout]   13:     0x630b8e04baf9 - <ka[d2596c82ae539af2]::skills::tests::install_list_remove_round_trip::{closure#0} as core[df12db4294e9bfd3]::ops::function::FnOnce<()>>::call_once
[INFO] [stdout]   14:     0x630b8e0d5e7b - test[9d35eded1c95d3be]::__rust_begin_short_backtrace::<core[df12db4294e9bfd3]::result::Result<(), alloc[2182bb758b4b3781]::string::String>, fn() -> core[df12db4294e9bfd3]::result::Result<(), alloc[2182bb758b4b3781]::string::String>>
[INFO] [stdout]   15:     0x630b8e0e34e5 - test[9d35eded1c95d3be]::run_test::{closure#0}
[INFO] [stdout]   16:     0x630b8e0dcda4 - std[70759c8f55707aa4]::sys::backtrace::__rust_begin_short_backtrace::<test[9d35eded1c95d3be]::run_test::{closure#1}, ()>
[INFO] [stdout]   17:     0x630b8e0e6642 - <std[70759c8f55707aa4]::thread::lifecycle::spawn_unchecked<test[9d35eded1c95d3be]::run_test::{closure#1}, ()>::{closure#1} as core[df12db4294e9bfd3]::ops::function::FnOnce<()>>::call_once::{shim:vtable#0}
[INFO] [stdout]   18:     0x630b8e85bce9 - <std[70759c8f55707aa4]::sys::thread::unix::Thread>::new::thread_start
[INFO] [stdout]   19:     0x7422d386adfa - <unknown>
[INFO] [stdout]   20:     0x7422d38fe3d4 - clone
[INFO] [stdout]   21:                0x0 - <unknown>
[INFO] [stdout] 
[INFO] [stdout] 
[INFO] [stdout] failures:
[INFO] [stdout]     skills::tests::install_list_remove_round_trip
[INFO] [stdout] 
[INFO] [stdout] test result: FAILED. 36 passed; 1 failed; 0 ignored; 0 measured; 0 filtered out; finished in 15.27s
[INFO] [stdout] 
[INFO] [stderr] error: test failed, to rerun pass `--bin ka`
[INFO] running `Command { std: "docker" "inspect" "05407bf9c84e2993f38315129e1bb9210c52c2f75a1ca1ca1a335c6b4dac4248", kill_on_drop: false }`
[INFO] running `Command { std: "docker" "rm" "-f" "05407bf9c84e2993f38315129e1bb9210c52c2f75a1ca1ca1a335c6b4dac4248", kill_on_drop: false }`
[INFO] [stdout] 05407bf9c84e2993f38315129e1bb9210c52c2f75a1ca1ca1a335c6b4dac4248
