[INFO] fetching crate hashtree-nostr-bridge 0.2.15...
[INFO] testing hashtree-nostr-bridge-0.2.15 against 1.99.0-beta.8+cargoflags=--release for beta-release-1.100-2
[INFO] extracting crate hashtree-nostr-bridge 0.2.15 into /workspace/builds/worker-0-tc1/source
[INFO] started tweaking crates.io crate hashtree-nostr-bridge 0.2.15
[INFO] removed 0 missing tests
[INFO] finished tweaking crates.io crate hashtree-nostr-bridge 0.2.15
[INFO] tweaked toml for crates.io crate hashtree-nostr-bridge 0.2.15 written to /workspace/builds/worker-0-tc1/source/Cargo.toml
[INFO] validating manifest of crates.io crate hashtree-nostr-bridge 0.2.15 on toolchain 1.99.0-beta.8
[INFO] running `Command { std: CARGO_HOME="/workspace/cargo-home" RUSTUP_HOME="/workspace/rustup-home" "/workspace/cargo-home/bin/cargo" "+1.99.0-beta.8" "metadata" "--manifest-path" "Cargo.toml" "--no-deps", kill_on_drop: false }`
[INFO] crate crates.io crate hashtree-nostr-bridge 0.2.15 already has a lockfile, it will not be regenerated
[INFO] running `Command { std: CARGO_HOME="/workspace/cargo-home" RUSTUP_HOME="/workspace/rustup-home" "/workspace/cargo-home/bin/cargo" "+1.99.0-beta.8" "fetch" "--manifest-path" "Cargo.toml", kill_on_drop: false }`
[INFO] [stderr]     Updating crates.io index
[INFO] [stderr]  Downloading crates ...
[INFO] [stderr]   Downloaded nostr-social-graph v0.1.0
[INFO] [stderr]   Downloaded nostr-signer v0.35.0
[INFO] [stderr]   Downloaded nostr-sdk v0.35.0
[INFO] [stderr]   Downloaded negentropy v0.4.3
[INFO] [stderr]   Downloaded negentropy v0.3.1
[INFO] [stderr]   Downloaded hashtree-index v0.2.15
[INFO] [stderr]   Downloaded async-utility v0.2.0
[INFO] [stderr]   Downloaded atomic-destructor v0.2.0
[INFO] [stderr]   Downloaded negentropy v0.5.0
[INFO] [stderr]   Downloaded nostr v0.35.0
[INFO] [stderr]   Downloaded tokio-socks v0.5.2
[INFO] [stderr]   Downloaded nostr-database v0.35.0
[INFO] [stderr]   Downloaded async-wsocket v0.9.0
[INFO] [stderr]   Downloaded hashtree-nostr v0.2.15
[INFO] [stderr]   Downloaded nostr-relay-pool v0.35.0
[INFO] [stderr]   Downloaded hashtree-core v0.2.15
[INFO] running `Command { std: "docker" "create" "-v" "/var/lib/crater-agent-workspace/builds/worker-0-tc1/source:/opt/rustwide/workdir:ro,Z" "-v" "/var/lib/crater-agent-workspace/builds/worker-0-tc1/target:/opt/rustwide/target:rw,Z" "-v" "/var/lib/crater-agent-workspace/cargo-home:/opt/rustwide/cargo-home:ro,Z" "-v" "/var/lib/crater-agent-workspace/rustup-home:/opt/rustwide/rustup-home:ro,Z" "-m" "1610612736" "--network" "none" "ghcr.io/rust-lang/crates-build-env/linux@sha256:77db811e55d90add9212f6832c23229e3de5f1c1f9905e8cb07319ea15df73ac" "sleep" "infinity", kill_on_drop: false }`
[INFO] [stdout] d2a405f441d46da86c06804d66be62167b8a0a53ee9cfc0521a4aa66b95991bb
[INFO] running `Command { std: "docker" "start" "d2a405f441d46da86c06804d66be62167b8a0a53ee9cfc0521a4aa66b95991bb", kill_on_drop: false }`
[INFO] running `Command { std: "docker" "inspect" "d2a405f441d46da86c06804d66be62167b8a0a53ee9cfc0521a4aa66b95991bb", kill_on_drop: false }`
[INFO] running `Command { std: "docker" "exec" "-e" "SOURCE_DIR=/opt/rustwide/workdir" "-e" "CARGO_HOME=/opt/rustwide/cargo-home" "-e" "RUSTUP_HOME=/opt/rustwide/rustup-home" "-e" "CARGO_TARGET_DIR=/opt/rustwide/target" "-w" "/opt/rustwide/workdir" "--user" "0:0" "d2a405f441d46da86c06804d66be62167b8a0a53ee9cfc0521a4aa66b95991bb" "/opt/rustwide/cargo-home/bin/cargo" "+1.99.0-beta.8" "metadata" "--no-deps" "--format-version=1", kill_on_drop: false }`
[INFO] running `Command { std: "docker" "inspect" "d2a405f441d46da86c06804d66be62167b8a0a53ee9cfc0521a4aa66b95991bb", kill_on_drop: false }`
[INFO] running `Command { std: "docker" "exec" "-e" "SOURCE_DIR=/opt/rustwide/workdir" "-e" "CARGO_HOME=/opt/rustwide/cargo-home" "-e" "RUSTUP_HOME=/opt/rustwide/rustup-home" "-e" "CARGO_TARGET_DIR=/opt/rustwide/target" "-e" "CARGO_INCREMENTAL=0" "-e" "RUST_BACKTRACE=full" "-e" "RUSTFLAGS=--cap-lints=warn" "-e" "RUSTDOCFLAGS=--cap-lints=warn" "-w" "/opt/rustwide/workdir" "--user" "0:0" "d2a405f441d46da86c06804d66be62167b8a0a53ee9cfc0521a4aa66b95991bb" "/opt/rustwide/cargo-home/bin/cargo" "+1.99.0-beta.8" "build" "--frozen" "--message-format=json" "--release", kill_on_drop: false }`
[INFO] [stderr]    Compiling crypto-common v0.1.7
[INFO] [stderr]    Compiling cc v1.2.58
[INFO] [stderr]    Compiling block-padding v0.3.3
[INFO] [stderr]    Compiling futures-sink v0.3.32
[INFO] [stderr]    Compiling bitcoin-io v0.1.4
[INFO] [stderr]    Compiling rand_chacha v0.3.1
[INFO] [stderr]    Compiling tokio v1.50.0
[INFO] [stderr]    Compiling smallvec v1.15.1
[INFO] [stderr]    Compiling bitcoin-internals v0.3.0
[INFO] [stderr]    Compiling serde_json v1.0.149
[INFO] [stderr]    Compiling bech32 v0.11.1
[INFO] [stderr]    Compiling hex-conservative v0.2.2
[INFO] [stderr]    Compiling hex_lit v0.1.1
[INFO] [stderr]    Compiling percent-encoding v2.3.2
[INFO] [stderr]    Compiling rustls v0.23.37
[INFO] [stderr]    Compiling bitcoin v0.32.8
[INFO] [stderr]    Compiling inout v0.1.4
[INFO] [stderr]    Compiling futures-channel v0.3.32
[INFO] [stderr]    Compiling digest v0.10.7
[INFO] [stderr]    Compiling form_urlencoded v1.2.2
[INFO] [stderr]    Compiling rand v0.8.5
[INFO] [stderr]    Compiling cipher v0.4.4
[INFO] [stderr]    Compiling icu_normalizer v2.1.1
[INFO] [stderr]    Compiling universal-hash v0.5.1
[INFO] [stderr]    Compiling webpki-roots v1.0.6
[INFO] [stderr]    Compiling futures-util v0.3.32
[INFO] [stderr]    Compiling polyval v0.6.2
[INFO] [stderr]    Compiling chacha20 v0.9.1
[INFO] [stderr]    Compiling utf-8 v0.7.6
[INFO] [stderr]    Compiling bitcoin-units v0.1.2
[INFO] [stderr]    Compiling sha1 v0.10.6
[INFO] [stderr]    Compiling data-encoding v2.10.0
[INFO] [stderr]    Compiling negentropy v0.3.1
[INFO] [stderr]    Compiling bitcoin_hashes v0.14.1
[INFO] [stderr]    Compiling negentropy v0.4.3
[INFO] [stderr]    Compiling ghash v0.5.1
[INFO] [stderr]    Compiling webpki-roots v0.26.11
[INFO] [stderr]    Compiling hmac v0.12.1
[INFO] [stderr]    Compiling tracing v0.1.44
[INFO] [stderr]    Compiling aes v0.8.4
[INFO] [stderr]    Compiling ctr v0.9.2
[INFO] [stderr]    Compiling aead v0.5.2
[INFO] [stderr]    Compiling either v1.15.0
[INFO] [stderr]    Compiling rmp-serde v1.3.1
[INFO] [stderr]    Compiling hkdf v0.12.4
[INFO] [stderr]    Compiling idna_adapter v1.2.1
[INFO] [stderr]    Compiling lru v0.12.5
[INFO] [stderr]    Compiling idna v1.1.0
[INFO] [stderr]    Compiling sha2 v0.10.9
[INFO] [stderr]    Compiling serde_bytes v0.11.19
[INFO] [stderr]    Compiling atomic-destructor v0.2.0
[INFO] [stderr]    Compiling nostr-social-graph v0.1.0
[INFO] [stderr]    Compiling base58ck v0.1.0
[INFO] [stderr]    Compiling aes-gcm v0.10.3
[INFO] [stderr]    Compiling url v2.5.8
[INFO] [stderr]    Compiling ring v0.17.14
[INFO] [stderr]    Compiling secp256k1-sys v0.10.1
[INFO] [stderr]    Compiling futures-executor v0.3.32
[INFO] [stderr]    Compiling futures v0.3.32
[INFO] [stderr]    Compiling hashtree-core v0.2.15
[INFO] [stderr]    Compiling hashtree-index v0.2.15
[INFO] [stderr]    Compiling hashtree-nostr v0.2.15
[INFO] [stderr]    Compiling async-utility v0.2.0
[INFO] [stderr]    Compiling tokio-socks v0.5.2
[INFO] [stderr]    Compiling tokio-stream v0.1.18
[INFO] [stderr]    Compiling secp256k1 v0.29.1
[INFO] [stderr]    Compiling rustls-webpki v0.103.10
[INFO] [stderr]    Compiling nostr v0.35.0
[INFO] [stderr]    Compiling tungstenite v0.24.0
[INFO] [stderr]    Compiling tokio-rustls v0.26.4
[INFO] [stderr]    Compiling nostr-database v0.35.0
[INFO] [stderr]    Compiling nostr-signer v0.35.0
[INFO] [stderr]    Compiling tokio-tungstenite v0.24.0
[INFO] [stderr]    Compiling async-wsocket v0.9.0
[INFO] [stderr]    Compiling nostr-relay-pool v0.35.0
[INFO] [stderr]    Compiling nostr-sdk v0.35.0
[INFO] [stderr]    Compiling hashtree-nostr-bridge v0.2.15 (/opt/rustwide/workdir)
[INFO] [stderr]     Finished `release` profile [optimized] target(s) in 1m 26s
[INFO] running `Command { std: "docker" "inspect" "d2a405f441d46da86c06804d66be62167b8a0a53ee9cfc0521a4aa66b95991bb", kill_on_drop: false }`
[INFO] running `Command { std: "docker" "exec" "-e" "SOURCE_DIR=/opt/rustwide/workdir" "-e" "CARGO_HOME=/opt/rustwide/cargo-home" "-e" "RUSTUP_HOME=/opt/rustwide/rustup-home" "-e" "CARGO_TARGET_DIR=/opt/rustwide/target" "-e" "CARGO_INCREMENTAL=0" "-e" "RUST_BACKTRACE=full" "-e" "RUSTFLAGS=--cap-lints=warn" "-e" "RUSTDOCFLAGS=--cap-lints=warn" "-w" "/opt/rustwide/workdir" "--user" "0:0" "d2a405f441d46da86c06804d66be62167b8a0a53ee9cfc0521a4aa66b95991bb" "/opt/rustwide/cargo-home/bin/cargo" "+1.99.0-beta.8" "test" "--frozen" "--no-run" "--message-format=json" "--release", kill_on_drop: false }`
[INFO] [stderr]    Compiling futures-channel v0.3.32
[INFO] [stderr]    Compiling cipher v0.4.4
[INFO] [stderr]    Compiling aead v0.5.2
[INFO] [stderr]    Compiling base64ct v1.8.3
[INFO] [stderr]    Compiling pbkdf2 v0.12.2
[INFO] [stderr]    Compiling poly1305 v0.8.0
[INFO] [stderr]    Compiling unicode-normalization v0.1.25
[INFO] [stderr]    Compiling url v2.5.8
[INFO] [stderr]    Compiling negentropy v0.5.0
[INFO] [stderr]    Compiling aes v0.8.4
[INFO] [stderr]    Compiling salsa20 v0.10.2
[INFO] [stderr]    Compiling chacha20 v0.9.1
[INFO] [stderr]    Compiling cbc v0.1.2
[INFO] [stderr]    Compiling ctr v0.9.2
[INFO] [stderr]    Compiling password-hash v0.5.0
[INFO] [stderr]    Compiling futures-util v0.3.32
[INFO] [stderr]    Compiling hyper v1.8.1
[INFO] [stderr]    Compiling aes-gcm v0.10.3
[INFO] [stderr]    Compiling chacha20poly1305 v0.10.1
[INFO] [stderr]    Compiling scrypt v0.11.0
[INFO] [stderr]    Compiling bip39 v2.2.2
[INFO] [stderr]    Compiling tower v0.5.3
[INFO] [stderr]    Compiling hyper-util v0.1.20
[INFO] [stderr]    Compiling futures-executor v0.3.32
[INFO] [stderr]    Compiling async-utility v0.2.0
[INFO] [stderr]    Compiling tokio-socks v0.5.2
[INFO] [stderr]    Compiling tokio-tungstenite v0.24.0
[INFO] [stderr]    Compiling futures v0.3.32
[INFO] [stderr]    Compiling hashtree-core v0.2.15
[INFO] [stderr]    Compiling async-wsocket v0.9.0
[INFO] [stderr]    Compiling tower-http v0.6.8
[INFO] [stderr]    Compiling hyper-rustls v0.27.7
[INFO] [stderr]    Compiling reqwest v0.12.28
[INFO] [stderr]    Compiling hashtree-index v0.2.15
[INFO] [stderr]    Compiling hashtree-nostr v0.2.15
[INFO] [stderr]    Compiling nostr v0.35.0
[INFO] [stderr]    Compiling nostr-database v0.35.0
[INFO] [stderr]    Compiling nostr-signer v0.35.0
[INFO] [stderr]    Compiling nostr-relay-pool v0.35.0
[INFO] [stderr]    Compiling nostr-sdk v0.35.0
[INFO] [stderr]    Compiling hashtree-nostr-bridge v0.2.15 (/opt/rustwide/workdir)
[INFO] [stderr]     Finished `release` profile [optimized] target(s) in 1m 27s
[INFO] running `Command { std: "docker" "inspect" "d2a405f441d46da86c06804d66be62167b8a0a53ee9cfc0521a4aa66b95991bb", kill_on_drop: false }`
[INFO] running `Command { std: "docker" "exec" "-e" "SOURCE_DIR=/opt/rustwide/workdir" "-e" "CARGO_HOME=/opt/rustwide/cargo-home" "-e" "RUSTUP_HOME=/opt/rustwide/rustup-home" "-e" "CARGO_TARGET_DIR=/opt/rustwide/target" "-e" "CARGO_INCREMENTAL=0" "-e" "RUST_BACKTRACE=full" "-e" "RUSTFLAGS=--cap-lints=warn" "-e" "RUSTDOCFLAGS=--cap-lints=warn" "-w" "/opt/rustwide/workdir" "--user" "0:0" "d2a405f441d46da86c06804d66be62167b8a0a53ee9cfc0521a4aa66b95991bb" "/opt/rustwide/cargo-home/bin/cargo" "+1.99.0-beta.8" "test" "--frozen" "--release", kill_on_drop: false }`
[INFO] [stderr]     Finished `release` profile [optimized] target(s) in 0.32s
[INFO] [stderr]      Running unittests src/lib.rs (/opt/rustwide/target/release/deps/hashtree_nostr_bridge-824c177b6bc5169b)
[INFO] [stdout] 
[INFO] [stdout] running 3 tests
[INFO] [stdout] test tests::collect_authors_skips_invalid_graph_pubkeys ... ok
[INFO] [stdout] test tests::rejects_invalid_stored_event_shape ... ok
[INFO] [stdout] test tests::collect_authors_prefers_allowlist_and_applies_limits ... ok
[INFO] [stdout] 
[INFO] [stdout] test result: ok. 3 passed; 0 failed; 0 ignored; 0 measured; 0 filtered out; finished in 0.00s
[INFO] [stdout] 
[INFO] [stderr]      Running tests/bridge.rs (/opt/rustwide/target/release/deps/bridge-6e6406b38bc2012c)
[INFO] [stdout] 
[INFO] [stdout] running 19 tests
[INFO] [stdout] test global_recent_scan_reuses_existing_root_events_before_fetching ... ok
[INFO] [stdout] test global_recent_scan_filters_locally_by_social_graph ... ok
[INFO] [stdout] test global_recent_scan_can_use_external_author_allowlist ... ok
[INFO] [stdout] test ignores_missing_local_event_blobs_from_existing_root_in_global_scan ... ok
[INFO] [stdout] test global_recent_scan_pages_past_relay_side_caps ... ok
[INFO] [stdout] test global_recent_scan_stops_after_max_events_seen ... ok
[INFO] [stdout] test global_recent_scan_paginates_older_pages ... ok
[INFO] [stdout] test relay_disconnect_during_missing_id_fetch_does_not_abort_crawl ... ok
[INFO] [stdout] test reports_global_recent_progress ... ok
[INFO] [stdout] test crawls_followed_authors_and_applies_per_author_priority_limit ... ok
[INFO] [stdout] test enforces_global_live_byte_cap_after_priority_selection ... ok
[INFO] [stdout] test relay_event_max_size_allows_moderately_large_events ... ok
[INFO] [stdout] test enforces_per_author_live_byte_cap_after_priority_selection ... ok
[INFO] [stdout] test caches_relays_that_do_not_support_negentropy ... ok
[INFO] [stdout] test limits_relay_fetches_per_author_batch ... ok
[INFO] [stdout] test limits_authors_considered_by_bfs_order ... ok
[INFO] [stdout] test reconciles_per_relay_and_fetches_only_missing_ids ... FAILED
[INFO] [stdout] test reports_author_batch_progress ... ok
[INFO] [stdout] test require_negentropy_skips_relays_that_cannot_reconcile ... ok
[INFO] [stderr] error: test failed, to rerun pass `--test bridge`
[INFO] [stdout] 
[INFO] [stdout] failures:
[INFO] [stdout] 
[INFO] [stdout] ---- reconciles_per_relay_and_fetches_only_missing_ids stdout ----
[INFO] [stdout] 
[INFO] [stdout] thread 'reconciles_per_relay_and_fetches_only_missing_ids' (2411) panicked at tests/bridge.rs:1523:5:
[INFO] [stdout] assertion `left == right` failed
[INFO] [stdout]   left: 3
[INFO] [stdout]  right: 2
[INFO] [stdout] stack backtrace:
[INFO] [stdout]    0:     0x63803603ded1 - <<std[70759c8f55707aa4]::sys::backtrace::BacktraceLock>::print::DisplayBacktrace as core[df12db4294e9bfd3]::fmt::Display>::fmt
[INFO] [stdout]    1:     0x63803605547a - core[df12db4294e9bfd3]::fmt::write
[INFO] [stdout]    2:     0x63803604298c - <alloc[2182bb758b4b3781]::vec::Vec<u8> as core[df12db4294e9bfd3]::io::write::Write>::write_fmt
[INFO] [stdout]    3:     0x638036019146 - std[70759c8f55707aa4]::panicking::default_hook::{closure#0}
[INFO] [stdout]    4:     0x638036035b99 - std[70759c8f55707aa4]::panicking::default_hook
[INFO] [stdout]    5:     0x638035c90d90 - test[9d35eded1c95d3be]::test_main_inner::<test[9d35eded1c95d3be]::test_main_static::{closure#0}>::{closure#0}
[INFO] [stdout]    6:     0x638036035ec2 - std[70759c8f55707aa4]::panicking::panic_with_hook
[INFO] [stdout]    7:     0x6380360191f2 - std[70759c8f55707aa4]::panicking::panic_handler::{closure#0}
[INFO] [stdout]    8:     0x638036011e99 - std[70759c8f55707aa4]::sys::backtrace::__rust_end_short_backtrace::<std[70759c8f55707aa4]::panicking::panic_handler::{closure#0}, !>
[INFO] [stdout]    9:     0x638036019fdd - __rustc[8fa7c3cbc660c2b3]::rust_begin_unwind
[INFO] [stdout]   10:     0x638036055bdc - core[df12db4294e9bfd3]::panicking::panic_fmt
[INFO] [stdout]   11:     0x638036055af3 - core[df12db4294e9bfd3]::panicking::assert_failed_inner
[INFO] [stdout]   12:     0x638036050b38 - core[df12db4294e9bfd3]::panicking::assert_failed::<usize, usize>
[INFO] [stdout]   13:     0x638035a401d0 - bridge[9ebd5a12ae9fe467]::reconciles_per_relay_and_fetches_only_missing_ids::{closure#0}
[INFO] [stdout]   14:     0x638035b134c5 - <tokio[688de81e62a5f781]::runtime::park::CachedParkThread>::block_on::<core[df12db4294e9bfd3]::pin::Pin<&mut dyn core[df12db4294e9bfd3]::future::future::Future<Output = core[df12db4294e9bfd3]::result::Result<(), core[df12db4294e9bfd3]::io::error::Error>>>>
[INFO] [stdout]   15:     0x638035bb9380 - tokio[688de81e62a5f781]::runtime::context::runtime::enter_runtime::<<tokio[688de81e62a5f781]::runtime::scheduler::multi_thread::MultiThread>::block_on<core[df12db4294e9bfd3]::pin::Pin<&mut dyn core[df12db4294e9bfd3]::future::future::Future<Output = core[df12db4294e9bfd3]::result::Result<(), core[df12db4294e9bfd3]::io::error::Error>>>>::{closure#0}, core[df12db4294e9bfd3]::result::Result<(), core[df12db4294e9bfd3]::io::error::Error>>
[INFO] [stdout]   16:     0x638035be151a - <tokio[688de81e62a5f781]::runtime::runtime::Runtime>::block_on::<core[df12db4294e9bfd3]::pin::Pin<&mut dyn core[df12db4294e9bfd3]::future::future::Future<Output = core[df12db4294e9bfd3]::result::Result<(), core[df12db4294e9bfd3]::io::error::Error>>>>
[INFO] [stdout]   17:     0x638035aa30d2 - <bridge[9ebd5a12ae9fe467]::reconciles_per_relay_and_fetches_only_missing_ids::{closure#0} as core[df12db4294e9bfd3]::ops::function::FnOnce<()>>::call_once
[INFO] [stdout]   18:     0x638035c8407b - test[9d35eded1c95d3be]::__rust_begin_short_backtrace::<core[df12db4294e9bfd3]::result::Result<(), alloc[2182bb758b4b3781]::string::String>, fn() -> core[df12db4294e9bfd3]::result::Result<(), alloc[2182bb758b4b3781]::string::String>>
[INFO] [stdout]   19:     0x638035c916e5 - test[9d35eded1c95d3be]::run_test::{closure#0}
[INFO] [stdout]   20:     0x638035c8afa4 - std[70759c8f55707aa4]::sys::backtrace::__rust_begin_short_backtrace::<test[9d35eded1c95d3be]::run_test::{closure#1}, ()>
[INFO] [stdout]   21:     0x638035c94842 - <std[70759c8f55707aa4]::thread::lifecycle::spawn_unchecked<test[9d35eded1c95d3be]::run_test::{closure#1}, ()>::{closure#1} as core[df12db4294e9bfd3]::ops::function::FnOnce<()>>::call_once::{shim:vtable#0}
[INFO] [stdout]   22:     0x63803603d1a9 - <std[70759c8f55707aa4]::sys::thread::unix::Thread>::new::thread_start
[INFO] [stdout]   23:     0x7ce6fd39edfa - <unknown>
[INFO] [stdout]   24:     0x7ce6fd4323d4 - clone
[INFO] [stdout]   25:                0x0 - <unknown>
[INFO] [stdout] 
[INFO] [stdout] 
[INFO] [stdout] failures:
[INFO] [stdout]     reconciles_per_relay_and_fetches_only_missing_ids
[INFO] [stdout] 
[INFO] [stdout] test result: FAILED. 18 passed; 1 failed; 0 ignored; 0 measured; 0 filtered out; finished in 11.62s
[INFO] [stdout] 
[INFO] running `Command { std: "docker" "inspect" "d2a405f441d46da86c06804d66be62167b8a0a53ee9cfc0521a4aa66b95991bb", kill_on_drop: false }`
[INFO] running `Command { std: "docker" "rm" "-f" "d2a405f441d46da86c06804d66be62167b8a0a53ee9cfc0521a4aa66b95991bb", kill_on_drop: false }`
[INFO] [stdout] d2a405f441d46da86c06804d66be62167b8a0a53ee9cfc0521a4aa66b95991bb
