[INFO] fetching crate harrow-server-tokio 0.10.0...
[INFO] testing harrow-server-tokio-0.10.0 against 1.99.0-beta.8+cargoflags=--release for beta-release-1.100-2
[INFO] extracting crate harrow-server-tokio 0.10.0 into /workspace/builds/worker-5-tc1/source
[INFO] started tweaking crates.io crate harrow-server-tokio 0.10.0
[INFO] removed 0 missing tests
[INFO] finished tweaking crates.io crate harrow-server-tokio 0.10.0
[INFO] tweaked toml for crates.io crate harrow-server-tokio 0.10.0 written to /workspace/builds/worker-5-tc1/source/Cargo.toml
[INFO] validating manifest of crates.io crate harrow-server-tokio 0.10.0 on toolchain 1.99.0-beta.8
[INFO] running `Command { std: CARGO_HOME="/workspace/cargo-home" RUSTUP_HOME="/workspace/rustup-home" "/workspace/cargo-home/bin/cargo" "+1.99.0-beta.8" "metadata" "--manifest-path" "Cargo.toml" "--no-deps", kill_on_drop: false }`
[INFO] crate crates.io crate harrow-server-tokio 0.10.0 already has a lockfile, it will not be regenerated
[INFO] running `Command { std: CARGO_HOME="/workspace/cargo-home" RUSTUP_HOME="/workspace/rustup-home" "/workspace/cargo-home/bin/cargo" "+1.99.0-beta.8" "fetch" "--manifest-path" "Cargo.toml", kill_on_drop: false }`
[INFO] [stderr]     Updating crates.io index
[INFO] [stderr]  Downloading crates ...
[INFO] [stderr]   Downloaded harrow-server v0.10.0
[INFO] [stderr]   Downloaded harrow-io v0.10.0
[INFO] [stderr]   Downloaded harrow-middleware v0.10.0
[INFO] [stderr]   Downloaded harrow-codec-h1 v0.10.0
[INFO] running `Command { std: "docker" "create" "-v" "/var/lib/crater-agent-workspace/builds/worker-5-tc1/source:/opt/rustwide/workdir:ro,Z" "-v" "/var/lib/crater-agent-workspace/builds/worker-5-tc1/target:/opt/rustwide/target:rw,Z" "-v" "/var/lib/crater-agent-workspace/cargo-home:/opt/rustwide/cargo-home:ro,Z" "-v" "/var/lib/crater-agent-workspace/rustup-home:/opt/rustwide/rustup-home:ro,Z" "-m" "1610612736" "--network" "none" "ghcr.io/rust-lang/crates-build-env/linux@sha256:77db811e55d90add9212f6832c23229e3de5f1c1f9905e8cb07319ea15df73ac" "sleep" "infinity", kill_on_drop: false }`
[INFO] [stdout] 992c54a7443ae0deaa4bdf97f5a8cbe50c34f5703035343f9e6de05c34e1e022
[INFO] running `Command { std: "docker" "start" "992c54a7443ae0deaa4bdf97f5a8cbe50c34f5703035343f9e6de05c34e1e022", kill_on_drop: false }`
[INFO] running `Command { std: "docker" "inspect" "992c54a7443ae0deaa4bdf97f5a8cbe50c34f5703035343f9e6de05c34e1e022", kill_on_drop: false }`
[INFO] running `Command { std: "docker" "exec" "-e" "SOURCE_DIR=/opt/rustwide/workdir" "-e" "CARGO_HOME=/opt/rustwide/cargo-home" "-e" "RUSTUP_HOME=/opt/rustwide/rustup-home" "-e" "CARGO_TARGET_DIR=/opt/rustwide/target" "-w" "/opt/rustwide/workdir" "--user" "0:0" "992c54a7443ae0deaa4bdf97f5a8cbe50c34f5703035343f9e6de05c34e1e022" "/opt/rustwide/cargo-home/bin/cargo" "+1.99.0-beta.8" "metadata" "--no-deps" "--format-version=1", kill_on_drop: false }`
[INFO] running `Command { std: "docker" "inspect" "992c54a7443ae0deaa4bdf97f5a8cbe50c34f5703035343f9e6de05c34e1e022", kill_on_drop: false }`
[INFO] running `Command { std: "docker" "exec" "-e" "SOURCE_DIR=/opt/rustwide/workdir" "-e" "CARGO_HOME=/opt/rustwide/cargo-home" "-e" "RUSTUP_HOME=/opt/rustwide/rustup-home" "-e" "CARGO_TARGET_DIR=/opt/rustwide/target" "-e" "CARGO_INCREMENTAL=0" "-e" "RUST_BACKTRACE=full" "-e" "RUSTFLAGS=--cap-lints=warn" "-e" "RUSTDOCFLAGS=--cap-lints=warn" "-w" "/opt/rustwide/workdir" "--user" "0:0" "992c54a7443ae0deaa4bdf97f5a8cbe50c34f5703035343f9e6de05c34e1e022" "/opt/rustwide/cargo-home/bin/cargo" "+1.99.0-beta.8" "build" "--frozen" "--message-format=json" "--release", kill_on_drop: false }`
[INFO] [stderr]    Compiling libc v0.2.185
[INFO] [stderr]    Compiling matchit v0.8.4
[INFO] [stderr]    Compiling harrow-io v0.10.0
[INFO] [stderr]    Compiling syn v2.0.117
[INFO] [stderr]    Compiling http-body-util v0.1.3
[INFO] [stderr]    Compiling harrow-codec-h1 v0.10.0
[INFO] [stderr]    Compiling parking_lot_core v0.9.12
[INFO] [stderr]    Compiling errno v0.3.14
[INFO] [stderr]    Compiling socket2 v0.6.3
[INFO] [stderr]    Compiling mio v1.2.0
[INFO] [stderr]    Compiling socket2 v0.5.10
[INFO] [stderr]    Compiling signal-hook-registry v1.4.8
[INFO] [stderr]    Compiling parking_lot v0.12.5
[INFO] [stderr]    Compiling tracing-attributes v0.1.31
[INFO] [stderr]    Compiling futures-macro v0.3.32
[INFO] [stderr]    Compiling tokio-macros v2.7.0
[INFO] [stderr]    Compiling futures-util v0.3.32
[INFO] [stderr]    Compiling tokio v1.51.1
[INFO] [stderr]    Compiling tracing v0.1.44
[INFO] [stderr]    Compiling harrow-core v0.10.0
[INFO] [stderr]    Compiling harrow-server v0.10.0
[INFO] [stderr]    Compiling harrow-server-tokio v0.10.0 (/opt/rustwide/workdir)
[INFO] [stderr]     Finished `release` profile [optimized] target(s) in 22.96s
[INFO] running `Command { std: "docker" "inspect" "992c54a7443ae0deaa4bdf97f5a8cbe50c34f5703035343f9e6de05c34e1e022", kill_on_drop: false }`
[INFO] running `Command { std: "docker" "exec" "-e" "SOURCE_DIR=/opt/rustwide/workdir" "-e" "CARGO_HOME=/opt/rustwide/cargo-home" "-e" "RUSTUP_HOME=/opt/rustwide/rustup-home" "-e" "CARGO_TARGET_DIR=/opt/rustwide/target" "-e" "CARGO_INCREMENTAL=0" "-e" "RUST_BACKTRACE=full" "-e" "RUSTFLAGS=--cap-lints=warn" "-e" "RUSTDOCFLAGS=--cap-lints=warn" "-w" "/opt/rustwide/workdir" "--user" "0:0" "992c54a7443ae0deaa4bdf97f5a8cbe50c34f5703035343f9e6de05c34e1e022" "/opt/rustwide/cargo-home/bin/cargo" "+1.99.0-beta.8" "test" "--frozen" "--no-run" "--message-format=json" "--release", kill_on_drop: false }`
[INFO] [stderr]    Compiling getrandom v0.3.4
[INFO] [stderr]    Compiling parking_lot_core v0.9.12
[INFO] [stderr]    Compiling getrandom v0.4.2
[INFO] [stderr]    Compiling log v0.4.29
[INFO] [stderr]    Compiling cc v1.2.60
[INFO] [stderr]    Compiling regex-automata v0.4.14
[INFO] [stderr]    Compiling tracing v0.1.44
[INFO] [stderr]    Compiling futures-util v0.3.32
[INFO] [stderr]    Compiling tracing-serde v0.2.0
[INFO] [stderr]    Compiling bitflags v2.11.1
[INFO] [stderr]    Compiling num-traits v0.2.19
[INFO] [stderr]    Compiling thiserror-impl v2.0.18
[INFO] [stderr]    Compiling wait-timeout v0.2.1
[INFO] [stderr]    Compiling futures-channel v0.3.32
[INFO] [stderr]    Compiling data-encoding v2.10.0
[INFO] [stderr]    Compiling uuid v1.23.0
[INFO] [stderr]    Compiling rustix v1.1.4
[INFO] [stderr]    Compiling parking_lot v0.12.5
[INFO] [stderr]    Compiling rand_core v0.9.5
[INFO] [stderr]    Compiling tracing-log v0.2.0
[INFO] [stderr]    Compiling dashmap v6.1.0
[INFO] [stderr]    Compiling rand_chacha v0.9.0
[INFO] [stderr]    Compiling rand_xorshift v0.4.0
[INFO] [stderr]    Compiling tokio v1.51.1
[INFO] [stderr]    Compiling rand v0.9.4
[INFO] [stderr]    Compiling blake3 v1.8.4
[INFO] [stderr]    Compiling thiserror v2.0.18
[INFO] [stderr]    Compiling tungstenite v0.29.0
[INFO] [stderr]    Compiling tempfile v3.27.0
[INFO] [stderr]    Compiling rusty-fork v0.3.1
[INFO] [stderr]    Compiling proptest v1.11.0
[INFO] [stderr]    Compiling matchers v0.2.0
[INFO] [stderr]    Compiling harrow-core v0.10.0
[INFO] [stderr]    Compiling tracing-subscriber v0.3.23
[INFO] [stderr]    Compiling harrow-server v0.10.0
[INFO] [stderr]    Compiling rolly v0.16.0
[INFO] [stderr]    Compiling harrow-o11y v0.10.0
[INFO] [stderr]    Compiling harrow-middleware v0.10.0
[INFO] [stderr]    Compiling tokio-util v0.7.18
[INFO] [stderr]    Compiling tokio-tungstenite v0.29.0
[INFO] [stderr]    Compiling harrow-server-tokio v0.10.0 (/opt/rustwide/workdir)
[INFO] [stderr]    Compiling h2 v0.4.13
[INFO] [stderr]    Compiling hyper v1.9.0
[INFO] [stderr]    Compiling hyper-util v0.1.20
[INFO] [stderr]     Finished `release` profile [optimized] target(s) in 1m 08s
[INFO] running `Command { std: "docker" "inspect" "992c54a7443ae0deaa4bdf97f5a8cbe50c34f5703035343f9e6de05c34e1e022", kill_on_drop: false }`
[INFO] running `Command { std: "docker" "exec" "-e" "SOURCE_DIR=/opt/rustwide/workdir" "-e" "CARGO_HOME=/opt/rustwide/cargo-home" "-e" "RUSTUP_HOME=/opt/rustwide/rustup-home" "-e" "CARGO_TARGET_DIR=/opt/rustwide/target" "-e" "CARGO_INCREMENTAL=0" "-e" "RUST_BACKTRACE=full" "-e" "RUSTFLAGS=--cap-lints=warn" "-e" "RUSTDOCFLAGS=--cap-lints=warn" "-w" "/opt/rustwide/workdir" "--user" "0:0" "992c54a7443ae0deaa4bdf97f5a8cbe50c34f5703035343f9e6de05c34e1e022" "/opt/rustwide/cargo-home/bin/cargo" "+1.99.0-beta.8" "test" "--frozen" "--release", kill_on_drop: false }`
[INFO] [stderr]     Finished `release` profile [optimized] target(s) in 0.16s
[INFO] [stderr]      Running unittests src/lib.rs (/opt/rustwide/target/release/deps/harrow_server_tokio-dcebdfbcd27e5ded)
[INFO] [stdout] 
[INFO] [stdout] running 8 tests
[INFO] [stdout] test h1::response::tests::small_chunked_response_is_buffered_without_temp_vecs ... ok
[INFO] [stdout] test h1::response::tests::write_runner_batches_small_fixed_responses_before_flush ... ok
[INFO] [stdout] test h1::response::tests::write_runner_writes_response_via_local_task ... ok
[INFO] [stdout] test h1::error::tests::write_error_static_templates_match_body_length ... ok
[INFO] [stdout] test h1::response::tests::small_fixed_response_head_and_body_are_coalesced ... ok
[INFO] [stdout] test h1::request_body::tests::payload_channel_reports_receiver_drop ... ok
[INFO] [stdout] test h1::request_body::tests::payload_channel_backpressures_by_buffered_bytes ... ok
[INFO] [stdout] test h1::response::tests::fixed_length_response_shorter_than_declared_errors ... ok
[INFO] [stdout] 
[INFO] [stdout] test result: ok. 8 passed; 0 failed; 0 ignored; 0 measured; 0 filtered out; finished in 0.12s
[INFO] [stdout] 
[INFO] [stdout] 
[INFO] [stderr]      Running tests/dst.rs (/opt/rustwide/target/release/deps/dst-4f281822f70d6148)
[INFO] [stdout] running 19 tests
[INFO] [stdout] test dst_empty_request ... ok
[INFO] [stdout] test dst_404 ... ok
[INFO] [stdout] test dst_chunked_post ... ok
[INFO] [stdout] test dst_connection_lifetime_timeout ... ok
[INFO] [stdout] test dst_eof_mid_headers ... ok
[INFO] [stdout] test dst_eof_mid_body ... ok
[INFO] [stdout] test dst_slowloris_body_timeout ... ok
[INFO] [stdout] test dst_keep_alive_two_requests ... ok
[INFO] [stdout] test dst_malformed_request ... ok
[INFO] [stdout] test dst_chunked_multi_chunk ... ok
[INFO] [stdout] test dst_slowloris_header_timeout ... ok
[INFO] [stdout] test dst_oversized_headers ... ok
[INFO] [stdout] test dst_simple_get ... ok
[INFO] [stdout] test dst_keep_alive_five_requests ... ok
[INFO] [stdout] test dst_expect_100_continue ... ok
[INFO] [stdout] test dst_oversized_content_length ... ok
[INFO] [stdout] test dst_post_with_body ... ok
[INFO] [stderr]      Running tests/integration.rs (/opt/rustwide/target/release/deps/integration-69aad42e21474ee6)
[INFO] [stdout] test proptest_dst::dst_random_request_never_panics ... ok
[INFO] [stdout] test proptest_dst::dst_pipelined_requests_correct_count ... ok
[INFO] [stdout] 
[INFO] [stdout] test result: ok. 19 passed; 0 failed; 0 ignored; 0 measured; 0 filtered out; finished in 0.09s
[INFO] [stdout] 
[INFO] [stdout] 
[INFO] [stdout] running 49 tests
[INFO] [stdout] test client_basic_routing ... ok
[INFO] [stdout] test client_body_limit_allows_under_limit ... ok
[INFO] [stdout] test client_body_limit_passes_without_content_length ... ok
[INFO] [stdout] test client_body_limit_allows_exact_limit ... ok
[INFO] [stdout] test client_group_404_and_405 ... ok
[INFO] [stdout] test client_group_basic_prefix ... ok
[INFO] [stdout] test client_body_size_limit_allows_small_body ... ok
[INFO] [stdout] test client_head_returns_get_headers_without_body ... ok
[INFO] [stdout] test client_middleware_and_state_together ... ok
[INFO] [stdout] test client_rate_limit_skips_when_key_header_missing ... ok
[INFO] [stdout] test client_middleware_runs_in_order ... ok
[INFO] [stdout] test client_body_size_zero_means_no_limit ... ok
[INFO] [stdout] test client_returns_405_for_wrong_method ... ok
[INFO] [stdout] test client_returns_405_with_allow_header ... ok
[INFO] [stdout] test client_session_destroy_clears ... ok
[INFO] [stdout] test client_session_no_cookie_on_unmodified ... ok
[INFO] [stdout] test client_session_tampered_cookie_rejected ... ok
[INFO] [stdout] test client_body_size_limit_rejects_oversized_content_length ... ok
[INFO] [stdout] test client_nested_groups ... ok
[INFO] [stdout] test client_rate_limit_passes_under_limit_with_headers ... ok
[INFO] [stdout] test client_rate_limit_returns_429_after_exceeding_limit ... ok
[INFO] [stdout] test client_group_scoped_middleware ... ok
[INFO] [stdout] test client_head_returns_404_for_unknown_path ... ok
[INFO] [stdout] test client_returns_404_for_unknown_path ... ok
[INFO] [stdout] test client_state_injection_works ... ok
[INFO] [stdout] test client_route_pattern_is_template_not_resolved ... ok
[INFO] [stdout] test client_session_round_trip ... ok
[INFO] [stdout] test client_body_limit_rejects_oversized_content_length ... ok
[INFO] [stdout] test client_group_with_global_middleware ... ok
[INFO] [stdout] test client_head_generated_404_and_405_have_empty_bodies ... ok
[INFO] [stdout] test tcp_body_limit_rejects_oversized ... ok
[INFO] [stdout] test tcp_default_problem_details_formats_404_and_405 ... ok
[INFO] [stdout] test tcp_204_and_304_responses_are_bodyless_on_wire ... ok
[INFO] [stdout] test tcp_body_limit_allows_small ... ok
[INFO] [stdout] test tcp_head_returns_get_headers_without_body ... ok
[INFO] [stdout] test tcp_o11y_middleware_adds_request_id_header ... ok
[INFO] [stdout] test tcp_custom_fallback_handlers_can_access_state ... FAILED
[INFO] [stdout] test tcp_head_generated_404_and_405_strip_body ... ok
[INFO] [stdout] test tcp_head_response_is_not_chunked_on_wire ... ok
[INFO] [stdout] test tcp_panic_in_handler_closes_connection_without_catch_panic ... ok
[INFO] [stdout] test tcp_catch_panic_middleware_returns_500 ... ok
[INFO] [stdout] test tcp_basic_routing ... ok
[INFO] [stdout] test tcp_o11y_middleware_echoes_incoming_request_id ... ok
[INFO] [stdout] test tcp_request_body_streams_before_request_eof ... ok
[INFO] [stdout] test tcp_probe_helpers_register_endpoints ... ok
[INFO] [stdout] test tcp_graceful_shutdown_waits_for_drain_before_returning ... ok
[INFO] [stdout] test tcp_body_read_timeout_returns_400 ... ok
[INFO] [stdout] test tcp_graceful_drain_completes_inflight_request ... ok
[INFO] [stdout] test tcp_streaming_response_flushes_before_eof ... ok
[INFO] [stdout] 
[INFO] [stdout] failures:
[INFO] [stdout] 
[INFO] [stdout] ---- tcp_custom_fallback_handlers_can_access_state stdout ----
[INFO] [stdout] 
[INFO] [stdout] thread 'tcp_custom_fallback_handlers_can_access_state' (1591) panicked at tests/integration.rs:284:65:
[INFO] [stdout] called `Result::unwrap()` on an `Err` value: Os { code: 111, kind: ConnectionRefused, message: "Connection refused" }
[INFO] [stdout] stack backtrace:
[INFO] [stdout]    0:     0x579de270f351 - <<std[70759c8f55707aa4]::sys::backtrace::BacktraceLock>::print::DisplayBacktrace as core[df12db4294e9bfd3]::fmt::Display>::fmt
[INFO] [stdout]    1:     0x579de2725f7a - core[df12db4294e9bfd3]::fmt::write
[INFO] [stdout]    2:     0x579de2713ebc - <alloc[2182bb758b4b3781]::vec::Vec<u8> as core[df12db4294e9bfd3]::io::write::Write>::write_fmt
[INFO] [stdout]    3:     0x579de26ea9a6 - std[70759c8f55707aa4]::panicking::default_hook::{closure#0}
[INFO] [stdout]    4:     0x579de2707379 - std[70759c8f55707aa4]::panicking::default_hook
[INFO] [stdout]    5:     0x579de262d3d0 - test[9d35eded1c95d3be]::test_main_inner::<test[9d35eded1c95d3be]::test_main_static::{closure#0}>::{closure#0}
[INFO] [stdout]    6:     0x579de27076a2 - std[70759c8f55707aa4]::panicking::panic_with_hook
[INFO] [stdout]    7:     0x579de26eaa52 - std[70759c8f55707aa4]::panicking::panic_handler::{closure#0}
[INFO] [stdout]    8:     0x579de26e36f9 - std[70759c8f55707aa4]::sys::backtrace::__rust_end_short_backtrace::<std[70759c8f55707aa4]::panicking::panic_handler::{closure#0}, !>
[INFO] [stdout]    9:     0x579de26eb83d - __rustc[8fa7c3cbc660c2b3]::rust_begin_unwind
[INFO] [stdout]   10:     0x579de27266dc - core[df12db4294e9bfd3]::panicking::panic_fmt
[INFO] [stdout]   11:     0x579de27264b2 - core[df12db4294e9bfd3]::result::unwrap_failed
[INFO] [stdout]   12:     0x579de256d3d4 - integration[b25cc147bacd07e4]::http_get::{closure#0}
[INFO] [stdout]   13:     0x579de2580dc9 - integration[b25cc147bacd07e4]::tcp_custom_fallback_handlers_can_access_state::{closure#0}
[INFO] [stdout]   14:     0x579de25933c3 - <tokio[bafc3ef17f807afa]::runtime::scheduler::current_thread::Context>::enter::<core[df12db4294e9bfd3]::task::poll::Poll<()>, <tokio[bafc3ef17f807afa]::runtime::scheduler::current_thread::CoreGuard>::block_on<core[df12db4294e9bfd3]::pin::Pin<&mut core[df12db4294e9bfd3]::pin::Pin<&mut dyn core[df12db4294e9bfd3]::future::future::Future<Output = ()>>>>::{closure#0}::{closure#0}>
[INFO] [stdout]   15:     0x579de25ede6c - <tokio[bafc3ef17f807afa]::runtime::context::scoped::Scoped<tokio[bafc3ef17f807afa]::runtime::scheduler::Context>>::set::<<tokio[bafc3ef17f807afa]::runtime::scheduler::current_thread::CoreGuard>::enter<<tokio[bafc3ef17f807afa]::runtime::scheduler::current_thread::CoreGuard>::block_on<core[df12db4294e9bfd3]::pin::Pin<&mut core[df12db4294e9bfd3]::pin::Pin<&mut dyn core[df12db4294e9bfd3]::future::future::Future<Output = ()>>>>::{closure#0}, core[df12db4294e9bfd3]::option::Option<()>>::{closure#0}, (alloc[2182bb758b4b3781]::boxed::Box<tokio[bafc3ef17f807afa]::runtime::scheduler::current_thread::Core>, core[df12db4294e9bfd3]::option::Option<()>)>
[INFO] [stdout]   16:     0x579de25959f7 - <tokio[bafc3ef17f807afa]::runtime::scheduler::current_thread::CoreGuard>::block_on::<core[df12db4294e9bfd3]::pin::Pin<&mut core[df12db4294e9bfd3]::pin::Pin<&mut dyn core[df12db4294e9bfd3]::future::future::Future<Output = ()>>>>
[INFO] [stdout]   17:     0x579de25bf4f3 - tokio[bafc3ef17f807afa]::runtime::context::runtime::enter_runtime::<<tokio[bafc3ef17f807afa]::runtime::scheduler::current_thread::CurrentThread>::block_on<core[df12db4294e9bfd3]::pin::Pin<&mut dyn core[df12db4294e9bfd3]::future::future::Future<Output = ()>>>::{closure#0}, ()>
[INFO] [stdout]   18:     0x579de25cd645 - <tokio[bafc3ef17f807afa]::runtime::runtime::Runtime>::block_on::<core[df12db4294e9bfd3]::pin::Pin<&mut dyn core[df12db4294e9bfd3]::future::future::Future<Output = ()>>>
[INFO] [stdout]   19:     0x579de2591e8e - <integration[b25cc147bacd07e4]::tcp_custom_fallback_handlers_can_access_state::{closure#0} as core[df12db4294e9bfd3]::ops::function::FnOnce<()>>::call_once
[INFO] [stdout]   20:     0x579de26206bb - test[9d35eded1c95d3be]::__rust_begin_short_backtrace::<core[df12db4294e9bfd3]::result::Result<(), alloc[2182bb758b4b3781]::string::String>, fn() -> core[df12db4294e9bfd3]::result::Result<(), alloc[2182bb758b4b3781]::string::String>>
[INFO] [stdout]   21:     0x579de262dd25 - test[9d35eded1c95d3be]::run_test::{closure#0}
[INFO] [stdout]   22:     0x579de26275e4 - std[70759c8f55707aa4]::sys::backtrace::__rust_begin_short_backtrace::<test[9d35eded1c95d3be]::run_test::{closure#1}, ()>
[INFO] [stdout]   23:     0x579de2630e82 - <std[70759c8f55707aa4]::thread::lifecycle::spawn_unchecked<test[9d35eded1c95d3be]::run_test::{closure#1}, ()>::{closure#1} as core[df12db4294e9bfd3]::ops::function::FnOnce<()>>::call_once::{shim:vtable#0}
[INFO] [stdout]   24:     0x579de270e879 - <std[70759c8f55707aa4]::sys::thread::unix::Thread>::new::thread_start
[INFO] [stdout]   25:     0x7bb52da75dfa - <unknown>
[INFO] [stdout]   26:     0x7bb52db093d4 - clone
[INFO] [stdout]   27:                0x0 - <unknown>
[INFO] [stdout] 
[INFO] [stdout] 
[INFO] [stdout] failures:
[INFO] [stdout]     tcp_custom_fallback_handlers_can_access_state
[INFO] [stdout] 
[INFO] [stdout] test result: FAILED. 48 passed; 1 failed; 0 ignored; 0 measured; 0 filtered out; finished in 0.36s
[INFO] [stdout] 
[INFO] [stderr] error: test failed, to rerun pass `--test integration`
[INFO] running `Command { std: "docker" "inspect" "992c54a7443ae0deaa4bdf97f5a8cbe50c34f5703035343f9e6de05c34e1e022", kill_on_drop: false }`
[INFO] running `Command { std: "docker" "rm" "-f" "992c54a7443ae0deaa4bdf97f5a8cbe50c34f5703035343f9e6de05c34e1e022", kill_on_drop: false }`
[INFO] [stdout] 992c54a7443ae0deaa4bdf97f5a8cbe50c34f5703035343f9e6de05c34e1e022
