[INFO] fetching crate forge-agent-config 2.12.1...
[INFO] testing forge-agent-config-2.12.1 against 1.99.0-beta.8+cargoflags=--release for beta-release-1.100-2
[INFO] extracting crate forge-agent-config 2.12.1 into /workspace/builds/worker-0-tc1/source
[INFO] started tweaking crates.io crate forge-agent-config 2.12.1
[INFO] finished tweaking crates.io crate forge-agent-config 2.12.1
[INFO] tweaked toml for crates.io crate forge-agent-config 2.12.1 written to /workspace/builds/worker-0-tc1/source/Cargo.toml
[INFO] validating manifest of crates.io crate forge-agent-config 2.12.1 on toolchain 1.99.0-beta.8
[INFO] running `Command { std: CARGO_HOME="/workspace/cargo-home" RUSTUP_HOME="/workspace/rustup-home" "/workspace/cargo-home/bin/cargo" "+1.99.0-beta.8" "metadata" "--manifest-path" "Cargo.toml" "--no-deps", kill_on_drop: false }`
[INFO] crate crates.io crate forge-agent-config 2.12.1 already has a lockfile, it will not be regenerated
[INFO] running `Command { std: CARGO_HOME="/workspace/cargo-home" RUSTUP_HOME="/workspace/rustup-home" "/workspace/cargo-home/bin/cargo" "+1.99.0-beta.8" "fetch" "--manifest-path" "Cargo.toml", kill_on_drop: false }`
[INFO] [stderr]     Updating crates.io index
[INFO] [stderr]  Downloading crates ...
[INFO] [stderr]   Downloaded secret-service v4.0.0
[INFO] [stderr]   Downloaded dbus v0.9.11
[INFO] [stderr]   Downloaded dbus-secret-service v4.1.0
[INFO] [stderr]   Downloaded forge-agent-types v2.12.1
[INFO] [stderr]   Downloaded forge-agent-skills v2.12.1
[INFO] [stderr]   Downloaded poly1305 v0.9.0
[INFO] [stderr]   Downloaded libc v0.2.188
[INFO] [stderr]   Downloaded libdbus-sys v0.2.7
[INFO] running `Command { std: "docker" "create" "-v" "/var/lib/crater-agent-workspace/builds/worker-0-tc1/source:/opt/rustwide/workdir:ro,Z" "-v" "/var/lib/crater-agent-workspace/builds/worker-0-tc1/target:/opt/rustwide/target:rw,Z" "-v" "/var/lib/crater-agent-workspace/cargo-home:/opt/rustwide/cargo-home:ro,Z" "-v" "/var/lib/crater-agent-workspace/rustup-home:/opt/rustwide/rustup-home:ro,Z" "-m" "1610612736" "--network" "none" "ghcr.io/rust-lang/crates-build-env/linux@sha256:77db811e55d90add9212f6832c23229e3de5f1c1f9905e8cb07319ea15df73ac" "sleep" "infinity", kill_on_drop: false }`
[INFO] [stdout] 3b817ff4cdc796c09fb18cbadaf1ac9adbba02e628b80204e482674d4555b27a
[INFO] running `Command { std: "docker" "start" "3b817ff4cdc796c09fb18cbadaf1ac9adbba02e628b80204e482674d4555b27a", kill_on_drop: false }`
[INFO] running `Command { std: "docker" "inspect" "3b817ff4cdc796c09fb18cbadaf1ac9adbba02e628b80204e482674d4555b27a", kill_on_drop: false }`
[INFO] running `Command { std: "docker" "exec" "-e" "SOURCE_DIR=/opt/rustwide/workdir" "-e" "CARGO_HOME=/opt/rustwide/cargo-home" "-e" "RUSTUP_HOME=/opt/rustwide/rustup-home" "-e" "CARGO_TARGET_DIR=/opt/rustwide/target" "-w" "/opt/rustwide/workdir" "--user" "0:0" "3b817ff4cdc796c09fb18cbadaf1ac9adbba02e628b80204e482674d4555b27a" "/opt/rustwide/cargo-home/bin/cargo" "+1.99.0-beta.8" "metadata" "--no-deps" "--format-version=1", kill_on_drop: false }`
[INFO] running `Command { std: "docker" "inspect" "3b817ff4cdc796c09fb18cbadaf1ac9adbba02e628b80204e482674d4555b27a", kill_on_drop: false }`
[INFO] running `Command { std: "docker" "exec" "-e" "SOURCE_DIR=/opt/rustwide/workdir" "-e" "CARGO_HOME=/opt/rustwide/cargo-home" "-e" "RUSTUP_HOME=/opt/rustwide/rustup-home" "-e" "CARGO_TARGET_DIR=/opt/rustwide/target" "-e" "CARGO_INCREMENTAL=0" "-e" "RUST_BACKTRACE=full" "-e" "RUSTFLAGS=--cap-lints=warn" "-e" "RUSTDOCFLAGS=--cap-lints=warn" "-w" "/opt/rustwide/workdir" "--user" "0:0" "3b817ff4cdc796c09fb18cbadaf1ac9adbba02e628b80204e482674d4555b27a" "/opt/rustwide/cargo-home/bin/cargo" "+1.99.0-beta.8" "build" "--frozen" "--message-format=json" "--release", kill_on_drop: false }`
[INFO] [stderr]    Compiling syn v2.0.118
[INFO] [stderr]    Compiling libc v0.2.188
[INFO] [stderr]    Compiling crossbeam-utils v0.8.21
[INFO] [stderr]    Compiling futures-io v0.3.32
[INFO] [stderr]    Compiling zerocopy v0.8.52
[INFO] [stderr]    Compiling rustix v1.1.4
[INFO] [stderr]    Compiling memchr v2.8.2
[INFO] [stderr]    Compiling generic-array v0.14.7
[INFO] [stderr]    Compiling syn v3.0.2
[INFO] [stderr]    Compiling num-integer v0.1.46
[INFO] [stderr]    Compiling linux-raw-sys v0.12.1
[INFO] [stderr]    Compiling nix v0.29.0
[INFO] [stderr]    Compiling inout v0.2.2
[INFO] [stderr]    Compiling proc-macro2-diagnostics v0.10.1
[INFO] [stderr]    Compiling yansi v1.0.1
[INFO] [stderr]    Compiling num-complex v0.4.6
[INFO] [stderr]    Compiling ordered-stream v0.2.0
[INFO] [stderr]    Compiling uncased v0.9.10
[INFO] [stderr]    Compiling futures-lite v2.6.1
[INFO] [stderr]    Compiling piper v0.2.5
[INFO] [stderr]    Compiling concurrent-queue v2.5.0
[INFO] [stderr]    Compiling figment v0.10.19
[INFO] [stderr]    Compiling inlinable_string v0.1.15
[INFO] [stderr]    Compiling winnow v1.0.3
[INFO] [stderr]    Compiling num-bigint v0.4.6
[INFO] [stderr]    Compiling event-listener v5.4.1
[INFO] [stderr]    Compiling num-iter v0.1.45
[INFO] [stderr]    Compiling event-listener-strategy v0.5.4
[INFO] [stderr]    Compiling serde_json v1.0.151
[INFO] [stderr]    Compiling async-channel v2.5.0
[INFO] [stderr]    Compiling async-lock v3.4.2
[INFO] [stderr]    Compiling async-broadcast v0.7.2
[INFO] [stderr]    Compiling crypto-common v0.1.7
[INFO] [stderr]    Compiling block-buffer v0.10.4
[INFO] [stderr]    Compiling block-padding v0.3.3
[INFO] [stderr]    Compiling toml_parser v1.1.2+spec-1.1.0
[INFO] [stderr]    Compiling digest v0.10.7
[INFO] [stderr]    Compiling inout v0.1.4
[INFO] [stderr]    Compiling cipher v0.4.4
[INFO] [stderr]    Compiling sha1 v0.10.6
[INFO] [stderr]    Compiling hmac v0.12.1
[INFO] [stderr]    Compiling sha2 v0.10.9
[INFO] [stderr]    Compiling toml v1.1.3+spec-1.1.0
[INFO] [stderr]    Compiling blocking v1.6.2
[INFO] [stderr]    Compiling async-executor v1.14.0
[INFO] [stderr]    Compiling hkdf v0.12.4
[INFO] [stderr]    Compiling aes v0.8.4
[INFO] [stderr]    Compiling cbc v0.1.2
[INFO] [stderr]    Compiling async-fs v2.2.0
[INFO] [stderr]    Compiling getrandom v0.4.3
[INFO] [stderr]    Compiling getrandom v0.2.17
[INFO] [stderr]    Compiling xdg-home v1.3.0
[INFO] [stderr]    Compiling dirs-sys v0.5.0
[INFO] [stderr]    Compiling rand_core v0.6.4
[INFO] [stderr]    Compiling crypto-common v0.2.2
[INFO] [stderr]    Compiling num-rational v0.4.2
[INFO] [stderr]    Compiling uuid v1.24.0
[INFO] [stderr]    Compiling directories v6.0.0
[INFO] [stderr]    Compiling num v0.4.3
[INFO] [stderr]    Compiling async-trait v0.1.91
[INFO] [stderr]    Compiling thiserror-impl v2.0.19
[INFO] [stderr]    Compiling cipher v0.5.2
[INFO] [stderr]    Compiling universal-hash v0.6.1
[INFO] [stderr]    Compiling digest v0.11.3
[INFO] [stderr]    Compiling poly1305 v0.9.0
[INFO] [stderr]    Compiling aead v0.6.1
[INFO] [stderr]    Compiling sha2 v0.11.0
[INFO] [stderr]    Compiling chacha20 v0.10.1
[INFO] [stderr]    Compiling chacha20poly1305 v0.11.0
[INFO] [stderr]    Compiling rand v0.10.2
[INFO] [stderr]    Compiling thiserror v2.0.19
[INFO] [stderr]    Compiling zvariant_utils v2.1.0
[INFO] [stderr]    Compiling serde_derive v1.0.228
[INFO] [stderr]    Compiling enumflags2_derive v0.7.12
[INFO] [stderr]    Compiling tracing-attributes v0.1.31
[INFO] [stderr]    Compiling zvariant_derive v4.2.0
[INFO] [stderr]    Compiling futures-macro v0.3.32
[INFO] [stderr]    Compiling serde_repr v0.1.20
[INFO] [stderr]    Compiling zbus_macros v4.4.0
[INFO] [stderr]    Compiling pear_codegen v0.2.9
[INFO] [stderr]    Compiling ppv-lite86 v0.2.21
[INFO] [stderr]    Compiling pear v0.2.9
[INFO] [stderr]    Compiling rand_chacha v0.3.1
[INFO] [stderr]    Compiling tracing v0.1.44
[INFO] [stderr]    Compiling futures-util v0.3.32
[INFO] [stderr]    Compiling rand v0.8.6
[INFO] [stderr]    Compiling serde v1.0.228
[INFO] [stderr]    Compiling polling v3.11.0
[INFO] [stderr]    Compiling enumflags2 v0.7.12
[INFO] [stderr]    Compiling toml_datetime v0.6.11
[INFO] [stderr]    Compiling serde_spanned v0.6.9
[INFO] [stderr]    Compiling forge-agent-types v2.12.1
[INFO] [stderr]    Compiling async-io v2.6.0
[INFO] [stderr]    Compiling toml_edit v0.22.27
[INFO] [stderr]    Compiling zvariant v4.2.0
[INFO] [stderr]    Compiling forge-agent-skills v2.12.1
[INFO] [stderr]    Compiling toml v0.8.23
[INFO] [stderr]    Compiling zbus_names v3.0.0
[INFO] [stderr]    Compiling zbus v4.4.0
[INFO] [stderr]    Compiling secret-service v4.0.0
[INFO] [stderr]    Compiling keyring v3.6.3
[INFO] [stderr]    Compiling forge-agent-config v2.12.1 (/opt/rustwide/workdir)
[INFO] [stderr]     Finished `release` profile [optimized] target(s) in 2m 21s
[INFO] running `Command { std: "docker" "inspect" "3b817ff4cdc796c09fb18cbadaf1ac9adbba02e628b80204e482674d4555b27a", kill_on_drop: false }`
[INFO] running `Command { std: "docker" "exec" "-e" "SOURCE_DIR=/opt/rustwide/workdir" "-e" "CARGO_HOME=/opt/rustwide/cargo-home" "-e" "RUSTUP_HOME=/opt/rustwide/rustup-home" "-e" "CARGO_TARGET_DIR=/opt/rustwide/target" "-e" "CARGO_INCREMENTAL=0" "-e" "RUST_BACKTRACE=full" "-e" "RUSTFLAGS=--cap-lints=warn" "-e" "RUSTDOCFLAGS=--cap-lints=warn" "-w" "/opt/rustwide/workdir" "--user" "0:0" "3b817ff4cdc796c09fb18cbadaf1ac9adbba02e628b80204e482674d4555b27a" "/opt/rustwide/cargo-home/bin/cargo" "+1.99.0-beta.8" "test" "--frozen" "--no-run" "--message-format=json" "--release", kill_on_drop: false }`
[INFO] [stderr]    Compiling rustix v1.1.4
[INFO] [stderr]    Compiling polling v3.11.0
[INFO] [stderr]    Compiling tempfile v3.27.0
[INFO] [stderr]    Compiling async-io v2.6.0
[INFO] [stderr]    Compiling zbus v4.4.0
[INFO] [stderr]    Compiling secret-service v4.0.0
[INFO] [stderr]    Compiling keyring v3.6.3
[INFO] [stderr]    Compiling forge-agent-config v2.12.1 (/opt/rustwide/workdir)
[INFO] [stderr]     Finished `release` profile [optimized] target(s) in 1m 49s
[INFO] running `Command { std: "docker" "inspect" "3b817ff4cdc796c09fb18cbadaf1ac9adbba02e628b80204e482674d4555b27a", kill_on_drop: false }`
[INFO] running `Command { std: "docker" "exec" "-e" "SOURCE_DIR=/opt/rustwide/workdir" "-e" "CARGO_HOME=/opt/rustwide/cargo-home" "-e" "RUSTUP_HOME=/opt/rustwide/rustup-home" "-e" "CARGO_TARGET_DIR=/opt/rustwide/target" "-e" "CARGO_INCREMENTAL=0" "-e" "RUST_BACKTRACE=full" "-e" "RUSTFLAGS=--cap-lints=warn" "-e" "RUSTDOCFLAGS=--cap-lints=warn" "-w" "/opt/rustwide/workdir" "--user" "0:0" "3b817ff4cdc796c09fb18cbadaf1ac9adbba02e628b80204e482674d4555b27a" "/opt/rustwide/cargo-home/bin/cargo" "+1.99.0-beta.8" "test" "--frozen" "--release", kill_on_drop: false }`
[INFO] [stderr]     Finished `release` profile [optimized] target(s) in 0.22s
[INFO] [stderr]      Running unittests src/lib.rs (/opt/rustwide/target/release/deps/forge_config-19674bc5fc960287)
[INFO] [stdout] 
[INFO] [stdout] running 121 tests
[INFO] [stdout] test agents::tests::no_front_matter_is_none ... ok
[INFO] [stdout] test mcp::tests::stdio_server_with_two_secret_envs_imports_both_into_the_keyring ... ok
[INFO] [stdout] test mcp::tests::token_resolves_from_env_first ... ok
[INFO] [stdout] test mcp::tests::duplicate_server_names_rejected ... ok
[INFO] [stdout] test mcp::tests::import_captures_custom_header_vs_bearer ... ok
[INFO] [stdout] test oauth::tests::account_pool_from_store_seeds_cursor_at_active ... ok
[INFO] [stdout] test mcp::tests::allowlist_empty_allows_all_declared ... ok
[INFO] [stdout] test mcp::tests::discovers_sources_across_clis ... ok
[INFO] [stdout] test mcp::tests::import_mcp_json_translates_and_protects_secrets ... ok
[INFO] [stdout] test mcp::tests::allowlist_restricts_when_set ... ok
[INFO] [stdout] test oauth::tests::generated_pkce_is_url_safe_and_verifiable ... ok
[INFO] [stdout] test oauth::tests::pkce_challenge_matches_rfc7636_vector ... ok
[INFO] [stdout] test oauth::tests::account_pool_round_robins_and_skips_single_account ... ok
[INFO] [stdout] test oauth::tests::set_tokens_updates_only_the_named_account ... ok
[INFO] [stdout] test agents::tests::omitted_fields_default_sensibly ... ok
[INFO] [stdout] test oauth::tests::auth_server_metadata_parses_with_optional_registration ... ok
[INFO] [stdout] test oauth::tests::next_default_id_finds_first_free_slot ... ok
[INFO] [stdout] test oauth::tests::protected_resource_metadata_parses ... ok
[INFO] [stdout] test mcp::tests::codex_toml_servers_parse_and_infer_transport ... ok
[INFO] [stdout] test mcp::tests::parses_mcp_toml_section ... ok
[INFO] [stdout] test oauth::tests::authorize_url_appends_with_amp_when_endpoint_has_query ... ok
[INFO] [stdout] test oauth::tests::add_list_switch_remove_round_trip_with_active_promotion ... ok
[INFO] [stdout] test mcp::tests::explicitly_marked_secret_is_protected_regardless_of_name ... ok
[INFO] [stdout] test oauth::tests::authorize_url_has_required_params_and_encodes ... ok
[INFO] [stdout] test oauth::tests::tokens_round_trip_json_and_expiry_logic ... ok
[INFO] [stdout] test provider_oauth::tests::keyring_key_is_namespaced ... ok
[INFO] [stdout] test oauth::tests::v1_bare_tokens_blob_migrates_to_a_single_default_account ... ok
[INFO] [stdout] test oauth::tests::v2_store_round_trips_without_migration ... ok
[INFO] [stdout] test provider_oauth::tests::codex_keyring_key_is_namespaced ... ok
[INFO] [stdout] test provider_oauth::tests::codex_token_response_builds_tokens ... ok
[INFO] [stdout] test provider_oauth::tests::extracts_chatgpt_plan_type_from_access_token ... ok
[INFO] [stdout] test provider_oauth::tests::extracts_email_claim_from_id_token_payload ... ok
[INFO] [stdout] test provider_oauth::tests::malformed_id_token_returns_none_not_a_panic ... ok
[INFO] [stdout] test provider_oauth::tests::device_code_response_parses_with_and_without_optionals ... ok
[INFO] [stdout] test provider_oauth::tests::extracts_chatgpt_account_id_from_access_token ... ok
[INFO] [stdout] test provider_oauth::tests::id_token_without_email_claim_returns_none ... ok
[INFO] [stdout] test provider_oauth::tests::malformed_token_returns_none_for_plan_type ... ok
[INFO] [stdout] test provider_oauth::tests::missing_plan_claim_returns_none ... ok
[INFO] [stdout] test provider_oauth::tests::poll_failure_with_unknown_error_is_an_error ... ok
[INFO] [stdout] test provider_oauth::tests::poll_outcome_pending_and_slow_down ... ok
[INFO] [stdout] test provider_oauth::tests::tokens_round_trip_and_expiry_reuses_oauth_shape ... ok
[INFO] [stdout] test secret_store::tests::tripwire_allows_shipped_and_cargo_run_binaries ... ok
[INFO] [stdout] test provider_oauth::tests::poll_outcome_terminal_denied_and_expired ... ok
[INFO] [stdout] test provider_oauth::tests::poll_success_builds_tokens_with_absolute_expiry ... ok
[INFO] [stdout] test tests::azure_config_requires_resource_or_endpoint ... ok
[INFO] [stdout] test tests::add_azure_provider_round_trips_through_config ... ok
[INFO] [stdout] test tests::add_and_remove_custom_provider_round_trips_through_config ... ok
[INFO] [stdout] test agents::tests::parses_full_front_matter_and_body ... ok
[INFO] [stdout] test provider_oauth::tests::provider_account_helpers_add_list_switch_remove ... ok
[INFO] [stdout] test secret_store::tests::tripwire_detects_cargo_test_deps_paths ... ok
[INFO] [stdout] test oauth::tests::keyring_key_is_namespaced ... ok
[INFO] [stdout] test oauth::tests::set_active_tokens_updates_only_the_active_account ... ok
[INFO] [stdout] test tests::append_allow_rule_creates_valid_toml_entry ... ok
[INFO] [stdout] test tests::azure_is_no_longer_in_the_unwired_list ... ok
[INFO] [stdout] test tests::azure_config_resolves_resource_and_builds_deployment_url ... ok
[INFO] [stdout] test tests::azure_explicit_endpoint_overrides_resource_and_strips_trailing_slash ... ok
[INFO] [stdout] test mcp::tests::keyring_round_trip_store_resolve_delete ... FAILED
[INFO] [stdout] test tests::api_keys_reads_numbered_and_comma_separated_env_vars ... FAILED
[INFO] [stdout] test tests::api_key_prefers_the_environment ... FAILED
[INFO] [stdout] test tests::build_custom_registry_merges_builtins_with_runtime_and_drops_collisions ... ok
[INFO] [stdout] test tests::builtin_denies_block_secret_writes_and_deletes ... ok
[INFO] [stdout] test tests::cc_hooks_parse_from_settings_json_and_match_by_alias ... ok
[INFO] [stdout] test tests::coerce_respects_existing_type ... ok
[INFO] [stdout] test tests::config_accepts_voice_block ... ok
[INFO] [stdout] test tests::config_default_includes_statusline ... ok
[INFO] [stdout] test tests::builtin_denies_present_with_empty_config ... ok
[INFO] [stdout] test tests::bridge_external_mcp_is_on_by_default_and_toml_can_disable_it ... ok
[INFO] [stdout] test tests::claude_aliases_cover_every_imported_permission_tool ... ok
[INFO] [stdout] test secret_store::tests::bounded_call_returns_prompt_results_and_times_out_stalls ... ok
[INFO] [stdout] test tests::config_leaves_discovers_scalars_and_skips_complex_sections ... ok
[INFO] [stdout] test tests::default_tiers_lead_with_free_models ... ok
[INFO] [stdout] test tests::disabled_matches_exact_id_and_provider_prefix ... ok
[INFO] [stdout] test tests::defaults_have_a_model_per_tier ... ok
[INFO] [stdout] test tests::custom_provider_config_parses_normalizes_and_keyless ... ok
[INFO] [stdout] test tests::custom_provider_config_rejects_bad_namespace_and_url ... ok
[INFO] [stdout] test tests::fingerprints_mask_to_last_four_chars ... FAILED
[INFO] [stdout] test tests::completeness_verification_defaults_to_on ... ok
[INFO] [stdout] test tests::hooks_parse_from_toml ... ok
[INFO] [stdout] test tests::config_accepts_anonymous_telemetry_opt_out ... ok
[INFO] [stdout] test tests::config_accepts_suggest_block ... ok
[INFO] [stdout] test tests::classifier_defaults_are_fixed_and_activity_focus_is_documented ... ok
[INFO] [stdout] test tests::hook_matcher_filters_by_tool_name ... ok
[INFO] [stdout] test tests::legacy_ctrl_k_skip_binding_moves_to_shifted_chord ... ok
[INFO] [stdout] test tests::config_accepts_project_auto_initialize_block ... ok
[INFO] [stdout] test tests::config_accepts_remote_block ... ok
[INFO] [stdout] test tests::openrouter_accepts_the_conventional_env_var_alias ... FAILED
[INFO] [stdout] test tests::output_is_uncapped_by_default_and_credit_mode_never_changes_it ... ok
[INFO] [stdout] test tests::keybinds_default_has_all_actions ... ok
[INFO] [stdout] test tests::keyless_custom_provider_is_not_key_blocked ... ok
[INFO] [stdout] test tests::priority_orders_important_settings_first ... ok
[INFO] [stdout] test tests::env_var_mapping_covers_all_key_providers ... ok
[INFO] [stdout] test tests::custom_providers_are_known_and_seed_models ... ok
[INFO] [stdout] test tests::bedrock_and_vertex_are_native_keyed_providers ... ok
[INFO] [stdout] test tests::project_initialization_detects_guidance_agents_and_skills ... ok
[INFO] [stdout] test tests::known_key_providers_lists_the_new_providers ... ok
[INFO] [stdout] test tests::free_providers_map_to_genai_env_vars ... ok
[INFO] [stdout] test tests::missing_key_error_names_the_env_var_and_auth_command ... FAILED
[INFO] [stdout] test tests::local_providers_need_no_key ... FAILED
[INFO] [stdout] test tests::partial_keybind_override_deep_merges_over_defaults ... ok
[INFO] [stdout] test tests::non_chat_models_are_detected_but_chat_models_kept ... ok
[INFO] [stdout] test tests::remote_config_defaults_to_off ... ok
[INFO] [stdout] test tests::remote_config_parses_host_override ... ok
[INFO] [stdout] test tests::remote_config_parses_project_browse_roots ... ok
[INFO] [stdout] test tests::provider_for_env_var_reverses_the_mapping ... ok
[INFO] [stdout] test tests::remote_config_tunnel_fields_default_to_absent ... ok
[INFO] [stdout] test tests::statusline_custom_widget_shell_field_roundtrips_toml ... ok
[INFO] [stdout] test tests::voice_config_defaults ... ok
[INFO] [stdout] test tests::together_fireworks_perplexity_rows_resolve ... ok
[INFO] [stdout] test tests::voice_config_parses_overrides ... ok
[INFO] [stdout] test tests::set_and_remove_dotted_paths ... ok
[INFO] [stdout] test tests::statusline_config_default_layout ... ok
[INFO] [stdout] test tests::remote_config_parses_auto_exposure ... ok
[INFO] [stdout] test tests::remote_config_parses_fixed_tunnel_fields ... ok
[INFO] [stdout] test tests::self_review_is_off_by_default ... ok
[INFO] [stdout] test tests::rules_parse_from_toml_and_layer_over_builtins ... ok
[INFO] [stdout] test tests::write_subscriptions_sets_the_section_and_preserves_other_keys ... ok
[INFO] [stdout] test tests::architect_mode_stays_off_when_config_omits_it ... ok
[INFO] [stdout] test tests::azure_config_block_parses_from_toml ... ok
[INFO] [stderr] error: test failed, to rerun pass `--lib`
[INFO] [stdout] test tests::statusline_config_roundtrips_toml ... ok
[INFO] [stdout] test tests::statusline_custom_widget_shell_defaults_when_omitted ... ok
[INFO] [stdout] test tests::unknown_tier_falls_back_to_standard ... ok
[INFO] [stdout] 
[INFO] [stdout] failures:
[INFO] [stdout] 
[INFO] [stdout] ---- mcp::tests::keyring_round_trip_store_resolve_delete stdout ----
[INFO] [stdout] 
[INFO] [stdout] thread 'mcp::tests::keyring_round_trip_store_resolve_delete' (2190) panicked at src/secret_store.rs:202:9:
[INFO] [stdout] tests must not touch real secrets (secret_store) — enable the test-secrets feature; set FORGE_ALLOW_REAL_SECRETS=1 only if you truly mean it
[INFO] [stdout] stack backtrace:
[INFO] [stdout]    0:     0x6384513b9a11 - <<std[70759c8f55707aa4]::sys::backtrace::BacktraceLock>::print::DisplayBacktrace as core[df12db4294e9bfd3]::fmt::Display>::fmt
[INFO] [stdout]    1:     0x6384513d1dea - core[df12db4294e9bfd3]::fmt::write
[INFO] [stdout]    2:     0x6384513bea7c - <alloc[2182bb758b4b3781]::vec::Vec<u8> as core[df12db4294e9bfd3]::io::write::Write>::write_fmt
[INFO] [stdout]    3:     0x638451392166 - std[70759c8f55707aa4]::panicking::default_hook::{closure#0}
[INFO] [stdout]    4:     0x6384513aff69 - std[70759c8f55707aa4]::panicking::default_hook
[INFO] [stdout]    5:     0x6384512eebe0 - test[9d35eded1c95d3be]::test_main_inner::<test[9d35eded1c95d3be]::test_main_static::{closure#0}>::{closure#0}
[INFO] [stdout]    6:     0x6384513b0292 - std[70759c8f55707aa4]::panicking::panic_with_hook
[INFO] [stdout]    7:     0x638451392212 - std[70759c8f55707aa4]::panicking::panic_handler::{closure#0}
[INFO] [stdout]    8:     0x63845138a949 - std[70759c8f55707aa4]::sys::backtrace::__rust_end_short_backtrace::<std[70759c8f55707aa4]::panicking::panic_handler::{closure#0}, !>
[INFO] [stdout]    9:     0x63845139321d - __rustc[8fa7c3cbc660c2b3]::rust_begin_unwind
[INFO] [stdout]   10:     0x6384513d258c - core[df12db4294e9bfd3]::panicking::panic_fmt
[INFO] [stdout]   11:     0x638450fb3955 - forge_config[36b1b6c21d6c6810]::secret_store::refuse_if_test_binary
[INFO] [stdout]   12:     0x638450fb42ee - forge_config[36b1b6c21d6c6810]::secret_store::set
[INFO] [stdout]   13:     0x638451024e82 - forge_config[36b1b6c21d6c6810]::mcp::tests::keyring_round_trip_store_resolve_delete
[INFO] [stdout]   14:     0x638450f10c59 - <forge_config[36b1b6c21d6c6810]::mcp::tests::keyring_round_trip_store_resolve_delete::{closure#0} as core[df12db4294e9bfd3]::ops::function::FnOnce<()>>::call_once
[INFO] [stdout]   15:     0x6384512e1ecb - test[9d35eded1c95d3be]::__rust_begin_short_backtrace::<core[df12db4294e9bfd3]::result::Result<(), alloc[2182bb758b4b3781]::string::String>, fn() -> core[df12db4294e9bfd3]::result::Result<(), alloc[2182bb758b4b3781]::string::String>>
[INFO] [stdout]   16:     0x6384512ef535 - test[9d35eded1c95d3be]::run_test::{closure#0}
[INFO] [stdout]   17:     0x6384512e8df4 - std[70759c8f55707aa4]::sys::backtrace::__rust_begin_short_backtrace::<test[9d35eded1c95d3be]::run_test::{closure#1}, ()>
[INFO] [stdout]   18:     0x6384512f2692 - <std[70759c8f55707aa4]::thread::lifecycle::spawn_unchecked<test[9d35eded1c95d3be]::run_test::{closure#1}, ()>::{closure#1} as core[df12db4294e9bfd3]::ops::function::FnOnce<()>>::call_once::{shim:vtable#0}
[INFO] [stdout]   19:     0x6384513b8289 - <std[70759c8f55707aa4]::sys::thread::unix::Thread>::new::thread_start
[INFO] [stdout]   20:     0x73b283049dfa - <unknown>
[INFO] [stdout]   21:     0x73b2830dd3d4 - clone
[INFO] [stdout]   22:                0x0 - <unknown>
[INFO] [stdout] 
[INFO] [stdout] ---- tests::api_keys_reads_numbered_and_comma_separated_env_vars stdout ----
[INFO] [stdout] 
[INFO] [stdout] thread 'tests::api_keys_reads_numbered_and_comma_separated_env_vars' (2233) panicked at src/secret_store.rs:202:9:
[INFO] [stdout] tests must not touch real secrets (secret_store) — enable the test-secrets feature; set FORGE_ALLOW_REAL_SECRETS=1 only if you truly mean it
[INFO] [stdout] stack backtrace:
[INFO] [stdout]    0:     0x6384513b9a11 - <<std[70759c8f55707aa4]::sys::backtrace::BacktraceLock>::print::DisplayBacktrace as core[df12db4294e9bfd3]::fmt::Display>::fmt
[INFO] [stdout]    1:     0x6384513d1dea - core[df12db4294e9bfd3]::fmt::write
[INFO] [stdout]    2:     0x6384513bea7c - <alloc[2182bb758b4b3781]::vec::Vec<u8> as core[df12db4294e9bfd3]::io::write::Write>::write_fmt
[INFO] [stdout]    3:     0x638451392166 - std[70759c8f55707aa4]::panicking::default_hook::{closure#0}
[INFO] [stdout]    4:     0x6384513aff69 - std[70759c8f55707aa4]::panicking::default_hook
[INFO] [stdout]    5:     0x6384512eebe0 - test[9d35eded1c95d3be]::test_main_inner::<test[9d35eded1c95d3be]::test_main_static::{closure#0}>::{closure#0}
[INFO] [stdout]    6:     0x6384513b0292 - std[70759c8f55707aa4]::panicking::panic_with_hook
[INFO] [stdout]    7:     0x638451392212 - std[70759c8f55707aa4]::panicking::panic_handler::{closure#0}
[INFO] [stdout]    8:     0x63845138a949 - std[70759c8f55707aa4]::sys::backtrace::__rust_end_short_backtrace::<std[70759c8f55707aa4]::panicking::panic_handler::{closure#0}, !>
[INFO] [stdout]    9:     0x63845139321d - __rustc[8fa7c3cbc660c2b3]::rust_begin_unwind
[INFO] [stdout]   10:     0x6384513d258c - core[df12db4294e9bfd3]::panicking::panic_fmt
[INFO] [stdout]   11:     0x638450fb3955 - forge_config[36b1b6c21d6c6810]::secret_store::refuse_if_test_binary
[INFO] [stdout]   12:     0x638450fb3a78 - forge_config[36b1b6c21d6c6810]::secret_store::get
[INFO] [stdout]   13:     0x638450f0983e - forge_config[36b1b6c21d6c6810]::api_keys
[INFO] [stdout]   14:     0x638450fe41c5 - forge_config[36b1b6c21d6c6810]::tests::api_keys_reads_numbered_and_comma_separated_env_vars
[INFO] [stdout]   15:     0x638450f10539 - <forge_config[36b1b6c21d6c6810]::tests::api_keys_reads_numbered_and_comma_separated_env_vars::{closure#0} as core[df12db4294e9bfd3]::ops::function::FnOnce<()>>::call_once
[INFO] [stdout]   16:     0x6384512e1ecb - test[9d35eded1c95d3be]::__rust_begin_short_backtrace::<core[df12db4294e9bfd3]::result::Result<(), alloc[2182bb758b4b3781]::string::String>, fn() -> core[df12db4294e9bfd3]::result::Result<(), alloc[2182bb758b4b3781]::string::String>>
[INFO] [stdout]   17:     0x6384512ef535 - test[9d35eded1c95d3be]::run_test::{closure#0}
[INFO] [stdout]   18:     0x6384512e8df4 - std[70759c8f55707aa4]::sys::backtrace::__rust_begin_short_backtrace::<test[9d35eded1c95d3be]::run_test::{closure#1}, ()>
[INFO] [stdout]   19:     0x6384512f2692 - <std[70759c8f55707aa4]::thread::lifecycle::spawn_unchecked<test[9d35eded1c95d3be]::run_test::{closure#1}, ()>::{closure#1} as core[df12db4294e9bfd3]::ops::function::FnOnce<()>>::call_once::{shim:vtable#0}
[INFO] [stdout]   20:     0x6384513b8289 - <std[70759c8f55707aa4]::sys::thread::unix::Thread>::new::thread_start
[INFO] [stdout]   21:     0x73b283049dfa - <unknown>
[INFO] [stdout]   22:     0x73b2830dd3d4 - clone
[INFO] [stdout]   23:                0x0 - <unknown>
[INFO] [stdout] 
[INFO] [stdout] ---- tests::api_key_prefers_the_environment stdout ----
[INFO] [stdout] 
[INFO] [stdout] thread 'tests::api_key_prefers_the_environment' (2232) panicked at src/secret_store.rs:202:9:
[INFO] [stdout] tests must not touch real secrets (secret_store) — enable the test-secrets feature; set FORGE_ALLOW_REAL_SECRETS=1 only if you truly mean it
[INFO] [stdout] stack backtrace:
[INFO] [stdout]    0:     0x6384513b9a11 - <<std[70759c8f55707aa4]::sys::backtrace::BacktraceLock>::print::DisplayBacktrace as core[df12db4294e9bfd3]::fmt::Display>::fmt
[INFO] [stdout]    1:     0x6384513d1dea - core[df12db4294e9bfd3]::fmt::write
[INFO] [stdout]    2:     0x6384513bea7c - <alloc[2182bb758b4b3781]::vec::Vec<u8> as core[df12db4294e9bfd3]::io::write::Write>::write_fmt
[INFO] [stdout]    3:     0x638451392166 - std[70759c8f55707aa4]::panicking::default_hook::{closure#0}
[INFO] [stdout]    4:     0x6384513aff69 - std[70759c8f55707aa4]::panicking::default_hook
[INFO] [stdout]    5:     0x6384512eebe0 - test[9d35eded1c95d3be]::test_main_inner::<test[9d35eded1c95d3be]::test_main_static::{closure#0}>::{closure#0}
[INFO] [stdout]    6:     0x6384513b0292 - std[70759c8f55707aa4]::panicking::panic_with_hook
[INFO] [stdout]    7:     0x638451392212 - std[70759c8f55707aa4]::panicking::panic_handler::{closure#0}
[INFO] [stdout]    8:     0x63845138a949 - std[70759c8f55707aa4]::sys::backtrace::__rust_end_short_backtrace::<std[70759c8f55707aa4]::panicking::panic_handler::{closure#0}, !>
[INFO] [stdout]    9:     0x63845139321d - __rustc[8fa7c3cbc660c2b3]::rust_begin_unwind
[INFO] [stdout]   10:     0x6384513d258c - core[df12db4294e9bfd3]::panicking::panic_fmt
[INFO] [stdout]   11:     0x638450fb3955 - forge_config[36b1b6c21d6c6810]::secret_store::refuse_if_test_binary
[INFO] [stdout]   12:     0x638450fb3a78 - forge_config[36b1b6c21d6c6810]::secret_store::get
[INFO] [stdout]   13:     0x638450f0983e - forge_config[36b1b6c21d6c6810]::api_keys
[INFO] [stdout]   14:     0x638450f09211 - forge_config[36b1b6c21d6c6810]::api_key
[INFO] [stdout]   15:     0x638450fd8950 - forge_config[36b1b6c21d6c6810]::tests::api_key_prefers_the_environment
[INFO] [stdout]   16:     0x638450f10009 - <forge_config[36b1b6c21d6c6810]::tests::api_key_prefers_the_environment::{closure#0} as core[df12db4294e9bfd3]::ops::function::FnOnce<()>>::call_once
[INFO] [stdout]   17:     0x6384512e1ecb - test[9d35eded1c95d3be]::__rust_begin_short_backtrace::<core[df12db4294e9bfd3]::result::Result<(), alloc[2182bb758b4b3781]::string::String>, fn() -> core[df12db4294e9bfd3]::result::Result<(), alloc[2182bb758b4b3781]::string::String>>
[INFO] [stdout]   18:     0x6384512ef535 - test[9d35eded1c95d3be]::run_test::{closure#0}
[INFO] [stdout]   19:     0x6384512e8df4 - std[70759c8f55707aa4]::sys::backtrace::__rust_begin_short_backtrace::<test[9d35eded1c95d3be]::run_test::{closure#1}, ()>
[INFO] [stdout]   20:     0x6384512f2692 - <std[70759c8f55707aa4]::thread::lifecycle::spawn_unchecked<test[9d35eded1c95d3be]::run_test::{closure#1}, ()>::{closure#1} as core[df12db4294e9bfd3]::ops::function::FnOnce<()>>::call_once::{shim:vtable#0}
[INFO] [stdout]   21:     0x6384513b8289 - <std[70759c8f55707aa4]::sys::thread::unix::Thread>::new::thread_start
[INFO] [stdout]   22:     0x73b283049dfa - <unknown>
[INFO] [stdout]   23:     0x73b2830dd3d4 - clone
[INFO] [stdout]   24:                0x0 - <unknown>
[INFO] [stdout] 
[INFO] [stdout] ---- tests::fingerprints_mask_to_last_four_chars stdout ----
[INFO] [stdout] 
[INFO] [stdout] thread 'tests::fingerprints_mask_to_last_four_chars' (2267) panicked at src/secret_store.rs:202:9:
[INFO] [stdout] tests must not touch real secrets (secret_store) — enable the test-secrets feature; set FORGE_ALLOW_REAL_SECRETS=1 only if you truly mean it
[INFO] [stdout] stack backtrace:
[INFO] [stdout]    0:     0x6384513b9a11 - <<std[70759c8f55707aa4]::sys::backtrace::BacktraceLock>::print::DisplayBacktrace as core[df12db4294e9bfd3]::fmt::Display>::fmt
[INFO] [stdout]    1:     0x6384513d1dea - core[df12db4294e9bfd3]::fmt::write
[INFO] [stdout]    2:     0x6384513bea7c - <alloc[2182bb758b4b3781]::vec::Vec<u8> as core[df12db4294e9bfd3]::io::write::Write>::write_fmt
[INFO] [stdout]    3:     0x638451392166 - std[70759c8f55707aa4]::panicking::default_hook::{closure#0}
[INFO] [stdout]    4:     0x6384513aff69 - std[70759c8f55707aa4]::panicking::default_hook
[INFO] [stdout]    5:     0x6384512eebe0 - test[9d35eded1c95d3be]::test_main_inner::<test[9d35eded1c95d3be]::test_main_static::{closure#0}>::{closure#0}
[INFO] [stdout]    6:     0x6384513b0292 - std[70759c8f55707aa4]::panicking::panic_with_hook
[INFO] [stdout]    7:     0x638451392212 - std[70759c8f55707aa4]::panicking::panic_handler::{closure#0}
[INFO] [stdout]    8:     0x63845138a949 - std[70759c8f55707aa4]::sys::backtrace::__rust_end_short_backtrace::<std[70759c8f55707aa4]::panicking::panic_handler::{closure#0}, !>
[INFO] [stdout]    9:     0x63845139321d - __rustc[8fa7c3cbc660c2b3]::rust_begin_unwind
[INFO] [stdout]   10:     0x6384513d258c - core[df12db4294e9bfd3]::panicking::panic_fmt
[INFO] [stdout]   11:     0x638450fb3955 - forge_config[36b1b6c21d6c6810]::secret_store::refuse_if_test_binary
[INFO] [stdout]   12:     0x638450fb3a78 - forge_config[36b1b6c21d6c6810]::secret_store::get
[INFO] [stdout]   13:     0x638450f0983e - forge_config[36b1b6c21d6c6810]::api_keys
[INFO] [stdout]   14:     0x638450f06cca - forge_config[36b1b6c21d6c6810]::api_key_fingerprints
[INFO] [stdout]   15:     0x638450fdbd9c - forge_config[36b1b6c21d6c6810]::tests::fingerprints_mask_to_last_four_chars
[INFO] [stdout]   16:     0x638450f10169 - <forge_config[36b1b6c21d6c6810]::tests::fingerprints_mask_to_last_four_chars::{closure#0} as core[df12db4294e9bfd3]::ops::function::FnOnce<()>>::call_once
[INFO] [stdout]   17:     0x6384512e1ecb - test[9d35eded1c95d3be]::__rust_begin_short_backtrace::<core[df12db4294e9bfd3]::result::Result<(), alloc[2182bb758b4b3781]::string::String>, fn() -> core[df12db4294e9bfd3]::result::Result<(), alloc[2182bb758b4b3781]::string::String>>
[INFO] [stdout]   18:     0x6384512ef535 - test[9d35eded1c95d3be]::run_test::{closure#0}
[INFO] [stdout]   19:     0x6384512e8df4 - std[70759c8f55707aa4]::sys::backtrace::__rust_begin_short_backtrace::<test[9d35eded1c95d3be]::run_test::{closure#1}, ()>
[INFO] [stdout]   20:     0x6384512f2692 - <std[70759c8f55707aa4]::thread::lifecycle::spawn_unchecked<test[9d35eded1c95d3be]::run_test::{closure#1}, ()>::{closure#1} as core[df12db4294e9bfd3]::ops::function::FnOnce<()>>::call_once::{shim:vtable#0}
[INFO] [stdout]   21:     0x6384513b8289 - <std[70759c8f55707aa4]::sys::thread::unix::Thread>::new::thread_start
[INFO] [stdout]   22:     0x73b283049dfa - <unknown>
[INFO] [stdout]   23:     0x73b2830dd3d4 - clone
[INFO] [stdout]   24:                0x0 - <unknown>
[INFO] [stdout] 
[INFO] [stdout] ---- tests::openrouter_accepts_the_conventional_env_var_alias stdout ----
[INFO] [stdout] 
[INFO] [stdout] thread 'tests::openrouter_accepts_the_conventional_env_var_alias' (2278) panicked at src/secret_store.rs:202:9:
[INFO] [stdout] tests must not touch real secrets (secret_store) — enable the test-secrets feature; set FORGE_ALLOW_REAL_SECRETS=1 only if you truly mean it
[INFO] [stdout] stack backtrace:
[INFO] [stdout]    0:     0x6384513b9a11 - <<std[70759c8f55707aa4]::sys::backtrace::BacktraceLock>::print::DisplayBacktrace as core[df12db4294e9bfd3]::fmt::Display>::fmt
[INFO] [stdout]    1:     0x6384513d1dea - core[df12db4294e9bfd3]::fmt::write
[INFO] [stdout]    2:     0x6384513bea7c - <alloc[2182bb758b4b3781]::vec::Vec<u8> as core[df12db4294e9bfd3]::io::write::Write>::write_fmt
[INFO] [stdout]    3:     0x638451392166 - std[70759c8f55707aa4]::panicking::default_hook::{closure#0}
[INFO] [stdout]    4:     0x6384513aff69 - std[70759c8f55707aa4]::panicking::default_hook
[INFO] [stdout]    5:     0x6384512eebe0 - test[9d35eded1c95d3be]::test_main_inner::<test[9d35eded1c95d3be]::test_main_static::{closure#0}>::{closure#0}
[INFO] [stdout]    6:     0x6384513b0292 - std[70759c8f55707aa4]::panicking::panic_with_hook
[INFO] [stdout]    7:     0x638451392212 - std[70759c8f55707aa4]::panicking::panic_handler::{closure#0}
[INFO] [stdout]    8:     0x63845138a949 - std[70759c8f55707aa4]::sys::backtrace::__rust_end_short_backtrace::<std[70759c8f55707aa4]::panicking::panic_handler::{closure#0}, !>
[INFO] [stdout]    9:     0x63845139321d - __rustc[8fa7c3cbc660c2b3]::rust_begin_unwind
[INFO] [stdout]   10:     0x6384513d258c - core[df12db4294e9bfd3]::panicking::panic_fmt
[INFO] [stdout]   11:     0x638450fb3955 - forge_config[36b1b6c21d6c6810]::secret_store::refuse_if_test_binary
[INFO] [stdout]   12:     0x638450fb3a78 - forge_config[36b1b6c21d6c6810]::secret_store::get
[INFO] [stdout]   13:     0x638450f0983e - forge_config[36b1b6c21d6c6810]::api_keys
[INFO] [stdout]   14:     0x638450f09211 - forge_config[36b1b6c21d6c6810]::api_key
[INFO] [stdout]   15:     0x638450fe2e8a - forge_config[36b1b6c21d6c6810]::tests::openrouter_accepts_the_conventional_env_var_alias
[INFO] [stdout]   16:     0x638450f104d9 - <forge_config[36b1b6c21d6c6810]::tests::openrouter_accepts_the_conventional_env_var_alias::{closure#0} as core[df12db4294e9bfd3]::ops::function::FnOnce<()>>::call_once
[INFO] [stdout]   17:     0x6384512e1ecb - test[9d35eded1c95d3be]::__rust_begin_short_backtrace::<core[df12db4294e9bfd3]::result::Result<(), alloc[2182bb758b4b3781]::string::String>, fn() -> core[df12db4294e9bfd3]::result::Result<(), alloc[2182bb758b4b3781]::string::String>>
[INFO] [stdout]   18:     0x6384512ef535 - test[9d35eded1c95d3be]::run_test::{closure#0}
[INFO] [stdout]   19:     0x6384512e8df4 - std[70759c8f55707aa4]::sys::backtrace::__rust_begin_short_backtrace::<test[9d35eded1c95d3be]::run_test::{closure#1}, ()>
[INFO] [stdout]   20:     0x6384512f2692 - <std[70759c8f55707aa4]::thread::lifecycle::spawn_unchecked<test[9d35eded1c95d3be]::run_test::{closure#1}, ()>::{closure#1} as core[df12db4294e9bfd3]::ops::function::FnOnce<()>>::call_once::{shim:vtable#0}
[INFO] [stdout]   21:     0x6384513b8289 - <std[70759c8f55707aa4]::sys::thread::unix::Thread>::new::thread_start
[INFO] [stdout]   22:     0x73b283049dfa - <unknown>
[INFO] [stdout]   23:     0x73b2830dd3d4 - clone
[INFO] [stdout]   24:                0x0 - <unknown>
[INFO] [stdout] 
[INFO] [stdout] ---- tests::missing_key_error_names_the_env_var_and_auth_command stdout ----
[INFO] [stdout] 
[INFO] [stdout] thread 'tests::missing_key_error_names_the_env_var_and_auth_command' (2276) panicked at src/secret_store.rs:202:9:
[INFO] [stdout] tests must not touch real secrets (secret_store) — enable the test-secrets feature; set FORGE_ALLOW_REAL_SECRETS=1 only if you truly mean it
[INFO] [stdout] stack backtrace:
[INFO] [stdout]    0:     0x6384513b9a11 - <<std[70759c8f55707aa4]::sys::backtrace::BacktraceLock>::print::DisplayBacktrace as core[df12db4294e9bfd3]::fmt::Display>::fmt
[INFO] [stdout]    1:     0x6384513d1dea - core[df12db4294e9bfd3]::fmt::write
[INFO] [stdout]    2:     0x6384513bea7c - <alloc[2182bb758b4b3781]::vec::Vec<u8> as core[df12db4294e9bfd3]::io::write::Write>::write_fmt
[INFO] [stdout]    3:     0x638451392166 - std[70759c8f55707aa4]::panicking::default_hook::{closure#0}
[INFO] [stdout]    4:     0x6384513aff69 - std[70759c8f55707aa4]::panicking::default_hook
[INFO] [stdout]    5:     0x6384512eebe0 - test[9d35eded1c95d3be]::test_main_inner::<test[9d35eded1c95d3be]::test_main_static::{closure#0}>::{closure#0}
[INFO] [stdout]    6:     0x6384513b0292 - std[70759c8f55707aa4]::panicking::panic_with_hook
[INFO] [stdout]    7:     0x638451392212 - std[70759c8f55707aa4]::panicking::panic_handler::{closure#0}
[INFO] [stdout]    8:     0x63845138a949 - std[70759c8f55707aa4]::sys::backtrace::__rust_end_short_backtrace::<std[70759c8f55707aa4]::panicking::panic_handler::{closure#0}, !>
[INFO] [stdout]    9:     0x63845139321d - __rustc[8fa7c3cbc660c2b3]::rust_begin_unwind
[INFO] [stdout]   10:     0x6384513d258c - core[df12db4294e9bfd3]::panicking::panic_fmt
[INFO] [stdout]   11:     0x638450fb3955 - forge_config[36b1b6c21d6c6810]::secret_store::refuse_if_test_binary
[INFO] [stdout]   12:     0x638450fb3a78 - forge_config[36b1b6c21d6c6810]::secret_store::get
[INFO] [stdout]   13:     0x638450f0983e - forge_config[36b1b6c21d6c6810]::api_keys
[INFO] [stdout]   14:     0x638450f09211 - forge_config[36b1b6c21d6c6810]::api_key
[INFO] [stdout]   15:     0x638450fe513b - forge_config[36b1b6c21d6c6810]::tests::missing_key_error_names_the_env_var_and_auth_command
[INFO] [stdout]   16:     0x638450f105b9 - <forge_config[36b1b6c21d6c6810]::tests::missing_key_error_names_the_env_var_and_auth_command::{closure#0} as core[df12db4294e9bfd3]::ops::function::FnOnce<()>>::call_once
[INFO] [stdout]   17:     0x6384512e1ecb - test[9d35eded1c95d3be]::__rust_begin_short_backtrace::<core[df12db4294e9bfd3]::result::Result<(), alloc[2182bb758b4b3781]::string::String>, fn() -> core[df12db4294e9bfd3]::result::Result<(), alloc[2182bb758b4b3781]::string::String>>
[INFO] [stdout]   18:     0x6384512ef535 - test[9d35eded1c95d3be]::run_test::{closure#0}
[INFO] [stdout]   19:     0x6384512e8df4 - std[70759c8f55707aa4]::sys::backtrace::__rust_begin_short_backtrace::<test[9d35eded1c95d3be]::run_test::{closure#1}, ()>
[INFO] [stdout]   20:     0x6384512f2692 - <std[70759c8f55707aa4]::thread::lifecycle::spawn_unchecked<test[9d35eded1c95d3be]::run_test::{closure#1}, ()>::{closure#1} as core[df12db4294e9bfd3]::ops::function::FnOnce<()>>::call_once::{shim:vtable#0}
[INFO] [stdout]   21:     0x6384513b8289 - <std[70759c8f55707aa4]::sys::thread::unix::Thread>::new::thread_start
[INFO] [stdout]   22:     0x73b283049dfa - <unknown>
[INFO] [stdout]   23:     0x73b2830dd3d4 - clone
[INFO] [stdout]   24:                0x0 - <unknown>
[INFO] [stdout] 
[INFO] [stdout] ---- tests::local_providers_need_no_key stdout ----
[INFO] [stdout] 
[INFO] [stdout] thread 'tests::local_providers_need_no_key' (2275) panicked at src/secret_store.rs:202:9:
[INFO] [stdout] tests must not touch real secrets (secret_store) — enable the test-secrets feature; set FORGE_ALLOW_REAL_SECRETS=1 only if you truly mean it
[INFO] [stdout] stack backtrace:
[INFO] [stdout]    0:     0x6384513b9a11 - <<std[70759c8f55707aa4]::sys::backtrace::BacktraceLock>::print::DisplayBacktrace as core[df12db4294e9bfd3]::fmt::Display>::fmt
[INFO] [stdout]    1:     0x6384513d1dea - core[df12db4294e9bfd3]::fmt::write
[INFO] [stdout]    2:     0x6384513bea7c - <alloc[2182bb758b4b3781]::vec::Vec<u8> as core[df12db4294e9bfd3]::io::write::Write>::write_fmt
[INFO] [stdout]    3:     0x638451392166 - std[70759c8f55707aa4]::panicking::default_hook::{closure#0}
[INFO] [stdout]    4:     0x6384513aff69 - std[70759c8f55707aa4]::panicking::default_hook
[INFO] [stdout]    5:     0x6384512eebe0 - test[9d35eded1c95d3be]::test_main_inner::<test[9d35eded1c95d3be]::test_main_static::{closure#0}>::{closure#0}
[INFO] [stdout]    6:     0x6384513b0292 - std[70759c8f55707aa4]::panicking::panic_with_hook
[INFO] [stdout]    7:     0x638451392212 - std[70759c8f55707aa4]::panicking::panic_handler::{closure#0}
[INFO] [stdout]    8:     0x63845138a949 - std[70759c8f55707aa4]::sys::backtrace::__rust_end_short_backtrace::<std[70759c8f55707aa4]::panicking::panic_handler::{closure#0}, !>
[INFO] [stdout]    9:     0x63845139321d - __rustc[8fa7c3cbc660c2b3]::rust_begin_unwind
[INFO] [stdout]   10:     0x6384513d258c - core[df12db4294e9bfd3]::panicking::panic_fmt
[INFO] [stdout]   11:     0x638450fb3955 - forge_config[36b1b6c21d6c6810]::secret_store::refuse_if_test_binary
[INFO] [stdout]   12:     0x638450fb3a78 - forge_config[36b1b6c21d6c6810]::secret_store::get
[INFO] [stdout]   13:     0x638450f0983e - forge_config[36b1b6c21d6c6810]::api_keys
[INFO] [stdout]   14:     0x638450f09211 - forge_config[36b1b6c21d6c6810]::api_key
[INFO] [stdout]   15:     0x638450fd759b - forge_config[36b1b6c21d6c6810]::tests::local_providers_need_no_key
[INFO] [stdout]   16:     0x638450f0feb9 - <forge_config[36b1b6c21d6c6810]::tests::local_providers_need_no_key::{closure#0} as core[df12db4294e9bfd3]::ops::function::FnOnce<()>>::call_once
[INFO] [stdout]   17:     0x6384512e1ecb - test[9d35eded1c95d3be]::__rust_begin_short_backtrace::<core[df12db4294e9bfd3]::result::Result<(), alloc[2182bb758b4b3781]::string::String>, fn() -> core[df12db4294e9bfd3]::result::Result<(), alloc[2182bb758b4b3781]::string::String>>
[INFO] [stdout]   18:     0x6384512ef535 - test[9d35eded1c95d3be]::run_test::{closure#0}
[INFO] [stdout]   19:     0x6384512e8df4 - std[70759c8f55707aa4]::sys::backtrace::__rust_begin_short_backtrace::<test[9d35eded1c95d3be]::run_test::{closure#1}, ()>
[INFO] [stdout]   20:     0x6384512f2692 - <std[70759c8f55707aa4]::thread::lifecycle::spawn_unchecked<test[9d35eded1c95d3be]::run_test::{closure#1}, ()>::{closure#1} as core[df12db4294e9bfd3]::ops::function::FnOnce<()>>::call_once::{shim:vtable#0}
[INFO] [stdout]   21:     0x6384513b8289 - <std[70759c8f55707aa4]::sys::thread::unix::Thread>::new::thread_start
[INFO] [stdout]   22:     0x73b283049dfa - <unknown>
[INFO] [stdout]   23:     0x73b2830dd3d4 - clone
[INFO] [stdout]   24:                0x0 - <unknown>
[INFO] [stdout] 
[INFO] [stdout] 
[INFO] [stdout] failures:
[INFO] [stdout]     mcp::tests::keyring_round_trip_store_resolve_delete
[INFO] [stdout]     tests::api_key_prefers_the_environment
[INFO] [stdout]     tests::api_keys_reads_numbered_and_comma_separated_env_vars
[INFO] [stdout]     tests::fingerprints_mask_to_last_four_chars
[INFO] [stdout]     tests::local_providers_need_no_key
[INFO] [stdout]     tests::missing_key_error_names_the_env_var_and_auth_command
[INFO] [stdout]     tests::openrouter_accepts_the_conventional_env_var_alias
[INFO] [stdout] 
[INFO] [stdout] test result: FAILED. 114 passed; 7 failed; 0 ignored; 0 measured; 0 filtered out; finished in 0.03s
[INFO] [stdout] 
[INFO] running `Command { std: "docker" "inspect" "3b817ff4cdc796c09fb18cbadaf1ac9adbba02e628b80204e482674d4555b27a", kill_on_drop: false }`
[INFO] running `Command { std: "docker" "rm" "-f" "3b817ff4cdc796c09fb18cbadaf1ac9adbba02e628b80204e482674d4555b27a", kill_on_drop: false }`
[INFO] [stdout] 3b817ff4cdc796c09fb18cbadaf1ac9adbba02e628b80204e482674d4555b27a
