[INFO] fetching crate etest-tests 0.3.0...
[INFO] testing etest-tests-0.3.0 against 1.99.0-beta.8+cargoflags=--release for beta-release-1.100-2
[INFO] extracting crate etest-tests 0.3.0 into /workspace/builds/worker-4-tc1/source
[INFO] started tweaking crates.io crate etest-tests 0.3.0
[INFO] finished tweaking crates.io crate etest-tests 0.3.0
[INFO] tweaked toml for crates.io crate etest-tests 0.3.0 written to /workspace/builds/worker-4-tc1/source/Cargo.toml
[INFO] validating manifest of crates.io crate etest-tests 0.3.0 on toolchain 1.99.0-beta.8
[INFO] running `Command { std: CARGO_HOME="/workspace/cargo-home" RUSTUP_HOME="/workspace/rustup-home" "/workspace/cargo-home/bin/cargo" "+1.99.0-beta.8" "metadata" "--manifest-path" "Cargo.toml" "--no-deps", kill_on_drop: false }`
[INFO] running `Command { std: CARGO_HOME="/workspace/cargo-home" RUSTUP_HOME="/workspace/rustup-home" "/workspace/cargo-home/bin/cargo" "+1.99.0-beta.8" "generate-lockfile" "--manifest-path" "Cargo.toml", kill_on_drop: false }`
[INFO] [stderr]     Updating crates.io index
[INFO] [stderr]      Locking 4 packages to highest compatible versions
[INFO] running `Command { std: CARGO_HOME="/workspace/cargo-home" RUSTUP_HOME="/workspace/rustup-home" "/workspace/cargo-home/bin/cargo" "+1.99.0-beta.8" "fetch" "--manifest-path" "Cargo.toml", kill_on_drop: false }`
[INFO] [stderr]  Downloading crates ...
[INFO] [stderr]   Downloaded etest-derive v0.3.0
[INFO] [stderr]   Downloaded etest v0.3.1
[INFO] [stderr]   Downloaded etest-impl v0.3.0
[INFO] running `Command { std: "docker" "create" "-v" "/var/lib/crater-agent-workspace/builds/worker-4-tc1/source:/opt/rustwide/workdir:ro,Z" "-v" "/var/lib/crater-agent-workspace/builds/worker-4-tc1/target:/opt/rustwide/target:rw,Z" "-v" "/var/lib/crater-agent-workspace/cargo-home:/opt/rustwide/cargo-home:ro,Z" "-v" "/var/lib/crater-agent-workspace/rustup-home:/opt/rustwide/rustup-home:ro,Z" "-m" "1610612736" "--network" "none" "ghcr.io/rust-lang/crates-build-env/linux@sha256:77db811e55d90add9212f6832c23229e3de5f1c1f9905e8cb07319ea15df73ac" "sleep" "infinity", kill_on_drop: false }`
[INFO] [stdout] ee3ce3455e6cb33c5b31bfa23b7f19888889bf83dd269a8d94cd75a01e39dfc7
[INFO] running `Command { std: "docker" "start" "ee3ce3455e6cb33c5b31bfa23b7f19888889bf83dd269a8d94cd75a01e39dfc7", kill_on_drop: false }`
[INFO] running `Command { std: "docker" "inspect" "ee3ce3455e6cb33c5b31bfa23b7f19888889bf83dd269a8d94cd75a01e39dfc7", kill_on_drop: false }`
[INFO] running `Command { std: "docker" "exec" "-e" "SOURCE_DIR=/opt/rustwide/workdir" "-e" "CARGO_HOME=/opt/rustwide/cargo-home" "-e" "RUSTUP_HOME=/opt/rustwide/rustup-home" "-e" "CARGO_TARGET_DIR=/opt/rustwide/target" "-w" "/opt/rustwide/workdir" "--user" "0:0" "ee3ce3455e6cb33c5b31bfa23b7f19888889bf83dd269a8d94cd75a01e39dfc7" "/opt/rustwide/cargo-home/bin/cargo" "+1.99.0-beta.8" "metadata" "--no-deps" "--format-version=1", kill_on_drop: false }`
[INFO] running `Command { std: "docker" "inspect" "ee3ce3455e6cb33c5b31bfa23b7f19888889bf83dd269a8d94cd75a01e39dfc7", kill_on_drop: false }`
[INFO] running `Command { std: "docker" "exec" "-e" "SOURCE_DIR=/opt/rustwide/workdir" "-e" "CARGO_HOME=/opt/rustwide/cargo-home" "-e" "RUSTUP_HOME=/opt/rustwide/rustup-home" "-e" "CARGO_TARGET_DIR=/opt/rustwide/target" "-e" "CARGO_INCREMENTAL=0" "-e" "RUST_BACKTRACE=full" "-e" "RUSTFLAGS=--cap-lints=warn" "-e" "RUSTDOCFLAGS=--cap-lints=warn" "-w" "/opt/rustwide/workdir" "--user" "0:0" "ee3ce3455e6cb33c5b31bfa23b7f19888889bf83dd269a8d94cd75a01e39dfc7" "/opt/rustwide/cargo-home/bin/cargo" "+1.99.0-beta.8" "build" "--frozen" "--message-format=json" "--release", kill_on_drop: false }`
[INFO] [stderr]    Compiling etest-impl v0.3.0
[INFO] [stderr]    Compiling etest-derive v0.3.0
[INFO] [stderr]    Compiling etest v0.3.1
[INFO] [stderr]    Compiling etest-tests v0.3.0 (/opt/rustwide/workdir)
[INFO] [stderr]     Finished `release` profile [optimized] target(s) in 1.44s
[INFO] running `Command { std: "docker" "inspect" "ee3ce3455e6cb33c5b31bfa23b7f19888889bf83dd269a8d94cd75a01e39dfc7", kill_on_drop: false }`
[INFO] running `Command { std: "docker" "exec" "-e" "SOURCE_DIR=/opt/rustwide/workdir" "-e" "CARGO_HOME=/opt/rustwide/cargo-home" "-e" "RUSTUP_HOME=/opt/rustwide/rustup-home" "-e" "CARGO_TARGET_DIR=/opt/rustwide/target" "-e" "CARGO_INCREMENTAL=0" "-e" "RUST_BACKTRACE=full" "-e" "RUSTFLAGS=--cap-lints=warn" "-e" "RUSTDOCFLAGS=--cap-lints=warn" "-w" "/opt/rustwide/workdir" "--user" "0:0" "ee3ce3455e6cb33c5b31bfa23b7f19888889bf83dd269a8d94cd75a01e39dfc7" "/opt/rustwide/cargo-home/bin/cargo" "+1.99.0-beta.8" "test" "--frozen" "--no-run" "--message-format=json" "--release", kill_on_drop: false }`
[INFO] [stderr]    Compiling etest-tests v0.3.0 (/opt/rustwide/workdir)
[INFO] [stderr]     Finished `release` profile [optimized] target(s) in 6.10s
[INFO] running `Command { std: "docker" "inspect" "ee3ce3455e6cb33c5b31bfa23b7f19888889bf83dd269a8d94cd75a01e39dfc7", kill_on_drop: false }`
[INFO] running `Command { std: "docker" "exec" "-e" "SOURCE_DIR=/opt/rustwide/workdir" "-e" "CARGO_HOME=/opt/rustwide/cargo-home" "-e" "RUSTUP_HOME=/opt/rustwide/rustup-home" "-e" "CARGO_TARGET_DIR=/opt/rustwide/target" "-e" "CARGO_INCREMENTAL=0" "-e" "RUST_BACKTRACE=full" "-e" "RUSTFLAGS=--cap-lints=warn" "-e" "RUSTDOCFLAGS=--cap-lints=warn" "-w" "/opt/rustwide/workdir" "--user" "0:0" "ee3ce3455e6cb33c5b31bfa23b7f19888889bf83dd269a8d94cd75a01e39dfc7" "/opt/rustwide/cargo-home/bin/cargo" "+1.99.0-beta.8" "test" "--frozen" "--release", kill_on_drop: false }`
[INFO] [stderr]     Finished `release` profile [optimized] target(s) in 0.03s
[INFO] [stderr]      Running unittests src/lib.rs (/opt/rustwide/target/release/deps/etest_tests-7864abdd14bc8fb2)
[INFO] [stdout] 
[INFO] [stdout] running 0 tests
[INFO] [stdout] 
[INFO] [stdout] test result: ok. 0 passed; 0 failed; 0 ignored; 0 measured; 0 filtered out; finished in 0.00s
[INFO] [stdout] 
[INFO] [stderr]      Running tests/async-00.rs (/opt/rustwide/target/release/deps/async_00-613038a739594b05)
[INFO] [stdout] 
[INFO] [stdout] running 0 tests
[INFO] [stdout] 
[INFO] [stdout] test result: ok. 0 passed; 0 failed; 0 ignored; 0 measured; 0 filtered out; finished in 0.00s
[INFO] [stdout] 
[INFO] [stderr]      Running tests/async-01.rs (/opt/rustwide/target/release/deps/async_01-2a0e5af49c26bf8b)
[INFO] [stderr]      Running tests/misc-00.rs (/opt/rustwide/target/release/deps/misc_00-a2aa0ee615d375db)
[INFO] [stdout] 
[INFO] [stdout] running 0 tests
[INFO] [stdout] 
[INFO] [stdout] test result: ok. 0 passed; 0 failed; 0 ignored; 0 measured; 0 filtered out; finished in 0.00s
[INFO] [stdout] 
[INFO] [stdout] 
[INFO] [stderr]      Running tests/misc-01.rs (/opt/rustwide/target/release/deps/misc_01-22eb555aafd65108)
[INFO] [stdout] running 0 tests
[INFO] [stdout] 
[INFO] [stdout] test result: ok. 0 passed; 0 failed; 0 ignored; 0 measured; 0 filtered out; finished in 0.00s
[INFO] [stdout] 
[INFO] [stdout] 
[INFO] [stdout] running 0 tests
[INFO] [stdout] 
[INFO] [stdout] test result: ok. 0 passed; 0 failed; 0 ignored; 0 measured; 0 filtered out; finished in 0.00s
[INFO] [stdout] 
[INFO] [stderr]      Running tests/misc-02.rs (/opt/rustwide/target/release/deps/misc_02-727c5e1d819d5ec1)
[INFO] [stdout] 
[INFO] [stdout] running 2 tests
[INFO] [stdout] test test_0 ... ok
[INFO] [stdout] test test_0 ... ok
[INFO] [stdout] 
[INFO] [stdout] test result: ok. 2 passed; 0 failed; 0 ignored; 0 measured; 0 filtered out; finished in 0.01s
[INFO] [stdout] 
[INFO] [stderr]      Running tests/resource-00.rs (/opt/rustwide/target/release/deps/resource_00-ded228de184a31d9)
[INFO] [stdout] 
[INFO] [stdout] running 6 tests
[INFO] [stdout] test test0_0 ... ok
[INFO] [stdout] test test0_4 ... ok
[INFO] [stdout] test test0_3 ... ok
[INFO] [stdout] test test0_2 ... ok
[INFO] [stdout] test test0_5 ... ok
[INFO] [stdout] test test0_1 ... ok
[INFO] [stderr]      Running tests/resource-01.rs (/opt/rustwide/target/release/deps/resource_01-a985644c4b5f6e73)
[INFO] [stdout] 
[INFO] [stdout] test result: ok. 6 passed; 0 failed; 0 ignored; 0 measured; 0 filtered out; finished in 8.00s
[INFO] [stdout] 
[INFO] [stdout] 
[INFO] [stdout] running 5 tests
[INFO] [stdout] test test2 ... ok
[INFO] [stdout] test test3 ... ok
[INFO] [stdout] test test0 ... ok
[INFO] [stdout] test test1 ... ok
[INFO] [stderr]      Running tests/resource-02.rs (/opt/rustwide/target/release/deps/resource_02-69e42f2ab0052e45)
[INFO] [stdout] test test4 ... ok
[INFO] [stdout] 
[INFO] [stdout] test result: ok. 5 passed; 0 failed; 0 ignored; 0 measured; 0 filtered out; finished in 0.01s
[INFO] [stdout] 
[INFO] [stdout] 
[INFO] [stdout] running 4 tests
[INFO] [stdout] test test_3 ... ok
[INFO] [stdout] test test_2 - should panic ... ok
[INFO] [stdout] test test_0 - should panic ... ok
[INFO] [stderr]      Running tests/resource-03.rs (/opt/rustwide/target/release/deps/resource_03-b2b3aeaeb8fce40c)
[INFO] [stdout] test test_1 - should panic ... ok
[INFO] [stdout] 
[INFO] [stdout] test result: ok. 4 passed; 0 failed; 0 ignored; 0 measured; 0 filtered out; finished in 2.02s
[INFO] [stdout] 
[INFO] [stdout] 
[INFO] [stdout] running 4 tests
[INFO] [stdout] test test_outer_1 ... ok
[INFO] [stdout] test test_outer_2 - should panic ... ok
[INFO] [stdout] test test_outer_0 - should panic ... ok
[INFO] [stdout] test test_outer_3 - should panic ... ok
[INFO] [stdout] 
[INFO] [stdout] test result: ok. 4 passed; 0 failed; 0 ignored; 0 measured; 0 filtered out; finished in 2.00s
[INFO] [stdout] 
[INFO] [stderr]      Running tests/resource-04.rs (/opt/rustwide/target/release/deps/resource_04-21b5b95f68311b18)
[INFO] [stdout] 
[INFO] [stdout] running 2 tests
[INFO] [stdout] test test_outer_1 - should panic ... ok
[INFO] [stdout] test test_outer_0 ... ok
[INFO] [stdout] 
[INFO] [stdout] test result: ok. 2 passed; 0 failed; 0 ignored; 0 measured; 0 filtered out; finished in 2.01s
[INFO] [stdout] 
[INFO] [stderr]      Running tests/resource-05.rs (/opt/rustwide/target/release/deps/resource_05-2a160fd778316828)
[INFO] [stdout] 
[INFO] [stdout] running 4 tests
[INFO] [stdout] test test_outer_1_0 ... ok
[INFO] [stdout] test test_outer_0_0 ... ok
[INFO] [stdout] test test_outer_1_1 - should panic ... ok
[INFO] [stdout] test test_outer_0_1 - should panic ... ok
[INFO] [stderr]      Running tests/skip-00.rs (/opt/rustwide/target/release/deps/skip_00-8bfb9780828c8a65)
[INFO] [stdout] 
[INFO] [stdout] test result: ok. 4 passed; 0 failed; 0 ignored; 0 measured; 0 filtered out; finished in 2.01s
[INFO] [stdout] 
[INFO] [stdout] 
[INFO] [stdout] running 4 tests
[INFO] [stdout] test test_not_skipped_1 ... ok
[INFO] [stdout] test test_not_skipped_0 ... ok
[INFO] [stdout] test test_skipped_0 ... ok
[INFO] [stdout] test test_skipped_1 ... ok
[INFO] [stdout] 
[INFO] [stdout] test result: ok. 4 passed; 0 failed; 0 ignored; 0 measured; 0 filtered out; finished in 0.00s
[INFO] [stdout] 
[INFO] [stderr]      Running tests/skip-01.rs (/opt/rustwide/target/release/deps/skip_01-2fa1abed65a46423)
[INFO] [stdout] 
[INFO] [stdout] running 7 tests
[INFO] [stdout] test test_4 ... ok
[INFO] [stdout] test test_5 ... ok
[INFO] [stdout] test test_0 ... ok
[INFO] [stdout] test test_1 ... ok
[INFO] [stdout] test test_3 ... ok
[INFO] [stdout] test test_2 ... ok
[INFO] [stdout] test test_6 ... ok
[INFO] [stdout] 
[INFO] [stdout] test result: ok. 7 passed; 0 failed; 0 ignored; 0 measured; 0 filtered out; finished in 0.00s
[INFO] [stdout] 
[INFO] [stderr]      Running tests/timeout-00.rs (/opt/rustwide/target/release/deps/timeout_00-a70d8cfb911ddf87)
[INFO] [stdout] 
[INFO] [stdout] running 3 tests
[INFO] [stdout] test test_0 ... ok
[INFO] [stdout] test test_2 - should panic ... ok
[INFO] [stdout] test test_1 - should panic ... ok
[INFO] [stdout] 
[INFO] [stdout] test result: ok. 3 passed; 0 failed; 0 ignored; 0 measured; 0 filtered out; finished in 1.00s
[INFO] [stdout] 
[INFO] [stderr]      Running tests/timeout-01.rs (/opt/rustwide/target/release/deps/timeout_01-2283d1f9cf2bf474)
[INFO] [stdout] 
[INFO] [stdout] running 7 tests
[INFO] [stdout] test test_0 ... ok
[INFO] [stdout] test test_3 ... ok
[INFO] [stdout] test test_5 ... ok
[INFO] [stdout] test test_4 ... ok
[INFO] [stdout] test test_6 ... ok
[INFO] [stdout] test test_1 ... ok
[INFO] [stdout] test test_2 ... FAILED
[INFO] [stdout] 
[INFO] [stdout] failures:
[INFO] [stdout] 
[INFO] [stdout] ---- test_2 stdout ----
[INFO] [stdout] 
[INFO] [stdout] thread 'test_2' (756) panicked at /opt/rustwide/cargo-home/registry/src/index.crates.io-1949cf8c6b5b557f/etest-0.3.1/src/helpers.rs:55:13:
[INFO] [stdout] tests/timeout-01.rs:18:1 (test_2): TIMEOUT
[INFO] [stdout] stack backtrace:
[INFO] [stdout]    0:     0x55ef5c05e961 - <<std[70759c8f55707aa4]::sys::backtrace::BacktraceLock>::print::DisplayBacktrace as core[df12db4294e9bfd3]::fmt::Display>::fmt
[INFO] [stdout]    1:     0x55ef5c072bda - core[df12db4294e9bfd3]::fmt::write
[INFO] [stdout]    2:     0x55ef5c062e4c - <alloc[2182bb758b4b3781]::vec::Vec<u8> as core[df12db4294e9bfd3]::io::write::Write>::write_fmt
[INFO] [stdout]    3:     0x55ef5c03ab06 - std[70759c8f55707aa4]::panicking::default_hook::{closure#0}
[INFO] [stdout]    4:     0x55ef5c056dc9 - std[70759c8f55707aa4]::panicking::default_hook
[INFO] [stdout]    5:     0x55ef5bfee0c0 - test[9d35eded1c95d3be]::test_main_inner::<test[9d35eded1c95d3be]::test_main_static::{closure#0}>::{closure#0}
[INFO] [stdout]    6:     0x55ef5c0570f2 - std[70759c8f55707aa4]::panicking::panic_with_hook
[INFO] [stdout]    7:     0x55ef5c03abb2 - std[70759c8f55707aa4]::panicking::panic_handler::{closure#0}
[INFO] [stdout]    8:     0x55ef5c033939 - std[70759c8f55707aa4]::sys::backtrace::__rust_end_short_backtrace::<std[70759c8f55707aa4]::panicking::panic_handler::{closure#0}, !>
[INFO] [stdout]    9:     0x55ef5c03b7ad - __rustc[8fa7c3cbc660c2b3]::rust_begin_unwind
[INFO] [stdout]   10:     0x55ef5c07330c - core[df12db4294e9bfd3]::panicking::panic_fmt
[INFO] [stdout]   11:     0x55ef5bfdccbd - etest[6aa67daad9ceb29e]::helpers::panic_after::<(), u32, timeout_01[961ed48401e88d1a]::test_2::{closure#1}>
[INFO] [stdout]   12:     0x55ef5bfe06a6 - <timeout_01[961ed48401e88d1a]::test_2::{closure#0} as core[df12db4294e9bfd3]::ops::function::FnOnce<()>>::call_once
[INFO] [stdout]   13:     0x55ef5bfe13ab - test[9d35eded1c95d3be]::__rust_begin_short_backtrace::<core[df12db4294e9bfd3]::result::Result<(), alloc[2182bb758b4b3781]::string::String>, fn() -> core[df12db4294e9bfd3]::result::Result<(), alloc[2182bb758b4b3781]::string::String>>
[INFO] [stdout]   14:     0x55ef5bfeea15 - test[9d35eded1c95d3be]::run_test::{closure#0}
[INFO] [stdout]   15:     0x55ef5bfe82d4 - std[70759c8f55707aa4]::sys::backtrace::__rust_begin_short_backtrace::<test[9d35eded1c95d3be]::run_test::{closure#1}, ()>
[INFO] [stdout]   16:     0x55ef5bff1b72 - <std[70759c8f55707aa4]::thread::lifecycle::spawn_unchecked<test[9d35eded1c95d3be]::run_test::{closure#1}, ()>::{closure#1} as core[df12db4294e9bfd3]::ops::function::FnOnce<()>>::call_once::{shim:vtable#0}
[INFO] [stdout]   17:     0x55ef5c05e1f9 - <std[70759c8f55707aa4]::sys::thread::unix::Thread>::new::thread_start
[INFO] [stdout]   18:     0x78c5e951adfa - <unknown>
[INFO] [stdout]   19:     0x78c5e95ae3d4 - clone
[INFO] [stdout]   20:                0x0 - <unknown>
[INFO] [stdout] 
[INFO] [stdout] 
[INFO] [stdout] failures:
[INFO] [stdout]     test_2
[INFO] [stdout] 
[INFO] [stdout] test result: FAILED. 6 passed; 1 failed; 0 ignored; 0 measured; 0 filtered out; finished in 0.03s
[INFO] [stdout] 
[INFO] [stderr] error: test failed, to rerun pass `--test timeout-01`
[INFO] running `Command { std: "docker" "inspect" "ee3ce3455e6cb33c5b31bfa23b7f19888889bf83dd269a8d94cd75a01e39dfc7", kill_on_drop: false }`
[INFO] running `Command { std: "docker" "rm" "-f" "ee3ce3455e6cb33c5b31bfa23b7f19888889bf83dd269a8d94cd75a01e39dfc7", kill_on_drop: false }`
[INFO] [stdout] ee3ce3455e6cb33c5b31bfa23b7f19888889bf83dd269a8d94cd75a01e39dfc7
