[INFO] fetching crate eqts 0.2.1...
[INFO] testing eqts-0.2.1 against 1.99.0-beta.8+cargoflags=--release for beta-release-1.100-2
[INFO] extracting crate eqts 0.2.1 into /workspace/builds/worker-7-tc1/source
[INFO] started tweaking crates.io crate eqts 0.2.1
[INFO] removed 0 missing tests
[INFO] finished tweaking crates.io crate eqts 0.2.1
[INFO] tweaked toml for crates.io crate eqts 0.2.1 written to /workspace/builds/worker-7-tc1/source/Cargo.toml
[INFO] validating manifest of crates.io crate eqts 0.2.1 on toolchain 1.99.0-beta.8
[INFO] running `Command { std: CARGO_HOME="/workspace/cargo-home" RUSTUP_HOME="/workspace/rustup-home" "/workspace/cargo-home/bin/cargo" "+1.99.0-beta.8" "metadata" "--manifest-path" "Cargo.toml" "--no-deps", kill_on_drop: false }`
[INFO] crate crates.io crate eqts 0.2.1 already has a lockfile, it will not be regenerated
[INFO] running `Command { std: CARGO_HOME="/workspace/cargo-home" RUSTUP_HOME="/workspace/rustup-home" "/workspace/cargo-home/bin/cargo" "+1.99.0-beta.8" "fetch" "--manifest-path" "Cargo.toml", kill_on_drop: false }`
[INFO] [stderr] warning: Cargo.toml: `lints.rust.future-incompatible` is deprecated in favor of `lints.rust.future_incompatible` and will not work in a future edition
[INFO] [stderr] warning: Cargo.toml: `lints.rust.nonstandard-style` is deprecated in favor of `lints.rust.nonstandard_style` and will not work in a future edition
[INFO] [stderr] warning: `eqts` (manifest) generated 2 warnings
[INFO] [stderr]     Blocking waiting for file lock on package cache
[INFO] [stderr]     Updating crates.io index
[INFO] [stderr]     Blocking waiting for file lock on package cache
[INFO] [stderr]  Downloading crates ...
[INFO] [stderr]   Downloaded napi-build v2.4.1
[INFO] [stderr]   Downloaded eqts-macros v0.2.1
[INFO] [stderr]   Downloaded napi-derive-backend v6.1.2
[INFO] [stderr]   Downloaded napi-derive v3.6.3
[INFO] [stderr]   Downloaded napi v3.12.1
[INFO] running `Command { std: "docker" "create" "-v" "/var/lib/crater-agent-workspace/builds/worker-7-tc1/source:/opt/rustwide/workdir:ro,Z" "-v" "/var/lib/crater-agent-workspace/builds/worker-7-tc1/target:/opt/rustwide/target:rw,Z" "-v" "/var/lib/crater-agent-workspace/cargo-home:/opt/rustwide/cargo-home:ro,Z" "-v" "/var/lib/crater-agent-workspace/rustup-home:/opt/rustwide/rustup-home:ro,Z" "-m" "1610612736" "--network" "none" "ghcr.io/rust-lang/crates-build-env/linux@sha256:77db811e55d90add9212f6832c23229e3de5f1c1f9905e8cb07319ea15df73ac" "sleep" "infinity", kill_on_drop: false }`
[INFO] [stdout] 26ace39dd3c41a5f6413354390a046f50d9e54554344b58a465b3f5c7125984e
[INFO] running `Command { std: "docker" "start" "26ace39dd3c41a5f6413354390a046f50d9e54554344b58a465b3f5c7125984e", kill_on_drop: false }`
[INFO] running `Command { std: "docker" "inspect" "26ace39dd3c41a5f6413354390a046f50d9e54554344b58a465b3f5c7125984e", kill_on_drop: false }`
[INFO] running `Command { std: "docker" "exec" "-e" "SOURCE_DIR=/opt/rustwide/workdir" "-e" "CARGO_HOME=/opt/rustwide/cargo-home" "-e" "RUSTUP_HOME=/opt/rustwide/rustup-home" "-e" "CARGO_TARGET_DIR=/opt/rustwide/target" "-w" "/opt/rustwide/workdir" "--user" "0:0" "26ace39dd3c41a5f6413354390a046f50d9e54554344b58a465b3f5c7125984e" "/opt/rustwide/cargo-home/bin/cargo" "+1.99.0-beta.8" "metadata" "--no-deps" "--format-version=1", kill_on_drop: false }`
[INFO] running `Command { std: "docker" "inspect" "26ace39dd3c41a5f6413354390a046f50d9e54554344b58a465b3f5c7125984e", kill_on_drop: false }`
[INFO] running `Command { std: "docker" "exec" "-e" "SOURCE_DIR=/opt/rustwide/workdir" "-e" "CARGO_HOME=/opt/rustwide/cargo-home" "-e" "RUSTUP_HOME=/opt/rustwide/rustup-home" "-e" "CARGO_TARGET_DIR=/opt/rustwide/target" "-e" "CARGO_INCREMENTAL=0" "-e" "RUST_BACKTRACE=full" "-e" "RUSTFLAGS=--cap-lints=warn" "-e" "RUSTDOCFLAGS=--cap-lints=warn" "-w" "/opt/rustwide/workdir" "--user" "0:0" "26ace39dd3c41a5f6413354390a046f50d9e54554344b58a465b3f5c7125984e" "/opt/rustwide/cargo-home/bin/cargo" "+1.99.0-beta.8" "build" "--frozen" "--message-format=json" "--release", kill_on_drop: false }`
[INFO] [stderr] warning: Cargo.toml: `lints.rust.future-incompatible` is deprecated in favor of `lints.rust.future_incompatible` and will not work in a future edition
[INFO] [stderr] warning: Cargo.toml: `lints.rust.nonstandard-style` is deprecated in favor of `lints.rust.nonstandard_style` and will not work in a future edition
[INFO] [stderr] warning: `eqts` (manifest) generated 2 warnings
[INFO] [stderr]    Compiling futures-sink v0.3.34
[INFO] [stderr]    Compiling futures-core v0.3.34
[INFO] [stderr]    Compiling futures-task v0.3.34
[INFO] [stderr]    Compiling futures-io v0.3.34
[INFO] [stderr]    Compiling unicode-segmentation v1.13.3
[INFO] [stderr]    Compiling syn v3.0.3
[INFO] [stderr]    Compiling syn v2.0.119
[INFO] [stderr]    Compiling napi-build v2.4.1
[INFO] [stderr]    Compiling libloading v0.9.0
[INFO] [stderr]    Compiling serde_json v1.0.151
[INFO] [stderr]    Compiling futures-channel v0.3.34
[INFO] [stderr]    Compiling napi-sys v3.3.0
[INFO] [stderr]    Compiling ctor v1.0.13
[INFO] [stderr]    Compiling napi v3.12.1
[INFO] [stderr]    Compiling inventory v0.3.24
[INFO] [stderr]    Compiling convert_case v0.11.0
[INFO] [stderr]    Compiling futures-macro v0.3.34
[INFO] [stderr]    Compiling serde_derive v1.0.229
[INFO] [stderr]    Compiling futures-util v0.3.34
[INFO] [stderr]    Compiling napi-derive-backend v6.1.2
[INFO] [stderr]    Compiling eqts-macros v0.2.1
[INFO] [stderr]    Compiling serde v1.0.229
[INFO] [stderr]    Compiling napi-derive v3.6.3
[INFO] [stderr]    Compiling futures-executor v0.3.34
[INFO] [stderr]    Compiling futures v0.3.34
[INFO] [stderr]    Compiling eqts v0.2.1 (/opt/rustwide/workdir)
[INFO] [stderr]     Finished `release` profile [optimized] target(s) in 41.89s
[INFO] running `Command { std: "docker" "inspect" "26ace39dd3c41a5f6413354390a046f50d9e54554344b58a465b3f5c7125984e", kill_on_drop: false }`
[INFO] running `Command { std: "docker" "exec" "-e" "SOURCE_DIR=/opt/rustwide/workdir" "-e" "CARGO_HOME=/opt/rustwide/cargo-home" "-e" "RUSTUP_HOME=/opt/rustwide/rustup-home" "-e" "CARGO_TARGET_DIR=/opt/rustwide/target" "-e" "CARGO_INCREMENTAL=0" "-e" "RUST_BACKTRACE=full" "-e" "RUSTFLAGS=--cap-lints=warn" "-e" "RUSTDOCFLAGS=--cap-lints=warn" "-w" "/opt/rustwide/workdir" "--user" "0:0" "26ace39dd3c41a5f6413354390a046f50d9e54554344b58a465b3f5c7125984e" "/opt/rustwide/cargo-home/bin/cargo" "+1.99.0-beta.8" "test" "--frozen" "--no-run" "--message-format=json" "--release", kill_on_drop: false }`
[INFO] [stderr] warning: Cargo.toml: `lints.rust.future-incompatible` is deprecated in favor of `lints.rust.future_incompatible` and will not work in a future edition
[INFO] [stderr] warning: Cargo.toml: `lints.rust.nonstandard-style` is deprecated in favor of `lints.rust.nonstandard_style` and will not work in a future edition
[INFO] [stderr] warning: `eqts` (manifest) generated 2 warnings
[INFO] [stderr]    Compiling eqts v0.2.1 (/opt/rustwide/workdir)
[INFO] [stderr]     Finished `release` profile [optimized] target(s) in 8.31s
[INFO] running `Command { std: "docker" "inspect" "26ace39dd3c41a5f6413354390a046f50d9e54554344b58a465b3f5c7125984e", kill_on_drop: false }`
[INFO] running `Command { std: "docker" "exec" "-e" "SOURCE_DIR=/opt/rustwide/workdir" "-e" "CARGO_HOME=/opt/rustwide/cargo-home" "-e" "RUSTUP_HOME=/opt/rustwide/rustup-home" "-e" "CARGO_TARGET_DIR=/opt/rustwide/target" "-e" "CARGO_INCREMENTAL=0" "-e" "RUST_BACKTRACE=full" "-e" "RUSTFLAGS=--cap-lints=warn" "-e" "RUSTDOCFLAGS=--cap-lints=warn" "-w" "/opt/rustwide/workdir" "--user" "0:0" "26ace39dd3c41a5f6413354390a046f50d9e54554344b58a465b3f5c7125984e" "/opt/rustwide/cargo-home/bin/cargo" "+1.99.0-beta.8" "test" "--frozen" "--release", kill_on_drop: false }`
[INFO] [stderr] warning: Cargo.toml: `lints.rust.future-incompatible` is deprecated in favor of `lints.rust.future_incompatible` and will not work in a future edition
[INFO] [stderr] warning: Cargo.toml: `lints.rust.nonstandard-style` is deprecated in favor of `lints.rust.nonstandard_style` and will not work in a future edition
[INFO] [stderr] warning: `eqts` (manifest) generated 2 warnings
[INFO] [stderr]     Finished `release` profile [optimized] target(s) in 0.08s
[INFO] [stderr]      Running unittests src/lib.rs (/opt/rustwide/target/release/deps/eqts-b11f6adea24c3d70)
[INFO] [stdout] 
[INFO] [stdout] running 6 tests
[INFO] [stdout] test tests::result_json_requires_ok_or_error ... ok
[INFO] [stdout] test tests::empty_inventory_has_versioned_metadata ... ok
[INFO] [stdout] test tests::vec_json_requires_an_array ... ok
[INFO] [stdout] test tests::u64_json_requires_a_decimal_string ... ok
[INFO] [stdout] test tests::handle_ids_skip_live_entries_and_do_not_wrap ... ok
[INFO] [stdout] test tests::null_output_is_rejected ... ok
[INFO] [stdout] 
[INFO] [stdout] test result: ok. 6 passed; 0 failed; 0 ignored; 0 measured; 0 filtered out; finished in 0.02s
[INFO] [stdout] 
[INFO] [stderr]      Running tests/bigint.rs (/opt/rustwide/target/release/deps/bigint-6d9e856a7923aa04)
[INFO] [stdout] 
[INFO] [stdout] running 1 test
[INFO] [stdout] test native_bigint_scalars_remain_exact ... ok
[INFO] [stdout] 
[INFO] [stdout] test result: ok. 1 passed; 0 failed; 0 ignored; 0 measured; 0 filtered out; finished in 0.00s
[INFO] [stdout] 
[INFO] [stderr]      Running tests/export.rs (/opt/rustwide/target/release/deps/export-f42bb1249f9d7324)
[INFO] [stdout] 
[INFO] [stdout] running 3 tests
[INFO] [stdout] test metadata_is_versioned_and_sorted ... ok
[INFO] [stdout] test numeric_output_uses_status_and_out_pointer ... ok
[INFO] [stdout] test bool_is_lowered_to_u8 ... ok
[INFO] [stdout] 
[INFO] [stdout] test result: ok. 3 passed; 0 failed; 0 ignored; 0 measured; 0 filtered out; finished in 0.00s
[INFO] [stdout] 
[INFO] [stderr]      Running tests/owned.rs (/opt/rustwide/target/release/deps/owned-b44bfce5078a818f)
[INFO] [stdout] 
[INFO] [stdout] running 3 tests
[INFO] [stdout] test result_error_transport_message_is_not_json_quoted ... ok
[INFO] [stdout] test invalid_input_returns_owned_error ... ok
[INFO] [stdout] test owned_values_cross_json_boundary ... ok
[INFO] [stdout] 
[INFO] [stdout] test result: ok. 3 passed; 0 failed; 0 ignored; 0 measured; 0 filtered out; finished in 0.01s
[INFO] [stdout] 
[INFO] [stderr]      Running tests/reactive.rs (/opt/rustwide/target/release/deps/reactive-e1100005fbfb53f3)
[INFO] [stdout] 
[INFO] [stdout] running 5 tests
[INFO] [stdout] test reactive_poll_is_demand_driven_and_disposal_is_idempotent ... ok
[INFO] [stdout] test callback_queue_has_one_item_backpressure ... ok
[INFO] [stdout] test reactive_abi_catches_panics ... ok
[INFO] [stdout] test reactive_annotations_emit_handles_and_kinds ... FAILED
[INFO] [stdout] test poll_does_not_hold_registry_lock ... ok
[INFO] [stdout] 
[INFO] [stdout] failures:
[INFO] [stdout] 
[INFO] [stdout] ---- reactive_annotations_emit_handles_and_kinds stdout ----
[INFO] [stdout] 
[INFO] [stdout] thread 'reactive_annotations_emit_handles_and_kinds' (687) panicked at tests/reactive.rs:189:22:
[INFO] [stdout] future completes
[INFO] [stdout] stack backtrace:
[INFO] [stdout]    0:     0x5ca9bf10f4b1 - <<std[70759c8f55707aa4]::sys::backtrace::BacktraceLock>::print::DisplayBacktrace as core[df12db4294e9bfd3]::fmt::Display>::fmt
[INFO] [stdout]    1:     0x5ca9bf12405a - core[df12db4294e9bfd3]::fmt::write
[INFO] [stdout]    2:     0x5ca9bf11394c - <alloc[2182bb758b4b3781]::vec::Vec<u8> as core[df12db4294e9bfd3]::io::write::Write>::write_fmt
[INFO] [stdout]    3:     0x5ca9bf0eba66 - std[70759c8f55707aa4]::panicking::default_hook::{closure#0}
[INFO] [stdout]    4:     0x5ca9bf107bd9 - std[70759c8f55707aa4]::panicking::default_hook
[INFO] [stdout]    5:     0x5ca9bf092ea0 - test[9d35eded1c95d3be]::test_main_inner::<test[9d35eded1c95d3be]::test_main_static::{closure#0}>::{closure#0}
[INFO] [stdout]    6:     0x5ca9bf107d92 - std[70759c8f55707aa4]::panicking::panic_with_hook
[INFO] [stdout]    7:     0x5ca9bf0ebb12 - std[70759c8f55707aa4]::panicking::panic_handler::{closure#0}
[INFO] [stdout]    8:     0x5ca9bf0e4899 - std[70759c8f55707aa4]::sys::backtrace::__rust_end_short_backtrace::<std[70759c8f55707aa4]::panicking::panic_handler::{closure#0}, !>
[INFO] [stdout]    9:     0x5ca9bf0ec70d - __rustc[8fa7c3cbc660c2b3]::rust_begin_unwind
[INFO] [stdout]   10:     0x5ca9bf12478c - core[df12db4294e9bfd3]::panicking::panic_fmt
[INFO] [stdout]   11:     0x5ca9bf1244e4 - core[df12db4294e9bfd3]::option::expect_failed
[INFO] [stdout]   12:     0x5ca9bf079867 - <reactive[d3fb0c8d81640831]::reactive_annotations_emit_handles_and_kinds::{closure#0} as core[df12db4294e9bfd3]::ops::function::FnOnce<()>>::call_once
[INFO] [stdout]   13:     0x5ca9bf08618b - test[9d35eded1c95d3be]::__rust_begin_short_backtrace::<core[df12db4294e9bfd3]::result::Result<(), alloc[2182bb758b4b3781]::string::String>, fn() -> core[df12db4294e9bfd3]::result::Result<(), alloc[2182bb758b4b3781]::string::String>>
[INFO] [stdout]   14:     0x5ca9bf0937f5 - test[9d35eded1c95d3be]::run_test::{closure#0}
[INFO] [stdout]   15:     0x5ca9bf08d0b4 - std[70759c8f55707aa4]::sys::backtrace::__rust_begin_short_backtrace::<test[9d35eded1c95d3be]::run_test::{closure#1}, ()>
[INFO] [stdout]   16:     0x5ca9bf096952 - <std[70759c8f55707aa4]::thread::lifecycle::spawn_unchecked<test[9d35eded1c95d3be]::run_test::{closure#1}, ()>::{closure#1} as core[df12db4294e9bfd3]::ops::function::FnOnce<()>>::call_once::{shim:vtable#0}
[INFO] [stdout]   17:     0x5ca9bf10ed89 - <std[70759c8f55707aa4]::sys::thread::unix::Thread>::new::thread_start
[INFO] [stdout]   18:     0x702240f08dfa - <unknown>
[INFO] [stdout]   19:     0x702240f9c3d4 - clone
[INFO] [stdout]   20:                0x0 - <unknown>
[INFO] [stdout] 
[INFO] [stdout] 
[INFO] [stdout] failures:
[INFO] [stdout]     reactive_annotations_emit_handles_and_kinds
[INFO] [stdout] 
[INFO] [stdout] test result: FAILED. 4 passed; 1 failed; 0 ignored; 0 measured; 0 filtered out; finished in 0.00s
[INFO] [stdout] 
[INFO] [stderr] error: test failed, to rerun pass `--test reactive`
[INFO] running `Command { std: "docker" "inspect" "26ace39dd3c41a5f6413354390a046f50d9e54554344b58a465b3f5c7125984e", kill_on_drop: false }`
[INFO] running `Command { std: "docker" "rm" "-f" "26ace39dd3c41a5f6413354390a046f50d9e54554344b58a465b3f5c7125984e", kill_on_drop: false }`
[INFO] [stdout] 26ace39dd3c41a5f6413354390a046f50d9e54554344b58a465b3f5c7125984e
