[INFO] fetching crate crush-debugger 0.5.0...
[INFO] testing crush-debugger-0.5.0 against 1.99.0-beta.8+cargoflags=--release for beta-release-1.100-2
[INFO] extracting crate crush-debugger 0.5.0 into /workspace/builds/worker-5-tc1/source
[INFO] started tweaking crates.io crate crush-debugger 0.5.0
[INFO] removed 0 missing tests
[INFO] finished tweaking crates.io crate crush-debugger 0.5.0
[INFO] tweaked toml for crates.io crate crush-debugger 0.5.0 written to /workspace/builds/worker-5-tc1/source/Cargo.toml
[INFO] validating manifest of crates.io crate crush-debugger 0.5.0 on toolchain 1.99.0-beta.8
[INFO] running `Command { std: CARGO_HOME="/workspace/cargo-home" RUSTUP_HOME="/workspace/rustup-home" "/workspace/cargo-home/bin/cargo" "+1.99.0-beta.8" "metadata" "--manifest-path" "Cargo.toml" "--no-deps", kill_on_drop: false }`
[INFO] crate crates.io crate crush-debugger 0.5.0 already has a lockfile, it will not be regenerated
[INFO] running `Command { std: CARGO_HOME="/workspace/cargo-home" RUSTUP_HOME="/workspace/rustup-home" "/workspace/cargo-home/bin/cargo" "+1.99.0-beta.8" "fetch" "--manifest-path" "Cargo.toml", kill_on_drop: false }`
[INFO] [stderr]     Updating crates.io index
[INFO] [stderr]  Downloading crates ...
[INFO] [stderr]   Downloaded crush-errors v0.5.0
[INFO] [stderr]   Downloaded crush-diagnostics v0.5.0
[INFO] [stderr]   Downloaded casm v0.5.0
[INFO] [stderr]   Downloaded crush-ffi v0.5.0
[INFO] [stderr]   Downloaded crush-vm v0.5.0
[INFO] running `Command { std: "docker" "create" "-v" "/var/lib/crater-agent-workspace/builds/worker-5-tc1/source:/opt/rustwide/workdir:ro,Z" "-v" "/var/lib/crater-agent-workspace/builds/worker-5-tc1/target:/opt/rustwide/target:rw,Z" "-v" "/var/lib/crater-agent-workspace/cargo-home:/opt/rustwide/cargo-home:ro,Z" "-v" "/var/lib/crater-agent-workspace/rustup-home:/opt/rustwide/rustup-home:ro,Z" "-m" "1610612736" "--network" "none" "ghcr.io/rust-lang/crates-build-env/linux@sha256:77db811e55d90add9212f6832c23229e3de5f1c1f9905e8cb07319ea15df73ac" "sleep" "infinity", kill_on_drop: false }`
[INFO] [stdout] d65ab72d50a27cca1b0c0b57158e1256e97b2cdad2a1db2988a61833c626f51a
[INFO] running `Command { std: "docker" "start" "d65ab72d50a27cca1b0c0b57158e1256e97b2cdad2a1db2988a61833c626f51a", kill_on_drop: false }`
[INFO] running `Command { std: "docker" "inspect" "d65ab72d50a27cca1b0c0b57158e1256e97b2cdad2a1db2988a61833c626f51a", kill_on_drop: false }`
[INFO] running `Command { std: "docker" "exec" "-e" "SOURCE_DIR=/opt/rustwide/workdir" "-e" "CARGO_HOME=/opt/rustwide/cargo-home" "-e" "RUSTUP_HOME=/opt/rustwide/rustup-home" "-e" "CARGO_TARGET_DIR=/opt/rustwide/target" "-w" "/opt/rustwide/workdir" "--user" "0:0" "d65ab72d50a27cca1b0c0b57158e1256e97b2cdad2a1db2988a61833c626f51a" "/opt/rustwide/cargo-home/bin/cargo" "+1.99.0-beta.8" "metadata" "--no-deps" "--format-version=1", kill_on_drop: false }`
[INFO] running `Command { std: "docker" "inspect" "d65ab72d50a27cca1b0c0b57158e1256e97b2cdad2a1db2988a61833c626f51a", kill_on_drop: false }`
[INFO] running `Command { std: "docker" "exec" "-e" "SOURCE_DIR=/opt/rustwide/workdir" "-e" "CARGO_HOME=/opt/rustwide/cargo-home" "-e" "RUSTUP_HOME=/opt/rustwide/rustup-home" "-e" "CARGO_TARGET_DIR=/opt/rustwide/target" "-e" "CARGO_INCREMENTAL=0" "-e" "RUST_BACKTRACE=full" "-e" "RUSTFLAGS=--cap-lints=warn" "-e" "RUSTDOCFLAGS=--cap-lints=warn" "-w" "/opt/rustwide/workdir" "--user" "0:0" "d65ab72d50a27cca1b0c0b57158e1256e97b2cdad2a1db2988a61833c626f51a" "/opt/rustwide/cargo-home/bin/cargo" "+1.99.0-beta.8" "build" "--frozen" "--message-format=json" "--release", kill_on_drop: false }`
[INFO] [stderr]    Compiling quote v1.0.46
[INFO] [stderr]    Compiling memchr v2.8.3
[INFO] [stderr]    Compiling typenum v1.20.1
[INFO] [stderr]    Compiling autocfg v1.5.1
[INFO] [stderr]    Compiling zmij v1.0.23
[INFO] [stderr]    Compiling libc v0.2.186
[INFO] [stderr]    Compiling regex-syntax v0.8.11
[INFO] [stderr]    Compiling anyhow v1.0.103
[INFO] [stderr]    Compiling smallvec v1.15.2
[INFO] [stderr]    Compiling num-traits v0.2.19
[INFO] [stderr]    Compiling syn v2.0.119
[INFO] [stderr]    Compiling bitflags v2.13.0
[INFO] [stderr]    Compiling crush-vm v0.5.0
[INFO] [stderr]    Compiling aho-corasick v1.1.4
[INFO] [stderr]    Compiling serde_json v1.0.150
[INFO] [stderr]    Compiling generic-array v0.14.7
[INFO] [stderr]    Compiling rmp v0.8.15
[INFO] [stderr]    Compiling parking_lot_core v0.9.12
[INFO] [stderr]    Compiling block-buffer v0.10.4
[INFO] [stderr]    Compiling crypto-common v0.1.7
[INFO] [stderr]    Compiling digest v0.10.7
[INFO] [stderr]    Compiling parking_lot v0.12.5
[INFO] [stderr]    Compiling libloading v0.9.0
[INFO] [stderr]    Compiling sha2 v0.10.9
[INFO] [stderr]    Compiling hashbrown v0.17.1
[INFO] [stderr]    Compiling crush-ffi v0.5.0
[INFO] [stderr]    Compiling regex-automata v0.4.15
[INFO] [stderr]    Compiling indexmap v2.14.0
[INFO] [stderr]    Compiling serde_derive v1.0.228
[INFO] [stderr]    Compiling thiserror-impl v1.0.69
[INFO] [stderr]    Compiling clap_derive v4.6.1
[INFO] [stderr]    Compiling thiserror v1.0.69
[INFO] [stderr]    Compiling regex v1.13.0
[INFO] [stderr]    Compiling clap v4.6.1
[INFO] [stderr]    Compiling serde v1.0.228
[INFO] [stderr]    Compiling rmp-serde v1.3.1
[INFO] [stderr]    Compiling crush-errors v0.5.0
[INFO] [stderr]    Compiling crush-diagnostics v0.5.0
[INFO] [stderr]    Compiling casm v0.5.0
[INFO] [stderr]    Compiling crush-debugger v0.5.0 (/opt/rustwide/workdir)
[INFO] [stdout] warning: use of deprecated method `indexmap::IndexMap::<K, V, S>::remove`: `remove` disrupts the map order -- use `swap_remove` or `shift_remove` for explicit behavior.
[INFO] [stdout]   --> src/breakpoint.rs:94:34
[INFO] [stdout]    |
[INFO] [stdout] 94 |                 self.by_location.remove(&k);
[INFO] [stdout]    |                                  ^^^^^^
[INFO] [stdout]    |
[INFO] [stdout]    = note: `#[warn(deprecated)]` on by default
[INFO] [stdout] 
[INFO] [stdout] 
[INFO] [stderr]     Finished `release` profile [optimized] target(s) in 1m 37s
[INFO] running `Command { std: "docker" "inspect" "d65ab72d50a27cca1b0c0b57158e1256e97b2cdad2a1db2988a61833c626f51a", kill_on_drop: false }`
[INFO] running `Command { std: "docker" "exec" "-e" "SOURCE_DIR=/opt/rustwide/workdir" "-e" "CARGO_HOME=/opt/rustwide/cargo-home" "-e" "RUSTUP_HOME=/opt/rustwide/rustup-home" "-e" "CARGO_TARGET_DIR=/opt/rustwide/target" "-e" "CARGO_INCREMENTAL=0" "-e" "RUST_BACKTRACE=full" "-e" "RUSTFLAGS=--cap-lints=warn" "-e" "RUSTDOCFLAGS=--cap-lints=warn" "-w" "/opt/rustwide/workdir" "--user" "0:0" "d65ab72d50a27cca1b0c0b57158e1256e97b2cdad2a1db2988a61833c626f51a" "/opt/rustwide/cargo-home/bin/cargo" "+1.99.0-beta.8" "test" "--frozen" "--no-run" "--message-format=json" "--release", kill_on_drop: false }`
[INFO] [stdout] warning: use of deprecated method `indexmap::IndexMap::<K, V, S>::remove`: `remove` disrupts the map order -- use `swap_remove` or `shift_remove` for explicit behavior.
[INFO] [stdout]   --> src/breakpoint.rs:94:34
[INFO] [stdout]    |
[INFO] [stdout] 94 |                 self.by_location.remove(&k);
[INFO] [stdout]    |                                  ^^^^^^
[INFO] [stdout]    |
[INFO] [stdout]    = note: `#[warn(deprecated)]` on by default
[INFO] [stdout] 
[INFO] [stdout] 
[INFO] [stderr]    Compiling crush-debugger v0.5.0 (/opt/rustwide/workdir)
[INFO] [stdout] warning: use of deprecated method `indexmap::IndexMap::<K, V, S>::remove`: `remove` disrupts the map order -- use `swap_remove` or `shift_remove` for explicit behavior.
[INFO] [stdout]   --> src/breakpoint.rs:94:34
[INFO] [stdout]    |
[INFO] [stdout] 94 |                 self.by_location.remove(&k);
[INFO] [stdout]    |                                  ^^^^^^
[INFO] [stdout]    |
[INFO] [stdout]    = note: `#[warn(deprecated)]` on by default
[INFO] [stdout] 
[INFO] [stdout] 
[INFO] [stderr]     Finished `release` profile [optimized] target(s) in 8.10s
[INFO] running `Command { std: "docker" "inspect" "d65ab72d50a27cca1b0c0b57158e1256e97b2cdad2a1db2988a61833c626f51a", kill_on_drop: false }`
[INFO] running `Command { std: "docker" "exec" "-e" "SOURCE_DIR=/opt/rustwide/workdir" "-e" "CARGO_HOME=/opt/rustwide/cargo-home" "-e" "RUSTUP_HOME=/opt/rustwide/rustup-home" "-e" "CARGO_TARGET_DIR=/opt/rustwide/target" "-e" "CARGO_INCREMENTAL=0" "-e" "RUST_BACKTRACE=full" "-e" "RUSTFLAGS=--cap-lints=warn" "-e" "RUSTDOCFLAGS=--cap-lints=warn" "-w" "/opt/rustwide/workdir" "--user" "0:0" "d65ab72d50a27cca1b0c0b57158e1256e97b2cdad2a1db2988a61833c626f51a" "/opt/rustwide/cargo-home/bin/cargo" "+1.99.0-beta.8" "test" "--frozen" "--release", kill_on_drop: false }`
[INFO] [stderr] warning: use of deprecated method `indexmap::IndexMap::<K, V, S>::remove`: `remove` disrupts the map order -- use `swap_remove` or `shift_remove` for explicit behavior.
[INFO] [stderr]   --> src/breakpoint.rs:94:34
[INFO] [stderr]    |
[INFO] [stderr] 94 |                 self.by_location.remove(&k);
[INFO] [stderr]    |                                  ^^^^^^
[INFO] [stderr]    |
[INFO] [stderr]    = note: `#[warn(deprecated)]` on by default
[INFO] [stderr] 
[INFO] [stderr] warning: `crush-debugger` (lib) generated 1 warning
[INFO] [stderr] warning: `crush-debugger` (lib test) generated 1 warning (1 duplicate)
[INFO] [stderr]     Finished `release` profile [optimized] target(s) in 0.10s
[INFO] [stderr]      Running unittests src/lib.rs (/opt/rustwide/target/release/deps/crush_debugger-b8ce52ee8b5da9e8)
[INFO] [stdout] 
[INFO] [stdout] running 46 tests
[INFO] [stdout] test breakpoint::tests::matches_returns_true_only_for_exact_file_line ... ok
[INFO] [stdout] test events::tests::a_dropped_receiver_does_not_panic_the_session ... ok
[INFO] [stdout] test repl::tests::parses_break_with_default_path_and_line ... ok
[INFO] [stdout] test repl::tests::parses_break_with_relative_path_anchoring_on_last_colon ... ok
[INFO] [stdout] test breakpoint::tests::list_yields_insertion_order ... ok
[INFO] [stdout] test repl::tests::parses_all_short_aliases ... ok
[INFO] [stdout] test breakpoint::tests::remove_returns_true_for_existing_false_for_missing ... ok
[INFO] [stdout] test breakpoint::tests::add_assigns_distinct_ids_for_same_location ... ok
[INFO] [stdout] test events::tests::collecting_sink_clones_share_events ... ok
[INFO] [stdout] test repl::tests::parses_break_with_windows_style_path_anchoring_on_last_colon ... ok
[INFO] [stdout] test events::tests::channel_sender_is_a_sink_and_events_cross_threads ... ok
[INFO] [stdout] test repl::tests::parses_delete_id ... ok
[INFO] [stdout] test repl::tests::parses_next_finish_and_aliases ... ok
[INFO] [stdout] test repl::tests::parses_status_and_info_aliases ... ok
[INFO] [stdout] test repl::tests::rejects_bad_watch_args ... ok
[INFO] [stdout] test repl::tests::rejects_break_with_non_numeric_line ... ok
[INFO] [stdout] test repl::tests::rejects_empty ... ok
[INFO] [stdout] test repl::tests::rejects_break_without_colon ... ok
[INFO] [stdout] test repl::tests::rejects_unknown_verb ... ok
[INFO] [stdout] test repl::tests::rejects_delete_with_non_numeric_id ... ok
[INFO] [stdout] test session::tests::handle_command_break_sets_and_reports ... ok
[INFO] [stdout] test session::tests::handle_command_continue_reports_done ... ok
[INFO] [stdout] test session::tests::handle_command_delete_existing ... ok
[INFO] [stdout] test session::tests::add_breakpoint_forwards_to_driver_and_updates_session_count ... ok
[INFO] [stdout] test repl::tests::parses_watch_scopes ... ok
[INFO] [stdout] test session::tests::handle_command_delete_missing ... ok
[INFO] [stdout] test session::tests::handle_command_help_returns_banner ... ok
[INFO] [stdout] test session::tests::handle_command_list_empty ... ok
[INFO] [stdout] test session::tests::handle_command_next_and_watch_on_a_driver_without_support ... ok
[INFO] [stdout] test session::tests::handle_command_print_by_name_explains_slots ... ok
[INFO] [stdout] test session::tests::handle_command_list_with_breakpoints ... ok
[INFO] [stdout] test session::tests::add_breakpoint_leaves_address_none_when_line_not_in_sourcemap ... ok
[INFO] [stdout] test session::tests::add_breakpoint_resolves_line_to_bytecode_address_via_sourcemap ... ok
[INFO] [stdout] test session::tests::control_only_steps_but_refuses_print ... ok
[INFO] [stdout] test session::tests::handle_command_quit_panics - should panic ... ok
[INFO] [stdout] test session::tests::handle_command_status_reports_instructions_and_no_pause ... ok
[INFO] [stdout] test session::tests::handle_command_status_reports_no_pause_when_idle ... ok
[INFO] [stdout] test session::tests::handle_command_step_increments_and_reports ... ok
[INFO] [stdout] test session::tests::inspect_levels_allow_print ... ok
[INFO] [stdout] test vm_driver::tests::run_until_breakpoint_or_done_signature_compiles ... ok
[INFO] [stdout] test vm_driver::tests::vm_run_result_display_strings_match_design ... ok
[INFO] [stdout] test session::tests::without_debug_step_every_control_command_is_refused ... ok
[INFO] [stdout] test vm_driver::tests::vm_error_inner_carries_underlying_message_in_source_chain ... ok
[INFO] [stdout] test session::tests::remove_breakpoint_returns_false_for_missing ... ok
[INFO] [stdout] test session::tests::remove_breakpoint_returns_true_for_existing ... ok
[INFO] [stdout] test vm_driver::tests::trait_compiles_and_step_outcome_fields_match_docs ... ok
[INFO] [stdout] 
[INFO] [stdout] test result: ok. 46 passed; 0 failed; 0 ignored; 0 measured; 0 filtered out; finished in 0.02s
[INFO] [stdout] 
[INFO] [stderr]      Running unittests src/main.rs (/opt/rustwide/target/release/deps/crush_debugger-8c76e2e84eff5bc9)
[INFO] [stderr]      Running tests/events_test.rs (/opt/rustwide/target/release/deps/events_test-bba87356e2aea9f4)
[INFO] [stdout] 
[INFO] [stdout] running 0 tests
[INFO] [stdout] 
[INFO] [stdout] test result: ok. 0 passed; 0 failed; 0 ignored; 0 measured; 0 filtered out; finished in 0.00s
[INFO] [stdout] 
[INFO] [stdout] 
[INFO] [stdout] running 5 tests
[INFO] [stdout] test full_visibility_reports_stops_with_frames_output_and_finish ... ok
[INFO] [stdout] test control_only_visibility_hides_every_value ... ok
[INFO] [stdout] test no_grant_emits_only_refusals ... ok
[INFO] [stdout] test redacted_visibility_never_emits_plain_values ... ok
[INFO] [stdout] test a_channel_carries_events_to_another_thread ... ok
[INFO] [stdout] 
[INFO] [stdout] test result: ok. 5 passed; 0 failed; 0 ignored; 0 measured; 0 filtered out; finished in 0.01s
[INFO] [stdout] 
[INFO] [stderr]      Running tests/repl_integration_test.rs (/opt/rustwide/target/release/deps/repl_integration_test-7430e1d63f71ecc1)
[INFO] [stdout] 
[INFO] [stdout] running 31 tests
[INFO] [stdout] test control_grant_runs_but_hides_values ... ok
[INFO] [stdout] test breakpoint_fires_before_output_quota ... ok
[INFO] [stdout] test breakpoint_fires_before_stack_quota ... ok
[INFO] [stdout] test cli_break_flag_sets_breakpoints_visible_in_repl ... ok
[INFO] [stdout] test breakpoint_fires_before_step_quota ... ok
[INFO] [stdout] test cli_break_triggers_vm_hit_on_continue ... ok
[INFO] [stdout] test cli_and_repl_break_at_same_location_produce_distinct_ids_and_both_fire ... ok
[INFO] [stdout] test break_on_directive_line_warns_and_runs_to_completion ... ok
[INFO] [stdout] test max_call_depth_flag_hits_call_depth_quota_on_continue ... ok
[INFO] [stdout] test max_call_depth_flag_hits_call_depth_quota_on_step ... ok
[INFO] [stdout] test max_output_flag_hits_output_quota_on_step ... ok
[INFO] [stdout] test max_output_flag_hits_output_quota_on_continue ... ok
[INFO] [stdout] test max_stack_flag_hits_stack_quota_on_continue ... ok
[INFO] [stdout] test max_stack_flag_hits_stack_quota_on_step ... ok
[INFO] [stdout] test max_steps_flag_respects_quota_on_step ... ok
[INFO] [stdout] test max_steps_flag_respects_quota_on_continue ... ok
[INFO] [stdout] test redacted_grant_shows_type_and_hash_never_content ... ok
[INFO] [stdout] test missing_capability_reports_clear_error ... ok
[INFO] [stdout] test repl_break_triggers_vm_hit_on_continue ... ok
[INFO] [stdout] test repl_help_shows_commands_banner_and_quit_prints_bye ... ok
[INFO] [stdout] test repl_set_and_delete_breakpoint ... ok
[INFO] [stdout] test repl_status_after_breakpoint_shows_paused_at ... ok
[INFO] [stdout] test repl_status_reports_instructions_and_no_pause ... ok
[INFO] [stdout] test repl_continue_reports_done ... ok
[INFO] [stdout] test repl_step_increments_and_reports ... ok
[INFO] [stdout] test repl_watch_reports_the_change_and_print_reads_the_slot ... ok
[INFO] [stdout] test repl_finish_returns_to_the_caller ... ok
[INFO] [stdout] test repl_list_reports_no_breakpoints_when_empty ... ok
[INFO] [stdout] test without_debug_grants_the_repl_refuses_to_run_the_program ... ok
[INFO] [stdout] test repl_next_steps_over_the_call ... ok
[INFO] [stderr] error: test failed, to rerun pass `--test repl_integration_test`
[INFO] [stdout] test unknown_or_incomplete_debug_grants_are_rejected ... FAILED
[INFO] [stdout] 
[INFO] [stdout] failures:
[INFO] [stdout] 
[INFO] [stdout] ---- unknown_or_incomplete_debug_grants_are_rejected stdout ----
[INFO] [stdout] 
[INFO] [stdout] thread 'unknown_or_incomplete_debug_grants_are_rejected' (1153) panicked at tests/repl_integration_test.rs:31:10:
[INFO] [stdout] failed to write to stdin: Os { code: 32, kind: BrokenPipe, message: "Broken pipe" }
[INFO] [stdout] stack backtrace:
[INFO] [stdout]    0:     0x5b1ad36e0dc1 - <<std[70759c8f55707aa4]::sys::backtrace::BacktraceLock>::print::DisplayBacktrace as core[df12db4294e9bfd3]::fmt::Display>::fmt
[INFO] [stdout]    1:     0x5b1ad36f503a - core[df12db4294e9bfd3]::fmt::write
[INFO] [stdout]    2:     0x5b1ad36e52cc - <alloc[2182bb758b4b3781]::vec::Vec<u8> as core[df12db4294e9bfd3]::io::write::Write>::write_fmt
[INFO] [stdout]    3:     0x5b1ad36bcf26 - std[70759c8f55707aa4]::panicking::default_hook::{closure#0}
[INFO] [stdout]    4:     0x5b1ad36d9529 - std[70759c8f55707aa4]::panicking::default_hook
[INFO] [stdout]    5:     0x5b1ad36754d0 - test[9d35eded1c95d3be]::test_main_inner::<test[9d35eded1c95d3be]::test_main_static::{closure#0}>::{closure#0}
[INFO] [stdout]    6:     0x5b1ad36d96e2 - std[70759c8f55707aa4]::panicking::panic_with_hook
[INFO] [stdout]    7:     0x5b1ad36bcfd2 - std[70759c8f55707aa4]::panicking::panic_handler::{closure#0}
[INFO] [stdout]    8:     0x5b1ad36b5d59 - std[70759c8f55707aa4]::sys::backtrace::__rust_end_short_backtrace::<std[70759c8f55707aa4]::panicking::panic_handler::{closure#0}, !>
[INFO] [stdout]    9:     0x5b1ad36bdbcd - __rustc[8fa7c3cbc660c2b3]::rust_begin_unwind
[INFO] [stdout]   10:     0x5b1ad36f576c - core[df12db4294e9bfd3]::panicking::panic_fmt
[INFO] [stdout]   11:     0x5b1ad36f5542 - core[df12db4294e9bfd3]::result::unwrap_failed
[INFO] [stdout]   12:     0x5b1ad36626dd - repl_integration_test[429e92f1fffa5b2d]::spawn_debugger_ungranted
[INFO] [stdout]   13:     0x5b1ad3665dcc - <repl_integration_test[429e92f1fffa5b2d]::unknown_or_incomplete_debug_grants_are_rejected::{closure#0} as core[df12db4294e9bfd3]::ops::function::FnOnce<()>>::call_once
[INFO] [stdout]   14:     0x5b1ad36687bb - test[9d35eded1c95d3be]::__rust_begin_short_backtrace::<core[df12db4294e9bfd3]::result::Result<(), alloc[2182bb758b4b3781]::string::String>, fn() -> core[df12db4294e9bfd3]::result::Result<(), alloc[2182bb758b4b3781]::string::String>>
[INFO] [stdout]   15:     0x5b1ad3675e25 - test[9d35eded1c95d3be]::run_test::{closure#0}
[INFO] [stdout]   16:     0x5b1ad366f6e4 - std[70759c8f55707aa4]::sys::backtrace::__rust_begin_short_backtrace::<test[9d35eded1c95d3be]::run_test::{closure#1}, ()>
[INFO] [stdout]   17:     0x5b1ad3678f82 - <std[70759c8f55707aa4]::thread::lifecycle::spawn_unchecked<test[9d35eded1c95d3be]::run_test::{closure#1}, ()>::{closure#1} as core[df12db4294e9bfd3]::ops::function::FnOnce<()>>::call_once::{shim:vtable#0}
[INFO] [stdout]   18:     0x5b1ad36e0699 - <std[70759c8f55707aa4]::sys::thread::unix::Thread>::new::thread_start
[INFO] [stdout]   19:     0x7f9238c9ddfa - <unknown>
[INFO] [stdout]   20:     0x7f9238d313d4 - clone
[INFO] [stdout]   21:                0x0 - <unknown>
[INFO] [stdout] 
[INFO] [stdout] 
[INFO] [stdout] failures:
[INFO] [stdout]     unknown_or_incomplete_debug_grants_are_rejected
[INFO] [stdout] 
[INFO] [stdout] test result: FAILED. 30 passed; 1 failed; 0 ignored; 0 measured; 0 filtered out; finished in 0.04s
[INFO] [stdout] 
[INFO] running `Command { std: "docker" "inspect" "d65ab72d50a27cca1b0c0b57158e1256e97b2cdad2a1db2988a61833c626f51a", kill_on_drop: false }`
[INFO] running `Command { std: "docker" "rm" "-f" "d65ab72d50a27cca1b0c0b57158e1256e97b2cdad2a1db2988a61833c626f51a", kill_on_drop: false }`
[INFO] [stdout] d65ab72d50a27cca1b0c0b57158e1256e97b2cdad2a1db2988a61833c626f51a
