[INFO] fetching crate corus-core 1.2.5...
[INFO] testing corus-core-1.2.5 against 1.99.0-beta.8+cargoflags=--release for beta-release-1.100-2
[INFO] extracting crate corus-core 1.2.5 into /workspace/builds/worker-6-tc1/source
[INFO] started tweaking crates.io crate corus-core 1.2.5
[INFO] removed 0 missing examples
[INFO] removed 0 missing tests
[INFO] finished tweaking crates.io crate corus-core 1.2.5
[INFO] tweaked toml for crates.io crate corus-core 1.2.5 written to /workspace/builds/worker-6-tc1/source/Cargo.toml
[INFO] validating manifest of crates.io crate corus-core 1.2.5 on toolchain 1.99.0-beta.8
[INFO] running `Command { std: CARGO_HOME="/workspace/cargo-home" RUSTUP_HOME="/workspace/rustup-home" "/workspace/cargo-home/bin/cargo" "+1.99.0-beta.8" "metadata" "--manifest-path" "Cargo.toml" "--no-deps", kill_on_drop: false }`
[INFO] crate crates.io crate corus-core 1.2.5 already has a lockfile, it will not be regenerated
[INFO] running `Command { std: CARGO_HOME="/workspace/cargo-home" RUSTUP_HOME="/workspace/rustup-home" "/workspace/cargo-home/bin/cargo" "+1.99.0-beta.8" "fetch" "--manifest-path" "Cargo.toml", kill_on_drop: false }`
[INFO] [stderr]     Updating crates.io index
[INFO] [stderr]  Downloading crates ...
[INFO] [stderr]   Downloaded corus-syscall v1.2.5
[INFO] running `Command { std: "docker" "create" "-v" "/var/lib/crater-agent-workspace/builds/worker-6-tc1/source:/opt/rustwide/workdir:ro,Z" "-v" "/var/lib/crater-agent-workspace/builds/worker-6-tc1/target:/opt/rustwide/target:rw,Z" "-v" "/var/lib/crater-agent-workspace/cargo-home:/opt/rustwide/cargo-home:ro,Z" "-v" "/var/lib/crater-agent-workspace/rustup-home:/opt/rustwide/rustup-home:ro,Z" "-m" "1610612736" "--network" "none" "ghcr.io/rust-lang/crates-build-env/linux@sha256:77db811e55d90add9212f6832c23229e3de5f1c1f9905e8cb07319ea15df73ac" "sleep" "infinity", kill_on_drop: false }`
[INFO] [stdout] d94ff2c6354b9c49a1a61dfbf75254ef5041fc1661028bcace81cad4e5445890
[INFO] running `Command { std: "docker" "start" "d94ff2c6354b9c49a1a61dfbf75254ef5041fc1661028bcace81cad4e5445890", kill_on_drop: false }`
[INFO] running `Command { std: "docker" "inspect" "d94ff2c6354b9c49a1a61dfbf75254ef5041fc1661028bcace81cad4e5445890", kill_on_drop: false }`
[INFO] running `Command { std: "docker" "exec" "-e" "SOURCE_DIR=/opt/rustwide/workdir" "-e" "CARGO_HOME=/opt/rustwide/cargo-home" "-e" "RUSTUP_HOME=/opt/rustwide/rustup-home" "-e" "CARGO_TARGET_DIR=/opt/rustwide/target" "-w" "/opt/rustwide/workdir" "--user" "0:0" "d94ff2c6354b9c49a1a61dfbf75254ef5041fc1661028bcace81cad4e5445890" "/opt/rustwide/cargo-home/bin/cargo" "+1.99.0-beta.8" "metadata" "--no-deps" "--format-version=1", kill_on_drop: false }`
[INFO] running `Command { std: "docker" "inspect" "d94ff2c6354b9c49a1a61dfbf75254ef5041fc1661028bcace81cad4e5445890", kill_on_drop: false }`
[INFO] running `Command { std: "docker" "exec" "-e" "SOURCE_DIR=/opt/rustwide/workdir" "-e" "CARGO_HOME=/opt/rustwide/cargo-home" "-e" "RUSTUP_HOME=/opt/rustwide/rustup-home" "-e" "CARGO_TARGET_DIR=/opt/rustwide/target" "-e" "CARGO_INCREMENTAL=0" "-e" "RUST_BACKTRACE=full" "-e" "RUSTFLAGS=--cap-lints=warn" "-e" "RUSTDOCFLAGS=--cap-lints=warn" "-w" "/opt/rustwide/workdir" "--user" "0:0" "d94ff2c6354b9c49a1a61dfbf75254ef5041fc1661028bcace81cad4e5445890" "/opt/rustwide/cargo-home/bin/cargo" "+1.99.0-beta.8" "build" "--frozen" "--message-format=json" "--release", kill_on_drop: false }`
[INFO] [stderr]    Compiling corus-syscall v1.2.5
[INFO] [stderr]    Compiling corus-core v1.2.5 (/opt/rustwide/workdir)
[INFO] [stderr]     Finished `release` profile [optimized] target(s) in 0.97s
[INFO] running `Command { std: "docker" "inspect" "d94ff2c6354b9c49a1a61dfbf75254ef5041fc1661028bcace81cad4e5445890", kill_on_drop: false }`
[INFO] running `Command { std: "docker" "exec" "-e" "SOURCE_DIR=/opt/rustwide/workdir" "-e" "CARGO_HOME=/opt/rustwide/cargo-home" "-e" "RUSTUP_HOME=/opt/rustwide/rustup-home" "-e" "CARGO_TARGET_DIR=/opt/rustwide/target" "-e" "CARGO_INCREMENTAL=0" "-e" "RUST_BACKTRACE=full" "-e" "RUSTFLAGS=--cap-lints=warn" "-e" "RUSTDOCFLAGS=--cap-lints=warn" "-w" "/opt/rustwide/workdir" "--user" "0:0" "d94ff2c6354b9c49a1a61dfbf75254ef5041fc1661028bcace81cad4e5445890" "/opt/rustwide/cargo-home/bin/cargo" "+1.99.0-beta.8" "test" "--frozen" "--no-run" "--message-format=json" "--release", kill_on_drop: false }`
[INFO] [stderr]    Compiling corus-core v1.2.5 (/opt/rustwide/workdir)
[INFO] [stderr]     Finished `release` profile [optimized] target(s) in 2.73s
[INFO] running `Command { std: "docker" "inspect" "d94ff2c6354b9c49a1a61dfbf75254ef5041fc1661028bcace81cad4e5445890", kill_on_drop: false }`
[INFO] running `Command { std: "docker" "exec" "-e" "SOURCE_DIR=/opt/rustwide/workdir" "-e" "CARGO_HOME=/opt/rustwide/cargo-home" "-e" "RUSTUP_HOME=/opt/rustwide/rustup-home" "-e" "CARGO_TARGET_DIR=/opt/rustwide/target" "-e" "CARGO_INCREMENTAL=0" "-e" "RUST_BACKTRACE=full" "-e" "RUSTFLAGS=--cap-lints=warn" "-e" "RUSTDOCFLAGS=--cap-lints=warn" "-w" "/opt/rustwide/workdir" "--user" "0:0" "d94ff2c6354b9c49a1a61dfbf75254ef5041fc1661028bcace81cad4e5445890" "/opt/rustwide/cargo-home/bin/cargo" "+1.99.0-beta.8" "test" "--frozen" "--release", kill_on_drop: false }`
[INFO] [stderr]     Finished `release` profile [optimized] target(s) in 0.05s
[INFO] [stderr]      Running unittests src/lib.rs (/opt/rustwide/target/release/deps/corus_core-b548089f6fe2ed9c)
[INFO] [stdout] 
[INFO] [stdout] running 7 tests
[INFO] [stdout] test threads::tests::parse_tid_skips_dot_and_nonnumeric ... ok
[INFO] [stdout] test threads::tests::lister_status_exit_1_with_zero_errno_falls_back_to_echild ... ok
[INFO] [stdout] test threads::tests::lister_status_exit_1_preserves_recorded_errno ... ok
[INFO] [stdout] test threads::tests::lister_status_keeps_existing_coarse_mappings ... ok
[INFO] [stdout] test threads::tests::atoi_parses ... ok
[INFO] [stdout] test io::tests::memory_capacity_matches_kernel_limit ... ok
[INFO] [stderr]      Running tests/assemble.rs (/opt/rustwide/target/release/deps/assemble-496e27f00ed3f532)
[INFO] [stdout] test threads::tests::itoa_roundtrips ... ok
[INFO] [stdout] 
[INFO] [stdout] test result: ok. 7 passed; 0 failed; 0 ignored; 0 measured; 0 filtered out; finished in 0.01s
[INFO] [stdout] 
[INFO] [stdout] 
[INFO] [stdout] running 5 tests
[INFO] [stdout] test assemble_large_mapping_benchmark ... ignored, manual large-mapping syscall and freeze-duration benchmark
[INFO] [stdout] test assemble_resource_failure_writes_no_headers ... ok
[INFO] [stdout] test assemble_core_batches_output ... ok
[INFO] [stdout] test assemble_core_zero_fills_unreadable_pages ... ok
[INFO] [stdout] test assemble_core_from_self_maps ... ok
[INFO] [stdout] 
[INFO] [stdout] test result: ok. 4 passed; 0 failed; 1 ignored; 0 measured; 0 filtered out; finished in 0.08s
[INFO] [stdout] 
[INFO] [stderr]      Running tests/crash_cleanup.rs (/opt/rustwide/target/release/deps/crash_cleanup-c8347528055e14b5)
[INFO] [stdout] 
[INFO] [stdout] running 1 test
[INFO] [stdout] test lister_crash_resumes_tracees ... ok
[INFO] [stdout] 
[INFO] [stdout] test result: ok. 1 passed; 0 failed; 0 ignored; 0 measured; 0 filtered out; finished in 0.16s
[INFO] [stdout] 
[INFO] [stderr]      Running tests/elf_header.rs (/opt/rustwide/target/release/deps/elf_header-1df115def59d4fc1)
[INFO] [stdout] 
[INFO] [stdout] running 2 tests
[INFO] [stdout] test ehdr_fields_are_well_formed ... ok
[INFO] [stdout] test minimal_core_header_parses_with_readelf ... ok
[INFO] [stdout] 
[INFO] [stdout] test result: ok. 2 passed; 0 failed; 0 ignored; 0 measured; 0 filtered out; finished in 0.01s
[INFO] [stdout] 
[INFO] [stderr]      Running tests/gcore_diff.rs (/opt/rustwide/target/release/deps/gcore_diff-473b65efcc6b18d2)
[INFO] [stdout] 
[INFO] [stdout] running 1 test
[INFO] [stdout] test nt_file_ranges_match_gcore ... ok
[INFO] [stdout] 
[INFO] [stdout] test result: ok. 1 passed; 0 failed; 0 ignored; 0 measured; 0 filtered out; finished in 0.01s
[INFO] [stdout] 
[INFO] [stderr]      Running tests/gdb_load.rs (/opt/rustwide/target/release/deps/gdb_load-d6fb3dc1d140e235)
[INFO] [stdout] 
[INFO] [stdout] running 1 test
[INFO] [stderr]      Running tests/io.rs (/opt/rustwide/target/release/deps/io-81579ef2c1fa0e32)
[INFO] [stdout] test core_loads_in_gdb_with_correct_backtrace ... ok
[INFO] [stdout] 
[INFO] [stdout] test result: ok. 1 passed; 0 failed; 0 ignored; 0 measured; 0 filtered out; finished in 0.01s
[INFO] [stdout] 
[INFO] [stdout] 
[INFO] [stdout] running 11 tests
[INFO] [stdout] test c_write_writes_full_buffer ... ok
[INFO] [stdout] test get_char_reads_then_eofs ... ok
[INFO] [stdout] test leading_zeros_skips_unreadable_pages ... ok
[INFO] [stdout] test simple_writer_writes_all ... ok
[INFO] [stdout] test limit_writer_truncates_at_max_length ... ok
[INFO] [stdout] test leading_zeros_all_zero_region ... ok
[INFO] [stdout] test leading_zeros_counts_zero_pages ... ok
[INFO] [stdout] test get_hex_parses_maps_style_line ... ok
[INFO] [stderr]      Running tests/no_alloc.rs (/opt/rustwide/target/release/deps/no_alloc-c8cc616cf26c9303)
[INFO] [stdout] test leading_zeros_releases_consecutive_fault_slots ... ok
[INFO] [stdout] test get_hex_handles_uppercase_and_eof ... ok
[INFO] [stdout] test get_hex_with_init_char_uses_supplied_first_char ... ok
[INFO] [stdout] 
[INFO] [stdout] test result: ok. 11 passed; 0 failed; 0 ignored; 0 measured; 0 filtered out; finished in 0.00s
[INFO] [stdout] 
[INFO] [stdout] 
[INFO] [stdout] running 1 test
[INFO] [stderr]      Running tests/proc_parse.rs (/opt/rustwide/target/release/deps/proc_parse-13fa5cbc230617f4)
[INFO] [stdout] test engine_rlib_has_no_alloc_or_lock_symbols ... ok
[INFO] [stdout] 
[INFO] [stdout] test result: ok. 1 passed; 0 failed; 0 ignored; 0 measured; 0 filtered out; finished in 0.08s
[INFO] [stdout] 
[INFO] [stdout] 
[INFO] [stdout] running 7 tests
[INFO] [stdout] test maps_parse_flags_and_anon ... ok
[INFO] [stdout] test maps_parse_matches_kernel_ranges ... FAILED
[INFO] [stdout] test named_mappings_have_paths_matching_kernel ... ok
[INFO] [stdout] test nt_file_note_is_well_formed ... ok
[INFO] [stderr] error: test failed, to rerun pass `--test proc_parse`
[INFO] [stdout] test count_auxv_finds_entries_and_vdso ... ok
[INFO] [stdout] test note_size_alignment ... ok
[INFO] [stdout] test prpsinfo_note_framing ... ok
[INFO] [stdout] 
[INFO] [stdout] failures:
[INFO] [stdout] 
[INFO] [stdout] ---- maps_parse_matches_kernel_ranges stdout ----
[INFO] [stdout] 
[INFO] [stdout] thread 'maps_parse_matches_kernel_ranges' (500) panicked at tests/proc_parse.rs:62:9:
[INFO] [stdout] assertion `left == right` failed: start mismatch at 5
[INFO] [stdout]   left: 126985405726720
[INFO] [stdout]  right: 126985539944448
[INFO] [stdout] stack backtrace:
[INFO] [stdout]    0:     0x5b472c045c51 - <<std[70759c8f55707aa4]::sys::backtrace::BacktraceLock>::print::DisplayBacktrace as core[df12db4294e9bfd3]::fmt::Display>::fmt
[INFO] [stdout]    1:     0x5b472c059f9a - core[df12db4294e9bfd3]::fmt::write
[INFO] [stdout]    2:     0x5b472c04a0ec - <alloc[2182bb758b4b3781]::vec::Vec<u8> as core[df12db4294e9bfd3]::io::write::Write>::write_fmt
[INFO] [stdout]    3:     0x5b472c021ed6 - std[70759c8f55707aa4]::panicking::default_hook::{closure#0}
[INFO] [stdout]    4:     0x5b472c03e049 - std[70759c8f55707aa4]::panicking::default_hook
[INFO] [stdout]    5:     0x5b472bfd9010 - test[9d35eded1c95d3be]::test_main_inner::<test[9d35eded1c95d3be]::test_main_static::{closure#0}>::{closure#0}
[INFO] [stdout]    6:     0x5b472c03e202 - std[70759c8f55707aa4]::panicking::panic_with_hook
[INFO] [stdout]    7:     0x5b472c021f82 - std[70759c8f55707aa4]::panicking::panic_handler::{closure#0}
[INFO] [stdout]    8:     0x5b472c01ab79 - std[70759c8f55707aa4]::sys::backtrace::__rust_end_short_backtrace::<std[70759c8f55707aa4]::panicking::panic_handler::{closure#0}, !>
[INFO] [stdout]    9:     0x5b472c022b7d - __rustc[8fa7c3cbc660c2b3]::rust_begin_unwind
[INFO] [stdout]   10:     0x5b472c05a6cc - core[df12db4294e9bfd3]::panicking::panic_fmt
[INFO] [stdout]   11:     0x5b472c05a643 - core[df12db4294e9bfd3]::panicking::assert_failed_inner
[INFO] [stdout]   12:     0x5b472c056e08 - core[df12db4294e9bfd3]::panicking::assert_failed::<usize, usize>
[INFO] [stdout]   13:     0x5b472bfcbb86 - <proc_parse[c37eb7723d78a345]::maps_parse_matches_kernel_ranges::{closure#0} as core[df12db4294e9bfd3]::ops::function::FnOnce<()>>::call_once
[INFO] [stdout]   14:     0x5b472bfcc2fb - test[9d35eded1c95d3be]::__rust_begin_short_backtrace::<core[df12db4294e9bfd3]::result::Result<(), alloc[2182bb758b4b3781]::string::String>, fn() -> core[df12db4294e9bfd3]::result::Result<(), alloc[2182bb758b4b3781]::string::String>>
[INFO] [stdout]   15:     0x5b472bfd9965 - test[9d35eded1c95d3be]::run_test::{closure#0}
[INFO] [stdout]   16:     0x5b472bfd3224 - std[70759c8f55707aa4]::sys::backtrace::__rust_begin_short_backtrace::<test[9d35eded1c95d3be]::run_test::{closure#1}, ()>
[INFO] [stdout]   17:     0x5b472bfdcac2 - <std[70759c8f55707aa4]::thread::lifecycle::spawn_unchecked<test[9d35eded1c95d3be]::run_test::{closure#1}, ()>::{closure#1} as core[df12db4294e9bfd3]::ops::function::FnOnce<()>>::call_once::{shim:vtable#0}
[INFO] [stdout]   18:     0x5b472c0451b9 - <std[70759c8f55707aa4]::sys::thread::unix::Thread>::new::thread_start
[INFO] [stdout]   19:     0x737e40376dfa - <unknown>
[INFO] [stdout]   20:     0x737e4040a3d4 - clone
[INFO] [stdout]   21:                0x0 - <unknown>
[INFO] [stdout] 
[INFO] [stdout] 
[INFO] [stdout] failures:
[INFO] [stdout]     maps_parse_matches_kernel_ranges
[INFO] [stdout] 
[INFO] [stdout] test result: FAILED. 6 passed; 1 failed; 0 ignored; 0 measured; 0 filtered out; finished in 0.01s
[INFO] [stdout] 
[INFO] running `Command { std: "docker" "inspect" "d94ff2c6354b9c49a1a61dfbf75254ef5041fc1661028bcace81cad4e5445890", kill_on_drop: false }`
[INFO] running `Command { std: "docker" "rm" "-f" "d94ff2c6354b9c49a1a61dfbf75254ef5041fc1661028bcace81cad4e5445890", kill_on_drop: false }`
[INFO] [stdout] d94ff2c6354b9c49a1a61dfbf75254ef5041fc1661028bcace81cad4e5445890
