[INFO] fetching crate clap-config-fallback 0.1.13...
[INFO] testing clap-config-fallback-0.1.13 against 1.99.0-beta.8+cargoflags=--release for beta-release-1.100-2
[INFO] extracting crate clap-config-fallback 0.1.13 into /workspace/builds/worker-6-tc1/source
[INFO] removed /workspace/builds/worker-6-tc1/source/rust-toolchain.toml
[INFO] started tweaking crates.io crate clap-config-fallback 0.1.13
[INFO] removed 0 missing examples
[INFO] removed 0 missing tests
[INFO] finished tweaking crates.io crate clap-config-fallback 0.1.13
[INFO] tweaked toml for crates.io crate clap-config-fallback 0.1.13 written to /workspace/builds/worker-6-tc1/source/Cargo.toml
[INFO] validating manifest of crates.io crate clap-config-fallback 0.1.13 on toolchain 1.99.0-beta.8
[INFO] running `Command { std: CARGO_HOME="/workspace/cargo-home" RUSTUP_HOME="/workspace/rustup-home" "/workspace/cargo-home/bin/cargo" "+1.99.0-beta.8" "metadata" "--manifest-path" "Cargo.toml" "--no-deps", kill_on_drop: false }`
[INFO] crate crates.io crate clap-config-fallback 0.1.13 already has a lockfile, it will not be regenerated
[INFO] running `Command { std: CARGO_HOME="/workspace/cargo-home" RUSTUP_HOME="/workspace/rustup-home" "/workspace/cargo-home/bin/cargo" "+1.99.0-beta.8" "fetch" "--manifest-path" "Cargo.toml", kill_on_drop: false }`
[INFO] [stderr]     Updating crates.io index
[INFO] [stderr]  Downloading crates ...
[INFO] [stderr]   Downloaded clap-config-fallback-derive v0.1.13
[INFO] [stderr]   Downloaded noyalib v0.0.57
[INFO] running `Command { std: "docker" "create" "-v" "/var/lib/crater-agent-workspace/builds/worker-6-tc1/source:/opt/rustwide/workdir:ro,Z" "-v" "/var/lib/crater-agent-workspace/builds/worker-6-tc1/target:/opt/rustwide/target:rw,Z" "-v" "/var/lib/crater-agent-workspace/cargo-home:/opt/rustwide/cargo-home:ro,Z" "-v" "/var/lib/crater-agent-workspace/rustup-home:/opt/rustwide/rustup-home:ro,Z" "-m" "1610612736" "--network" "none" "ghcr.io/rust-lang/crates-build-env/linux@sha256:77db811e55d90add9212f6832c23229e3de5f1c1f9905e8cb07319ea15df73ac" "sleep" "infinity", kill_on_drop: false }`
[INFO] [stdout] a7dc23411af7399c24f71fc24a78c5cdaaf7d11239951a495def79fcff88ecf6
[INFO] running `Command { std: "docker" "start" "a7dc23411af7399c24f71fc24a78c5cdaaf7d11239951a495def79fcff88ecf6", kill_on_drop: false }`
[INFO] running `Command { std: "docker" "inspect" "a7dc23411af7399c24f71fc24a78c5cdaaf7d11239951a495def79fcff88ecf6", kill_on_drop: false }`
[INFO] running `Command { std: "docker" "exec" "-e" "SOURCE_DIR=/opt/rustwide/workdir" "-e" "CARGO_HOME=/opt/rustwide/cargo-home" "-e" "RUSTUP_HOME=/opt/rustwide/rustup-home" "-e" "CARGO_TARGET_DIR=/opt/rustwide/target" "-w" "/opt/rustwide/workdir" "--user" "0:0" "a7dc23411af7399c24f71fc24a78c5cdaaf7d11239951a495def79fcff88ecf6" "/opt/rustwide/cargo-home/bin/cargo" "+1.99.0-beta.8" "metadata" "--no-deps" "--format-version=1", kill_on_drop: false }`
[INFO] running `Command { std: "docker" "inspect" "a7dc23411af7399c24f71fc24a78c5cdaaf7d11239951a495def79fcff88ecf6", kill_on_drop: false }`
[INFO] running `Command { std: "docker" "exec" "-e" "SOURCE_DIR=/opt/rustwide/workdir" "-e" "CARGO_HOME=/opt/rustwide/cargo-home" "-e" "RUSTUP_HOME=/opt/rustwide/rustup-home" "-e" "CARGO_TARGET_DIR=/opt/rustwide/target" "-e" "CARGO_INCREMENTAL=0" "-e" "RUST_BACKTRACE=full" "-e" "RUSTFLAGS=--cap-lints=warn" "-e" "RUSTDOCFLAGS=--cap-lints=warn" "-w" "/opt/rustwide/workdir" "--user" "0:0" "a7dc23411af7399c24f71fc24a78c5cdaaf7d11239951a495def79fcff88ecf6" "/opt/rustwide/cargo-home/bin/cargo" "+1.99.0-beta.8" "build" "--frozen" "--message-format=json" "--release", kill_on_drop: false }`
[INFO] [stderr]    Compiling serde_core v1.0.228
[INFO] [stderr]    Compiling hashbrown v0.17.0
[INFO] [stderr]    Compiling uncased v0.9.10
[INFO] [stderr]    Compiling libm v0.2.16
[INFO] [stderr]    Compiling syn v2.0.117
[INFO] [stderr]    Compiling figment v0.10.19
[INFO] [stderr]    Compiling noyalib v0.0.57
[INFO] [stderr]    Compiling clap_lex v1.1.0
[INFO] [stderr]    Compiling memchr v2.8.0
[INFO] [stderr]    Compiling clap_builder v4.6.0
[INFO] [stderr]    Compiling smallvec v1.16.3
[INFO] [stderr]    Compiling rustc-hash v2.1.3
[INFO] [stderr]    Compiling indexmap v2.14.0
[INFO] [stderr]    Compiling darling_core v0.21.3
[INFO] [stderr]    Compiling serde_json v1.0.149
[INFO] [stderr]    Compiling serde_derive v1.0.228
[INFO] [stderr]    Compiling strum_macros v0.28.0
[INFO] [stderr]    Compiling derive_more-impl v2.1.1
[INFO] [stderr]    Compiling clap_derive v4.6.0
[INFO] [stderr]    Compiling darling_macro v0.21.3
[INFO] [stderr]    Compiling derive_more v2.1.1
[INFO] [stderr]    Compiling darling v0.21.3
[INFO] [stderr]    Compiling strum v0.28.0
[INFO] [stderr]    Compiling clap-config-fallback-derive v0.1.13
[INFO] [stderr]    Compiling serde v1.0.228
[INFO] [stderr]    Compiling clap v4.6.0
[INFO] [stderr]    Compiling serde_spanned v0.6.9
[INFO] [stderr]    Compiling toml_datetime v0.6.11
[INFO] [stderr]    Compiling toml_edit v0.22.27
[INFO] [stderr]    Compiling toml v0.8.23
[INFO] [stderr]    Compiling clap-config-fallback v0.1.13 (/opt/rustwide/workdir)
[INFO] [stderr]     Finished `release` profile [optimized] target(s) in 1m 23s
[INFO] running `Command { std: "docker" "inspect" "a7dc23411af7399c24f71fc24a78c5cdaaf7d11239951a495def79fcff88ecf6", kill_on_drop: false }`
[INFO] running `Command { std: "docker" "exec" "-e" "SOURCE_DIR=/opt/rustwide/workdir" "-e" "CARGO_HOME=/opt/rustwide/cargo-home" "-e" "RUSTUP_HOME=/opt/rustwide/rustup-home" "-e" "CARGO_TARGET_DIR=/opt/rustwide/target" "-e" "CARGO_INCREMENTAL=0" "-e" "RUST_BACKTRACE=full" "-e" "RUSTFLAGS=--cap-lints=warn" "-e" "RUSTDOCFLAGS=--cap-lints=warn" "-w" "/opt/rustwide/workdir" "--user" "0:0" "a7dc23411af7399c24f71fc24a78c5cdaaf7d11239951a495def79fcff88ecf6" "/opt/rustwide/cargo-home/bin/cargo" "+1.99.0-beta.8" "test" "--frozen" "--no-run" "--message-format=json" "--release", kill_on_drop: false }`
[INFO] [stderr]    Compiling libc v0.2.185
[INFO] [stderr]    Compiling eyre v0.6.12
[INFO] [stderr]    Compiling bitflags v2.11.1
[INFO] [stderr]    Compiling indenter v0.3.4
[INFO] [stderr]    Compiling fastrand v2.4.1
[INFO] [stderr]    Compiling assert_matches v1.5.0
[INFO] [stderr]    Compiling humantime v2.3.0
[INFO] [stderr]    Compiling rustix v1.1.4
[INFO] [stderr]    Compiling getrandom v0.4.2
[INFO] [stderr]    Compiling tempfile v3.27.0
[INFO] [stderr]    Compiling clap-config-fallback v0.1.13 (/opt/rustwide/workdir)
[INFO] [stderr]     Finished `release` profile [optimized] target(s) in 2m 12s
[INFO] running `Command { std: "docker" "inspect" "a7dc23411af7399c24f71fc24a78c5cdaaf7d11239951a495def79fcff88ecf6", kill_on_drop: false }`
[INFO] running `Command { std: "docker" "exec" "-e" "SOURCE_DIR=/opt/rustwide/workdir" "-e" "CARGO_HOME=/opt/rustwide/cargo-home" "-e" "RUSTUP_HOME=/opt/rustwide/rustup-home" "-e" "CARGO_TARGET_DIR=/opt/rustwide/target" "-e" "CARGO_INCREMENTAL=0" "-e" "RUST_BACKTRACE=full" "-e" "RUSTFLAGS=--cap-lints=warn" "-e" "RUSTDOCFLAGS=--cap-lints=warn" "-w" "/opt/rustwide/workdir" "--user" "0:0" "a7dc23411af7399c24f71fc24a78c5cdaaf7d11239951a495def79fcff88ecf6" "/opt/rustwide/cargo-home/bin/cargo" "+1.99.0-beta.8" "test" "--frozen" "--release", kill_on_drop: false }`
[INFO] [stderr]     Finished `release` profile [optimized] target(s) in 0.15s
[INFO] [stderr]      Running unittests src/lib.rs (/opt/rustwide/target/release/deps/clap_config_fallback-919e3a29eb858372)
[INFO] [stderr]      Running tests/bool_flags.rs (/opt/rustwide/target/release/deps/bool_flags-71e322e15f2160f7)
[INFO] [stdout] 
[INFO] [stdout] running 0 tests
[INFO] [stdout] 
[INFO] [stdout] test result: ok. 0 passed; 0 failed; 0 ignored; 0 measured; 0 filtered out; finished in 0.00s
[INFO] [stdout] 
[INFO] [stdout] 
[INFO] [stdout] running 5 tests
[INFO] [stdout] test bool_flag_missing_from_cli_and_config_falls_back_to_false ... ok
[INFO] [stdout] test bool_flag_can_be_enabled_from_config ... ok
[INFO] [stdout] test bool_flag_from_cli_overrides_false_config ... ok
[INFO] [stdout] test optional_bool_can_be_enabled_from_config ... ok
[INFO] [stdout] test optional_bool_is_parsed_from_cli ... ok
[INFO] [stdout] 
[INFO] [stdout] test result: ok. 5 passed; 0 failed; 0 ignored; 0 measured; 0 filtered out; finished in 0.01s
[INFO] [stdout] 
[INFO] [stdout] 
[INFO] [stderr]      Running tests/config_fallback.rs (/opt/rustwide/target/release/deps/config_fallback-075e3c5f319d7142)
[INFO] [stdout] running 3 tests
[INFO] [stderr]      Running tests/data_visibility.rs (/opt/rustwide/target/release/deps/data_visibility-508338ed98c5d598)
[INFO] [stdout] test cli_overrides_config_values ... ok
[INFO] [stdout] test missing_config_file_is_reported_as_io_error ... ok
[INFO] [stdout] test uses_config_values_when_cli_omits_them ... ok
[INFO] [stdout] 
[INFO] [stdout] test result: ok. 3 passed; 0 failed; 0 ignored; 0 measured; 0 filtered out; finished in 0.00s
[INFO] [stdout] 
[INFO] [stdout] 
[INFO] [stdout] running 1 test
[INFO] [stdout] test module_does_not_break_proc_macro_hygiene ... ok
[INFO] [stdout] 
[INFO] [stdout] test result: ok. 1 passed; 0 failed; 0 ignored; 0 measured; 0 filtered out; finished in 0.00s
[INFO] [stdout] 
[INFO] [stdout] 
[INFO] [stderr]      Running tests/denied_clap_args.rs (/opt/rustwide/target/release/deps/denied_clap_args-c3789c256ca3b2f9)
[INFO] [stdout] running 7 tests
[INFO] [stdout] test denied_conflicts_with_is_enforced_on_final_parse ... ok
[INFO] [stdout] test denied_default_value_does_not_override_config_value ... ok
[INFO] [stdout] test denied_requires_is_enforced_on_final_parse ... ok
[INFO] [stdout] test denied_default_is_enforced_on_final_parse ... ok
[INFO] [stdout] test denied_required_arg_can_be_satisfied_by_config ... FAILED
[INFO] [stdout] test denied_env_fallback_can_be_satisfied_by_config ... ok
[INFO] [stderr] error: test failed, to rerun pass `--test denied_clap_args`
[INFO] [stdout] test denied_required_arg_still_errors_after_merge_when_missing ... ok
[INFO] [stdout] 
[INFO] [stdout] failures:
[INFO] [stdout] 
[INFO] [stdout] ---- denied_required_arg_can_be_satisfied_by_config stdout ----
[INFO] [stdout] Error: error: the following required arguments were not provided:
[INFO] [stdout]   --size <SIZE>
[INFO] [stdout] 
[INFO] [stdout] Usage: clap-config-fallback --value <VALUE> --age <AGE> --size <SIZE> --username <USERNAME> --token <TOKEN> --config-path <CONFIG_PATH>
[INFO] [stdout] 
[INFO] [stdout] For more information, try '--help'.
[INFO] [stdout] 
[INFO] [stdout] 
[INFO] [stdout] Location:
[INFO] [stdout]     tests/denied_clap_args.rs:69:15
[INFO] [stdout] 
[INFO] [stdout] 
[INFO] [stdout] failures:
[INFO] [stdout]     denied_required_arg_can_be_satisfied_by_config
[INFO] [stdout] 
[INFO] [stdout] test result: FAILED. 6 passed; 1 failed; 0 ignored; 0 measured; 0 filtered out; finished in 0.01s
[INFO] [stdout] 
[INFO] running `Command { std: "docker" "inspect" "a7dc23411af7399c24f71fc24a78c5cdaaf7d11239951a495def79fcff88ecf6", kill_on_drop: false }`
[INFO] running `Command { std: "docker" "rm" "-f" "a7dc23411af7399c24f71fc24a78c5cdaaf7d11239951a495def79fcff88ecf6", kill_on_drop: false }`
[INFO] [stdout] a7dc23411af7399c24f71fc24a78c5cdaaf7d11239951a495def79fcff88ecf6
