[INFO] fetching crate camus 1.0.0...
[INFO] testing camus-1.0.0 against 1.99.0-beta.8+cargoflags=--release for beta-release-1.100-2
[INFO] extracting crate camus 1.0.0 into /workspace/builds/worker-7-tc1/source
[INFO] removed /workspace/builds/worker-7-tc1/source/rust-toolchain.toml
[INFO] started tweaking crates.io crate camus 1.0.0
[INFO] removed 0 missing examples
[INFO] removed 0 missing tests
[INFO] finished tweaking crates.io crate camus 1.0.0
[INFO] tweaked toml for crates.io crate camus 1.0.0 written to /workspace/builds/worker-7-tc1/source/Cargo.toml
[INFO] validating manifest of crates.io crate camus 1.0.0 on toolchain 1.99.0-beta.8
[INFO] running `Command { std: CARGO_HOME="/workspace/cargo-home" RUSTUP_HOME="/workspace/rustup-home" "/workspace/cargo-home/bin/cargo" "+1.99.0-beta.8" "metadata" "--manifest-path" "Cargo.toml" "--no-deps", kill_on_drop: false }`
[INFO] crate crates.io crate camus 1.0.0 already has a lockfile, it will not be regenerated
[INFO] running `Command { std: CARGO_HOME="/workspace/cargo-home" RUSTUP_HOME="/workspace/rustup-home" "/workspace/cargo-home/bin/cargo" "+1.99.0-beta.8" "fetch" "--manifest-path" "Cargo.toml", kill_on_drop: false }`
[INFO] [stderr]  Downloading crates ...
[INFO] [stderr]   Downloaded xxhash-rust v0.8.16
[INFO] running `Command { std: "docker" "create" "-v" "/var/lib/crater-agent-workspace/builds/worker-7-tc1/source:/opt/rustwide/workdir:ro,Z" "-v" "/var/lib/crater-agent-workspace/builds/worker-7-tc1/target:/opt/rustwide/target:rw,Z" "-v" "/var/lib/crater-agent-workspace/cargo-home:/opt/rustwide/cargo-home:ro,Z" "-v" "/var/lib/crater-agent-workspace/rustup-home:/opt/rustwide/rustup-home:ro,Z" "-m" "1610612736" "--network" "none" "ghcr.io/rust-lang/crates-build-env/linux@sha256:77db811e55d90add9212f6832c23229e3de5f1c1f9905e8cb07319ea15df73ac" "sleep" "infinity", kill_on_drop: false }`
[INFO] [stdout] e012f787c3c853489c235fccad740fc5b0da53dc08124916a2c07f9e5219393a
[INFO] running `Command { std: "docker" "start" "e012f787c3c853489c235fccad740fc5b0da53dc08124916a2c07f9e5219393a", kill_on_drop: false }`
[INFO] running `Command { std: "docker" "inspect" "e012f787c3c853489c235fccad740fc5b0da53dc08124916a2c07f9e5219393a", kill_on_drop: false }`
[INFO] running `Command { std: "docker" "exec" "-e" "SOURCE_DIR=/opt/rustwide/workdir" "-e" "CARGO_HOME=/opt/rustwide/cargo-home" "-e" "RUSTUP_HOME=/opt/rustwide/rustup-home" "-e" "CARGO_TARGET_DIR=/opt/rustwide/target" "-w" "/opt/rustwide/workdir" "--user" "0:0" "e012f787c3c853489c235fccad740fc5b0da53dc08124916a2c07f9e5219393a" "/opt/rustwide/cargo-home/bin/cargo" "+1.99.0-beta.8" "metadata" "--no-deps" "--format-version=1", kill_on_drop: false }`
[INFO] running `Command { std: "docker" "inspect" "e012f787c3c853489c235fccad740fc5b0da53dc08124916a2c07f9e5219393a", kill_on_drop: false }`
[INFO] running `Command { std: "docker" "exec" "-e" "SOURCE_DIR=/opt/rustwide/workdir" "-e" "CARGO_HOME=/opt/rustwide/cargo-home" "-e" "RUSTUP_HOME=/opt/rustwide/rustup-home" "-e" "CARGO_TARGET_DIR=/opt/rustwide/target" "-e" "CARGO_INCREMENTAL=0" "-e" "RUST_BACKTRACE=full" "-e" "RUSTFLAGS=--cap-lints=warn" "-e" "RUSTDOCFLAGS=--cap-lints=warn" "-w" "/opt/rustwide/workdir" "--user" "0:0" "e012f787c3c853489c235fccad740fc5b0da53dc08124916a2c07f9e5219393a" "/opt/rustwide/cargo-home/bin/cargo" "+1.99.0-beta.8" "build" "--frozen" "--message-format=json" "--release", kill_on_drop: false }`
[INFO] [stderr]    Compiling quote v1.0.46
[INFO] [stderr]    Compiling libc v0.2.186
[INFO] [stderr]    Compiling getrandom v0.3.4
[INFO] [stderr]    Compiling thiserror v2.0.18
[INFO] [stderr]    Compiling xxhash-rust v0.8.16
[INFO] [stderr]    Compiling syn v2.0.118
[INFO] [stderr]    Compiling fs2 v0.4.3
[INFO] [stderr]    Compiling thiserror-impl v2.0.18
[INFO] [stderr]    Compiling tokio-macros v2.7.0
[INFO] [stderr]    Compiling tokio v1.52.3
[INFO] [stderr]    Compiling camus v1.0.0 (/opt/rustwide/workdir)
[INFO] [stdout] warning: use of deprecated method `std::sync::atomic::Atomic::<usize>::fetch_update`: renamed to `try_update` for consistency
[INFO] [stdout]    --> src/api.rs:797:14
[INFO] [stdout]     |
[INFO] [stdout] 797 |             .fetch_update(Ordering::AcqRel, Ordering::Acquire, |current| {
[INFO] [stdout]     |              ^^^^^^^^^^^^
[INFO] [stdout]     |
[INFO] [stdout]     = note: `#[warn(deprecated)]` on by default
[INFO] [stdout] help: replace the use of the deprecated method
[INFO] [stdout]     |
[INFO] [stdout] 797 -             .fetch_update(Ordering::AcqRel, Ordering::Acquire, |current| {
[INFO] [stdout] 797 +             .try_update(Ordering::AcqRel, Ordering::Acquire, |current| {
[INFO] [stdout]     |
[INFO] [stdout] 
[INFO] [stdout] 
[INFO] [stdout] warning: use of deprecated method `std::sync::atomic::Atomic::<u64>::fetch_update`: renamed to `try_update` for consistency
[INFO] [stdout]     --> src/api.rs:1009:19
[INFO] [stdout]      |
[INFO] [stdout] 1009 |     let _ = value.fetch_update(Ordering::AcqRel, Ordering::Acquire, |current| {
[INFO] [stdout]      |                   ^^^^^^^^^^^^
[INFO] [stdout]      |
[INFO] [stdout] help: replace the use of the deprecated method
[INFO] [stdout]      |
[INFO] [stdout] 1009 -     let _ = value.fetch_update(Ordering::AcqRel, Ordering::Acquire, |current| {
[INFO] [stdout] 1009 +     let _ = value.try_update(Ordering::AcqRel, Ordering::Acquire, |current| {
[INFO] [stdout]      |
[INFO] [stdout] 
[INFO] [stdout] 
[INFO] [stderr]     Finished `release` profile [optimized] target(s) in 27.74s
[INFO] running `Command { std: "docker" "inspect" "e012f787c3c853489c235fccad740fc5b0da53dc08124916a2c07f9e5219393a", kill_on_drop: false }`
[INFO] running `Command { std: "docker" "exec" "-e" "SOURCE_DIR=/opt/rustwide/workdir" "-e" "CARGO_HOME=/opt/rustwide/cargo-home" "-e" "RUSTUP_HOME=/opt/rustwide/rustup-home" "-e" "CARGO_TARGET_DIR=/opt/rustwide/target" "-e" "CARGO_INCREMENTAL=0" "-e" "RUST_BACKTRACE=full" "-e" "RUSTFLAGS=--cap-lints=warn" "-e" "RUSTDOCFLAGS=--cap-lints=warn" "-w" "/opt/rustwide/workdir" "--user" "0:0" "e012f787c3c853489c235fccad740fc5b0da53dc08124916a2c07f9e5219393a" "/opt/rustwide/cargo-home/bin/cargo" "+1.99.0-beta.8" "test" "--frozen" "--no-run" "--message-format=json" "--release", kill_on_drop: false }`
[INFO] [stderr]    Compiling getrandom v0.4.3
[INFO] [stderr]    Compiling rustix v1.1.4
[INFO] [stderr]    Compiling bitflags v2.13.0
[INFO] [stderr]    Compiling linux-raw-sys v0.12.1
[INFO] [stderr]    Compiling fastrand v2.4.1
[INFO] [stderr]    Compiling once_cell v1.21.4
[INFO] [stdout] warning: use of deprecated method `std::sync::atomic::Atomic::<usize>::fetch_update`: renamed to `try_update` for consistency
[INFO] [stdout]    --> src/api.rs:797:14
[INFO] [stdout]     |
[INFO] [stdout] 797 |             .fetch_update(Ordering::AcqRel, Ordering::Acquire, |current| {
[INFO] [stdout]     |              ^^^^^^^^^^^^
[INFO] [stdout]     |
[INFO] [stdout]     = note: `#[warn(deprecated)]` on by default
[INFO] [stdout] help: replace the use of the deprecated method
[INFO] [stdout]     |
[INFO] [stdout] 797 -             .fetch_update(Ordering::AcqRel, Ordering::Acquire, |current| {
[INFO] [stdout] 797 +             .try_update(Ordering::AcqRel, Ordering::Acquire, |current| {
[INFO] [stdout]     |
[INFO] [stdout] 
[INFO] [stdout] 
[INFO] [stdout] warning: use of deprecated method `std::sync::atomic::Atomic::<u64>::fetch_update`: renamed to `try_update` for consistency
[INFO] [stdout]     --> src/api.rs:1009:19
[INFO] [stdout]      |
[INFO] [stdout] 1009 |     let _ = value.fetch_update(Ordering::AcqRel, Ordering::Acquire, |current| {
[INFO] [stdout]      |                   ^^^^^^^^^^^^
[INFO] [stdout]      |
[INFO] [stdout] help: replace the use of the deprecated method
[INFO] [stdout]      |
[INFO] [stdout] 1009 -     let _ = value.fetch_update(Ordering::AcqRel, Ordering::Acquire, |current| {
[INFO] [stdout] 1009 +     let _ = value.try_update(Ordering::AcqRel, Ordering::Acquire, |current| {
[INFO] [stdout]      |
[INFO] [stdout] 
[INFO] [stdout] 
[INFO] [stderr]    Compiling tempfile v3.27.0
[INFO] [stderr]    Compiling camus v1.0.0 (/opt/rustwide/workdir)
[INFO] [stdout] warning: use of deprecated method `std::sync::atomic::Atomic::<usize>::fetch_update`: renamed to `try_update` for consistency
[INFO] [stdout]    --> src/api.rs:797:14
[INFO] [stdout]     |
[INFO] [stdout] 797 |             .fetch_update(Ordering::AcqRel, Ordering::Acquire, |current| {
[INFO] [stdout]     |              ^^^^^^^^^^^^
[INFO] [stdout]     |
[INFO] [stdout]     = note: `#[warn(deprecated)]` on by default
[INFO] [stdout] help: replace the use of the deprecated method
[INFO] [stdout]     |
[INFO] [stdout] 797 -             .fetch_update(Ordering::AcqRel, Ordering::Acquire, |current| {
[INFO] [stdout] 797 +             .try_update(Ordering::AcqRel, Ordering::Acquire, |current| {
[INFO] [stdout]     |
[INFO] [stdout] 
[INFO] [stdout] 
[INFO] [stdout] warning: use of deprecated method `std::sync::atomic::Atomic::<u64>::fetch_update`: renamed to `try_update` for consistency
[INFO] [stdout]     --> src/api.rs:1009:19
[INFO] [stdout]      |
[INFO] [stdout] 1009 |     let _ = value.fetch_update(Ordering::AcqRel, Ordering::Acquire, |current| {
[INFO] [stdout]      |                   ^^^^^^^^^^^^
[INFO] [stdout]      |
[INFO] [stdout] help: replace the use of the deprecated method
[INFO] [stdout]      |
[INFO] [stdout] 1009 -     let _ = value.fetch_update(Ordering::AcqRel, Ordering::Acquire, |current| {
[INFO] [stdout] 1009 +     let _ = value.try_update(Ordering::AcqRel, Ordering::Acquire, |current| {
[INFO] [stdout]      |
[INFO] [stdout] 
[INFO] [stdout] 
[INFO] [stderr]     Finished `release` profile [optimized] target(s) in 1m 33s
[INFO] running `Command { std: "docker" "inspect" "e012f787c3c853489c235fccad740fc5b0da53dc08124916a2c07f9e5219393a", kill_on_drop: false }`
[INFO] running `Command { std: "docker" "exec" "-e" "SOURCE_DIR=/opt/rustwide/workdir" "-e" "CARGO_HOME=/opt/rustwide/cargo-home" "-e" "RUSTUP_HOME=/opt/rustwide/rustup-home" "-e" "CARGO_TARGET_DIR=/opt/rustwide/target" "-e" "CARGO_INCREMENTAL=0" "-e" "RUST_BACKTRACE=full" "-e" "RUSTFLAGS=--cap-lints=warn" "-e" "RUSTDOCFLAGS=--cap-lints=warn" "-w" "/opt/rustwide/workdir" "--user" "0:0" "e012f787c3c853489c235fccad740fc5b0da53dc08124916a2c07f9e5219393a" "/opt/rustwide/cargo-home/bin/cargo" "+1.99.0-beta.8" "test" "--frozen" "--release", kill_on_drop: false }`
[INFO] [stderr] warning: use of deprecated method `std::sync::atomic::Atomic::<usize>::fetch_update`: renamed to `try_update` for consistency
[INFO] [stderr]    --> src/api.rs:797:14
[INFO] [stderr]     |
[INFO] [stderr] 797 |             .fetch_update(Ordering::AcqRel, Ordering::Acquire, |current| {
[INFO] [stderr]     |              ^^^^^^^^^^^^
[INFO] [stderr]     |
[INFO] [stderr]     = note: `#[warn(deprecated)]` on by default
[INFO] [stderr] help: replace the use of the deprecated method
[INFO] [stderr]     |
[INFO] [stderr] 797 -             .fetch_update(Ordering::AcqRel, Ordering::Acquire, |current| {
[INFO] [stderr] 797 +             .try_update(Ordering::AcqRel, Ordering::Acquire, |current| {
[INFO] [stderr]     |
[INFO] [stderr] 
[INFO] [stderr] warning: use of deprecated method `std::sync::atomic::Atomic::<u64>::fetch_update`: renamed to `try_update` for consistency
[INFO] [stderr]     --> src/api.rs:1009:19
[INFO] [stderr]      |
[INFO] [stderr] 1009 |     let _ = value.fetch_update(Ordering::AcqRel, Ordering::Acquire, |current| {
[INFO] [stderr]      |                   ^^^^^^^^^^^^
[INFO] [stderr]      |
[INFO] [stderr] help: replace the use of the deprecated method
[INFO] [stderr]      |
[INFO] [stderr] 1009 -     let _ = value.fetch_update(Ordering::AcqRel, Ordering::Acquire, |current| {
[INFO] [stderr] 1009 +     let _ = value.try_update(Ordering::AcqRel, Ordering::Acquire, |current| {
[INFO] [stderr]      |
[INFO] [stderr] 
[INFO] [stderr] warning: `camus` (lib) generated 2 warnings (run `cargo fix --lib -p camus` to apply 2 suggestions)
[INFO] [stderr] warning: `camus` (lib test) generated 2 warnings (2 duplicates)
[INFO] [stderr]     Finished `release` profile [optimized] target(s) in 0.17s
[INFO] [stderr]      Running unittests src/lib.rs (/opt/rustwide/target/release/deps/camus-5b0c333c586cb672)
[INFO] [stdout] 
[INFO] [stdout] running 52 tests
[INFO] [stdout] test api::tests::bounded_prefix_selection_uses_logarithmic_capacity_checks ... ok
[INFO] [stdout] test api::tests::runtime_termination_poisons_the_root_and_shutdown_releases_the_lock ... ok
[INFO] [stdout] test api::tests::shutdown_keeps_progressing_if_the_initiating_future_is_dropped ... ok
[INFO] [stdout] test config::tests::default_configuration_satisfies_progress_bounds ... ok
[INFO] [stdout] test config::tests::segment_must_fit_header_epoch_and_footer ... ok
[INFO] [stdout] test format::tests::checkpoint_release_validation_is_bounded_and_counts_cross_word_runs ... ok
[INFO] [stdout] test format::tests::checkpoint_uses_ranges_on_tie_and_bitmap_when_dense ... ok
[INFO] [stdout] test format::tests::corruption_of_any_fixed_checksum_is_rejected ... ok
[INFO] [stdout] test format::tests::epoch_header_rejects_impossible_descriptor_count_before_allocation ... ok
[INFO] [stdout] test format::tests::fixed_structures_round_trip_and_have_specified_lengths ... ok
[INFO] [stdout] test format::tests::format_seed_is_the_documented_camus_v1_value ... ok
[INFO] [stdout] test format::tests::manifest_frames_round_trip_canonical_binary_bodies ... ok
[INFO] [stdout] test model::tests::record_id_has_fixed_root_stream_sequence_encoding ... ok
[INFO] [stdout] test runtime::tests::default_runtime_is_process_shared ... ok
[INFO] [stdout] test storage::crash_tests::crash_child ... ok
[INFO] [stdout] test storage::crash_tests::fault_child ... ok
[INFO] [stdout] test api::tests::append_group_selection_uses_the_remaining_segment_prefix ... ok
[INFO] [stdout] test storage::files::tests::canonical_segment_names_are_exact ... ok
[INFO] [stdout] test storage::files::tests::root_creation_handles_a_missing_directory_chain ... ok
[INFO] [stdout] test storage::files::tests::root_lock_drop_unlocks_a_duplicated_descriptor ... ok
[INFO] [stdout] test storage::segment::tests::epoch_group_shares_one_vectored_write ... ok
[INFO] [stdout] test api::tests::async_lifecycle_replays_until_release ... ok
[INFO] [stdout] test api::tests::queue_pressure_counts_only_reservations_that_find_a_full_queue ... ok
[INFO] [stdout] test api::tests::cancelled_admitted_append_is_separate_from_its_durable_commit ... ok
[INFO] [stdout] test api::tests::commit_stats_report_units_combined_by_group_commit ... ok
[INFO] [stdout] test storage::tests::append_commit_group_rolls_over_as_one_physical_unit ... ok
[INFO] [stdout] test storage::tests::bounded_coalesced_read_preserves_records_across_span_splits ... ok
[INFO] [stdout] test storage::tests::bounded_release_keeps_a_small_durable_manifest_suffix ... ok
[INFO] [stdout] test storage::tests::append_release_reclaim_and_recover ... ok
[INFO] [stdout] test storage::tests::coalesced_read_fails_the_snapshot_on_body_corruption ... ok
[INFO] [stdout] test storage::tests::coalesced_read_preserves_order_across_released_gaps ... ok
[INFO] [stdout] test storage::tests::checkpoint_baseline_damage_fails_without_truncating_the_segment ... ok
[INFO] [stdout] test storage::tests::expired_active_segment_seals_at_the_reactor_deadline_boundary ... ok
[INFO] [stdout] test api::tests::automatic_reclaim_drains_all_bounded_batches_without_an_edge_signal ... FAILED
[INFO] [stdout] test storage::tests::file_byte_accounting_tracks_every_durable_transition ... ok
[INFO] [stdout] test storage::tests::automatic_reclaim_limits_and_batches_each_storage_job ... ok
[INFO] [stdout] test storage::tests::incomplete_tail_after_checkpoint_baseline_is_repaired ... ok
[INFO] [stdout] test storage::tests::manifest_compaction_policy_uses_log_and_capacity_thresholds ... ok
[INFO] [stdout] test storage::tests::incomplete_active_epoch_is_repaired_but_complete_corruption_fails ... ok
[INFO] [stdout] test storage::tests::lower_reopen_writer_bound_seals_an_oversized_active_segment ... ok
[INFO] [stdout] test storage::tests::incomplete_manifest_frame_is_repaired_but_complete_corruption_fails ... ok
[INFO] [stdout] test storage::tests::multi_frame_manifest_group_recovers_every_release ... ok
[INFO] [stdout] test storage::tests::post_checkpoint_segment_id_gap_fails_closed ... ok
[INFO] [stdout] test storage::tests::release_frame_alone_excludes_record_after_recovery ... ok
[INFO] [stdout] test storage::tests::recovery_reports_completion_of_an_unpublished_segment_seal ... ok
[INFO] [stdout] test storage::tests::explicit_reclaim_finishes_all_bounded_batches_in_one_pass ... ok
[INFO] [stdout] test storage::tests::missing_control_peer_cannot_reset_nonempty_durable_state ... ok
[INFO] [stdout] test storage::tests::sequence_gap_inside_one_segment_fails_closed ... ok
[INFO] [stdout] test storage::tests::vectored_epoch_write_preserves_records_across_platform_iovec_bounds ... ok
[INFO] [stdout] test storage::tests::segment_stream_count_tracks_appends_and_recovery ... ok
[INFO] [stdout] test storage::crash_tests::durable_boundaries_recover_after_deterministic_process_crashes ... ok
[INFO] [stdout] test storage::crash_tests::io_failures_return_unknown_and_recover_the_observed_durable_state ... ok
[INFO] [stdout] 
[INFO] [stdout] failures:
[INFO] [stdout] 
[INFO] [stdout] ---- api::tests::automatic_reclaim_drains_all_bounded_batches_without_an_edge_signal stdout ----
[INFO] [stdout] 
[INFO] [stdout] thread 'api::tests::automatic_reclaim_drains_all_bounded_batches_without_an_edge_signal' (960) panicked at src/api.rs:2172:21:
[INFO] [stdout] assertion `left == right` failed
[INFO] [stdout]   left: 2
[INFO] [stdout]  right: 3
[INFO] [stdout] stack backtrace:
[INFO] [stdout]    0:     0x5a724eb6a941 - <<std[70759c8f55707aa4]::sys::backtrace::BacktraceLock>::print::DisplayBacktrace as core[df12db4294e9bfd3]::fmt::Display>::fmt
[INFO] [stdout]    1:     0x5a724eb7fd4a - core[df12db4294e9bfd3]::fmt::write
[INFO] [stdout]    2:     0x5a724eb6f40c - <alloc[2182bb758b4b3781]::vec::Vec<u8> as core[df12db4294e9bfd3]::io::write::Write>::write_fmt
[INFO] [stdout]    3:     0x5a724eb44946 - std[70759c8f55707aa4]::panicking::default_hook::{closure#0}
[INFO] [stdout]    4:     0x5a724eb62299 - std[70759c8f55707aa4]::panicking::default_hook
[INFO] [stdout]    5:     0x5a724eaddd30 - test[9d35eded1c95d3be]::test_main_inner::<test[9d35eded1c95d3be]::test_main_static::{closure#0}>::{closure#0}
[INFO] [stdout]    6:     0x5a724eb625c2 - std[70759c8f55707aa4]::panicking::panic_with_hook
[INFO] [stdout]    7:     0x5a724eb449f2 - std[70759c8f55707aa4]::panicking::panic_handler::{closure#0}
[INFO] [stdout]    8:     0x5a724eb3d559 - std[70759c8f55707aa4]::sys::backtrace::__rust_end_short_backtrace::<std[70759c8f55707aa4]::panicking::panic_handler::{closure#0}, !>
[INFO] [stdout]    9:     0x5a724eb456dd - __rustc[8fa7c3cbc660c2b3]::rust_begin_unwind
[INFO] [stdout]   10:     0x5a724eb804ac - core[df12db4294e9bfd3]::panicking::panic_fmt
[INFO] [stdout]   11:     0x5a724eb803c3 - core[df12db4294e9bfd3]::panicking::assert_failed_inner
[INFO] [stdout]   12:     0x5a724eb7c23d - core[df12db4294e9bfd3]::panicking::assert_failed::<u64, u64>
[INFO] [stdout]   13:     0x5a724eaa53ca - <tokio[569ce7f5665bc5af]::time::timeout::Timeout<camus[54680eae62f03b8]::api::tests::automatic_reclaim_drains_all_bounded_batches_without_an_edge_signal::{closure#0}::{closure#0}> as core[df12db4294e9bfd3]::future::future::Future>::poll
[INFO] [stdout]   14:     0x5a724ea37f0b - camus[54680eae62f03b8]::api::tests::automatic_reclaim_drains_all_bounded_batches_without_an_edge_signal::{closure#0}
[INFO] [stdout]   15:     0x5a724ea63133 - <tokio[569ce7f5665bc5af]::runtime::scheduler::current_thread::Context>::enter::<core[df12db4294e9bfd3]::task::poll::Poll<()>, <tokio[569ce7f5665bc5af]::runtime::scheduler::current_thread::CoreGuard>::block_on<core[df12db4294e9bfd3]::pin::Pin<&mut core[df12db4294e9bfd3]::pin::Pin<&mut dyn core[df12db4294e9bfd3]::future::future::Future<Output = ()>>>>::{closure#0}::{closure#0}>
[INFO] [stdout]   16:     0x5a724ea98efc - <tokio[569ce7f5665bc5af]::runtime::context::scoped::Scoped<tokio[569ce7f5665bc5af]::runtime::scheduler::Context>>::set::<<tokio[569ce7f5665bc5af]::runtime::scheduler::current_thread::CoreGuard>::enter<<tokio[569ce7f5665bc5af]::runtime::scheduler::current_thread::CoreGuard>::block_on<core[df12db4294e9bfd3]::pin::Pin<&mut core[df12db4294e9bfd3]::pin::Pin<&mut dyn core[df12db4294e9bfd3]::future::future::Future<Output = ()>>>>::{closure#0}, core[df12db4294e9bfd3]::option::Option<()>>::{closure#0}, (alloc[2182bb758b4b3781]::boxed::Box<tokio[569ce7f5665bc5af]::runtime::scheduler::current_thread::Core>, core[df12db4294e9bfd3]::option::Option<()>)>
[INFO] [stdout]   17:     0x5a724ea63fe7 - <tokio[569ce7f5665bc5af]::runtime::scheduler::current_thread::CoreGuard>::block_on::<core[df12db4294e9bfd3]::pin::Pin<&mut core[df12db4294e9bfd3]::pin::Pin<&mut dyn core[df12db4294e9bfd3]::future::future::Future<Output = ()>>>>
[INFO] [stdout]   18:     0x5a724ea94717 - tokio[569ce7f5665bc5af]::runtime::context::runtime::enter_runtime::<<tokio[569ce7f5665bc5af]::runtime::scheduler::current_thread::CurrentThread>::block_on<core[df12db4294e9bfd3]::pin::Pin<&mut dyn core[df12db4294e9bfd3]::future::future::Future<Output = ()>>>::{closure#0}, ()>
[INFO] [stdout]   19:     0x5a724ea6afc5 - <tokio[569ce7f5665bc5af]::runtime::runtime::Runtime>::block_on::<core[df12db4294e9bfd3]::pin::Pin<&mut dyn core[df12db4294e9bfd3]::future::future::Future<Output = ()>>>
[INFO] [stdout]   20:     0x5a724ea3c3b9 - camus[54680eae62f03b8]::api::tests::automatic_reclaim_drains_all_bounded_batches_without_an_edge_signal
[INFO] [stdout]   21:     0x5a724eaa5809 - <camus[54680eae62f03b8]::api::tests::automatic_reclaim_drains_all_bounded_batches_without_an_edge_signal::{closure#0} as core[df12db4294e9bfd3]::ops::function::FnOnce<()>>::call_once
[INFO] [stdout]   22:     0x5a724ead101b - test[9d35eded1c95d3be]::__rust_begin_short_backtrace::<core[df12db4294e9bfd3]::result::Result<(), alloc[2182bb758b4b3781]::string::String>, fn() -> core[df12db4294e9bfd3]::result::Result<(), alloc[2182bb758b4b3781]::string::String>>
[INFO] [stdout]   23:     0x5a724eade685 - test[9d35eded1c95d3be]::run_test::{closure#0}
[INFO] [stdout]   24:     0x5a724ead7f44 - std[70759c8f55707aa4]::sys::backtrace::__rust_begin_short_backtrace::<test[9d35eded1c95d3be]::run_test::{closure#1}, ()>
[INFO] [stdout]   25:     0x5a724eae17e2 - <std[70759c8f55707aa4]::thread::lifecycle::spawn_unchecked<test[9d35eded1c95d3be]::run_test::{closure#1}, ()>::{closure#1} as core[df12db4294e9bfd3]::ops::function::FnOnce<()>>::call_once::{shim:vtable#0}
[INFO] [stdout]   26:     0x5a724eb6a199 - <std[70759c8f55707aa4]::sys::thread::unix::Thread>::new::thread_start
[INFO] [stdout]   27:     0x7d17e97ffdfa - <unknown>
[INFO] [stdout]   28:     0x7d17e98933d4 - clone
[INFO] [stdout]   29:                0x0 - <unknown>
[INFO] [stdout] 
[INFO] [stdout] 
[INFO] [stdout] failures:
[INFO] [stdout]     api::tests::automatic_reclaim_drains_all_bounded_batches_without_an_edge_signal
[INFO] [stdout] 
[INFO] [stdout] test result: FAILED. 51 passed; 1 failed; 0 ignored; 0 measured; 0 filtered out; finished in 1.52s
[INFO] [stdout] 
[INFO] [stderr] error: test failed, to rerun pass `--lib`
[INFO] running `Command { std: "docker" "inspect" "e012f787c3c853489c235fccad740fc5b0da53dc08124916a2c07f9e5219393a", kill_on_drop: false }`
[INFO] running `Command { std: "docker" "rm" "-f" "e012f787c3c853489c235fccad740fc5b0da53dc08124916a2c07f9e5219393a", kill_on_drop: false }`
[INFO] [stdout] e012f787c3c853489c235fccad740fc5b0da53dc08124916a2c07f9e5219393a
