[INFO] fetching crate autd3-rs-link-remote 0.9.0...
[INFO] testing autd3-rs-link-remote-0.9.0 against 1.99.0-beta.8+cargoflags=--release for beta-release-1.100-2
[INFO] extracting crate autd3-rs-link-remote 0.9.0 into /workspace/builds/worker-0-tc1/source
[INFO] started tweaking crates.io crate autd3-rs-link-remote 0.9.0
[INFO] removed 0 missing tests
[INFO] finished tweaking crates.io crate autd3-rs-link-remote 0.9.0
[INFO] tweaked toml for crates.io crate autd3-rs-link-remote 0.9.0 written to /workspace/builds/worker-0-tc1/source/Cargo.toml
[INFO] validating manifest of crates.io crate autd3-rs-link-remote 0.9.0 on toolchain 1.99.0-beta.8
[INFO] running `Command { std: CARGO_HOME="/workspace/cargo-home" RUSTUP_HOME="/workspace/rustup-home" "/workspace/cargo-home/bin/cargo" "+1.99.0-beta.8" "metadata" "--manifest-path" "Cargo.toml" "--no-deps", kill_on_drop: false }`
[INFO] crate crates.io crate autd3-rs-link-remote 0.9.0 already has a lockfile, it will not be regenerated
[INFO] running `Command { std: CARGO_HOME="/workspace/cargo-home" RUSTUP_HOME="/workspace/rustup-home" "/workspace/cargo-home/bin/cargo" "+1.99.0-beta.8" "fetch" "--manifest-path" "Cargo.toml", kill_on_drop: false }`
[INFO] [stderr]     Updating crates.io index
[INFO] [stderr]  Downloading crates ...
[INFO] [stderr]   Downloaded mdns-sd v0.21.1
[INFO] [stderr]   Downloaded socket-pktinfo v0.4.1
[INFO] [stderr]   Downloaded if-addrs v0.15.0
[INFO] [stderr]   Downloaded autd3-cpu-wire v0.9.0
[INFO] [stderr]   Downloaded autd3-rs-firmware-emulator v0.9.0
[INFO] [stderr]   Downloaded autd3-rs-core v0.9.0
[INFO] [stderr]   Downloaded autd3-cpu-fw v0.9.0
[INFO] [stderr]   Downloaded simba v0.10.2
[INFO] [stderr]   Downloaded safe_arch v1.2.0
[INFO] [stderr]   Downloaded autd3-rs v0.9.0
[INFO] [stderr]   Downloaded wide v1.7.0
[INFO] [stderr]   Downloaded nalgebra v0.35.0
[INFO] [stderr]   Downloaded glam v0.30.10
[INFO] [stderr]   Downloaded glam v0.32.1
[INFO] [stderr]   Downloaded glam v0.31.1
[INFO] [stderr]   Downloaded glam v0.33.6
[INFO] running `Command { std: "docker" "create" "-v" "/var/lib/crater-agent-workspace/builds/worker-0-tc1/source:/opt/rustwide/workdir:ro,Z" "-v" "/var/lib/crater-agent-workspace/builds/worker-0-tc1/target:/opt/rustwide/target:rw,Z" "-v" "/var/lib/crater-agent-workspace/cargo-home:/opt/rustwide/cargo-home:ro,Z" "-v" "/var/lib/crater-agent-workspace/rustup-home:/opt/rustwide/rustup-home:ro,Z" "-m" "1610612736" "--network" "none" "ghcr.io/rust-lang/crates-build-env/linux@sha256:77db811e55d90add9212f6832c23229e3de5f1c1f9905e8cb07319ea15df73ac" "sleep" "infinity", kill_on_drop: false }`
[INFO] [stdout] 67e4b9f2beb6730e7f37dd578c45d27c27352a7c95ec8331e354757632267f5c
[INFO] running `Command { std: "docker" "start" "67e4b9f2beb6730e7f37dd578c45d27c27352a7c95ec8331e354757632267f5c", kill_on_drop: false }`
[INFO] running `Command { std: "docker" "inspect" "67e4b9f2beb6730e7f37dd578c45d27c27352a7c95ec8331e354757632267f5c", kill_on_drop: false }`
[INFO] running `Command { std: "docker" "exec" "-e" "SOURCE_DIR=/opt/rustwide/workdir" "-e" "CARGO_HOME=/opt/rustwide/cargo-home" "-e" "RUSTUP_HOME=/opt/rustwide/rustup-home" "-e" "CARGO_TARGET_DIR=/opt/rustwide/target" "-w" "/opt/rustwide/workdir" "--user" "0:0" "67e4b9f2beb6730e7f37dd578c45d27c27352a7c95ec8331e354757632267f5c" "/opt/rustwide/cargo-home/bin/cargo" "+1.99.0-beta.8" "metadata" "--no-deps" "--format-version=1", kill_on_drop: false }`
[INFO] running `Command { std: "docker" "inspect" "67e4b9f2beb6730e7f37dd578c45d27c27352a7c95ec8331e354757632267f5c", kill_on_drop: false }`
[INFO] running `Command { std: "docker" "exec" "-e" "SOURCE_DIR=/opt/rustwide/workdir" "-e" "CARGO_HOME=/opt/rustwide/cargo-home" "-e" "RUSTUP_HOME=/opt/rustwide/rustup-home" "-e" "CARGO_TARGET_DIR=/opt/rustwide/target" "-e" "CARGO_INCREMENTAL=0" "-e" "RUST_BACKTRACE=full" "-e" "RUSTFLAGS=--cap-lints=warn" "-e" "RUSTDOCFLAGS=--cap-lints=warn" "-w" "/opt/rustwide/workdir" "--user" "0:0" "67e4b9f2beb6730e7f37dd578c45d27c27352a7c95ec8331e354757632267f5c" "/opt/rustwide/cargo-home/bin/cargo" "+1.99.0-beta.8" "build" "--frozen" "--message-format=json" "--release", kill_on_drop: false }`
[INFO] [stderr]    Compiling num-traits v0.2.19
[INFO] [stderr]    Compiling bytemuck v1.25.2
[INFO] [stderr]    Compiling matrixmultiply v0.3.11
[INFO] [stderr]    Compiling zerocopy v0.8.56
[INFO] [stderr]    Compiling rawpointer v0.2.1
[INFO] [stderr]    Compiling bitflags v2.13.1
[INFO] [stderr]    Compiling num_cpus v1.17.0
[INFO] [stderr]    Compiling spin v0.9.9
[INFO] [stderr]    Compiling if-addrs v0.15.0
[INFO] [stderr]    Compiling tracing v0.1.44
[INFO] [stderr]    Compiling mio v1.2.2
[INFO] [stderr]    Compiling syn v2.0.119
[INFO] [stderr]    Compiling syn v3.0.4
[INFO] [stderr]    Compiling socket-pktinfo v0.4.1
[INFO] [stderr]    Compiling core_affinity v0.8.3
[INFO] [stderr]    Compiling thread-priority v3.1.1
[INFO] [stderr]    Compiling safe_arch v1.2.0
[INFO] [stderr]    Compiling flume v0.12.0
[INFO] [stderr]    Compiling mdns-sd v0.21.1
[INFO] [stderr]    Compiling wide v1.7.0
[INFO] [stderr]    Compiling num-integer v0.1.47
[INFO] [stderr]    Compiling approx v0.5.1
[INFO] [stderr]    Compiling num-complex v0.4.6
[INFO] [stderr]    Compiling chrono v0.4.45
[INFO] [stderr]    Compiling num-rational v0.4.2
[INFO] [stderr]    Compiling thiserror-impl v2.0.20
[INFO] [stderr]    Compiling zerocopy-derive v0.8.56
[INFO] [stderr]    Compiling thiserror v2.0.20
[INFO] [stderr]    Compiling autd3-cpu-wire v0.9.0
[INFO] [stderr]    Compiling simba v0.10.2
[INFO] [stderr]    Compiling nalgebra v0.35.0
[INFO] [stderr]    Compiling autd3-rs-core v0.9.0
[INFO] [stderr]    Compiling autd3-rs-link-remote v0.9.0 (/opt/rustwide/workdir)
[INFO] [stderr]     Finished `release` profile [optimized] target(s) in 42.44s
[INFO] running `Command { std: "docker" "inspect" "67e4b9f2beb6730e7f37dd578c45d27c27352a7c95ec8331e354757632267f5c", kill_on_drop: false }`
[INFO] running `Command { std: "docker" "exec" "-e" "SOURCE_DIR=/opt/rustwide/workdir" "-e" "CARGO_HOME=/opt/rustwide/cargo-home" "-e" "RUSTUP_HOME=/opt/rustwide/rustup-home" "-e" "CARGO_TARGET_DIR=/opt/rustwide/target" "-e" "CARGO_INCREMENTAL=0" "-e" "RUST_BACKTRACE=full" "-e" "RUSTFLAGS=--cap-lints=warn" "-e" "RUSTDOCFLAGS=--cap-lints=warn" "-w" "/opt/rustwide/workdir" "--user" "0:0" "67e4b9f2beb6730e7f37dd578c45d27c27352a7c95ec8331e354757632267f5c" "/opt/rustwide/cargo-home/bin/cargo" "+1.99.0-beta.8" "test" "--frozen" "--no-run" "--message-format=json" "--release", kill_on_drop: false }`
[INFO] [stderr]    Compiling serde_json v1.0.151
[INFO] [stderr]    Compiling serde v1.0.229
[INFO] [stderr]    Compiling syn v3.0.4
[INFO] [stderr]    Compiling autd3-cpu-fw v0.9.0
[INFO] [stderr]    Compiling serde_derive v1.0.229
[INFO] [stderr]    Compiling thiserror-impl v2.0.20
[INFO] [stderr]    Compiling tokio-macros v2.7.2
[INFO] [stderr]    Compiling tokio v1.53.1
[INFO] [stderr]    Compiling thiserror v2.0.20
[INFO] [stderr]    Compiling autd3-rs-core v0.9.0
[INFO] [stderr]    Compiling autd3-rs v0.9.0
[INFO] [stderr]    Compiling autd3-rs-firmware-emulator v0.9.0
[INFO] [stderr]    Compiling autd3-rs-link-remote v0.9.0 (/opt/rustwide/workdir)
[INFO] [stderr]     Finished `release` profile [optimized] target(s) in 27.98s
[INFO] running `Command { std: "docker" "inspect" "67e4b9f2beb6730e7f37dd578c45d27c27352a7c95ec8331e354757632267f5c", kill_on_drop: false }`
[INFO] running `Command { std: "docker" "exec" "-e" "SOURCE_DIR=/opt/rustwide/workdir" "-e" "CARGO_HOME=/opt/rustwide/cargo-home" "-e" "RUSTUP_HOME=/opt/rustwide/rustup-home" "-e" "CARGO_TARGET_DIR=/opt/rustwide/target" "-e" "CARGO_INCREMENTAL=0" "-e" "RUST_BACKTRACE=full" "-e" "RUSTFLAGS=--cap-lints=warn" "-e" "RUSTDOCFLAGS=--cap-lints=warn" "-w" "/opt/rustwide/workdir" "--user" "0:0" "67e4b9f2beb6730e7f37dd578c45d27c27352a7c95ec8331e354757632267f5c" "/opt/rustwide/cargo-home/bin/cargo" "+1.99.0-beta.8" "test" "--frozen" "--release", kill_on_drop: false }`
[INFO] [stderr]     Finished `release` profile [optimized] target(s) in 0.12s
[INFO] [stderr]      Running unittests src/lib.rs (/opt/rustwide/target/release/deps/autd3_rs_link_remote-6d04781a5e67a7dc)
[INFO] [stdout] 
[INFO] [stdout] running 29 tests
[INFO] [stdout] test discovery::tests::a_discovered_endpoint_carries_a_timeout_so_an_unreachable_answer_cannot_hang ... ok
[INFO] [stdout] test discovery::tests::a_local_server_advertising_only_ipv6_is_reached_over_ipv6_loopback ... ok
[INFO] [stdout] test discovery::tests::a_routable_address_wins_over_a_link_local_one ... ok
[INFO] [stdout] test discovery::tests::a_scopeless_link_local_ipv6_address_is_unusable ... ok
[INFO] [stdout] test discovery::tests::a_server_sharing_none_of_our_addresses_is_remote ... ok
[INFO] [stdout] test discovery::tests::an_appliance_wins_over_a_simulator_on_another_host ... ok
[INFO] [stdout] test discovery::tests::an_appliance_without_a_usable_address_is_dropped ... ok
[INFO] [stdout] test discovery::tests::a_server_answering_with_one_of_our_addresses_is_local_and_reached_over_loopback ... ok
[INFO] [stdout] test discovery::tests::a_kind_specific_entry_point_overrides_the_kind_and_keeps_the_rest ... ok
[INFO] [stdout] test discovery::tests::a_server_without_a_control_api_advertises_no_control_port ... ok
[INFO] [stdout] test discovery::tests::a_local_simulator_wins_over_everything ... ok
[INFO] [stdout] test discovery::tests::a_link_local_ipv6_address_wins_over_a_link_local_ipv4_one ... ok
[INFO] [stdout] test discovery::tests::a_simulator_on_another_host_is_the_last_resort ... ok
[INFO] [stdout] test discovery::tests::a_simulator_advertises_under_its_own_service_type ... ok
[INFO] [stdout] test discovery::tests::a_local_server_with_only_a_scopeless_link_local_answer_is_still_reachable ... ok
[INFO] [stdout] test discovery::tests::an_answer_becomes_an_endpoint_plus_the_versions_behind_it ... ok
[INFO] [stdout] test discovery::tests::the_default_timeout_outlives_a_full_session_open ... ok
[INFO] [stdout] test discovery::tests::the_advertisement_carries_the_endpoint_and_the_versions ... ok
[INFO] [stdout] test discovery::tests::the_full_listing_is_in_priority_order ... ok
[INFO] [stdout] test discovery::tests::the_instance_name_drops_the_service_type ... ok
[INFO] [stdout] test wire::tests::an_oversized_device_count_is_rejected_without_allocating ... ok
[INFO] [stdout] test discovery::tests::the_routable_answer_is_the_one_we_connect_to ... ok
[INFO] [stdout] test wire::tests::an_al_state_carrying_the_error_flag_never_decodes_as_a_healthy_one ... ok
[INFO] [stdout] test wire::tests::an_oversized_transducer_count_is_rejected_without_allocating ... ok
[INFO] [stdout] test discovery::tests::two_servers_at_the_top_priority_are_ambiguous_whatever_sits_below ... ok
[INFO] [stdout] test wire::tests::the_largest_accepted_geometry_survives_a_round_trip ... ok
[INFO] [stdout] test wire::tests::device_states_survive_a_round_trip ... ok
[INFO] [stdout] test wire::tests::the_reply_header_carries_the_bus_status ... ok
[INFO] [stdout] test discovery::tests::nothing_found_is_not_found ... ok
[INFO] [stdout] 
[INFO] [stdout] test result: ok. 29 passed; 0 failed; 0 ignored; 0 measured; 0 filtered out; finished in 0.06s
[INFO] [stdout] 
[INFO] [stderr]      Running tests/client_loopback.rs (/opt/rustwide/target/release/deps/client_loopback-290166d6352f9e93)
[INFO] [stdout] 
[INFO] [stdout] running 1 test
[INFO] [stderr]      Running tests/factory_loopback.rs (/opt/rustwide/target/release/deps/factory_loopback-67c4ccc657df0944)
[INFO] [stdout] test client_open_over_remote_emulator ... ok
[INFO] [stdout] 
[INFO] [stdout] test result: ok. 1 passed; 0 failed; 0 ignored; 0 measured; 0 filtered out; finished in 0.03s
[INFO] [stdout] 
[INFO] [stdout] 
[INFO] [stdout] running 1 test
[INFO] [stdout] test factory_derives_device_count_from_client_geometry ... ok
[INFO] [stdout] 
[INFO] [stdout] test result: ok. 1 passed; 0 failed; 0 ignored; 0 measured; 0 filtered out; finished in 0.01s
[INFO] [stdout] 
[INFO] [stderr]      Running tests/loopback.rs (/opt/rustwide/target/release/deps/loopback-c0865f4ca354cf60)
[INFO] [stdout] 
[INFO] [stdout] running 4 tests
[INFO] [stdout] test a_version_skew_is_reported_with_both_sides ... ok
[INFO] [stdout] test the_bus_clock_of_the_served_link_reaches_the_remote_client ... ok
[INFO] [stdout] test an_absurd_device_count_costs_the_session_and_not_the_server ... ok
[INFO] [stdout] test loopback_relays_frames ... ok
[INFO] [stdout] 
[INFO] [stdout] test result: ok. 4 passed; 0 failed; 0 ignored; 0 measured; 0 filtered out; finished in 0.02s
[INFO] [stdout] 
[INFO] [stderr]      Running tests/pacing.rs (/opt/rustwide/target/release/deps/pacing-51ccad99dcb9fffa)
[INFO] [stdout] 
[INFO] [stdout] running 1 test
[INFO] [stdout] test a_paced_bus_spends_about_one_cycle_per_frame ... ok
[INFO] [stdout] 
[INFO] [stdout] test result: ok. 1 passed; 0 failed; 0 ignored; 0 measured; 0 filtered out; finished in 0.05s
[INFO] [stdout] 
[INFO] [stderr]      Running tests/recovery.rs (/opt/rustwide/target/release/deps/recovery-860de1cee2ac942d)
[INFO] [stdout] 
[INFO] [stdout] running 3 tests
[INFO] [stdout] test the_real_bus_state_reaches_the_remote_client ... ok
[INFO] [stdout] test the_bus_pacing_bounds_the_cycle_rate ... ok
[INFO] [stdout] test the_bus_loop_reopens_the_link_and_the_server_survives ... FAILED
[INFO] [stderr] error: test failed, to rerun pass `--test recovery`
[INFO] [stdout] 
[INFO] [stdout] failures:
[INFO] [stdout] 
[INFO] [stdout] ---- the_bus_loop_reopens_the_link_and_the_server_survives stdout ----
[INFO] [stdout] 
[INFO] [stdout] thread 'the_bus_loop_reopens_the_link_and_the_server_survives' (1522) panicked at tests/recovery.rs:118:5:
[INFO] [stdout] the client must see the gap as an invalid rx
[INFO] [stdout] stack backtrace:
[INFO] [stdout]    0:     0x5ab0190fdd51 - <<std[70759c8f55707aa4]::sys::backtrace::BacktraceLock>::print::DisplayBacktrace as core[df12db4294e9bfd3]::fmt::Display>::fmt
[INFO] [stdout]    1:     0x5ab01911213a - core[df12db4294e9bfd3]::fmt::write
[INFO] [stdout]    2:     0x5ab01910223c - <alloc[2182bb758b4b3781]::vec::Vec<u8> as core[df12db4294e9bfd3]::io::write::Write>::write_fmt
[INFO] [stdout]    3:     0x5ab0190d8c16 - std[70759c8f55707aa4]::panicking::default_hook::{closure#0}
[INFO] [stdout]    4:     0x5ab0190f5d29 - std[70759c8f55707aa4]::panicking::default_hook
[INFO] [stdout]    5:     0x5ab019083dc0 - test[9d35eded1c95d3be]::test_main_inner::<test[9d35eded1c95d3be]::test_main_static::{closure#0}>::{closure#0}
[INFO] [stdout]    6:     0x5ab0190f6052 - std[70759c8f55707aa4]::panicking::panic_with_hook
[INFO] [stdout]    7:     0x5ab0190d8cf4 - std[70759c8f55707aa4]::panicking::panic_handler::{closure#0}
[INFO] [stdout]    8:     0x5ab0190d1a49 - std[70759c8f55707aa4]::sys::backtrace::__rust_end_short_backtrace::<std[70759c8f55707aa4]::panicking::panic_handler::{closure#0}, !>
[INFO] [stdout]    9:     0x5ab0190d98bd - __rustc[8fa7c3cbc660c2b3]::rust_begin_unwind
[INFO] [stdout]   10:     0x5ab01911286c - core[df12db4294e9bfd3]::panicking::panic_fmt
[INFO] [stdout]   11:     0x5ab019076cbe - <recovery[e9fb0d4811dda355]::the_bus_loop_reopens_the_link_and_the_server_survives::{closure#0} as core[df12db4294e9bfd3]::ops::function::FnOnce<()>>::call_once
[INFO] [stdout]   12:     0x5ab0190770ab - test[9d35eded1c95d3be]::__rust_begin_short_backtrace::<core[df12db4294e9bfd3]::result::Result<(), alloc[2182bb758b4b3781]::string::String>, fn() -> core[df12db4294e9bfd3]::result::Result<(), alloc[2182bb758b4b3781]::string::String>>
[INFO] [stdout]   13:     0x5ab019084715 - test[9d35eded1c95d3be]::run_test::{closure#0}
[INFO] [stdout]   14:     0x5ab01907dfd4 - std[70759c8f55707aa4]::sys::backtrace::__rust_begin_short_backtrace::<test[9d35eded1c95d3be]::run_test::{closure#1}, ()>
[INFO] [stdout]   15:     0x5ab019087872 - <std[70759c8f55707aa4]::thread::lifecycle::spawn_unchecked<test[9d35eded1c95d3be]::run_test::{closure#1}, ()>::{closure#1} as core[df12db4294e9bfd3]::ops::function::FnOnce<()>>::call_once::{shim:vtable#0}
[INFO] [stdout]   16:     0x5ab0190fd219 - <std[70759c8f55707aa4]::sys::thread::unix::Thread>::new::thread_start
[INFO] [stdout]   17:     0x7c305a19cdfa - <unknown>
[INFO] [stdout]   18:     0x7c305a2303d4 - clone
[INFO] [stdout]   19:                0x0 - <unknown>
[INFO] [stdout] 
[INFO] [stdout] 
[INFO] [stdout] failures:
[INFO] [stdout]     the_bus_loop_reopens_the_link_and_the_server_survives
[INFO] [stdout] 
[INFO] [stdout] test result: FAILED. 2 passed; 1 failed; 0 ignored; 0 measured; 0 filtered out; finished in 1.01s
[INFO] [stdout] 
[INFO] running `Command { std: "docker" "inspect" "67e4b9f2beb6730e7f37dd578c45d27c27352a7c95ec8331e354757632267f5c", kill_on_drop: false }`
[INFO] running `Command { std: "docker" "rm" "-f" "67e4b9f2beb6730e7f37dd578c45d27c27352a7c95ec8331e354757632267f5c", kill_on_drop: false }`
[INFO] [stdout] 67e4b9f2beb6730e7f37dd578c45d27c27352a7c95ec8331e354757632267f5c
