[INFO] fetching crate atomic-timer 0.3.3...
[INFO] testing atomic-timer-0.3.3 against 1.99.0-beta.8+cargoflags=--release for beta-release-1.100-2
[INFO] extracting crate atomic-timer 0.3.3 into /workspace/builds/worker-0-tc1/source
[INFO] removed /workspace/builds/worker-0-tc1/source/rust-toolchain.toml
[INFO] started tweaking crates.io crate atomic-timer 0.3.3
[INFO] finished tweaking crates.io crate atomic-timer 0.3.3
[INFO] tweaked toml for crates.io crate atomic-timer 0.3.3 written to /workspace/builds/worker-0-tc1/source/Cargo.toml
[INFO] validating manifest of crates.io crate atomic-timer 0.3.3 on toolchain 1.99.0-beta.8
[INFO] running `Command { std: CARGO_HOME="/workspace/cargo-home" RUSTUP_HOME="/workspace/rustup-home" "/workspace/cargo-home/bin/cargo" "+1.99.0-beta.8" "metadata" "--manifest-path" "Cargo.toml" "--no-deps", kill_on_drop: false }`
[INFO] crate crates.io crate atomic-timer 0.3.3 already has a lockfile, it will not be regenerated
[INFO] running `Command { std: CARGO_HOME="/workspace/cargo-home" RUSTUP_HOME="/workspace/rustup-home" "/workspace/cargo-home/bin/cargo" "+1.99.0-beta.8" "fetch" "--manifest-path" "Cargo.toml", kill_on_drop: false }`
[INFO] [stderr]     Updating crates.io index
[INFO] [stderr]  Downloading crates ...
[INFO] [stderr]   Downloaded bma-ts v0.2.2
[INFO] running `Command { std: "docker" "create" "-v" "/var/lib/crater-agent-workspace/builds/worker-0-tc1/source:/opt/rustwide/workdir:ro,Z" "-v" "/var/lib/crater-agent-workspace/builds/worker-0-tc1/target:/opt/rustwide/target:rw,Z" "-v" "/var/lib/crater-agent-workspace/cargo-home:/opt/rustwide/cargo-home:ro,Z" "-v" "/var/lib/crater-agent-workspace/rustup-home:/opt/rustwide/rustup-home:ro,Z" "-m" "1610612736" "--network" "none" "ghcr.io/rust-lang/crates-build-env/linux@sha256:77db811e55d90add9212f6832c23229e3de5f1c1f9905e8cb07319ea15df73ac" "sleep" "infinity", kill_on_drop: false }`
[INFO] [stdout] 93c35ebea7c38a4f1f510967f585592b210aa8204770f240792be34dff510a3b
[INFO] running `Command { std: "docker" "start" "93c35ebea7c38a4f1f510967f585592b210aa8204770f240792be34dff510a3b", kill_on_drop: false }`
[INFO] running `Command { std: "docker" "inspect" "93c35ebea7c38a4f1f510967f585592b210aa8204770f240792be34dff510a3b", kill_on_drop: false }`
[INFO] running `Command { std: "docker" "exec" "-e" "SOURCE_DIR=/opt/rustwide/workdir" "-e" "CARGO_HOME=/opt/rustwide/cargo-home" "-e" "RUSTUP_HOME=/opt/rustwide/rustup-home" "-e" "CARGO_TARGET_DIR=/opt/rustwide/target" "-w" "/opt/rustwide/workdir" "--user" "0:0" "93c35ebea7c38a4f1f510967f585592b210aa8204770f240792be34dff510a3b" "/opt/rustwide/cargo-home/bin/cargo" "+1.99.0-beta.8" "metadata" "--no-deps" "--format-version=1", kill_on_drop: false }`
[INFO] running `Command { std: "docker" "inspect" "93c35ebea7c38a4f1f510967f585592b210aa8204770f240792be34dff510a3b", kill_on_drop: false }`
[INFO] running `Command { std: "docker" "exec" "-e" "SOURCE_DIR=/opt/rustwide/workdir" "-e" "CARGO_HOME=/opt/rustwide/cargo-home" "-e" "RUSTUP_HOME=/opt/rustwide/rustup-home" "-e" "CARGO_TARGET_DIR=/opt/rustwide/target" "-e" "CARGO_INCREMENTAL=0" "-e" "RUST_BACKTRACE=full" "-e" "RUSTFLAGS=--cap-lints=warn" "-e" "RUSTDOCFLAGS=--cap-lints=warn" "-w" "/opt/rustwide/workdir" "--user" "0:0" "93c35ebea7c38a4f1f510967f585592b210aa8204770f240792be34dff510a3b" "/opt/rustwide/cargo-home/bin/cargo" "+1.99.0-beta.8" "build" "--frozen" "--message-format=json" "--release", kill_on_drop: false }`
[INFO] [stderr]    Compiling quote v1.0.41
[INFO] [stderr]    Compiling libc v0.2.177
[INFO] [stderr]    Compiling syn v2.0.108
[INFO] [stderr]    Compiling nix v0.27.1
[INFO] [stderr]    Compiling thiserror-impl v1.0.69
[INFO] [stderr]    Compiling thiserror v1.0.69
[INFO] [stderr]    Compiling bma-ts v0.2.2
[INFO] [stderr]    Compiling atomic-timer v0.3.3 (/opt/rustwide/workdir)
[INFO] [stdout] warning: use of deprecated method `std::sync::atomic::Atomic::<bool>::fetch_update`: renamed to `try_update` for consistency
[INFO] [stdout]   --> src/lib.rs:94:14
[INFO] [stdout]    |
[INFO] [stdout] 94 |             .fetch_update(Ordering::SeqCst, Ordering::SeqCst, |v| {
[INFO] [stdout]    |              ^^^^^^^^^^^^
[INFO] [stdout]    |
[INFO] [stdout]    = note: `#[warn(deprecated)]` on by default
[INFO] [stdout] help: replace the use of the deprecated method
[INFO] [stdout]    |
[INFO] [stdout] 94 -             .fetch_update(Ordering::SeqCst, Ordering::SeqCst, |v| {
[INFO] [stdout] 94 +             .try_update(Ordering::SeqCst, Ordering::SeqCst, |v| {
[INFO] [stdout]    |
[INFO] [stdout] 
[INFO] [stdout] 
[INFO] [stdout] warning: use of deprecated method `std::sync::atomic::Atomic::<i64>::fetch_update`: renamed to `try_update` for consistency
[INFO] [stdout]    --> src/lib.rs:133:14
[INFO] [stdout]     |
[INFO] [stdout] 133 |             .fetch_update(Ordering::SeqCst, Ordering::SeqCst, |start| {
[INFO] [stdout]     |              ^^^^^^^^^^^^
[INFO] [stdout]     |
[INFO] [stdout] help: replace the use of the deprecated method
[INFO] [stdout]     |
[INFO] [stdout] 133 -             .fetch_update(Ordering::SeqCst, Ordering::SeqCst, |start| {
[INFO] [stdout] 133 +             .try_update(Ordering::SeqCst, Ordering::SeqCst, |start| {
[INFO] [stdout]     |
[INFO] [stdout] 
[INFO] [stdout] 
[INFO] [stderr]     Finished `release` profile [optimized] target(s) in 5.02s
[INFO] running `Command { std: "docker" "inspect" "93c35ebea7c38a4f1f510967f585592b210aa8204770f240792be34dff510a3b", kill_on_drop: false }`
[INFO] running `Command { std: "docker" "exec" "-e" "SOURCE_DIR=/opt/rustwide/workdir" "-e" "CARGO_HOME=/opt/rustwide/cargo-home" "-e" "RUSTUP_HOME=/opt/rustwide/rustup-home" "-e" "CARGO_TARGET_DIR=/opt/rustwide/target" "-e" "CARGO_INCREMENTAL=0" "-e" "RUST_BACKTRACE=full" "-e" "RUSTFLAGS=--cap-lints=warn" "-e" "RUSTDOCFLAGS=--cap-lints=warn" "-w" "/opt/rustwide/workdir" "--user" "0:0" "93c35ebea7c38a4f1f510967f585592b210aa8204770f240792be34dff510a3b" "/opt/rustwide/cargo-home/bin/cargo" "+1.99.0-beta.8" "test" "--frozen" "--no-run" "--message-format=json" "--release", kill_on_drop: false }`
[INFO] [stderr]    Compiling serde_core v1.0.228
[INFO] [stderr]    Compiling memchr v2.7.6
[INFO] [stdout] warning: use of deprecated method `std::sync::atomic::Atomic::<bool>::fetch_update`: renamed to `try_update` for consistency
[INFO] [stdout]   --> src/lib.rs:94:14
[INFO] [stdout]    |
[INFO] [stdout] 94 |             .fetch_update(Ordering::SeqCst, Ordering::SeqCst, |v| {
[INFO] [stdout]    |              ^^^^^^^^^^^^
[INFO] [stdout]    |
[INFO] [stdout]    = note: `#[warn(deprecated)]` on by default
[INFO] [stdout] help: replace the use of the deprecated method
[INFO] [stdout]    |
[INFO] [stdout] 94 -             .fetch_update(Ordering::SeqCst, Ordering::SeqCst, |v| {
[INFO] [stdout] 94 +             .try_update(Ordering::SeqCst, Ordering::SeqCst, |v| {
[INFO] [stdout]    |
[INFO] [stdout] 
[INFO] [stdout] 
[INFO] [stdout] warning: use of deprecated method `std::sync::atomic::Atomic::<i64>::fetch_update`: renamed to `try_update` for consistency
[INFO] [stdout]    --> src/lib.rs:133:14
[INFO] [stdout]     |
[INFO] [stdout] 133 |             .fetch_update(Ordering::SeqCst, Ordering::SeqCst, |start| {
[INFO] [stdout]     |              ^^^^^^^^^^^^
[INFO] [stdout]     |
[INFO] [stdout] help: replace the use of the deprecated method
[INFO] [stdout]     |
[INFO] [stdout] 133 -             .fetch_update(Ordering::SeqCst, Ordering::SeqCst, |start| {
[INFO] [stdout] 133 +             .try_update(Ordering::SeqCst, Ordering::SeqCst, |start| {
[INFO] [stdout]     |
[INFO] [stdout] 
[INFO] [stdout] 
[INFO] [stderr]    Compiling serde_json v1.0.145
[INFO] [stderr]    Compiling atomic-timer v0.3.3 (/opt/rustwide/workdir)
[INFO] [stdout] warning: use of deprecated method `std::sync::atomic::Atomic::<bool>::fetch_update`: renamed to `try_update` for consistency
[INFO] [stdout]   --> src/lib.rs:94:14
[INFO] [stdout]    |
[INFO] [stdout] 94 |             .fetch_update(Ordering::SeqCst, Ordering::SeqCst, |v| {
[INFO] [stdout]    |              ^^^^^^^^^^^^
[INFO] [stdout]    |
[INFO] [stdout]    = note: `#[warn(deprecated)]` on by default
[INFO] [stdout] help: replace the use of the deprecated method
[INFO] [stdout]    |
[INFO] [stdout] 94 -             .fetch_update(Ordering::SeqCst, Ordering::SeqCst, |v| {
[INFO] [stdout] 94 +             .try_update(Ordering::SeqCst, Ordering::SeqCst, |v| {
[INFO] [stdout]    |
[INFO] [stdout] 
[INFO] [stdout] 
[INFO] [stdout] warning: use of deprecated method `std::sync::atomic::Atomic::<i64>::fetch_update`: renamed to `try_update` for consistency
[INFO] [stdout]    --> src/lib.rs:133:14
[INFO] [stdout]     |
[INFO] [stdout] 133 |             .fetch_update(Ordering::SeqCst, Ordering::SeqCst, |start| {
[INFO] [stdout]     |              ^^^^^^^^^^^^
[INFO] [stdout]     |
[INFO] [stdout] help: replace the use of the deprecated method
[INFO] [stdout]     |
[INFO] [stdout] 133 -             .fetch_update(Ordering::SeqCst, Ordering::SeqCst, |start| {
[INFO] [stdout] 133 +             .try_update(Ordering::SeqCst, Ordering::SeqCst, |start| {
[INFO] [stdout]     |
[INFO] [stdout] 
[INFO] [stdout] 
[INFO] [stderr]     Finished `release` profile [optimized] target(s) in 6.81s
[INFO] running `Command { std: "docker" "inspect" "93c35ebea7c38a4f1f510967f585592b210aa8204770f240792be34dff510a3b", kill_on_drop: false }`
[INFO] running `Command { std: "docker" "exec" "-e" "SOURCE_DIR=/opt/rustwide/workdir" "-e" "CARGO_HOME=/opt/rustwide/cargo-home" "-e" "RUSTUP_HOME=/opt/rustwide/rustup-home" "-e" "CARGO_TARGET_DIR=/opt/rustwide/target" "-e" "CARGO_INCREMENTAL=0" "-e" "RUST_BACKTRACE=full" "-e" "RUSTFLAGS=--cap-lints=warn" "-e" "RUSTDOCFLAGS=--cap-lints=warn" "-w" "/opt/rustwide/workdir" "--user" "0:0" "93c35ebea7c38a4f1f510967f585592b210aa8204770f240792be34dff510a3b" "/opt/rustwide/cargo-home/bin/cargo" "+1.99.0-beta.8" "test" "--frozen" "--release", kill_on_drop: false }`
[INFO] [stderr] warning: use of deprecated method `std::sync::atomic::Atomic::<bool>::fetch_update`: renamed to `try_update` for consistency
[INFO] [stderr]   --> src/lib.rs:94:14
[INFO] [stderr]    |
[INFO] [stderr] 94 |             .fetch_update(Ordering::SeqCst, Ordering::SeqCst, |v| {
[INFO] [stderr]    |              ^^^^^^^^^^^^
[INFO] [stderr]    |
[INFO] [stderr]    = note: `#[warn(deprecated)]` on by default
[INFO] [stderr] help: replace the use of the deprecated method
[INFO] [stderr]    |
[INFO] [stderr] 94 -             .fetch_update(Ordering::SeqCst, Ordering::SeqCst, |v| {
[INFO] [stderr] 94 +             .try_update(Ordering::SeqCst, Ordering::SeqCst, |v| {
[INFO] [stderr]    |
[INFO] [stderr] 
[INFO] [stderr] warning: use of deprecated method `std::sync::atomic::Atomic::<i64>::fetch_update`: renamed to `try_update` for consistency
[INFO] [stderr]    --> src/lib.rs:133:14
[INFO] [stderr]     |
[INFO] [stderr] 133 |             .fetch_update(Ordering::SeqCst, Ordering::SeqCst, |start| {
[INFO] [stderr]     |              ^^^^^^^^^^^^
[INFO] [stderr]     |
[INFO] [stderr] help: replace the use of the deprecated method
[INFO] [stderr]     |
[INFO] [stderr] 133 -             .fetch_update(Ordering::SeqCst, Ordering::SeqCst, |start| {
[INFO] [stderr] 133 +             .try_update(Ordering::SeqCst, Ordering::SeqCst, |start| {
[INFO] [stderr]     |
[INFO] [stderr] 
[INFO] [stderr] warning: `atomic-timer` (lib) generated 2 warnings (run `cargo fix --lib -p atomic-timer` to apply 2 suggestions)
[INFO] [stderr] warning: `atomic-timer` (lib test) generated 2 warnings (2 duplicates)
[INFO] [stderr]     Finished `release` profile [optimized] target(s) in 0.05s
[INFO] [stderr]      Running unittests src/lib.rs (/opt/rustwide/target/release/deps/atomic_timer-077a44370e8ec3a5)
[INFO] [stdout] 
[INFO] [stdout] running 6 tests
[INFO] [stdout] test test::test_expire_now ... ok
[INFO] [stdout] test test::test_reset_if_expired_no_datarace ... FAILED
[INFO] [stdout] test test::test_permit_handle_expiration_no_datarace ... ok
[INFO] [stdout] test test::test_reset ... ok
[INFO] [stdout] test test::test_reset_if_expired ... ok
[INFO] [stdout] test test::test_permit_handle_expiration ... ok
[INFO] [stdout] 
[INFO] [stdout] failures:
[INFO] [stdout] 
[INFO] [stdout] ---- test::test_reset_if_expired_no_datarace stdout ----
[INFO] [stdout] 
[INFO] [stdout] thread 'test::test_reset_if_expired_no_datarace' (394) panicked at src/lib.rs:290:9:
[INFO] [stdout] assertion `left == right` failed
[INFO] [stdout]   left: 2
[INFO] [stdout]  right: 1
[INFO] [stdout] stack backtrace:
[INFO] [stdout]    0:     0x5fc783cff321 - <<std[70759c8f55707aa4]::sys::backtrace::BacktraceLock>::print::DisplayBacktrace as core[df12db4294e9bfd3]::fmt::Display>::fmt
[INFO] [stdout]    1:     0x5fc783d1352a - core[df12db4294e9bfd3]::fmt::write
[INFO] [stdout]    2:     0x5fc783d037bc - <alloc[2182bb758b4b3781]::vec::Vec<u8> as core[df12db4294e9bfd3]::io::write::Write>::write_fmt
[INFO] [stdout]    3:     0x5fc783cdb6b6 - std[70759c8f55707aa4]::panicking::default_hook::{closure#0}
[INFO] [stdout]    4:     0x5fc783cf79d9 - std[70759c8f55707aa4]::panicking::default_hook
[INFO] [stdout]    5:     0x5fc783c93c40 - test[9d35eded1c95d3be]::test_main_inner::<test[9d35eded1c95d3be]::test_main_static::{closure#0}>::{closure#0}
[INFO] [stdout]    6:     0x5fc783cf7b92 - std[70759c8f55707aa4]::panicking::panic_with_hook
[INFO] [stdout]    7:     0x5fc783cdb762 - std[70759c8f55707aa4]::panicking::panic_handler::{closure#0}
[INFO] [stdout]    8:     0x5fc783cd44e9 - std[70759c8f55707aa4]::sys::backtrace::__rust_end_short_backtrace::<std[70759c8f55707aa4]::panicking::panic_handler::{closure#0}, !>
[INFO] [stdout]    9:     0x5fc783cdc35d - __rustc[8fa7c3cbc660c2b3]::rust_begin_unwind
[INFO] [stdout]   10:     0x5fc783d13c5c - core[df12db4294e9bfd3]::panicking::panic_fmt
[INFO] [stdout]   11:     0x5fc783d13b73 - core[df12db4294e9bfd3]::panicking::assert_failed_inner
[INFO] [stdout]   12:     0x5fc783d10468 - core[df12db4294e9bfd3]::panicking::assert_failed::<usize, usize>
[INFO] [stdout]   13:     0x5fc783c8199e - atomic_timer[16900e8bff62ae26]::test::test_reset_if_expired_no_datarace
[INFO] [stdout]   14:     0x5fc783c80ce9 - <atomic_timer[16900e8bff62ae26]::test::test_reset_if_expired_no_datarace::{closure#0} as core[df12db4294e9bfd3]::ops::function::FnOnce<()>>::call_once
[INFO] [stdout]   15:     0x5fc783c86f2b - test[9d35eded1c95d3be]::__rust_begin_short_backtrace::<core[df12db4294e9bfd3]::result::Result<(), alloc[2182bb758b4b3781]::string::String>, fn() -> core[df12db4294e9bfd3]::result::Result<(), alloc[2182bb758b4b3781]::string::String>>
[INFO] [stdout]   16:     0x5fc783c94595 - test[9d35eded1c95d3be]::run_test::{closure#0}
[INFO] [stdout]   17:     0x5fc783c8de54 - std[70759c8f55707aa4]::sys::backtrace::__rust_begin_short_backtrace::<test[9d35eded1c95d3be]::run_test::{closure#1}, ()>
[INFO] [stdout]   18:     0x5fc783c976f2 - <std[70759c8f55707aa4]::thread::lifecycle::spawn_unchecked<test[9d35eded1c95d3be]::run_test::{closure#1}, ()>::{closure#1} as core[df12db4294e9bfd3]::ops::function::FnOnce<()>>::call_once::{shim:vtable#0}
[INFO] [stdout]   19:     0x5fc783cfebf9 - <std[70759c8f55707aa4]::sys::thread::unix::Thread>::new::thread_start
[INFO] [stdout]   20:     0x76da7cecadfa - <unknown>
[INFO] [stdout]   21:     0x76da7cf5e3d4 - clone
[INFO] [stdout]   22:                0x0 - <unknown>
[INFO] [stdout] 
[INFO] [stdout] 
[INFO] [stdout] failures:
[INFO] [stdout]     test::test_reset_if_expired_no_datarace
[INFO] [stdout] 
[INFO] [stdout] test result: FAILED. 5 passed; 1 failed; 0 ignored; 0 measured; 0 filtered out; finished in 2.20s
[INFO] [stdout] 
[INFO] [stderr] error: test failed, to rerun pass `--lib`
[INFO] running `Command { std: "docker" "inspect" "93c35ebea7c38a4f1f510967f585592b210aa8204770f240792be34dff510a3b", kill_on_drop: false }`
[INFO] running `Command { std: "docker" "rm" "-f" "93c35ebea7c38a4f1f510967f585592b210aa8204770f240792be34dff510a3b", kill_on_drop: false }`
[INFO] [stdout] 93c35ebea7c38a4f1f510967f585592b210aa8204770f240792be34dff510a3b
